82.121.195.121 - - [11/Oct/2009:15:45:10 +0200] "GET /inf5/07_08/4/cadaques.jpg HTTP/1.1" 200 41219 "http://neo.dmcs.p.lodz.pl/inf5/07_08/4/peinture.html" "Mozilla/5.0 (Windows; U; Windows NT 5.1; fr; rv:1.9.0.14) Gecko/2009082707 Firefox/3.0.14 GTB5 (.NET CLR 3.5.30729)" "-"
82.121.195.121 - - [11/Oct/2009:15:45:10 +0200] "GET /inf5/07_08/4/cubist_self-portrait.jpg HTTP/1.1" 200 55385 "http://neo.dmcs.p.lodz.pl/inf5/07_08/4/peinture.html" "Mozilla/5.0 (Windows; U; Windows NT 5.1; fr; rv:1.9.0.14) Gecko/2009082707 Firefox/3.0.14 GTB5 (.NET CLR 3.5.30729)" "-"
82.121.195.121 - - [11/Oct/2009:15:45:11 +0200] "GET /inf5/07_08/4/tentation.jpg HTTP/1.1" 200 31713 "http://neo.dmcs.p.lodz.pl/inf5/07_08/4/peinture.html" "Mozilla/5.0 (Windows; U; Windows NT 5.1; fr; rv:1.9.0.14) Gecko/2009082707 Firefox/3.0.14 GTB5 (.NET CLR 3.5.30729)" "-"
82.121.195.121 - - [11/Oct/2009:15:45:11 +0200] "GET /inf5/07_08/4/giraffe.JPG HTTP/1.1" 404 305 "http://neo.dmcs.p.lodz.pl/inf5/07_08/4/peinture.html" "Mozilla/5.0 (Windows; U; Windows NT 5.1; fr; rv:1.9.0.14) Gecko/2009082707 Firefox/3.0.14 GTB5 (.NET CLR 3.5.30729)" "-"
82.121.195.121 - - [11/Oct/2009:15:45:11 +0200] "GET /inf5/07_08/4/zjezusem3.JPG HTTP/1.1" 200 28040 "http://neo.dmcs.p.lodz.pl/inf5/07_08/4/peinture.html" "Mozilla/5.0 (Windows; U; Windows NT 5.1; fr; rv:1.9.0.14) Gecko/2009082707 Firefox/3.0.14 GTB5 (.NET CLR 3.5.30729)" "-"
82.121.195.121 - - [11/Oct/2009:15:45:11 +0200] "GET /inf5/07_08/4/disintegration%20of%20the%20persistence.jpg HTTP/1.1" 200 48134 "http://neo.dmcs.p.lodz.pl/inf5/07_08/4/peinture.html" "Mozilla/5.0 (Windows; U; Windows NT 5.1; fr; rv:1.9.0.14) Gecko/2009082707 Firefox/3.0.14 GTB5 (.NET CLR 3.5.30729)" "-"
82.121.195.121 - - [11/Oct/2009:15:45:11 +0200] "GET /inf5/07_08/4/narcisse.jpg HTTP/1.1" 200 44093 "http://neo.dmcs.p.lodz.pl/inf5/07_08/4/peinture.html" "Mozilla/5.0 (Windows; U; Windows NT 5.1; fr; rv:1.9.0.14) Gecko/2009082707 Firefox/3.0.14 GTB5 (.NET CLR 3.5.30729)" "-"
82.121.195.121 - - [11/Oct/2009:15:45:11 +0200] "GET /inf5/07_08/4/zgalaimadonna.JPG HTTP/1.1" 200 40064 "http://neo.dmcs.p.lodz.pl/inf5/07_08/4/peinture.html" "Mozilla/5.0 (Windows; U; Windows NT 5.1; fr; rv:1.9.0.14) Gecko/2009082707 Firefox/3.0.14 GTB5 (.NET CLR 3.5.30729)" "-"
86.73.16.106 - - [11/Oct/2009:15:45:49 +0200] "GET /inf5/07_08/4/portraits.JPG HTTP/1.1" 200 26576 "http://forum.femmeactuelle.fr/Actu/Bienvenue-sur-FemmeActuellefr/posts/oeuvres-dart-284846.1.aspx" "Mozilla/4.0 (compatible; MSIE 7.0; Windows NT 5.1; Trident/4.0; GTB6; FBSMTWB; .NET CLR 1.0.3705; .NET CLR 1.1.4322; Media Center PC 4.0; .NET CLR 2.0.50727; .NET CLR 3.0.4506.2152; .NET CLR 3.5.30729)" "-"
83.26.64.64 - - [11/Oct/2009:15:46:08 +0200] "GET /nppm/instrukcja_uklady_zabezpieczen.sxw HTTP/1.1" 200 167595 "http://neo.dmcs.pl/nppm/index.html" "Mozilla/5.0 (Windows; U; Windows NT 5.1; pl; rv:1.9.1.3) Gecko/20090824 Firefox/3.5.3 (.NET CLR 3.5.30729)" "-"
83.26.64.64 - - [11/Oct/2009:15:46:13 +0200] "GET /nppm/zastosowanie_000.doc HTTP/1.1" 200 82944 "http://neo.dmcs.pl/nppm/index.html" "Mozilla/5.0 (Windows; U; Windows NT 5.1; pl; rv:1.9.1.3) Gecko/20090824 Firefox/3.5.3 (.NET CLR 3.5.30729)" "-"
82.121.195.121 - - [11/Oct/2009:15:46:19 +0200] "GET /inf5/07_08/4/giraffe.JPG HTTP/1.1" 404 305 "http://neo.dmcs.p.lodz.pl/inf5/07_08/4/peinture.html" "Mozilla/5.0 (Windows; U; Windows NT 5.1; fr; rv:1.9.0.14) Gecko/2009082707 Firefox/3.0.14 GTB5 (.NET CLR 3.5.30729)" "-"
83.26.64.64 - - [11/Oct/2009:15:46:23 +0200] "GET /nppm/instrukcja_wplyw%20_temperatury.sxw HTTP/1.1" 200 112645 "http://neo.dmcs.pl/nppm/index.html" "Mozilla/5.0 (Windows; U; Windows NT 5.1; pl; rv:1.9.1.3) Gecko/20090824 Firefox/3.5.3 (.NET CLR 3.5.30729)" "-"
130.209.6.42 - - [11/Oct/2009:15:46:24 +0200] "GET /modmikro/W2.pdf HTTP/1.0" 200 63949 "http://www.google.pl/search?hl=pl&rls=com.microsoft%3Apl&q=ea+ei+belki+podstawy&lr=" "Mozilla/4.0 (compatible; MSIE 7.0; Windows NT 5.1; .NET CLR 2.0.50727; .NET CLR 3.0.4506.2152; .NET CLR 3.5.30729; InfoPath.2)" "-"
130.209.6.42 - - [11/Oct/2009:15:46:24 +0200] "GET /favicon.ico HTTP/1.0" 404 280 "-" "Mozilla/4.0 (compatible; MSIE 7.0; Windows NT 5.1; .NET CLR 2.0.50727; .NET CLR 3.0.4506.2152; .NET CLR 3.5.30729; InfoPath.2)" "-"
130.209.6.42 - - [11/Oct/2009:15:46:25 +0200] "GET /modmikro/W2.pdf HTTP/1.0" 200 480187 "-" "Mozilla/4.0 (compatible; MSIE 7.0; Windows NT 5.1; .NET CLR 2.0.50727; .NET CLR 3.0.4506.2152; .NET CLR 3.5.30729; InfoPath.2)" "-"
83.26.64.64 - - [11/Oct/2009:15:46:52 +0200] "GET /nppm/instrukcja_przeplyw_ciepla_000.doc HTTP/1.1" 200 326144 "http://neo.dmcs.pl/nppm/index.html" "Mozilla/5.0 (Windows; U; Windows NT 5.1; pl; rv:1.9.1.3) Gecko/20090824 Firefox/3.5.3 (.NET CLR 3.5.30729)" "-"
83.26.64.64 - - [11/Oct/2009:15:46:58 +0200] "GET /nppm/instrukcja_chlodzenie_i_radiatory_000.doc HTTP/1.1" 200 78848 "http://neo.dmcs.pl/nppm/index.html" "Mozilla/5.0 (Windows; U; Windows NT 5.1; pl; rv:1.9.1.3) Gecko/20090824 Firefox/3.5.3 (.NET CLR 3.5.30729)" "-"
83.26.64.64 - - [11/Oct/2009:15:47:05 +0200] "GET /nppm/instrukcja_przelaczanie_diody_mocy.sxw HTTP/1.1" 200 109135 "http://neo.dmcs.pl/nppm/index.html" "Mozilla/5.0 (Windows; U; Windows NT 5.1; pl; rv:1.9.1.3) Gecko/20090824 Firefox/3.5.3 (.NET CLR 3.5.30729)" "-"
83.26.64.64 - - [11/Oct/2009:15:47:05 +0200] "GET /nppm/instrukcjs_kompatybilnosc_elektromagnetyczna_001.sxw HTTP/1.1" 200 12110 "http://neo.dmcs.pl/nppm/index.html" "Mozilla/5.0 (Windows; U; Windows NT 5.1; pl; rv:1.9.1.3) Gecko/20090824 Firefox/3.5.3 (.NET CLR 3.5.30729)" "-"
83.26.64.64 - - [11/Oct/2009:15:47:07 +0200] "GET /nppm/instrukcja_przelaczanie_tranzystora_igbt.sxw HTTP/1.1" 200 46328 "http://neo.dmcs.pl/nppm/index.html" "Mozilla/5.0 (Windows; U; Windows NT 5.1; pl; rv:1.9.1.3) Gecko/20090824 Firefox/3.5.3 (.NET CLR 3.5.30729)" "-"
82.121.195.121 - - [11/Oct/2009:15:47:09 +0200] "GET /inf5/07_08/4/giraffe.JPG HTTP/1.1" 404 305 "http://neo.dmcs.p.lodz.pl/inf5/07_08/4/peinture.html" "Mozilla/5.0 (Windows; U; Windows NT 5.1; fr; rv:1.9.0.14) Gecko/2009082707 Firefox/3.0.14 GTB5 (.NET CLR 3.5.30729)" "-"
83.26.64.64 - - [11/Oct/2009:15:47:09 +0200] "GET /nppm/instrukcja_sterowanie_tranzystorow_igbt.sxw HTTP/1.1" 200 117121 "http://neo.dmcs.pl/nppm/index.html" "Mozilla/5.0 (Windows; U; Windows NT 5.1; pl; rv:1.9.1.3) Gecko/20090824 Firefox/3.5.3 (.NET CLR 3.5.30729)" "-"
67.195.113.234 - - [11/Oct/2009:15:47:13 +0200] "GET /inf1/memoires.pdf HTTP/1.0" 304 - "-" "Mozilla/5.0 (compatible; Yahoo! Slurp/3.0; http://help.yahoo.com/help/us/ysearch/slurp)" "-"
83.26.64.64 - - [11/Oct/2009:15:47:16 +0200] "GET /nppm/instrukcja_przebicia.sxw HTTP/1.1" 200 65875 "http://neo.dmcs.pl/nppm/index.html" "Mozilla/5.0 (Windows; U; Windows NT 5.1; pl; rv:1.9.1.3) Gecko/20090824 Firefox/3.5.3 (.NET CLR 3.5.30729)" "-"
83.26.64.64 - - [11/Oct/2009:15:47:23 +0200] "GET /nppm/instrukcja_zatrzask.sxw HTTP/1.1" 200 144777 "http://neo.dmcs.pl/nppm/index.html" "Mozilla/5.0 (Windows; U; Windows NT 5.1; pl; rv:1.9.1.3) Gecko/20090824 Firefox/3.5.3 (.NET CLR 3.5.30729)" "-"
83.27.0.138 - - [11/Oct/2009:15:47:36 +0200] "GET /sk2/sk2_wyklad_08_ipv6.pdf HTTP/1.1" 200 518295 "http://www.google.pl/search?q=protok%C3%B3%C5%82+IPv6&ie=utf-8&oe=utf-8&aq=t&rls=org.mozilla:pl:official&client=firefox-a" "Mozilla/5.0 (Windows; U; Windows NT 6.0; pl; rv:1.9.1.3) Gecko/20090824 Firefox/3.5.3 (.NET CLR 3.5.30729)" "-"
83.27.0.138 - - [11/Oct/2009:15:47:37 +0200] "GET /favicon.ico HTTP/1.1" 404 292 "-" "Mozilla/5.0 (Windows; U; Windows NT 6.0; pl; rv:1.9.1.3) Gecko/20090824 Firefox/3.5.3 (.NET CLR 3.5.30729)" "-"
83.26.64.64 - - [11/Oct/2009:15:47:39 +0200] "GET /nppm/instrukcja_fotoelektronika.sxw HTTP/1.1" 200 344981 "http://neo.dmcs.pl/nppm/index.html" "Mozilla/5.0 (Windows; U; Windows NT 5.1; pl; rv:1.9.1.3) Gecko/20090824 Firefox/3.5.3 (.NET CLR 3.5.30729)" "-"
83.27.0.138 - - [11/Oct/2009:15:47:40 +0200] "GET /favicon.ico HTTP/1.1" 404 292 "-" "Mozilla/5.0 (Windows; U; Windows NT 6.0; pl; rv:1.9.1.3) Gecko/20090824 Firefox/3.5.3 (.NET CLR 3.5.30729)" "-"
83.26.64.64 - - [11/Oct/2009:15:47:46 +0200] "GET /nppm/instrukcja_badanie_transoptorow%20nppm.sxw HTTP/1.1" 200 113887 "http://neo.dmcs.pl/nppm/index.html" "Mozilla/5.0 (Windows; U; Windows NT 5.1; pl; rv:1.9.1.3) Gecko/20090824 Firefox/3.5.3 (.NET CLR 3.5.30729)" "-"
83.26.64.64 - - [11/Oct/2009:15:47:48 +0200] "GET /nppm/instrukcja_pomiar_temperatury.sxw HTTP/1.1" 200 14481 "http://neo.dmcs.pl/nppm/index.html" "Mozilla/5.0 (Windows; U; Windows NT 5.1; pl; rv:1.9.1.3) Gecko/20090824 Firefox/3.5.3 (.NET CLR 3.5.30729)" "-"
62.61.58.193 - - [11/Oct/2009:15:47:54 +0200] "GET /~starzak/pub/dyplomy/wytyczne_prezentacja.pdf HTTP/1.1" 200 25862 "http://www.google.pl/url?sa=t&source=web&ct=res&cd=30&ved=0CBgQFjAJOBQ&url=http%3A%2F%2Fneo.dmcs.p.lodz.pl%2F~starzak%2Fpub%2Fdyplomy%2Fwytyczne_prezentacja.pdf&ei=puHRStztK6TkmgPeq4iPAw&rct=j&q=animacja+power+point+znikanie&usg=AFQjCNHzufxR1pGANTPO9Deo-sISyDgmMg" "Mozilla/5.0 (Windows; U; Windows NT 6.0; pl; rv:1.9.0.4) Gecko/2008102920 Firefox/3.0.4" "-"
62.61.58.193 - - [11/Oct/2009:15:47:54 +0200] "GET /~starzak/pub/dyplomy/wytyczne_prezentacja.pdf HTTP/1.1" 206 93457 "-" "Mozilla/5.0 (Windows; U; Windows NT 6.0; pl; rv:1.9.0.4) Gecko/2008102920 Firefox/3.0.4" "-"
62.61.58.193 - - [11/Oct/2009:15:47:54 +0200] "GET /favicon.ico HTTP/1.1" 404 292 "-" "Mozilla/5.0 (Windows; U; Windows NT 6.0; pl; rv:1.9.0.4) Gecko/2008102920 Firefox/3.0.4" "-"
62.61.58.193 - - [11/Oct/2009:15:47:57 +0200] "GET /favicon.ico HTTP/1.1" 404 292 "-" "Mozilla/5.0 (Windows; U; Windows NT 6.0; pl; rv:1.9.0.4) Gecko/2008102920 Firefox/3.0.4" "-"
83.26.64.64 - - [11/Oct/2009:15:47:57 +0200] "GET /nppm/instrukcja_modele_rozproszone.sxw HTTP/1.1" 200 110161 "http://neo.dmcs.pl/nppm/index.html" "Mozilla/5.0 (Windows; U; Windows NT 5.1; pl; rv:1.9.1.3) Gecko/20090824 Firefox/3.5.3 (.NET CLR 3.5.30729)" "-"
83.26.64.64 - - [11/Oct/2009:15:47:58 +0200] "GET /nppm/czujnik.sxc HTTP/1.1" 200 10566 "http://neo.dmcs.pl/nppm/index.html" "Mozilla/5.0 (Windows; U; Windows NT 5.1; pl; rv:1.9.1.3) Gecko/20090824 Firefox/3.5.3 (.NET CLR 3.5.30729)" "-"
83.26.64.64 - - [11/Oct/2009:15:48:01 +0200] "GET /nppm/dane.sxw HTTP/1.1" 200 7020 "http://neo.dmcs.pl/nppm/index.html" "Mozilla/5.0 (Windows; U; Windows NT 5.1; pl; rv:1.9.1.3) Gecko/20090824 Firefox/3.5.3 (.NET CLR 3.5.30729)" "-"
83.26.64.64 - - [11/Oct/2009:15:48:05 +0200] "GET /nppm/model.sxw HTTP/1.1" 200 6140 "http://neo.dmcs.pl/nppm/index.html" "Mozilla/5.0 (Windows; U; Windows NT 5.1; pl; rv:1.9.1.3) Gecko/20090824 Firefox/3.5.3 (.NET CLR 3.5.30729)" "-"
83.26.64.64 - - [11/Oct/2009:15:48:07 +0200] "GET /nppm/literatura_lab_nppm.sxw HTTP/1.1" 200 7454 "http://neo.dmcs.pl/nppm/index.html" "Mozilla/5.0 (Windows; U; Windows NT 5.1; pl; rv:1.9.1.3) Gecko/20090824 Firefox/3.5.3 (.NET CLR 3.5.30729)" "-"
83.26.64.64 - - [11/Oct/2009:15:48:07 +0200] "GET /nppm/oznaczenia.sxw HTTP/1.1" 200 6966 "http://neo.dmcs.pl/nppm/index.html" "Mozilla/5.0 (Windows; U; Windows NT 5.1; pl; rv:1.9.1.3) Gecko/20090824 Firefox/3.5.3 (.NET CLR 3.5.30729)" "-"
66.249.65.212 - - [11/Oct/2009:15:48:53 +0200] "GET /rta/index.html HTTP/1.1" 304 - "-" "Mozilla/5.0 (compatible; Googlebot/2.1; +http://www.google.com/bot.html)" "-"
195.64.130.137 - - [11/Oct/2009:15:49:20 +0200] "GET /mn3/wyklad.pdf HTTP/1.1" 200 742603 "http://www.google.pl/url?sa=t&source=web&ct=res&cd=1&ved=0CAYQFjAA&url=http%3A%2F%2Fneo.dmcs.p.lodz.pl%2Fmn3%2Fwyklad.pdf&ei=U-LRSr71Np-emwPL_fGHAw&rct=j&q=metody+numeryczne+wyk%C5%82ady&usg=AFQjCNGRjsrAdwe4aOVyATPvlGXOw7ODlA" "Mozilla/5.0 (Windows; U; Windows NT 5.1; pl; rv:1.9.0.14) Gecko/2009082707 Firefox/3.0.14" "-"
195.64.130.137 - - [11/Oct/2009:15:49:26 +0200] "GET /mn3/wyklad.pdf HTTP/1.1" 206 710136 "-" "Mozilla/5.0 (Windows; U; Windows NT 5.1; pl; rv:1.9.0.14) Gecko/2009082707 Firefox/3.0.14" "-"
195.64.130.137 - - [11/Oct/2009:15:49:29 +0200] "GET /favicon.ico HTTP/1.1" 404 292 "-" "Mozilla/5.0 (Windows; U; Windows NT 5.1; pl; rv:1.9.0.14) Gecko/2009082707 Firefox/3.0.14" "-"
195.64.130.137 - - [11/Oct/2009:15:49:32 +0200] "GET /favicon.ico HTTP/1.1" 404 292 "-" "Mozilla/5.0 (Windows; U; Windows NT 5.1; pl; rv:1.9.0.14) Gecko/2009082707 Firefox/3.0.14" "-"
81.15.241.12 - - [11/Oct/2009:15:49:49 +0200] "GET /specjalnosci/index.php?strona=21 HTTP/1.1" 200 31131 "http://images.google.pl/imgres?imgurl=http://neo.dmcs.p.lodz.pl/specjalnosci/grafika/uep_dyplom_wzmacniacz.jpg&imgrefurl=http://neo.dmcs.p.lodz.pl/specjalnosci/index.php%3Fstrona%3D21&usg=__2njeNWmI3ifapDPL-t-1NlccEq0=&h=171&w=250&sz=45&hl=pl&start=118&um=1&tbnid=hNDQxs9lr6k12M:&tbnh=76&tbnw=111&prev=/images%3Fq%3Dtechniks%2Bwzmacniacz%26ndsp%3D20%26hl%3Dpl%26lr%3D%26sa%3DN%26start%3D100%26um%3D1" "Opera/9.63 (Windows NT 5.1; U; pl) Presto/2.1.1" "-"
81.15.241.12 - - [11/Oct/2009:15:49:49 +0200] "GET /specjalnosci/style.css HTTP/1.1" 200 7142 "http://neo.dmcs.p.lodz.pl/specjalnosci/index.php?strona=21" "Opera/9.63 (Windows NT 5.1; U; pl) Presto/2.1.1" "-"
81.15.241.12 - - [11/Oct/2009:15:49:49 +0200] "GET /specjalnosci/skrypty.js HTTP/1.1" 200 142 "http://neo.dmcs.p.lodz.pl/specjalnosci/index.php?strona=21" "Opera/9.63 (Windows NT 5.1; U; pl) Presto/2.1.1" "-"
81.15.241.12 - - [11/Oct/2009:15:49:49 +0200] "GET /specjalnosci/grafika/uep_dyplom_wzmacniacz.jpg HTTP/1.1" 200 45102 "http://images.google.pl/imgres?imgurl=http://neo.dmcs.p.lodz.pl/specjalnosci/grafika/uep_dyplom_wzmacniacz.jpg&imgrefurl=http://neo.dmcs.p.lodz.pl/specjalnosci/index.php%3Fstrona%3D21&usg=__2njeNWmI3ifapDPL-t-1NlccEq0=&h=171&w=250&sz=45&hl=pl&start=118&um=1&tbnid=hNDQxs9lr6k12M:&tbnh=76&tbnw=111&prev=/images%3Fq%3Dtechniks%2Bwzmacniacz%26ndsp%3D20%26hl%3Dpl%26lr%3D%26sa%3DN%26start%3D100%26um%3D1" "Opera/9.63 (Windows NT 5.1; U; pl) Presto/2.1.1" "-"
81.15.241.12 - - [11/Oct/2009:15:49:49 +0200] "GET /specjalnosci/grafika/naglowek.png HTTP/1.1" 200 4411 "http://neo.dmcs.p.lodz.pl/specjalnosci/index.php?strona=21" "Opera/9.63 (Windows NT 5.1; U; pl) Presto/2.1.1" "-"
81.15.241.12 - - [11/Oct/2009:15:49:49 +0200] "GET /specjalnosci/grafika/blank.png HTTP/1.1" 200 142 "http://neo.dmcs.p.lodz.pl/specjalnosci/index.php?strona=21" "Opera/9.63 (Windows NT 5.1; U; pl) Presto/2.1.1" "-"
81.15.241.12 - - [11/Oct/2009:15:49:49 +0200] "GET /specjalnosci/grafika/studenci_mikrokontrolery.jpg HTTP/1.1" 200 34978 "http://neo.dmcs.p.lodz.pl/specjalnosci/index.php?strona=21" "Opera/9.63 (Windows NT 5.1; U; pl) Presto/2.1.1" "-"
81.15.241.12 - - [11/Oct/2009:15:49:49 +0200] "GET /specjalnosci/grafika/valid-html401.png HTTP/1.1" 200 2948 "http://neo.dmcs.p.lodz.pl/specjalnosci/index.php?strona=21" "Opera/9.63 (Windows NT 5.1; U; pl) Presto/2.1.1" "-"
81.15.241.12 - - [11/Oct/2009:15:49:49 +0200] "GET /specjalnosci/grafika/ppm_przetwornica.jpg HTTP/1.1" 200 34037 "http://neo.dmcs.p.lodz.pl/specjalnosci/index.php?strona=21" "Opera/9.63 (Windows NT 5.1; U; pl) Presto/2.1.1" "-"
81.15.241.12 - - [11/Oct/2009:15:49:50 +0200] "GET /specjalnosci/grafika/studenci_ppm.jpg HTTP/1.1" 200 34826 "http://neo.dmcs.p.lodz.pl/specjalnosci/index.php?strona=21" "Opera/9.63 (Windows NT 5.1; U; pl) Presto/2.1.1" "-"
81.15.241.12 - - [11/Oct/2009:15:49:51 +0200] "GET /specjalnosci/grafika/typ_pdf.png HTTP/1.1" 200 338 "http://neo.dmcs.p.lodz.pl/specjalnosci/index.php?strona=21" "Opera/9.63 (Windows NT 5.1; U; pl) Presto/2.1.1" "-"
66.249.65.214 - - [11/Oct/2009:15:49:52 +0200] "GET /podyplomowe_smtm/smob2/kursbasha/grafiki/wmsm.gif HTTP/1.1" 200 4895 "-" "Googlebot-Image/1.0" "-"
66.249.65.214 - - [11/Oct/2009:15:49:52 +0200] "GET /podyplomowe_smtm/smob2/kursbasha/grafiki/wmsrmt.gif HTTP/1.1" 200 2053 "-" "Googlebot-Image/1.0" "-"
66.249.65.214 - - [11/Oct/2009:15:49:53 +0200] "GET /podyplomowe_smtm/smob2/kursbasha/grafiki/wmst.gif HTTP/1.1" 200 3669 "-" "Googlebot-Image/1.0" "-"
66.249.65.214 - - [11/Oct/2009:15:49:53 +0200] "GET /podyplomowe_smtm/smob2/kursbasha/grafiki/wmswynik.gif HTTP/1.1" 200 2201 "-" "Googlebot-Image/1.0" "-"
66.249.65.214 - - [11/Oct/2009:15:49:53 +0200] "GET /podyplomowe_smtm/smob2/kursbasha/grafiki/wmsrm.gif HTTP/1.1" 200 2096 "-" "Googlebot-Image/1.0" "-"
81.15.241.12 - - [11/Oct/2009:15:49:58 +0200] "GET /specjalnosci/grafika/sterownik_przemyslowy.jpg HTTP/1.1" 200 23247 "http://neo.dmcs.p.lodz.pl/specjalnosci/index.php?strona=21" "Opera/9.63 (Windows NT 5.1; U; pl) Presto/2.1.1" "-"
81.15.241.12 - - [11/Oct/2009:15:49:58 +0200] "GET /specjalnosci/grafika/sterownik_przemyslowy.jpg HTTP/1.1" 200 12621 "http://neo.dmcs.p.lodz.pl/specjalnosci/index.php?strona=21" "Opera/9.63 (Windows NT 5.1; U; pl) Presto/2.1.1" "-"
65.55.108.45 - - [11/Oct/2009:15:50:07 +0200] "GET /inf3/04_05/4/monet5.jpg HTTP/1.1" 200 12837 "-" "WinHttp" "-"
65.55.108.45 - - [11/Oct/2009:15:50:07 +0200] "GET /inf3/04_05/4/ania1.html HTTP/1.1" 200 2223 "-" "WinHttp" "-"
74.6.17.160 - - [11/Oct/2009:15:50:37 +0200] "GET /archkomp/pipeline_ang.pdf HTTP/1.0" 200 1538380 "-" "Mozilla/5.0 (compatible; Yahoo! Slurp/3.0; http://help.yahoo.com/help/us/ysearch/slurp)" "-"
92.241.169.175 - - [11/Oct/2009:15:51:02 +0200] "GET /%7Espcsym/phorum/post.php?f=4 HTTP/1.0" 200 3135 "http://lux.dmcs.p.lodz.pl/%7Espcsym/phorum/post.php?f=4" "Opera/8.01 (Windows NT 5.1)" "-"
92.241.169.175 - - [11/Oct/2009:15:51:05 +0200] "POST /%7Espcsym/phorum/post.php HTTP/1.0" 200 8756 "http://lux.dmcs.p.lodz.pl/%7Espcsym/phorum/post.php?f=4" "Opera/8.01 (Windows NT 5.1)" "-"
195.64.130.137 - - [11/Oct/2009:15:51:30 +0200] "GET /mn3/ HTTP/1.1" 200 3231 "-" "Mozilla/5.0 (Windows; U; Windows NT 5.1; pl; rv:1.9.0.14) Gecko/2009082707 Firefox/3.0.14" "-"
195.64.130.137 - - [11/Oct/2009:15:51:30 +0200] "GET /style.css HTTP/1.1" 200 2000 "http://neo.dmcs.p.lodz.pl/mn3/" "Mozilla/5.0 (Windows; U; Windows NT 5.1; pl; rv:1.9.0.14) Gecko/2009082707 Firefox/3.0.14" "-"
195.64.130.137 - - [11/Oct/2009:15:51:30 +0200] "GET /mn3/images/back.jpg HTTP/1.1" 404 300 "http://neo.dmcs.p.lodz.pl/mn3/" "Mozilla/5.0 (Windows; U; Windows NT 5.1; pl; rv:1.9.0.14) Gecko/2009082707 Firefox/3.0.14" "-"
195.64.130.137 - - [11/Oct/2009:15:51:46 +0200] "GET / HTTP/1.1" 200 8370 "-" "Mozilla/5.0 (Windows; U; Windows NT 5.1; pl; rv:1.9.0.14) Gecko/2009082707 Firefox/3.0.14" "-"
195.64.130.137 - - [11/Oct/2009:15:51:46 +0200] "GET /images/back.jpg HTTP/1.1" 404 296 "http://neo.dmcs.p.lodz.pl/" "Mozilla/5.0 (Windows; U; Windows NT 5.1; pl; rv:1.9.0.14) Gecko/2009082707 Firefox/3.0.14" "-"
66.249.65.209 - - [11/Oct/2009:15:52:06 +0200] "GET /isbd/php/doc/polish_many/function.getlastmod.html HTTP/1.1" 200 3543 "-" "SAMSUNG-SGH-E250/1.0 Profile/MIDP-2.0 Configuration/CLDC-1.1 UP.Browser/6.2.3.3.c.1.101 (GUI) MMP/2.0 (compatible; Googlebot-Mobile/2.1; +http://www.google.com/bot.html)" "-"
195.64.130.137 - - [11/Oct/2009:15:52:12 +0200] "GET /mn/index.html HTTP/1.1" 200 758 "http://neo.dmcs.p.lodz.pl/" "Mozilla/5.0 (Windows; U; Windows NT 5.1; pl; rv:1.9.0.14) Gecko/2009082707 Firefox/3.0.14" "-"
195.64.130.137 - - [11/Oct/2009:15:52:13 +0200] "GET /images/back.jpg HTTP/1.1" 404 296 "http://neo.dmcs.p.lodz.pl/mn/index.html" "Mozilla/5.0 (Windows; U; Windows NT 5.1; pl; rv:1.9.0.14) Gecko/2009082707 Firefox/3.0.14" "-"
65.55.209.147 - - [11/Oct/2009:15:52:15 +0200] "GET /~mwojtow/javascript/ HTTP/1.1" 403 298 "-" "msnbot/1.1 (+http://search.msn.com/msnbot.htm)" "-"
195.64.130.137 - - [11/Oct/2009:15:52:22 +0200] "GET /mn/laboratorium.htm HTTP/1.1" 200 87559 "http://neo.dmcs.p.lodz.pl/mn/index.html" "Mozilla/5.0 (Windows; U; Windows NT 5.1; pl; rv:1.9.0.14) Gecko/2009082707 Firefox/3.0.14" "-"
153.19.210.159 - - [11/Oct/2009:15:52:34 +0200] "HEAD /favicon.ico HTTP/1.1" 404 0 "-" "Mozilla/5.0 (X11; U; Linux i686; pl; rv:1.9.1.3) Gecko/20090824 Firefox/3.5.3" "-"
195.64.130.137 - - [11/Oct/2009:15:52:35 +0200] "GET /mn/laboratorium.htm HTTP/1.1" 206 21332 "http://neo.dmcs.p.lodz.pl/mn/index.html" "Mozilla/5.0 (Windows; U; Windows NT 5.1; pl; rv:1.9.0.14) Gecko/2009082707 Firefox/3.0.14" "-"
195.64.130.137 - - [11/Oct/2009:15:52:35 +0200] "GET /mn/laboratorium.htm HTTP/1.1" 206 87559 "http://neo.dmcs.p.lodz.pl/mn/index.html" "Mozilla/5.0 (Windows; U; Windows NT 5.1; pl; rv:1.9.0.14) Gecko/2009082707 Firefox/3.0.14" "-"
195.64.130.137 - - [11/Oct/2009:15:52:36 +0200] "GET /mn/laboratorium_files/image012.gif HTTP/1.1" 200 2137 "http://neo.dmcs.p.lodz.pl/mn/laboratorium.htm" "Mozilla/5.0 (Windows; U; Windows NT 5.1; pl; rv:1.9.0.14) Gecko/2009082707 Firefox/3.0.14" "-"
195.64.130.137 - - [11/Oct/2009:15:52:36 +0200] "GET /mn/laboratorium_files/image002.gif HTTP/1.1" 200 2557 "http://neo.dmcs.p.lodz.pl/mn/laboratorium.htm" "Mozilla/5.0 (Windows; U; Windows NT 5.1; pl; rv:1.9.0.14) Gecko/2009082707 Firefox/3.0.14" "-"
195.64.130.137 - - [11/Oct/2009:15:52:36 +0200] "GET /mn/laboratorium_files/image006.gif HTTP/1.1" 200 365 "http://neo.dmcs.p.lodz.pl/mn/laboratorium.htm" "Mozilla/5.0 (Windows; U; Windows NT 5.1; pl; rv:1.9.0.14) Gecko/2009082707 Firefox/3.0.14" "-"
195.64.130.137 - - [11/Oct/2009:15:52:36 +0200] "GET /mn/laboratorium_files/image004.gif HTTP/1.1" 200 491 "http://neo.dmcs.p.lodz.pl/mn/laboratorium.htm" "Mozilla/5.0 (Windows; U; Windows NT 5.1; pl; rv:1.9.0.14) Gecko/2009082707 Firefox/3.0.14" "-"
195.64.130.137 - - [11/Oct/2009:15:52:36 +0200] "GET /mn/laboratorium_files/image010.gif HTTP/1.1" 200 802 "http://neo.dmcs.p.lodz.pl/mn/laboratorium.htm" "Mozilla/5.0 (Windows; U; Windows NT 5.1; pl; rv:1.9.0.14) Gecko/2009082707 Firefox/3.0.14" "-"
195.64.130.137 - - [11/Oct/2009:15:52:36 +0200] "GET /mn/laboratorium_files/image008.gif HTTP/1.1" 200 524 "http://neo.dmcs.p.lodz.pl/mn/laboratorium.htm" "Mozilla/5.0 (Windows; U; Windows NT 5.1; pl; rv:1.9.0.14) Gecko/2009082707 Firefox/3.0.14" "-"
195.64.130.137 - - [11/Oct/2009:15:52:36 +0200] "GET /mn/laboratorium_files/image014.gif HTTP/1.1" 200 4171 "http://neo.dmcs.p.lodz.pl/mn/laboratorium.htm" "Mozilla/5.0 (Windows; U; Windows NT 5.1; pl; rv:1.9.0.14) Gecko/2009082707 Firefox/3.0.14" "-"
195.64.130.137 - - [11/Oct/2009:15:52:36 +0200] "GET /mn/laboratorium_files/image016.gif HTTP/1.1" 200 512 "http://neo.dmcs.p.lodz.pl/mn/laboratorium.htm" "Mozilla/5.0 (Windows; U; Windows NT 5.1; pl; rv:1.9.0.14) Gecko/2009082707 Firefox/3.0.14" "-"
195.64.130.137 - - [11/Oct/2009:15:52:36 +0200] "GET /mn/laboratorium_files/image018.gif HTTP/1.1" 200 650 "http://neo.dmcs.p.lodz.pl/mn/laboratorium.htm" "Mozilla/5.0 (Windows; U; Windows NT 5.1; pl; rv:1.9.0.14) Gecko/2009082707 Firefox/3.0.14" "-"
195.64.130.137 - - [11/Oct/2009:15:52:36 +0200] "GET /mn/laboratorium_files/image020.gif HTTP/1.1" 200 2140 "http://neo.dmcs.p.lodz.pl/mn/laboratorium.htm" "Mozilla/5.0 (Windows; U; Windows NT 5.1; pl; rv:1.9.0.14) Gecko/2009082707 Firefox/3.0.14" "-"
195.64.130.137 - - [11/Oct/2009:15:52:36 +0200] "GET /mn/laboratorium_files/image022.gif HTTP/1.1" 200 409 "http://neo.dmcs.p.lodz.pl/mn/laboratorium.htm" "Mozilla/5.0 (Windows; U; Windows NT 5.1; pl; rv:1.9.0.14) Gecko/2009082707 Firefox/3.0.14" "-"
195.64.130.137 - - [11/Oct/2009:15:52:36 +0200] "GET /mn/laboratorium_files/image024.gif HTTP/1.1" 200 1233 "http://neo.dmcs.p.lodz.pl/mn/laboratorium.htm" "Mozilla/5.0 (Windows; U; Windows NT 5.1; pl; rv:1.9.0.14) Gecko/2009082707 Firefox/3.0.14" "-"
195.64.130.137 - - [11/Oct/2009:15:52:36 +0200] "GET /mn/laboratorium_files/image026.gif HTTP/1.1" 200 404 "http://neo.dmcs.p.lodz.pl/mn/laboratorium.htm" "Mozilla/5.0 (Windows; U; Windows NT 5.1; pl; rv:1.9.0.14) Gecko/2009082707 Firefox/3.0.14" "-"
195.64.130.137 - - [11/Oct/2009:15:52:36 +0200] "GET /mn/laboratorium_files/image028.gif HTTP/1.1" 200 782 "http://neo.dmcs.p.lodz.pl/mn/laboratorium.htm" "Mozilla/5.0 (Windows; U; Windows NT 5.1; pl; rv:1.9.0.14) Gecko/2009082707 Firefox/3.0.14" "-"
195.64.130.137 - - [11/Oct/2009:15:52:36 +0200] "GET /mn/laboratorium_files/image030.gif HTTP/1.1" 200 2551 "http://neo.dmcs.p.lodz.pl/mn/laboratorium.htm" "Mozilla/5.0 (Windows; U; Windows NT 5.1; pl; rv:1.9.0.14) Gecko/2009082707 Firefox/3.0.14" "-"
195.64.130.137 - - [11/Oct/2009:15:52:36 +0200] "GET /mn/laboratorium_files/image032.gif HTTP/1.1" 200 926 "http://neo.dmcs.p.lodz.pl/mn/laboratorium.htm" "Mozilla/5.0 (Windows; U; Windows NT 5.1; pl; rv:1.9.0.14) Gecko/2009082707 Firefox/3.0.14" "-"
195.64.130.137 - - [11/Oct/2009:15:52:36 +0200] "GET /mn/laboratorium_files/image036.gif HTTP/1.1" 200 2065 "http://neo.dmcs.p.lodz.pl/mn/laboratorium.htm" "Mozilla/5.0 (Windows; U; Windows NT 5.1; pl; rv:1.9.0.14) Gecko/2009082707 Firefox/3.0.14" "-"
195.64.130.137 - - [11/Oct/2009:15:52:36 +0200] "GET /mn/laboratorium_files/image034.gif HTTP/1.1" 200 559 "http://neo.dmcs.p.lodz.pl/mn/laboratorium.htm" "Mozilla/5.0 (Windows; U; Windows NT 5.1; pl; rv:1.9.0.14) Gecko/2009082707 Firefox/3.0.14" "-"
66.249.65.212 - - [11/Oct/2009:15:52:57 +0200] "GET /inf5/03_04/2/seter%20angielski.html HTTP/1.1" 200 6121 "-" "Mozilla/5.0 (compatible; Googlebot/2.1; +http://www.google.com/bot.html)" "-"
195.64.130.137 - - [11/Oct/2009:15:53:47 +0200] "GET /mn/laboratorium_files/image002.gif HTTP/1.1" 200 2557 "-" "Mozilla/4.0 (compatible; MSIE 7.0; Windows NT 5.1; .NET CLR 1.1.4322; .NET CLR 2.0.50727)" "-"
195.64.130.137 - - [11/Oct/2009:15:53:47 +0200] "GET /mn/laboratorium_files/image002.gif HTTP/1.1" 200 2557 "-" "Mozilla/4.0 (compatible; MSIE 7.0; Windows NT 5.1; .NET CLR 1.1.4322; .NET CLR 2.0.50727)" "-"
195.64.130.137 - - [11/Oct/2009:15:53:47 +0200] "GET /mn/laboratorium_files/image004.gif HTTP/1.1" 200 491 "-" "Mozilla/4.0 (compatible; MSIE 7.0; Windows NT 5.1; .NET CLR 1.1.4322; .NET CLR 2.0.50727)" "-"
195.64.130.137 - - [11/Oct/2009:15:53:47 +0200] "GET /mn/laboratorium_files/image004.gif HTTP/1.1" 200 491 "-" "Mozilla/4.0 (compatible; MSIE 7.0; Windows NT 5.1; .NET CLR 1.1.4322; .NET CLR 2.0.50727)" "-"
195.64.130.137 - - [11/Oct/2009:15:53:47 +0200] "GET /mn/laboratorium_files/image006.gif HTTP/1.1" 200 365 "-" "Mozilla/4.0 (compatible; MSIE 7.0; Windows NT 5.1; .NET CLR 1.1.4322; .NET CLR 2.0.50727)" "-"
195.64.130.137 - - [11/Oct/2009:15:53:47 +0200] "GET /mn/laboratorium_files/image006.gif HTTP/1.1" 200 365 "-" "Mozilla/4.0 (compatible; MSIE 7.0; Windows NT 5.1; .NET CLR 1.1.4322; .NET CLR 2.0.50727)" "-"
195.64.130.137 - - [11/Oct/2009:15:53:47 +0200] "GET /mn/laboratorium_files/image008.gif HTTP/1.1" 200 524 "-" "Mozilla/4.0 (compatible; MSIE 7.0; Windows NT 5.1; .NET CLR 1.1.4322; .NET CLR 2.0.50727)" "-"
195.64.130.137 - - [11/Oct/2009:15:53:47 +0200] "GET /mn/laboratorium_files/image008.gif HTTP/1.1" 200 524 "-" "Mozilla/4.0 (compatible; MSIE 7.0; Windows NT 5.1; .NET CLR 1.1.4322; .NET CLR 2.0.50727)" "-"
195.64.130.137 - - [11/Oct/2009:15:53:47 +0200] "GET /mn/laboratorium_files/image010.gif HTTP/1.1" 200 802 "-" "Mozilla/4.0 (compatible; MSIE 7.0; Windows NT 5.1; .NET CLR 1.1.4322; .NET CLR 2.0.50727)" "-"
195.64.130.137 - - [11/Oct/2009:15:53:47 +0200] "GET /mn/laboratorium_files/image010.gif HTTP/1.1" 200 802 "-" "Mozilla/4.0 (compatible; MSIE 7.0; Windows NT 5.1; .NET CLR 1.1.4322; .NET CLR 2.0.50727)" "-"
195.64.130.137 - - [11/Oct/2009:15:53:48 +0200] "GET /mn/laboratorium_files/image012.gif HTTP/1.1" 200 2137 "-" "Mozilla/4.0 (compatible; MSIE 7.0; Windows NT 5.1; .NET CLR 1.1.4322; .NET CLR 2.0.50727)" "-"
195.64.130.137 - - [11/Oct/2009:15:53:48 +0200] "GET /mn/laboratorium_files/image012.gif HTTP/1.1" 200 2137 "-" "Mozilla/4.0 (compatible; MSIE 7.0; Windows NT 5.1; .NET CLR 1.1.4322; .NET CLR 2.0.50727)" "-"
195.64.130.137 - - [11/Oct/2009:15:53:48 +0200] "GET /mn/laboratorium_files/image014.gif HTTP/1.1" 200 4171 "-" "Mozilla/4.0 (compatible; MSIE 7.0; Windows NT 5.1; .NET CLR 1.1.4322; .NET CLR 2.0.50727)" "-"
195.64.130.137 - - [11/Oct/2009:15:53:48 +0200] "GET /mn/laboratorium_files/image014.gif HTTP/1.1" 200 4171 "-" "Mozilla/4.0 (compatible; MSIE 7.0; Windows NT 5.1; .NET CLR 1.1.4322; .NET CLR 2.0.50727)" "-"
195.64.130.137 - - [11/Oct/2009:15:53:48 +0200] "GET /mn/laboratorium_files/image016.gif HTTP/1.1" 200 512 "-" "Mozilla/4.0 (compatible; MSIE 7.0; Windows NT 5.1; .NET CLR 1.1.4322; .NET CLR 2.0.50727)" "-"
195.64.130.137 - - [11/Oct/2009:15:53:48 +0200] "GET /mn/laboratorium_files/image016.gif HTTP/1.1" 200 512 "-" "Mozilla/4.0 (compatible; MSIE 7.0; Windows NT 5.1; .NET CLR 1.1.4322; .NET CLR 2.0.50727)" "-"
195.64.130.137 - - [11/Oct/2009:15:53:48 +0200] "GET /mn/laboratorium_files/image018.gif HTTP/1.1" 200 650 "-" "Mozilla/4.0 (compatible; MSIE 7.0; Windows NT 5.1; .NET CLR 1.1.4322; .NET CLR 2.0.50727)" "-"
195.64.130.137 - - [11/Oct/2009:15:53:48 +0200] "GET /mn/laboratorium_files/image018.gif HTTP/1.1" 200 650 "-" "Mozilla/4.0 (compatible; MSIE 7.0; Windows NT 5.1; .NET CLR 1.1.4322; .NET CLR 2.0.50727)" "-"
195.64.130.137 - - [11/Oct/2009:15:53:48 +0200] "GET /mn/laboratorium_files/image020.gif HTTP/1.1" 200 2140 "-" "Mozilla/4.0 (compatible; MSIE 7.0; Windows NT 5.1; .NET CLR 1.1.4322; .NET CLR 2.0.50727)" "-"
195.64.130.137 - - [11/Oct/2009:15:53:48 +0200] "GET /mn/laboratorium_files/image020.gif HTTP/1.1" 200 2140 "-" "Mozilla/4.0 (compatible; MSIE 7.0; Windows NT 5.1; .NET CLR 1.1.4322; .NET CLR 2.0.50727)" "-"
195.64.130.137 - - [11/Oct/2009:15:53:48 +0200] "GET /mn/laboratorium_files/image022.gif HTTP/1.1" 200 409 "-" "Mozilla/4.0 (compatible; MSIE 7.0; Windows NT 5.1; .NET CLR 1.1.4322; .NET CLR 2.0.50727)" "-"
195.64.130.137 - - [11/Oct/2009:15:53:48 +0200] "GET /mn/laboratorium_files/image022.gif HTTP/1.1" 200 409 "-" "Mozilla/4.0 (compatible; MSIE 7.0; Windows NT 5.1; .NET CLR 1.1.4322; .NET CLR 2.0.50727)" "-"
195.64.130.137 - - [11/Oct/2009:15:53:48 +0200] "GET /mn/laboratorium_files/image024.gif HTTP/1.1" 200 1233 "-" "Mozilla/4.0 (compatible; MSIE 7.0; Windows NT 5.1; .NET CLR 1.1.4322; .NET CLR 2.0.50727)" "-"
195.64.130.137 - - [11/Oct/2009:15:53:48 +0200] "GET /mn/laboratorium_files/image024.gif HTTP/1.1" 200 1233 "-" "Mozilla/4.0 (compatible; MSIE 7.0; Windows NT 5.1; .NET CLR 1.1.4322; .NET CLR 2.0.50727)" "-"
195.64.130.137 - - [11/Oct/2009:15:53:49 +0200] "GET /mn/laboratorium_files/image026.gif HTTP/1.1" 200 404 "-" "Mozilla/4.0 (compatible; MSIE 7.0; Windows NT 5.1; .NET CLR 1.1.4322; .NET CLR 2.0.50727)" "-"
195.64.130.137 - - [11/Oct/2009:15:53:49 +0200] "GET /mn/laboratorium_files/image026.gif HTTP/1.1" 200 404 "-" "Mozilla/4.0 (compatible; MSIE 7.0; Windows NT 5.1; .NET CLR 1.1.4322; .NET CLR 2.0.50727)" "-"
195.64.130.137 - - [11/Oct/2009:15:53:49 +0200] "GET /mn/laboratorium_files/image028.gif HTTP/1.1" 200 782 "-" "Mozilla/4.0 (compatible; MSIE 7.0; Windows NT 5.1; .NET CLR 1.1.4322; .NET CLR 2.0.50727)" "-"
195.64.130.137 - - [11/Oct/2009:15:53:49 +0200] "GET /mn/laboratorium_files/image028.gif HTTP/1.1" 200 782 "-" "Mozilla/4.0 (compatible; MSIE 7.0; Windows NT 5.1; .NET CLR 1.1.4322; .NET CLR 2.0.50727)" "-"
195.64.130.137 - - [11/Oct/2009:15:53:49 +0200] "GET /mn/laboratorium_files/image030.gif HTTP/1.1" 200 2551 "-" "Mozilla/4.0 (compatible; MSIE 7.0; Windows NT 5.1; .NET CLR 1.1.4322; .NET CLR 2.0.50727)" "-"
195.64.130.137 - - [11/Oct/2009:15:53:49 +0200] "GET /mn/laboratorium_files/image030.gif HTTP/1.1" 200 2551 "-" "Mozilla/4.0 (compatible; MSIE 7.0; Windows NT 5.1; .NET CLR 1.1.4322; .NET CLR 2.0.50727)" "-"
195.64.130.137 - - [11/Oct/2009:15:53:49 +0200] "GET /mn/laboratorium_files/image032.gif HTTP/1.1" 200 926 "-" "Mozilla/4.0 (compatible; MSIE 7.0; Windows NT 5.1; .NET CLR 1.1.4322; .NET CLR 2.0.50727)" "-"
195.64.130.137 - - [11/Oct/2009:15:53:49 +0200] "GET /mn/laboratorium_files/image032.gif HTTP/1.1" 200 926 "-" "Mozilla/4.0 (compatible; MSIE 7.0; Windows NT 5.1; .NET CLR 1.1.4322; .NET CLR 2.0.50727)" "-"
195.64.130.137 - - [11/Oct/2009:15:53:49 +0200] "GET /mn/laboratorium_files/image034.gif HTTP/1.1" 200 559 "-" "Mozilla/4.0 (compatible; MSIE 7.0; Windows NT 5.1; .NET CLR 1.1.4322; .NET CLR 2.0.50727)" "-"
195.64.130.137 - - [11/Oct/2009:15:53:49 +0200] "GET /mn/laboratorium_files/image034.gif HTTP/1.1" 200 559 "-" "Mozilla/4.0 (compatible; MSIE 7.0; Windows NT 5.1; .NET CLR 1.1.4322; .NET CLR 2.0.50727)" "-"
195.64.130.137 - - [11/Oct/2009:15:53:49 +0200] "GET /mn/laboratorium_files/image036.gif HTTP/1.1" 200 2065 "-" "Mozilla/4.0 (compatible; MSIE 7.0; Windows NT 5.1; .NET CLR 1.1.4322; .NET CLR 2.0.50727)" "-"
195.64.130.137 - - [11/Oct/2009:15:53:49 +0200] "GET /mn/laboratorium_files/image036.gif HTTP/1.1" 200 2065 "-" "Mozilla/4.0 (compatible; MSIE 7.0; Windows NT 5.1; .NET CLR 1.1.4322; .NET CLR 2.0.50727)" "-"
217.113.225.15 - - [11/Oct/2009:15:54:12 +0200] "GET /pik/wyklad.pdf HTTP/1.1" 206 4312 "-" "Mozilla/5.0 (Windows; U; Windows NT 6.0; pl; rv:1.9.1.3) Gecko/20090824 Firefox/3.5.3 (.NET CLR 3.5.30729)" "-"
217.113.225.15 - - [11/Oct/2009:15:54:12 +0200] "GET /pik/wyklad.pdf HTTP/1.1" 200 141272 "-" "Mozilla/5.0 (Windows; U; Windows NT 6.0; pl; rv:1.9.1.3) Gecko/20090824 Firefox/3.5.3 (.NET CLR 3.5.30729)" "-"
217.113.225.15 - - [11/Oct/2009:15:54:12 +0200] "GET /pik/wyklad.pdf HTTP/1.1" 206 4312 "-" "Mozilla/5.0 (Windows; U; Windows NT 6.0; pl; rv:1.9.1.3) Gecko/20090824 Firefox/3.5.3 (.NET CLR 3.5.30729)" "-"
217.113.225.15 - - [11/Oct/2009:15:54:15 +0200] "GET /favicon.ico HTTP/1.1" 404 285 "-" "Mozilla/5.0 (Windows; U; Windows NT 6.0; pl; rv:1.9.1.3) Gecko/20090824 Firefox/3.5.3 (.NET CLR 3.5.30729)" "-"
217.113.225.15 - - [11/Oct/2009:15:54:17 +0200] "GET /pik/wyklad.pdf HTTP/1.1" 206 1499801 "-" "Mozilla/5.0 (Windows; U; Windows NT 6.0; pl; rv:1.9.1.3) Gecko/20090824 Firefox/3.5.3 (.NET CLR 3.5.30729)" "-"
193.238.67.160 - - [11/Oct/2009:15:54:23 +0200] "GET /smcr HTTP/1.1" 301 322 "-" "Mozilla/5.0 (Windows; U; Windows NT 5.1; pl; rv:1.9.1.3) Gecko/20090824 Firefox/3.5.3" "-"
193.238.67.160 - - [11/Oct/2009:15:54:23 +0200] "GET /smcr/ HTTP/1.1" 200 14517 "-" "Mozilla/5.0 (Windows; U; Windows NT 5.1; pl; rv:1.9.1.3) Gecko/20090824 Firefox/3.5.3" "-"
193.238.67.160 - - [11/Oct/2009:15:54:26 +0200] "GET /style.css HTTP/1.1" 200 2000 "http://neo.dmcs.p.lodz.pl/smcr/" "Mozilla/5.0 (Windows; U; Windows NT 5.1; pl; rv:1.9.1.3) Gecko/20090824 Firefox/3.5.3" "-"
193.238.67.160 - - [11/Oct/2009:15:54:26 +0200] "GET /images/back.jpg HTTP/1.1" 404 296 "http://neo.dmcs.p.lodz.pl/smcr/" "Mozilla/5.0 (Windows; U; Windows NT 5.1; pl; rv:1.9.1.3) Gecko/20090824 Firefox/3.5.3" "-"
193.238.67.160 - - [11/Oct/2009:15:54:26 +0200] "GET /favicon.ico HTTP/1.1" 404 292 "-" "Mozilla/5.0 (Windows; U; Windows NT 5.1; pl; rv:1.9.1.3) Gecko/20090824 Firefox/3.5.3" "-"
193.238.67.160 - - [11/Oct/2009:15:54:29 +0200] "GET /favicon.ico HTTP/1.1" 404 292 "-" "Mozilla/5.0 (Windows; U; Windows NT 5.1; pl; rv:1.9.1.3) Gecko/20090824 Firefox/3.5.3" "-"
195.64.130.137 - - [11/Oct/2009:15:55:08 +0200] "GET /images/back.jpg HTTP/1.1" 404 296 "http://neo.dmcs.p.lodz.pl/mn/index.html" "Mozilla/5.0 (Windows; U; Windows NT 5.1; pl; rv:1.9.0.14) Gecko/2009082707 Firefox/3.0.14" "-"
195.64.130.137 - - [11/Oct/2009:15:55:10 +0200] "GET /mn/MNcw1.pdf HTTP/1.1" 200 66264 "http://neo.dmcs.p.lodz.pl/mn/index.html" "Mozilla/5.0 (Windows; U; Windows NT 5.1; pl; rv:1.9.0.14) Gecko/2009082707 Firefox/3.0.14" "-"
195.64.130.137 - - [11/Oct/2009:15:55:10 +0200] "GET /mn/MNcw1.pdf HTTP/1.1" 200 79915 "http://neo.dmcs.p.lodz.pl/mn/index.html" "Mozilla/5.0 (Windows; U; Windows NT 5.1; pl; rv:1.9.0.14) Gecko/2009082707 Firefox/3.0.14" "-"
92.241.169.168 - - [11/Oct/2009:15:55:31 +0200] "GET /%7Espcsym/phorum/post.php?f=4 HTTP/1.0" 200 3135 "http://lux.dmcs.p.lodz.pl/%7Espcsym/phorum/post.php?f=4" "Mozilla/4.0 (compatible; MSIE 6.0; Windows NT 5.1; MRA 4.3 (build 01218); .NET CLR 1.1.4322)" "-"
195.64.130.137 - - [11/Oct/2009:15:55:32 +0200] "GET /images/back.jpg HTTP/1.1" 404 296 "http://neo.dmcs.p.lodz.pl/mn/index.html" "Mozilla/5.0 (Windows; U; Windows NT 5.1; pl; rv:1.9.0.14) Gecko/2009082707 Firefox/3.0.14" "-"
92.241.169.168 - - [11/Oct/2009:15:55:35 +0200] "POST /%7Espcsym/phorum/post.php HTTP/1.0" 200 8819 "http://lux.dmcs.p.lodz.pl/%7Espcsym/phorum/post.php?f=4" "Mozilla/4.0 (compatible; MSIE 6.0; Windows NT 5.1; MRA 4.3 (build 01218); .NET CLR 1.1.4322)" "-"
195.64.130.137 - - [11/Oct/2009:15:55:37 +0200] "GET /mn/MNcw2.pdf HTTP/1.1" 200 95400 "http://neo.dmcs.p.lodz.pl/mn/index.html" "Mozilla/5.0 (Windows; U; Windows NT 5.1; pl; rv:1.9.0.14) Gecko/2009082707 Firefox/3.0.14" "-"
195.64.130.137 - - [11/Oct/2009:15:55:54 +0200] "GET /mn/MNcw3.pdf HTTP/1.1" 200 73452 "http://neo.dmcs.p.lodz.pl/mn/index.html" "Mozilla/5.0 (Windows; U; Windows NT 5.1; pl; rv:1.9.0.14) Gecko/2009082707 Firefox/3.0.14" "-"
195.64.130.137 - - [11/Oct/2009:15:56:03 +0200] "GET /mn/MNcw4.pdf HTTP/1.1" 200 106471 "http://neo.dmcs.p.lodz.pl/mn/index.html" "Mozilla/5.0 (Windows; U; Windows NT 5.1; pl; rv:1.9.0.14) Gecko/2009082707 Firefox/3.0.14" "-"
66.249.65.212 - - [11/Oct/2009:15:56:22 +0200] "GET /pium/index.php?strona=5&jezyk=0 HTTP/1.1" 200 9073 "-" "Mozilla/5.0 (compatible; Googlebot/2.1; +http://www.google.com/bot.html)" "-"
65.55.207.135 - - [11/Oct/2009:15:56:45 +0200] "GET /modmikro/egzamin-2.html HTTP/1.1" 304 - "-" "msnbot/2.0b (+http://search.msn.com/msnbot.htm)" "-"
195.64.130.137 - - [11/Oct/2009:15:56:59 +0200] "GET /pee/index.html HTTP/1.1" 200 8455 "http://neo.dmcs.p.lodz.pl/" "Mozilla/5.0 (Windows; U; Windows NT 5.1; pl; rv:1.9.0.14) Gecko/2009082707 Firefox/3.0.14" "-"
195.64.130.137 - - [11/Oct/2009:15:57:00 +0200] "GET /~starzak/style.css HTTP/1.1" 200 3084 "http://neo.dmcs.p.lodz.pl/pee/index.html" "Mozilla/5.0 (Windows; U; Windows NT 5.1; pl; rv:1.9.0.14) Gecko/2009082707 Firefox/3.0.14" "-"
66.249.65.212 - - [11/Oct/2009:15:57:11 +0200] "GET /inf5/index.html HTTP/1.1" 200 3625 "-" "Mozilla/5.0 (compatible; Googlebot/2.1; +http://www.google.com/bot.html)" "-"
195.64.130.137 - - [11/Oct/2009:15:57:29 +0200] "GET /the/index.html HTTP/1.1" 200 1545 "http://neo.dmcs.p.lodz.pl/" "Mozilla/5.0 (Windows; U; Windows NT 5.1; pl; rv:1.9.0.14) Gecko/2009082707 Firefox/3.0.14" "-"
195.64.130.137 - - [11/Oct/2009:15:57:29 +0200] "GET /images/back.jpg HTTP/1.1" 404 296 "http://neo.dmcs.p.lodz.pl/the/index.html" "Mozilla/5.0 (Windows; U; Windows NT 5.1; pl; rv:1.9.0.14) Gecko/2009082707 Firefox/3.0.14" "-"
195.64.130.137 - - [11/Oct/2009:15:57:34 +0200] "GET /the/wyklady/THE_1.pdf HTTP/1.1" 401 484 "http://neo.dmcs.p.lodz.pl/the/index.html" "Mozilla/5.0 (Windows; U; Windows NT 5.1; pl; rv:1.9.0.14) Gecko/2009082707 Firefox/3.0.14" "-"
195.64.130.137 - - [11/Oct/2009:15:58:10 +0200] "GET /tcm/index.html HTTP/1.1" 200 1802 "http://neo.dmcs.p.lodz.pl/" "Mozilla/5.0 (Windows; U; Windows NT 5.1; pl; rv:1.9.0.14) Gecko/2009082707 Firefox/3.0.14" "-"
195.64.130.137 - - [11/Oct/2009:15:58:11 +0200] "GET /tcm/polakmaly.jpg HTTP/1.1" 200 21363 "http://neo.dmcs.p.lodz.pl/tcm/index.html" "Mozilla/5.0 (Windows; U; Windows NT 5.1; pl; rv:1.9.0.14) Gecko/2009082707 Firefox/3.0.14" "-"
195.64.130.137 - - [11/Oct/2009:15:58:11 +0200] "GET /images/back.jpg HTTP/1.1" 404 296 "http://neo.dmcs.p.lodz.pl/tcm/index.html" "Mozilla/5.0 (Windows; U; Windows NT 5.1; pl; rv:1.9.0.14) Gecko/2009082707 Firefox/3.0.14" "-"
195.64.130.137 - - [11/Oct/2009:15:58:41 +0200] "GET /tpp/index.html HTTP/1.1" 200 3109 "http://neo.dmcs.p.lodz.pl/" "Mozilla/5.0 (Windows; U; Windows NT 5.1; pl; rv:1.9.0.14) Gecko/2009082707 Firefox/3.0.14" "-"
195.64.130.137 - - [11/Oct/2009:15:58:41 +0200] "GET /tpp/css/structure.css HTTP/1.1" 200 2706 "http://neo.dmcs.p.lodz.pl/tpp/index.html" "Mozilla/5.0 (Windows; U; Windows NT 5.1; pl; rv:1.9.0.14) Gecko/2009082707 Firefox/3.0.14" "-"
195.64.130.137 - - [11/Oct/2009:15:58:41 +0200] "GET /tpp/css/style.css HTTP/1.1" 200 816 "http://neo.dmcs.p.lodz.pl/tpp/index.html" "Mozilla/5.0 (Windows; U; Windows NT 5.1; pl; rv:1.9.0.14) Gecko/2009082707 Firefox/3.0.14" "-"
195.64.130.137 - - [11/Oct/2009:15:58:41 +0200] "GET /tpp/css/text.css HTTP/1.1" 200 2552 "http://neo.dmcs.p.lodz.pl/tpp/index.html" "Mozilla/5.0 (Windows; U; Windows NT 5.1; pl; rv:1.9.0.14) Gecko/2009082707 Firefox/3.0.14" "-"
195.64.130.137 - - [11/Oct/2009:15:58:41 +0200] "GET /tpp/css/dot.gif HTTP/1.1" 200 292 "http://neo.dmcs.p.lodz.pl/tpp/css/text.css" "Mozilla/5.0 (Windows; U; Windows NT 5.1; pl; rv:1.9.0.14) Gecko/2009082707 Firefox/3.0.14" "-"
195.64.130.137 - - [11/Oct/2009:15:58:54 +0200] "GET /tpp/01_Cleanroom.pdf HTTP/1.1" 200 272725 "http://neo.dmcs.p.lodz.pl/tpp/index.html" "Mozilla/5.0 (Windows; U; Windows NT 5.1; pl; rv:1.9.0.14) Gecko/2009082707 Firefox/3.0.14" "-"
65.55.106.181 - - [11/Oct/2009:15:59:15 +0200] "GET /soc-pod/soc-wyk2.pdf HTTP/1.1" 304 - "-" "msnbot/2.0b (+http://search.msn.com/msnbot.htm)" "-"
77.254.79.73 - - [11/Oct/2009:15:59:30 +0200] "GET /nppm/instrukcja_przeplyw_ciepla_000.doc HTTP/1.1" 200 28051 "http://www.google.pl/search?client=firefox-a&rls=org.mozilla%3Apl%3Aofficial&channel=s&hl=pl&source=hp&q=NA+ZYM+POLEGA+JAWISKO+KONWEKCJI+&lr=&btnG=Szukaj+w+Google" "Mozilla/5.0 (Windows; U; Windows NT 5.1; pl; rv:1.9.0.14) Gecko/2009082707 Firefox/3.0.14" "-"
77.254.79.73 - - [11/Oct/2009:15:59:34 +0200] "GET /nppm/instrukcja_przeplyw_ciepla_000.doc HTTP/1.1" 206 316553 "http://www.google.pl/search?hl=pl&lr=&client=firefox-a&channel=s&rls=org.mozilla:pl:official&hs=94J&ei=wOTRSubsPNqO_Aan6PjYAg&sa=X&oi=spell&resnum=0&ct=result&cd=1&ved=0CAcQBSgA&q=NA+CZYM+POLEGA+ZJAWISKO+KONWEKCJI&spell=1" "Mozilla/5.0 (Windows; U; Windows NT 5.1; pl; rv:1.9.0.14) Gecko/2009082707 Firefox/3.0.14" "-"
195.64.130.137 - - [11/Oct/2009:15:59:59 +0200] "GET /mn3/index.html HTTP/1.1" 200 3231 "http://neo.dmcs.p.lodz.pl/" "Mozilla/5.0 (Windows; U; Windows NT 5.1; pl; rv:1.9.0.14) Gecko/2009082707 Firefox/3.0.14" "-"
195.64.130.137 - - [11/Oct/2009:15:59:59 +0200] "GET /mn3/images/back.jpg HTTP/1.1" 404 300 "http://neo.dmcs.p.lodz.pl/mn3/index.html" "Mozilla/5.0 (Windows; U; Windows NT 5.1; pl; rv:1.9.0.14) Gecko/2009082707 Firefox/3.0.14" "-"
195.64.130.137 - - [11/Oct/2009:16:00:18 +0200] "GET /io5z/index.html HTTP/1.1" 200 2696 "http://neo.dmcs.p.lodz.pl/" "Mozilla/5.0 (Windows; U; Windows NT 5.1; pl; rv:1.9.0.14) Gecko/2009082707 Firefox/3.0.14" "-"
195.64.130.137 - - [11/Oct/2009:16:00:32 +0200] "GET /io5z/io5z_wykl.ppt HTTP/1.1" 200 124928 "http://neo.dmcs.p.lodz.pl/io5z/index.html" "Mozilla/5.0 (Windows; U; Windows NT 5.1; pl; rv:1.9.0.14) Gecko/2009082707 Firefox/3.0.14" "-"
149.156.124.14 - - [11/Oct/2009:16:00:42 +0200] "GET /favicon.ico HTTP/1.0" 404 280 "http://neo.dmcs.p.lodz.pl/~spcsym/html/PSPICE_opis.html" "Opera/9.80 (Windows NT 6.1; U; en) Presto/2.2.15 Version/10.00" "-"
195.64.130.137 - - [11/Oct/2009:16:00:52 +0200] "GET /io5z/io5z_wykl.ppt HTTP/1.1" 200 124928 "http://neo.dmcs.p.lodz.pl/io5z/index.html" "Mozilla/5.0 (Windows; U; Windows NT 5.1; pl; rv:1.9.0.14) Gecko/2009082707 Firefox/3.0.14" "-"
66.249.65.212 - - [11/Oct/2009:16:01:02 +0200] "GET /inf5/03_04/2/retriver.html HTTP/1.1" 200 6137 "-" "Mozilla/5.0 (compatible; Googlebot/2.1; +http://www.google.com/bot.html)" "-"
195.64.130.137 - - [11/Oct/2009:16:01:04 +0200] "GET /io5z/uml5z_wykl.ppt HTTP/1.1" 200 147335 "http://neo.dmcs.p.lodz.pl/io5z/index.html" "Mozilla/5.0 (Windows; U; Windows NT 5.1; pl; rv:1.9.0.14) Gecko/2009082707 Firefox/3.0.14" "-"
195.64.130.137 - - [11/Oct/2009:16:01:14 +0200] "GET /io5z/uml5z_wykl.ppt HTTP/1.1" 200 1166848 "http://neo.dmcs.p.lodz.pl/io5z/index.html" "Mozilla/5.0 (Windows; U; Windows NT 5.1; pl; rv:1.9.0.14) Gecko/2009082707 Firefox/3.0.14" "-"
195.64.130.137 - - [11/Oct/2009:16:01:20 +0200] "GET /io5z/io5z_labs.doc HTTP/1.1" 200 25600 "http://neo.dmcs.p.lodz.pl/io5z/index.html" "Mozilla/5.0 (Windows; U; Windows NT 5.1; pl; rv:1.9.0.14) Gecko/2009082707 Firefox/3.0.14" "-"
195.64.130.137 - - [11/Oct/2009:16:01:28 +0200] "GET /io5z/io5z_wykl.pdf HTTP/1.1" 200 161831 "http://neo.dmcs.p.lodz.pl/io5z/index.html" "Mozilla/5.0 (Windows; U; Windows NT 5.1; pl; rv:1.9.0.14) Gecko/2009082707 Firefox/3.0.14" "-"
195.64.130.137 - - [11/Oct/2009:16:01:32 +0200] "GET /io5z/io5z_wykl.pdf HTTP/1.1" 200 278462 "http://neo.dmcs.p.lodz.pl/io5z/index.html" "Mozilla/5.0 (Windows; U; Windows NT 5.1; pl; rv:1.9.0.14) Gecko/2009082707 Firefox/3.0.14" "-"
195.64.130.137 - - [11/Oct/2009:16:01:35 +0200] "GET /io5z/uml5z_wykl.pdf HTTP/1.1" 200 195134 "http://neo.dmcs.p.lodz.pl/io5z/index.html" "Mozilla/5.0 (Windows; U; Windows NT 5.1; pl; rv:1.9.0.14) Gecko/2009082707 Firefox/3.0.14" "-"
83.13.212.242 - - [11/Oct/2009:16:01:36 +0200] "GET /back.gif HTTP/1.1" 404 282 "http://neo.dmcs.pl/pps/index.html" "Mozilla/5.0 (Windows; U; Windows NT 5.1; en-US) AppleWebKit/532.0 (KHTML, like Gecko) Chrome/3.0.195.25 Safari/532.0" "-"
83.13.212.242 - - [11/Oct/2009:16:01:36 +0200] "GET /favicon.ico HTTP/1.1" 404 285 "-" "Mozilla/5.0 (Windows; U; Windows NT 5.1; en-US) AppleWebKit/532.0 (KHTML, like Gecko) Chrome/3.0.195.25 Safari/532.0" "-"
195.64.130.137 - - [11/Oct/2009:16:01:40 +0200] "GET /io5z/io5z_labs.pdf HTTP/1.1" 200 96813 "http://neo.dmcs.p.lodz.pl/io5z/index.html" "Mozilla/5.0 (Windows; U; Windows NT 5.1; pl; rv:1.9.0.14) Gecko/2009082707 Firefox/3.0.14" "-"
82.232.111.38 - - [11/Oct/2009:16:01:42 +0200] "GET /inf5/07_08/1/page.html HTTP/1.1" 200 2265 "http://images.google.fr/imgres?imgurl=http://neo.dmcs.p.lodz.pl/inf5/07_08/1/raysse.jpg&imgrefurl=http://neo.dmcs.p.lodz.pl/inf5/07_08/1/page.html&usg=__4n--B1y82Z8JLUwbYI3COtAqLd0=&h=534&w=400&sz=28&hl=fr&start=2&um=1&tbnid=Ojm4totQFwof1M:&tbnh=132&tbnw=99&prev=/images%3Fq%3Dmartial%2Braysse%26hl%3Dfr%26um%3D1" "Mozilla/4.0 (compatible; MSIE 7.0; Windows NT 5.1; FREE; .NET CLR 1.1.4322; .NET CLR 2.0.50727; OfficeLiveConnector.1.3; OfficeLivePatch.0.0; .NET CLR 3.0.4506.2152; .NET CLR 3.5.30729)" "-"
82.232.111.38 - - [11/Oct/2009:16:01:42 +0200] "GET /inf5/07_08/1/tlo2.gif HTTP/1.1" 200 7856 "http://neo.dmcs.p.lodz.pl/inf5/07_08/1/page.html" "Mozilla/4.0 (compatible; MSIE 7.0; Windows NT 5.1; FREE; .NET CLR 1.1.4322; .NET CLR 2.0.50727; OfficeLiveConnector.1.3; OfficeLivePatch.0.0; .NET CLR 3.0.4506.2152; .NET CLR 3.5.30729)" "-"
82.232.111.38 - - [11/Oct/2009:16:01:43 +0200] "GET /inf5/07_08/1/raysse.jpg HTTP/1.1" 200 27670 "http://neo.dmcs.p.lodz.pl/inf5/07_08/1/page.html" "Mozilla/4.0 (compatible; MSIE 7.0; Windows NT 5.1; FREE; .NET CLR 1.1.4322; .NET CLR 2.0.50727; OfficeLiveConnector.1.3; OfficeLivePatch.0.0; .NET CLR 3.0.4506.2152; .NET CLR 3.5.30729)" "-"
195.64.130.137 - - [11/Oct/2009:16:01:44 +0200] "GET /io5z/uml5z_wykl.pdf HTTP/1.1" 200 1011557 "http://neo.dmcs.p.lodz.pl/io5z/index.html" "Mozilla/5.0 (Windows; U; Windows NT 5.1; pl; rv:1.9.0.14) Gecko/2009082707 Firefox/3.0.14" "-"
195.64.130.137 - - [11/Oct/2009:16:01:56 +0200] "GET /inf1/index.html HTTP/1.1" 200 1688 "http://neo.dmcs.p.lodz.pl/" "Mozilla/5.0 (Windows; U; Windows NT 5.1; pl; rv:1.9.0.14) Gecko/2009082707 Firefox/3.0.14" "-"
195.64.130.137 - - [11/Oct/2009:16:01:56 +0200] "GET /images/back.jpg HTTP/1.1" 404 296 "http://neo.dmcs.p.lodz.pl/inf1/index.html" "Mozilla/5.0 (Windows; U; Windows NT 5.1; pl; rv:1.9.0.14) Gecko/2009082707 Firefox/3.0.14" "-"
195.64.130.137 - - [11/Oct/2009:16:02:07 +0200] "GET /inf1/support-tp.pdf HTTP/1.1" 200 60468 "http://neo.dmcs.p.lodz.pl/inf1/index.html" "Mozilla/5.0 (Windows; U; Windows NT 5.1; pl; rv:1.9.0.14) Gecko/2009082707 Firefox/3.0.14" "-"
83.8.238.121 - - [11/Oct/2009:16:02:21 +0200] "GET /mikromaszyny/05_czujniki_optyczne_pop.pdf HTTP/1.1" 206 4096 "-" "Mozilla/4.0 (compatible; MSIE 7.0; Windows NT 5.1)" "-"
83.8.238.121 - - [11/Oct/2009:16:02:21 +0200] "GET /mikromaszyny/05_czujniki_optyczne_pop.pdf HTTP/1.1" 200 375868 "http://www.google.pl/search?hl=pl&lr=&q=elementy+elektroniczne+prezentacja+PowerPoint&start=10&sa=N" "Mozilla/4.0 (compatible; MSIE 7.0; Windows NT 5.1)" "-"
195.64.130.137 - - [11/Oct/2009:16:02:29 +0200] "GET /inf1/support-tp.pdf HTTP/1.1" 200 3941108 "http://neo.dmcs.p.lodz.pl/inf1/index.html" "Mozilla/5.0 (Windows; U; Windows NT 5.1; pl; rv:1.9.0.14) Gecko/2009082707 Firefox/3.0.14" "-"
195.64.130.137 - - [11/Oct/2009:16:02:30 +0200] "GET /inf1/support-tp.pdf HTTP/1.1" 200 22819 "http://neo.dmcs.p.lodz.pl/inf1/index.html" "Mozilla/5.0 (Windows; U; Windows NT 5.1; pl; rv:1.9.0.14) Gecko/2009082707 Firefox/3.0.14" "-"
195.69.80.7 - - [11/Oct/2009:16:02:31 +0200] "GET /~swierczu/aga_a2/left1.png HTTP/1.1" 200 5912 "http://www.allegro.pl/item774182433_bransoleta_srebrna_swarovski_bizuteria_slubna.html" "Mozilla/4.0 (compatible; MSIE 7.0; Windows NT 6.0; GTB6; SLCC1; .NET CLR 2.0.50727; Media Center PC 5.0; .NET CLR 1.1.4322; .NET CLR 3.5.30729; .NET CLR 3.0.30618)" "-"
195.69.80.7 - - [11/Oct/2009:16:02:31 +0200] "GET /~swierczu/aga_a2/left2.png HTTP/1.1" 200 4921 "http://www.allegro.pl/item774182433_bransoleta_srebrna_swarovski_bizuteria_slubna.html" "Mozilla/4.0 (compatible; MSIE 7.0; Windows NT 6.0; GTB6; SLCC1; .NET CLR 2.0.50727; Media Center PC 5.0; .NET CLR 1.1.4322; .NET CLR 3.5.30729; .NET CLR 3.0.30618)" "-"
83.8.238.121 - - [11/Oct/2009:16:02:32 +0200] "GET /mikromaszyny/05_czujniki_optyczne_pop.pdf HTTP/1.1" 206 711962 "-" "Mozilla/4.0 (compatible; MSIE 7.0; Windows NT 5.1)" "-"
195.69.80.7 - - [11/Oct/2009:16:02:32 +0200] "GET /~swierczu/aga_a2/left3.png HTTP/1.1" 200 3657 "http://www.allegro.pl/item774182433_bransoleta_srebrna_swarovski_bizuteria_slubna.html" "Mozilla/4.0 (compatible; MSIE 7.0; Windows NT 6.0; GTB6; SLCC1; .NET CLR 2.0.50727; Media Center PC 5.0; .NET CLR 1.1.4322; .NET CLR 3.5.30729; .NET CLR 3.0.30618)" "-"
195.69.80.7 - - [11/Oct/2009:16:02:33 +0200] "GET /~swierczu/aga_a2/head.png HTTP/1.1" 200 133688 "http://www.allegro.pl/item774182433_bransoleta_srebrna_swarovski_bizuteria_slubna.html" "Mozilla/4.0 (compatible; MSIE 7.0; Windows NT 6.0; GTB6; SLCC1; .NET CLR 2.0.50727; Media Center PC 5.0; .NET CLR 1.1.4322; .NET CLR 3.5.30729; .NET CLR 3.0.30618)" "-"
195.69.80.7 - - [11/Oct/2009:16:02:34 +0200] "GET /~swierczu/aga_a2/left6.png HTTP/1.1" 200 74941 "http://www.allegro.pl/item774182433_bransoleta_srebrna_swarovski_bizuteria_slubna.html" "Mozilla/4.0 (compatible; MSIE 7.0; Windows NT 6.0; GTB6; SLCC1; .NET CLR 2.0.50727; Media Center PC 5.0; .NET CLR 1.1.4322; .NET CLR 3.5.30729; .NET CLR 3.0.30618)" "-"
