10.0.2.44 - - [11/Oct/2009:11:36:05 +0200] "GET /images/back.jpg HTTP/1.1" 404 289 "http://neo.dmcs.pl/podyplomowe_smtm/index.html" "Mozilla/4.0 (compatible; MSIE 7.0; Windows NT 5.1; .NET CLR 1.1.4322)" "-"
10.0.2.44 - - [11/Oct/2009:11:36:09 +0200] "GET /images/back.jpg HTTP/1.1" 404 289 "http://neo.dmcs.pl/podyplomowe_smtm/index.html" "Mozilla/4.0 (compatible; MSIE 7.0; Windows NT 5.1; .NET CLR 1.1.4322)" "-"
10.0.2.44 - - [11/Oct/2009:11:36:16 +0200] "GET /~kgrabowski HTTP/1.1" 301 315 "-" "Mozilla/4.0 (compatible; MSIE 7.0; Windows NT 5.1; .NET CLR 1.1.4322)" "-"
72.18.150.50 - - [11/Oct/2009:11:36:16 +0200] "GET /~swierczu/ HTTP/1.0" 206 743 "-" "libwww-perl/5.812" "-"
10.0.2.44 - - [11/Oct/2009:11:36:17 +0200] "GET /~kgrabowski/wyklad/ HTTP/1.1" 200 1192 "http://neo.dmcs.pl/~kgrabowski/" "Mozilla/4.0 (compatible; MSIE 7.0; Windows NT 5.1; .NET CLR 1.1.4322)" "-"
10.0.2.44 - - [11/Oct/2009:11:36:17 +0200] "GET /icons/layout.gif HTTP/1.1" 304 - "http://neo.dmcs.pl/~kgrabowski/wyklad/" "Mozilla/4.0 (compatible; MSIE 7.0; Windows NT 5.1; .NET CLR 1.1.4322)" "-"
89.231.231.127 - - [11/Oct/2009:11:36:19 +0200] "GET /pee/instrukcje/pee-2-stare-pee5.pdf HTTP/1.1" 200 213012 "http://www.google.pl/url?sa=t&source=web&ct=res&cd=1&ved=0CBIQFjAA&url=http%3A%2F%2Fneo.dmcs.p.lodz.pl%2Fpee%2Finstrukcje%2Fpee-2-stare-pee5.pdf&ei=CqfRSvqyL8bz_AbNgcnZAg&rct=j&q=falownik+szeregowy&usg=AFQjCNHZ4ZpT2WEP9Uq43GVB7Gsaj_PDug" "Mozilla/5.0 (Windows; U; Windows NT 6.0; pl; rv:1.9.0.14) Gecko/2009082707 Firefox/3.0.14" "-"
10.0.2.44 - - [11/Oct/2009:11:36:21 +0200] "GET /~kgrabowski/ HTTP/1.1" 200 1299 "http://neo.dmcs.pl/~kgrabowski/wyklad/" "Mozilla/4.0 (compatible; MSIE 7.0; Windows NT 5.1; .NET CLR 1.1.4322)" "-"
89.231.231.127 - - [11/Oct/2009:11:36:21 +0200] "GET /pee/instrukcje/pee-2-stare-pee5.pdf HTTP/1.1" 206 400835 "-" "Mozilla/5.0 (Windows; U; Windows NT 6.0; pl; rv:1.9.0.14) Gecko/2009082707 Firefox/3.0.14" "-"
89.231.231.127 - - [11/Oct/2009:11:36:22 +0200] "GET /favicon.ico HTTP/1.1" 404 292 "-" "Mozilla/5.0 (Windows; U; Windows NT 6.0; pl; rv:1.9.0.14) Gecko/2009082707 Firefox/3.0.14" "-"
89.231.231.127 - - [11/Oct/2009:11:36:25 +0200] "GET /favicon.ico HTTP/1.1" 404 292 "-" "Mozilla/5.0 (Windows; U; Windows NT 6.0; pl; rv:1.9.0.14) Gecko/2009082707 Firefox/3.0.14" "-"
83.26.56.47 - - [11/Oct/2009:11:37:01 +0200] "GET / HTTP/1.1" 200 8370 "-" "Mozilla/5.0 (X11; U; Linux i686; pl-PL; rv:1.9.0.10) Gecko/2009042523 Ubuntu/9.04 (jaunty) Firefox/3.0.10" "-"
83.26.56.47 - - [11/Oct/2009:11:37:01 +0200] "GET /style.css HTTP/1.1" 200 2000 "http://lux.dmcs.p.lodz.pl/" "Mozilla/5.0 (X11; U; Linux i686; pl-PL; rv:1.9.0.10) Gecko/2009042523 Ubuntu/9.04 (jaunty) Firefox/3.0.10" "-"
83.26.56.47 - - [11/Oct/2009:11:37:01 +0200] "GET /images/back.jpg HTTP/1.1" 404 296 "http://lux.dmcs.p.lodz.pl/" "Mozilla/5.0 (X11; U; Linux i686; pl-PL; rv:1.9.0.10) Gecko/2009042523 Ubuntu/9.04 (jaunty) Firefox/3.0.10" "-"
83.26.56.47 - - [11/Oct/2009:11:37:01 +0200] "GET /favicon.ico HTTP/1.1" 404 292 "-" "Mozilla/5.0 (X11; U; Linux i686; pl-PL; rv:1.9.0.10) Gecko/2009042523 Ubuntu/9.04 (jaunty) Firefox/3.0.10" "-"
83.26.56.47 - - [11/Oct/2009:11:37:04 +0200] "GET /favicon.ico HTTP/1.1" 404 292 "-" "Mozilla/5.0 (X11; U; Linux i686; pl-PL; rv:1.9.0.10) Gecko/2009042523 Ubuntu/9.04 (jaunty) Firefox/3.0.10" "-"
83.26.56.47 - - [11/Oct/2009:11:37:10 +0200] "GET /rso/index.html HTTP/1.1" 200 6449 "http://lux.dmcs.p.lodz.pl/" "Mozilla/5.0 (X11; U; Linux i686; pl-PL; rv:1.9.0.10) Gecko/2009042523 Ubuntu/9.04 (jaunty) Firefox/3.0.10" "-"
83.26.56.47 - - [11/Oct/2009:11:37:10 +0200] "GET /images/back.jpg HTTP/1.1" 404 296 "http://lux.dmcs.p.lodz.pl/rso/index.html" "Mozilla/5.0 (X11; U; Linux i686; pl-PL; rv:1.9.0.10) Gecko/2009042523 Ubuntu/9.04 (jaunty) Firefox/3.0.10" "-"
83.26.56.47 - - [11/Oct/2009:11:37:22 +0200] "GET /rso/rso1.pdf HTTP/1.1" 200 529208 "http://lux.dmcs.p.lodz.pl/rso/index.html" "Mozilla/5.0 (X11; U; Linux i686; pl-PL; rv:1.9.0.10) Gecko/2009042523 Ubuntu/9.04 (jaunty) Firefox/3.0.10" "-"
77.255.160.55 - - [11/Oct/2009:11:37:24 +0200] "GET /ak/sumatory.pdf HTTP/1.1" 200 391738 "-" "Mozilla/5.0 (Windows; U; Windows NT 6.0; pl; rv:1.9.0.14) Gecko/2009082707 Firefox/3.0.14 (.NET CLR 3.5.30729)" "-"
77.255.160.55 - - [11/Oct/2009:11:37:28 +0200] "GET /ak/sumatory.pdf HTTP/1.1" 206 375561 "-" "Mozilla/5.0 (Windows; U; Windows NT 6.0; pl; rv:1.9.0.14) Gecko/2009082707 Firefox/3.0.14 (.NET CLR 3.5.30729)" "-"
77.255.160.55 - - [11/Oct/2009:11:37:28 +0200] "GET /favicon.ico HTTP/1.1" 404 292 "-" "Mozilla/5.0 (Windows; U; Windows NT 6.0; pl; rv:1.9.0.14) Gecko/2009082707 Firefox/3.0.14 (.NET CLR 3.5.30729)" "-"
77.255.160.55 - - [11/Oct/2009:11:37:31 +0200] "GET /favicon.ico HTTP/1.1" 404 292 "-" "Mozilla/5.0 (Windows; U; Windows NT 6.0; pl; rv:1.9.0.14) Gecko/2009082707 Firefox/3.0.14 (.NET CLR 3.5.30729)" "-"
10.0.2.38 - - [11/Oct/2009:11:37:33 +0200] "GET /~kgrabowski/ HTTP/1.1" 200 1299 "http://neo.dmcs.pl/~kgrabowski/wyklad/" "Mozilla/4.0 (compatible; MSIE 7.0; Windows NT 5.1; .NET CLR 1.1.4322)" "-"
10.0.2.38 - - [11/Oct/2009:11:37:35 +0200] "GET /~kgrabowski/laboratorium/ HTTP/1.1" 200 1218 "http://neo.dmcs.pl/~kgrabowski/" "Mozilla/4.0 (compatible; MSIE 7.0; Windows NT 5.1; .NET CLR 1.1.4322)" "-"
10.0.2.38 - - [11/Oct/2009:11:37:41 +0200] "GET /~kgrabowski/laboratorium/LaboratoriumDSP2i3.pdf HTTP/1.1" 200 202341 "http://neo.dmcs.pl/~kgrabowski/laboratorium/" "Mozilla/4.0 (compatible; MSIE 7.0; Windows NT 5.1; .NET CLR 1.1.4322)" "-"
10.0.2.38 - - [11/Oct/2009:11:37:46 +0200] "GET /~kgrabowski/materialy%20dodatkowe/ HTTP/1.1" 200 1358 "http://neo.dmcs.pl/~kgrabowski/" "Mozilla/4.0 (compatible; MSIE 7.0; Windows NT 5.1; .NET CLR 1.1.4322)" "-"
85.89.183.229 - - [11/Oct/2009:11:37:47 +0200] "GET /sk2/index.html HTTP/1.1" 200 7020 "-" "Mozilla/5.0 (X11; U; Linux i686; en-US; rv:1.9.1.3) Gecko/20090910 Ubuntu/9.04 (jaunty) Shiretoko/3.5.3" "-"
85.89.183.229 - - [11/Oct/2009:11:37:48 +0200] "GET /style.css HTTP/1.1" 200 2000 "http://lux.dmcs.p.lodz.pl/sk2/index.html" "Mozilla/5.0 (X11; U; Linux i686; en-US; rv:1.9.1.3) Gecko/20090910 Ubuntu/9.04 (jaunty) Shiretoko/3.5.3" "-"
85.89.183.229 - - [11/Oct/2009:11:37:48 +0200] "GET /images/back.jpg HTTP/1.1" 404 296 "http://lux.dmcs.p.lodz.pl/sk2/index.html" "Mozilla/5.0 (X11; U; Linux i686; en-US; rv:1.9.1.3) Gecko/20090910 Ubuntu/9.04 (jaunty) Shiretoko/3.5.3" "-"
85.89.183.229 - - [11/Oct/2009:11:37:48 +0200] "GET /favicon.ico HTTP/1.1" 404 292 "-" "Mozilla/5.0 (X11; U; Linux i686; en-US; rv:1.9.1.3) Gecko/20090910 Ubuntu/9.04 (jaunty) Shiretoko/3.5.3" "-"
85.89.183.229 - - [11/Oct/2009:11:37:51 +0200] "GET /favicon.ico HTTP/1.1" 404 292 "-" "Mozilla/5.0 (X11; U; Linux i686; en-US; rv:1.9.1.3) Gecko/20090910 Ubuntu/9.04 (jaunty) Shiretoko/3.5.3" "-"
10.0.2.38 - - [11/Oct/2009:11:37:57 +0200] "GET /~kgrabowski/materialy%20dodatkowe/tlv320aic23.pdf HTTP/1.1" 200 414335 "http://neo.dmcs.pl/~kgrabowski/materialy%20dodatkowe/" "Mozilla/4.0 (compatible; MSIE 7.0; Windows NT 5.1; .NET CLR 1.1.4322)" "-"
194.8.75.147 - - [11/Oct/2009:11:37:59 +0200] "GET /%7Espcsym/phorum/post.php?f=4 HTTP/1.0" 200 3135 "http://lux.dmcs.p.lodz.pl/%7Espcsym/phorum/post.php?f=4" "Mozilla/4.0 (compatible; MSIE 6.0; Windows NT 5.1; SV1; FunWebProducts)" "-"
194.8.75.147 - - [11/Oct/2009:11:37:59 +0200] "GET /%7Espcsym/phorum/post.php?f=4 HTTP/1.0" 200 3135 "http://lux.dmcs.p.lodz.pl/%7Espcsym/phorum/post.php?f=4" "Mozilla/4.0 (compatible; MSIE 6.0; Windows NT 5.1; MyIE2; Deepnet Explorer)" "-"
10.0.2.38 - - [11/Oct/2009:11:38:01 +0200] "GET /~kgrabowski/materialy%20dodatkowe/dsk_app.zip HTTP/1.1" 200 186534 "http://neo.dmcs.pl/~kgrabowski/materialy%20dodatkowe/" "Mozilla/4.0 (compatible; MSIE 7.0; Windows NT 5.1; .NET CLR 1.1.4322)" "-"
10.0.2.38 - - [11/Oct/2009:11:38:07 +0200] "GET /~kgrabowski/ HTTP/1.1" 200 1299 "http://neo.dmcs.pl/~kgrabowski/materialy%20dodatkowe/" "Mozilla/4.0 (compatible; MSIE 7.0; Windows NT 5.1; .NET CLR 1.1.4322)" "-"
10.0.2.38 - - [11/Oct/2009:11:38:09 +0200] "GET /~kgrabowski/laboratorium/ HTTP/1.1" 200 1218 "http://neo.dmcs.pl/~kgrabowski/" "Mozilla/4.0 (compatible; MSIE 7.0; Windows NT 5.1; .NET CLR 1.1.4322)" "-"
85.89.183.229 - - [11/Oct/2009:11:38:13 +0200] "GET /sk2/sk2_wyklad_03_zwielokrotnianie.pdf HTTP/1.1" 200 271795 "http://lux.dmcs.p.lodz.pl/sk2/index.html" "Mozilla/5.0 (X11; U; Linux i686; en-US; rv:1.9.1.3) Gecko/20090910 Ubuntu/9.04 (jaunty) Shiretoko/3.5.3" "-"
66.249.65.212 - - [11/Oct/2009:11:38:46 +0200] "GET /tm/dm/TM3._v3.pdf HTTP/1.1" 304 - "-" "Mozilla/5.0 (compatible; Googlebot/2.1; +http://www.google.com/bot.html)" "-"
65.55.106.136 - - [11/Oct/2009:11:38:50 +0200] "GET /robots.txt HTTP/1.1" 200 67 "-" "msnbot/2.0b (+http://search.msn.com/msnbot.htm)" "-"
10.0.2.8 - - [11/Oct/2009:11:38:56 +0200] "GET /podyplomowe_smtm/smob2/kursbasha/while.html HTTP/1.1" 200 3179 "http://neo/podyplomowe_smtm/smob2/kursbasha/main.html" "Mozilla/5.0 (X11; U; Linux i686; pl-PL; rv:1.9.0.7) Gecko/2009030422 Ubuntu/8.10 (intrepid) Firefox/3.0.7" "-"
89.231.231.127 - - [11/Oct/2009:11:38:58 +0200] "GET /pee/instrukcje/pee-2-1.pdf HTTP/1.1" 200 98108 "http://www.google.pl/url?sa=t&source=web&ct=res&cd=16&ved=0CBQQFjAFOAo&url=http%3A%2F%2Fneo.dmcs.p.lodz.pl%2Fpee%2Finstrukcje%2Fpee-2-1.pdf&ei=mafRSqj3PIfK_gbSw9TZAg&rct=j&q=falownik+szeregowy+rezonansowy&usg=AFQjCNEt8N-IuAWUxamkjDDTBPz-iW-kjA" "Mozilla/5.0 (Windows; U; Windows NT 6.0; pl; rv:1.9.0.14) Gecko/2009082707 Firefox/3.0.14" "-"
89.231.231.127 - - [11/Oct/2009:11:39:01 +0200] "GET /pee/instrukcje/pee-2-1.pdf HTTP/1.1" 206 487637 "-" "Mozilla/5.0 (Windows; U; Windows NT 6.0; pl; rv:1.9.0.14) Gecko/2009082707 Firefox/3.0.14" "-"
65.55.106.136 - - [11/Oct/2009:11:39:45 +0200] "GET /~spcsym/phorum/dmcsspice.php HTTP/1.1" 200 893 "-" "msnbot/2.0b (+http://search.msn.com/msnbot.htm)" "-"
10.0.2.8 - - [11/Oct/2009:11:40:38 +0200] "GET /podyplomowe_smtm/smob2/kursbasha/for.html HTTP/1.1" 200 2533 "http://neo/podyplomowe_smtm/smob2/kursbasha/main.html" "Mozilla/5.0 (X11; U; Linux i686; pl-PL; rv:1.9.0.7) Gecko/2009030422 Ubuntu/8.10 (intrepid) Firefox/3.0.7" "-"
89.72.108.178 - - [11/Oct/2009:11:40:49 +0200] "GET /inf5/04_05/6/temps.html HTTP/1.1" 200 1551 "http://www.google.pl/search?hl=pl&source=hp&q=wierszyki+o+czasie&lr=&aq=f&oq=" "Mozilla/4.0 (compatible; MSIE 7.0; Windows NT 6.0; SLCC1; .NET CLR 2.0.50727; Media Center PC 5.0; InfoPath.1; .NET CLR 3.5.30729; .NET CLR 3.0.30618)" "-"
89.72.108.178 - - [11/Oct/2009:11:40:49 +0200] "GET /inf5/04_05/6/plomyczek.gif HTTP/1.1" 200 5375 "http://neo.dmcs.p.lodz.pl/inf5/04_05/6/temps.html" "Mozilla/4.0 (compatible; MSIE 7.0; Windows NT 6.0; SLCC1; .NET CLR 2.0.50727; Media Center PC 5.0; InfoPath.1; .NET CLR 3.5.30729; .NET CLR 3.0.30618)" "-"
89.72.108.178 - - [11/Oct/2009:11:40:49 +0200] "GET /inf5/04_05/6/oczy2.gif HTTP/1.1" 200 21988 "http://neo.dmcs.p.lodz.pl/inf5/04_05/6/temps.html" "Mozilla/4.0 (compatible; MSIE 7.0; Windows NT 6.0; SLCC1; .NET CLR 2.0.50727; Media Center PC 5.0; InfoPath.1; .NET CLR 3.5.30729; .NET CLR 3.0.30618)" "-"
89.72.108.178 - - [11/Oct/2009:11:40:49 +0200] "GET /inf5/04_05/6/wierszeczas.html HTTP/1.1" 200 3929 "http://neo.dmcs.p.lodz.pl/inf5/04_05/6/temps.html" "Mozilla/4.0 (compatible; MSIE 7.0; Windows NT 6.0; SLCC1; .NET CLR 2.0.50727; Media Center PC 5.0; InfoPath.1; .NET CLR 3.5.30729; .NET CLR 3.0.30618)" "-"
89.72.108.178 - - [11/Oct/2009:11:40:49 +0200] "GET /inf5/04_05/6/dlonie.gif HTTP/1.1" 200 45153 "http://neo.dmcs.p.lodz.pl/inf5/04_05/6/temps.html" "Mozilla/4.0 (compatible; MSIE 7.0; Windows NT 6.0; SLCC1; .NET CLR 2.0.50727; Media Center PC 5.0; InfoPath.1; .NET CLR 3.5.30729; .NET CLR 3.0.30618)" "-"
89.72.108.178 - - [11/Oct/2009:11:40:55 +0200] "GET /favicon.ico HTTP/1.1" 404 292 "-" "Mozilla/4.0 (compatible; MSIE 7.0; Windows NT 6.0; SLCC1; .NET CLR 2.0.50727; Media Center PC 5.0; InfoPath.1; .NET CLR 3.5.30729; .NET CLR 3.0.30618)" "-"
83.6.29.40 - - [11/Oct/2009:11:41:33 +0200] "GET /~szermer/index.html HTTP/1.1" 200 6303 "http://www.dmcs.p.lodz.pl/pracownicy/display.do?id=94" "Mozilla/5.0 (Windows; U; Windows NT 6.0; pl; rv:1.9.1.3) Gecko/20090824 Firefox/3.5.3 (.NET CLR 3.5.30729)" "-"
83.6.29.40 - - [11/Oct/2009:11:41:34 +0200] "GET /~szermer/graphics/icon.gif HTTP/1.1" 404 307 "-" "Mozilla/5.0 (Windows; U; Windows NT 6.0; pl; rv:1.9.1.3) Gecko/20090824 Firefox/3.5.3 (.NET CLR 3.5.30729)" "-"
83.6.29.40 - - [11/Oct/2009:11:41:34 +0200] "GET /~szermer/css/structure.css HTTP/1.1" 200 2557 "http://neo.dmcs.p.lodz.pl/~szermer/index.html" "Mozilla/5.0 (Windows; U; Windows NT 6.0; pl; rv:1.9.1.3) Gecko/20090824 Firefox/3.5.3 (.NET CLR 3.5.30729)" "-"
83.6.29.40 - - [11/Oct/2009:11:41:34 +0200] "GET /~szermer/css/style.css HTTP/1.1" 200 811 "http://neo.dmcs.p.lodz.pl/~szermer/index.html" "Mozilla/5.0 (Windows; U; Windows NT 6.0; pl; rv:1.9.1.3) Gecko/20090824 Firefox/3.5.3 (.NET CLR 3.5.30729)" "-"
83.6.29.40 - - [11/Oct/2009:11:41:34 +0200] "GET /~szermer/css/text.css HTTP/1.1" 200 2199 "http://neo.dmcs.p.lodz.pl/~szermer/index.html" "Mozilla/5.0 (Windows; U; Windows NT 6.0; pl; rv:1.9.1.3) Gecko/20090824 Firefox/3.5.3 (.NET CLR 3.5.30729)" "-"
83.6.29.40 - - [11/Oct/2009:11:41:34 +0200] "GET /~szermer/css/uk_small.png HTTP/1.1" 200 254 "http://neo.dmcs.p.lodz.pl/~szermer/index.html" "Mozilla/5.0 (Windows; U; Windows NT 6.0; pl; rv:1.9.1.3) Gecko/20090824 Firefox/3.5.3 (.NET CLR 3.5.30729)" "-"
83.6.29.40 - - [11/Oct/2009:11:41:34 +0200] "GET /~szermer/css/poland_small.png HTTP/1.1" 200 165 "http://neo.dmcs.p.lodz.pl/~szermer/index.html" "Mozilla/5.0 (Windows; U; Windows NT 6.0; pl; rv:1.9.1.3) Gecko/20090824 Firefox/3.5.3 (.NET CLR 3.5.30729)" "-"
83.6.29.40 - - [11/Oct/2009:11:41:34 +0200] "GET /~szermer/css/DetH1Diamond.png HTTP/1.1" 200 860 "http://neo.dmcs.p.lodz.pl/~szermer/css/text.css" "Mozilla/5.0 (Windows; U; Windows NT 6.0; pl; rv:1.9.1.3) Gecko/20090824 Firefox/3.5.3 (.NET CLR 3.5.30729)" "-"
83.6.29.40 - - [11/Oct/2009:11:41:34 +0200] "GET /~szermer/css/dot.gif HTTP/1.1" 200 292 "http://neo.dmcs.p.lodz.pl/~szermer/css/text.css" "Mozilla/5.0 (Windows; U; Windows NT 6.0; pl; rv:1.9.1.3) Gecko/20090824 Firefox/3.5.3 (.NET CLR 3.5.30729)" "-"
83.6.29.40 - - [11/Oct/2009:11:41:37 +0200] "GET /~szermer/graphics/icon.gif HTTP/1.1" 404 307 "-" "Mozilla/5.0 (Windows; U; Windows NT 6.0; pl; rv:1.9.1.3) Gecko/20090824 Firefox/3.5.3 (.NET CLR 3.5.30729)" "-"
83.6.29.40 - - [11/Oct/2009:11:41:43 +0200] "GET /~szermer/index_en.html HTTP/1.1" 200 5744 "http://neo.dmcs.p.lodz.pl/~szermer/index.html" "Mozilla/5.0 (Windows; U; Windows NT 6.0; pl; rv:1.9.1.3) Gecko/20090824 Firefox/3.5.3 (.NET CLR 3.5.30729)" "-"
83.6.29.40 - - [11/Oct/2009:11:41:43 +0200] "GET /favicon.ico HTTP/1.1" 404 292 "-" "Mozilla/5.0 (Windows; U; Windows NT 6.0; pl; rv:1.9.1.3) Gecko/20090824 Firefox/3.5.3 (.NET CLR 3.5.30729)" "-"
83.6.29.40 - - [11/Oct/2009:11:41:46 +0200] "GET /favicon.ico HTTP/1.1" 404 292 "-" "Mozilla/5.0 (Windows; U; Windows NT 6.0; pl; rv:1.9.1.3) Gecko/20090824 Firefox/3.5.3 (.NET CLR 3.5.30729)" "-"
66.249.65.212 - - [11/Oct/2009:11:42:15 +0200] "GET /tk/UNIXhelp1.3/Pages/mail/five.2.html HTTP/1.1" 200 941 "-" "Mozilla/5.0 (compatible; Googlebot/2.1; +http://www.google.com/bot.html)" "-"
88.156.108.140 - - [11/Oct/2009:11:42:16 +0200] "GET /pee/instrukcje/pee-2-1.pdf HTTP/1.1" 200 113533 "http://www.google.pl/search?hl=pl&client=firefox-a&rls=org.mozilla%3Apl%3Aofficial&q=NIESTABILNY++pomiar+PR%C4%84D+NA+WYJ%C5%9ACIU+FALOWNIKA&btnG=Szukaj&lr=" "Mozilla/5.0 (Windows; U; Windows NT 5.0; pl; rv:1.9.0.14) Gecko/2009082707 Firefox/3.0.14" "-"
88.156.108.140 - - [11/Oct/2009:11:42:18 +0200] "GET /pee/instrukcje/pee-2-1.pdf HTTP/1.1" 206 432586 "-" "Mozilla/5.0 (Windows; U; Windows NT 5.0; pl; rv:1.9.0.14) Gecko/2009082707 Firefox/3.0.14" "-"
88.156.108.140 - - [11/Oct/2009:11:42:18 +0200] "GET /favicon.ico HTTP/1.1" 404 292 "-" "Mozilla/5.0 (Windows; U; Windows NT 5.0; pl; rv:1.9.0.14) Gecko/2009082707 Firefox/3.0.14" "-"
88.156.108.140 - - [11/Oct/2009:11:42:21 +0200] "GET /favicon.ico HTTP/1.1" 404 292 "-" "Mozilla/5.0 (Windows; U; Windows NT 5.0; pl; rv:1.9.0.14) Gecko/2009082707 Firefox/3.0.14" "-"
153.19.210.159 - - [11/Oct/2009:11:42:42 +0200] "HEAD /favicon.ico HTTP/1.1" 404 0 "-" "Mozilla/5.0 (X11; U; Linux i686; pl; rv:1.9.1.3) Gecko/20090824 Firefox/3.5.3" "-"
10.0.2.32 - - [11/Oct/2009:11:43:40 +0200] "GET /~kgrabowski/ HTTP/1.1" 200 1299 "http://neo.dmcs.pl/~kgrabowski/laboratorium/" "Mozilla/4.0 (compatible; MSIE 7.0; Windows NT 5.1; .NET CLR 1.1.4322)" "-"
10.0.2.32 - - [11/Oct/2009:11:43:42 +0200] "GET /~kgrabowski/materialy%20dodatkowe/ HTTP/1.1" 200 1358 "http://neo.dmcs.pl/~kgrabowski/" "Mozilla/4.0 (compatible; MSIE 7.0; Windows NT 5.1; .NET CLR 1.1.4322)" "-"
10.0.2.2 - - [11/Oct/2009:11:43:52 +0200] "GET /podyplomowe_smtm/smob2/kursbasha/read.html HTTP/1.1" 200 3123 "http://neo.dmcs.pl/podyplomowe_smtm/smob2/kursbasha/main.html" "Mozilla/5.0 (X11; U; Linux i686; pl-PL; rv:1.9.0.7) Gecko/2009030422 Ubuntu/8.10 (intrepid) Firefox/3.0.7" "-"
194.8.75.159 - - [11/Oct/2009:11:44:30 +0200] "GET /%7Espcsym/phorum/post.php?f=4 HTTP/1.0" 200 3135 "http://lux.dmcs.p.lodz.pl/%7Espcsym/phorum/post.php?f=4" "Mozilla/4.0 (compatible; MSIE 6.0; Windows NT 5.1; en) Opera 9.0" "-"
10.0.0.36 - - [11/Oct/2009:11:44:44 +0200] "GET /~kgrabowski/materialy%20dodatkowe/ HTTP/1.1" 200 1358 "http://neo.dmcs.pl/~kgrabowski/" "Mozilla/4.0 (compatible; MSIE 7.0; Windows NT 5.1; .NET CLR 1.1.4322)" "-"
10.0.0.36 - - [11/Oct/2009:11:44:44 +0200] "GET /icons/compressed.gif HTTP/1.1" 200 1038 "http://neo.dmcs.pl/~kgrabowski/materialy%20dodatkowe/" "Mozilla/4.0 (compatible; MSIE 7.0; Windows NT 5.1; .NET CLR 1.1.4322)" "-"
194.8.75.159 - - [11/Oct/2009:11:44:49 +0200] "POST /%7Espcsym/phorum/post.php HTTP/1.0" 200 3426 "http://lux.dmcs.p.lodz.pl/%7Espcsym/phorum/post.php?f=4" "Mozilla/4.0 (compatible; MSIE 6.0; Windows NT 5.1; en) Opera 9.0" "-"
10.0.0.36 - - [11/Oct/2009:11:44:56 +0200] "GET /~kgrabowski/materialy%20dodatkowe/dsk_app.zip HTTP/1.1" 200 421298 "http://neo.dmcs.pl/~kgrabowski/materialy%20dodatkowe/" "Mozilla/4.0 (compatible; MSIE 7.0; Windows NT 5.1; .NET CLR 1.1.4322)" "-"
83.26.57.160 - - [11/Oct/2009:11:45:27 +0200] "GET /~kprzygod/index.html HTTP/1.1" 200 149 "http://www.dmcs.pl/pracownicy/display.do?id=851" "Mozilla/5.0 (Windows; U; Windows NT 6.0; pl; rv:1.9.1.3) Gecko/20090824 Firefox/3.5.3 (.NET CLR 3.5.30729)" "-"
83.26.57.160 - - [11/Oct/2009:11:45:27 +0200] "GET /favicon.ico HTTP/1.1" 404 292 "-" "Mozilla/5.0 (Windows; U; Windows NT 6.0; pl; rv:1.9.1.3) Gecko/20090824 Firefox/3.5.3 (.NET CLR 3.5.30729)" "-"
83.26.57.160 - - [11/Oct/2009:11:45:28 +0200] "GET /~kprzygod/home.html HTTP/1.1" 200 2786 "-" "Mozilla/5.0 (Windows; U; Windows NT 6.0; pl; rv:1.9.1.3) Gecko/20090824 Firefox/3.5.3 (.NET CLR 3.5.30729)" "-"
83.26.57.160 - - [11/Oct/2009:11:45:28 +0200] "GET /~kprzygod/res/main.css HTTP/1.1" 200 569 "http://lux.dmcs.p.lodz.pl/~kprzygod/home.html" "Mozilla/5.0 (Windows; U; Windows NT 6.0; pl; rv:1.9.1.3) Gecko/20090824 Firefox/3.5.3 (.NET CLR 3.5.30729)" "-"
83.26.57.160 - - [11/Oct/2009:11:45:28 +0200] "GET /~kprzygod/res/settings.js HTTP/1.1" 200 445 "http://lux.dmcs.p.lodz.pl/~kprzygod/home.html" "Mozilla/5.0 (Windows; U; Windows NT 6.0; pl; rv:1.9.1.3) Gecko/20090824 Firefox/3.5.3 (.NET CLR 3.5.30729)" "-"
83.26.57.160 - - [11/Oct/2009:11:45:28 +0200] "GET /~kprzygod/res/engine.js HTTP/1.1" 200 397 "http://lux.dmcs.p.lodz.pl/~kprzygod/home.html" "Mozilla/5.0 (Windows; U; Windows NT 6.0; pl; rv:1.9.1.3) Gecko/20090824 Firefox/3.5.3 (.NET CLR 3.5.30729)" "-"
83.26.57.160 - - [11/Oct/2009:11:45:28 +0200] "GET /~kprzygod/images/bg.gif HTTP/1.1" 200 43 "http://lux.dmcs.p.lodz.pl/~kprzygod/home.html" "Mozilla/5.0 (Windows; U; Windows NT 6.0; pl; rv:1.9.1.3) Gecko/20090824 Firefox/3.5.3 (.NET CLR 3.5.30729)" "-"
83.26.57.160 - - [11/Oct/2009:11:45:28 +0200] "GET /~kprzygod/images/im_email.gif HTTP/1.1" 200 599 "http://lux.dmcs.p.lodz.pl/~kprzygod/home.html" "Mozilla/5.0 (Windows; U; Windows NT 6.0; pl; rv:1.9.1.3) Gecko/20090824 Firefox/3.5.3 (.NET CLR 3.5.30729)" "-"
83.26.57.160 - - [11/Oct/2009:11:45:28 +0200] "GET /~kprzygod/images/bottom.jpg HTTP/1.1" 200 10737 "http://lux.dmcs.p.lodz.pl/~kprzygod/home.html" "Mozilla/5.0 (Windows; U; Windows NT 6.0; pl; rv:1.9.1.3) Gecko/20090824 Firefox/3.5.3 (.NET CLR 3.5.30729)" "-"
83.26.57.160 - - [11/Oct/2009:11:45:28 +0200] "GET /~kprzygod/images/top.jpg HTTP/1.1" 200 12591 "http://lux.dmcs.p.lodz.pl/~kprzygod/home.html" "Mozilla/5.0 (Windows; U; Windows NT 6.0; pl; rv:1.9.1.3) Gecko/20090824 Firefox/3.5.3 (.NET CLR 3.5.30729)" "-"
83.26.57.160 - - [11/Oct/2009:11:45:28 +0200] "GET /~kprzygod/images/bg_menu.gif HTTP/1.1" 200 632 "http://lux.dmcs.p.lodz.pl/~kprzygod/home.html" "Mozilla/5.0 (Windows; U; Windows NT 6.0; pl; rv:1.9.1.3) Gecko/20090824 Firefox/3.5.3 (.NET CLR 3.5.30729)" "-"
83.26.57.160 - - [11/Oct/2009:11:45:28 +0200] "GET /~kprzygod/images/bg_content.gif HTTP/1.1" 200 143 "http://lux.dmcs.p.lodz.pl/~kprzygod/home.html" "Mozilla/5.0 (Windows; U; Windows NT 6.0; pl; rv:1.9.1.3) Gecko/20090824 Firefox/3.5.3 (.NET CLR 3.5.30729)" "-"
83.26.57.160 - - [11/Oct/2009:11:45:29 +0200] "GET /~kprzygod/images/home_1_00.jpg HTTP/1.1" 200 30986 "http://lux.dmcs.p.lodz.pl/~kprzygod/home.html" "Mozilla/5.0 (Windows; U; Windows NT 6.0; pl; rv:1.9.1.3) Gecko/20090824 Firefox/3.5.3 (.NET CLR 3.5.30729)" "-"
83.26.57.160 - - [11/Oct/2009:11:45:29 +0200] "GET /favicon.ico HTTP/1.1" 404 292 "-" "Mozilla/5.0 (Windows; U; Windows NT 6.0; pl; rv:1.9.1.3) Gecko/20090824 Firefox/3.5.3 (.NET CLR 3.5.30729)" "-"
83.26.57.160 - - [11/Oct/2009:11:45:30 +0200] "GET /favicon.ico HTTP/1.1" 404 292 "-" "Mozilla/5.0 (Windows; U; Windows NT 6.0; pl; rv:1.9.1.3) Gecko/20090824 Firefox/3.5.3 (.NET CLR 3.5.30729)" "-"
83.26.57.160 - - [11/Oct/2009:11:45:31 +0200] "GET /favicon.ico HTTP/1.1" 404 292 "-" "Mozilla/5.0 (Windows; U; Windows NT 6.0; pl; rv:1.9.1.3) Gecko/20090824 Firefox/3.5.3 (.NET CLR 3.5.30729)" "-"
10.0.2.2 - - [11/Oct/2009:11:45:44 +0200] "GET /podyplomowe_smtm/smob2/kursbasha/if.html HTTP/1.1" 200 5441 "http://neo.dmcs.pl/podyplomowe_smtm/smob2/kursbasha/main.html" "Mozilla/5.0 (X11; U; Linux i686; pl-PL; rv:1.9.0.7) Gecko/2009030422 Ubuntu/8.10 (intrepid) Firefox/3.0.7" "-"
84.10.45.243 - - [11/Oct/2009:11:45:52 +0200] "GET /~spcsym/html/(null) HTTP/1.1" 404 300 "-" "Mozilla/4.0 (compatible; MSIE 8.0; Windows NT 5.1; Trident/4.0)" "-"
83.26.57.160 - - [11/Oct/2009:11:46:24 +0200] "GET /~kprzygod/usb_debugger.htm HTTP/1.1" 200 59022 "http://lux.dmcs.p.lodz.pl/~kprzygod/home.html" "Mozilla/5.0 (Windows; U; Windows NT 6.0; pl; rv:1.9.1.3) Gecko/20090824 Firefox/3.5.3 (.NET CLR 3.5.30729)" "-"
83.26.57.160 - - [11/Oct/2009:11:46:24 +0200] "GET /~kprzygod/usb_debugger_pliki/image002.gif HTTP/1.1" 200 2544 "http://lux.dmcs.p.lodz.pl/~kprzygod/usb_debugger.htm" "Mozilla/5.0 (Windows; U; Windows NT 6.0; pl; rv:1.9.1.3) Gecko/20090824 Firefox/3.5.3 (.NET CLR 3.5.30729)" "-"
83.26.57.160 - - [11/Oct/2009:11:46:24 +0200] "GET /~kprzygod/usb_debugger_pliki/image004.gif HTTP/1.1" 200 1390 "http://lux.dmcs.p.lodz.pl/~kprzygod/usb_debugger.htm" "Mozilla/5.0 (Windows; U; Windows NT 6.0; pl; rv:1.9.1.3) Gecko/20090824 Firefox/3.5.3 (.NET CLR 3.5.30729)" "-"
83.26.57.160 - - [11/Oct/2009:11:46:24 +0200] "GET /~kprzygod/usb_debugger_pliki/image006.gif HTTP/1.1" 200 3971 "http://lux.dmcs.p.lodz.pl/~kprzygod/usb_debugger.htm" "Mozilla/5.0 (Windows; U; Windows NT 6.0; pl; rv:1.9.1.3) Gecko/20090824 Firefox/3.5.3 (.NET CLR 3.5.30729)" "-"
83.26.57.160 - - [11/Oct/2009:11:46:24 +0200] "GET /~kprzygod/usb_debugger_pliki/image008.gif HTTP/1.1" 200 2203 "http://lux.dmcs.p.lodz.pl/~kprzygod/usb_debugger.htm" "Mozilla/5.0 (Windows; U; Windows NT 6.0; pl; rv:1.9.1.3) Gecko/20090824 Firefox/3.5.3 (.NET CLR 3.5.30729)" "-"
83.26.57.160 - - [11/Oct/2009:11:46:24 +0200] "GET /~kprzygod/usb_debugger_pliki/image010.gif HTTP/1.1" 200 2749 "http://lux.dmcs.p.lodz.pl/~kprzygod/usb_debugger.htm" "Mozilla/5.0 (Windows; U; Windows NT 6.0; pl; rv:1.9.1.3) Gecko/20090824 Firefox/3.5.3 (.NET CLR 3.5.30729)" "-"
83.26.57.160 - - [11/Oct/2009:11:46:24 +0200] "GET /~kprzygod/usb_debugger_pliki/image012.gif HTTP/1.1" 200 4114 "http://lux.dmcs.p.lodz.pl/~kprzygod/usb_debugger.htm" "Mozilla/5.0 (Windows; U; Windows NT 6.0; pl; rv:1.9.1.3) Gecko/20090824 Firefox/3.5.3 (.NET CLR 3.5.30729)" "-"
10.0.2.7 - - [11/Oct/2009:11:47:00 +0200] "GET /podyplomowe_smtm/smob2/kursbasha/main.html HTTP/1.1" 200 5405 "http://neo.dmcs.pl/podyplomowe_smtm/smob2/" "Mozilla/5.0 (X11; U; Linux i686; pl-PL; rv:1.9.0.7) Gecko/2009030422 Ubuntu/8.10 (intrepid) Firefox/3.0.7" "-"
10.0.2.7 - - [11/Oct/2009:11:47:00 +0200] "GET /podyplomowe_smtm/smob2/kursbasha/style.css HTTP/1.1" 200 325 "http://neo.dmcs.pl/podyplomowe_smtm/smob2/kursbasha/main.html" "Mozilla/5.0 (X11; U; Linux i686; pl-PL; rv:1.9.0.7) Gecko/2009030422 Ubuntu/8.10 (intrepid) Firefox/3.0.7" "-"
10.0.2.7 - - [11/Oct/2009:11:47:00 +0200] "GET /podyplomowe_smtm/smob2/kursbasha/grafiki/logo.gif HTTP/1.1" 200 6196 "http://neo.dmcs.pl/podyplomowe_smtm/smob2/kursbasha/main.html" "Mozilla/5.0 (X11; U; Linux i686; pl-PL; rv:1.9.0.7) Gecko/2009030422 Ubuntu/8.10 (intrepid) Firefox/3.0.7" "-"
87.205.75.76 - - [11/Oct/2009:11:47:07 +0200] "GET /~spcsym/html/PSPICE_opis.html HTTP/1.1" 200 93896 "http://www.google.com/search?hl=pl&q=pspice+sinus" "Mozilla/4.0 (compatible; MSIE 8.0; Windows NT 5.1; Trident/4.0; .NET CLR 2.0.50727; .NET CLR 3.0.4506.2152; .NET CLR 3.5.30729)" "-"
87.205.75.76 - - [11/Oct/2009:11:47:07 +0200] "GET /~spcsym/html/PSPICE_opis_files/image001.gif HTTP/1.1" 200 2851 "http://neo.dmcs.p.lodz.pl/~spcsym/html/PSPICE_opis.html" "Mozilla/4.0 (compatible; MSIE 8.0; Windows NT 5.1; Trident/4.0; .NET CLR 2.0.50727; .NET CLR 3.0.4506.2152; .NET CLR 3.5.30729)" "-"
87.205.75.76 - - [11/Oct/2009:11:47:07 +0200] "GET /~spcsym/html/PSPICE_opis_files/image002.gif HTTP/1.1" 200 520 "http://neo.dmcs.p.lodz.pl/~spcsym/html/PSPICE_opis.html" "Mozilla/4.0 (compatible; MSIE 8.0; Windows NT 5.1; Trident/4.0; .NET CLR 2.0.50727; .NET CLR 3.0.4506.2152; .NET CLR 3.5.30729)" "-"
87.205.75.76 - - [11/Oct/2009:11:47:07 +0200] "GET /~spcsym/html/PSPICE_opis_files/image004.gif HTTP/1.1" 200 435 "http://neo.dmcs.p.lodz.pl/~spcsym/html/PSPICE_opis.html" "Mozilla/4.0 (compatible; MSIE 8.0; Windows NT 5.1; Trident/4.0; .NET CLR 2.0.50727; .NET CLR 3.0.4506.2152; .NET CLR 3.5.30729)" "-"
87.205.75.76 - - [11/Oct/2009:11:47:07 +0200] "GET /~spcsym/html/PSPICE_opis_files/image006.gif HTTP/1.1" 200 512 "http://neo.dmcs.p.lodz.pl/~spcsym/html/PSPICE_opis.html" "Mozilla/4.0 (compatible; MSIE 8.0; Windows NT 5.1; Trident/4.0; .NET CLR 2.0.50727; .NET CLR 3.0.4506.2152; .NET CLR 3.5.30729)" "-"
87.205.75.76 - - [11/Oct/2009:11:47:07 +0200] "GET /~spcsym/html/PSPICE_opis_files/image003.gif HTTP/1.1" 200 447 "http://neo.dmcs.p.lodz.pl/~spcsym/html/PSPICE_opis.html" "Mozilla/4.0 (compatible; MSIE 8.0; Windows NT 5.1; Trident/4.0; .NET CLR 2.0.50727; .NET CLR 3.0.4506.2152; .NET CLR 3.5.30729)" "-"
87.205.75.76 - - [11/Oct/2009:11:47:07 +0200] "GET /~spcsym/html/PSPICE_opis_files/image011.gif HTTP/1.1" 200 468 "http://neo.dmcs.p.lodz.pl/~spcsym/html/PSPICE_opis.html" "Mozilla/4.0 (compatible; MSIE 8.0; Windows NT 5.1; Trident/4.0; .NET CLR 2.0.50727; .NET CLR 3.0.4506.2152; .NET CLR 3.5.30729)" "-"
87.205.75.76 - - [11/Oct/2009:11:47:07 +0200] "GET /~spcsym/html/PSPICE_opis_files/image012.gif HTTP/1.1" 200 293 "http://neo.dmcs.p.lodz.pl/~spcsym/html/PSPICE_opis.html" "Mozilla/4.0 (compatible; MSIE 8.0; Windows NT 5.1; Trident/4.0; .NET CLR 2.0.50727; .NET CLR 3.0.4506.2152; .NET CLR 3.5.30729)" "-"
87.205.75.76 - - [11/Oct/2009:11:47:07 +0200] "GET /~spcsym/html/PSPICE_opis_files/image013.gif HTTP/1.1" 200 264 "http://neo.dmcs.p.lodz.pl/~spcsym/html/PSPICE_opis.html" "Mozilla/4.0 (compatible; MSIE 8.0; Windows NT 5.1; Trident/4.0; .NET CLR 2.0.50727; .NET CLR 3.0.4506.2152; .NET CLR 3.5.30729)" "-"
87.205.75.76 - - [11/Oct/2009:11:47:07 +0200] "GET /~spcsym/html/PSPICE_opis_files/image007.gif HTTP/1.1" 200 618 "http://neo.dmcs.p.lodz.pl/~spcsym/html/PSPICE_opis.html" "Mozilla/4.0 (compatible; MSIE 8.0; Windows NT 5.1; Trident/4.0; .NET CLR 2.0.50727; .NET CLR 3.0.4506.2152; .NET CLR 3.5.30729)" "-"
87.205.75.76 - - [11/Oct/2009:11:47:07 +0200] "GET /~spcsym/html/PSPICE_opis_files/image009.gif HTTP/1.1" 200 643 "http://neo.dmcs.p.lodz.pl/~spcsym/html/PSPICE_opis.html" "Mozilla/4.0 (compatible; MSIE 8.0; Windows NT 5.1; Trident/4.0; .NET CLR 2.0.50727; .NET CLR 3.0.4506.2152; .NET CLR 3.5.30729)" "-"
87.205.75.76 - - [11/Oct/2009:11:47:07 +0200] "GET /~spcsym/html/PSPICE_opis_files/image014.gif HTTP/1.1" 200 334 "http://neo.dmcs.p.lodz.pl/~spcsym/html/PSPICE_opis.html" "Mozilla/4.0 (compatible; MSIE 8.0; Windows NT 5.1; Trident/4.0; .NET CLR 2.0.50727; .NET CLR 3.0.4506.2152; .NET CLR 3.5.30729)" "-"
87.205.75.76 - - [11/Oct/2009:11:47:07 +0200] "GET /~spcsym/html/PSPICE_opis_files/image015.gif HTTP/1.1" 200 341 "http://neo.dmcs.p.lodz.pl/~spcsym/html/PSPICE_opis.html" "Mozilla/4.0 (compatible; MSIE 8.0; Windows NT 5.1; Trident/4.0; .NET CLR 2.0.50727; .NET CLR 3.0.4506.2152; .NET CLR 3.5.30729)" "-"
87.205.75.76 - - [11/Oct/2009:11:47:07 +0200] "GET /~spcsym/html/PSPICE_opis_files/image016.gif HTTP/1.1" 200 2093 "http://neo.dmcs.p.lodz.pl/~spcsym/html/PSPICE_opis.html" "Mozilla/4.0 (compatible; MSIE 8.0; Windows NT 5.1; Trident/4.0; .NET CLR 2.0.50727; .NET CLR 3.0.4506.2152; .NET CLR 3.5.30729)" "-"
87.205.75.76 - - [11/Oct/2009:11:47:07 +0200] "GET /~spcsym/html/PSPICE_opis_files/image017.gif HTTP/1.1" 200 2786 "http://neo.dmcs.p.lodz.pl/~spcsym/html/PSPICE_opis.html" "Mozilla/4.0 (compatible; MSIE 8.0; Windows NT 5.1; Trident/4.0; .NET CLR 2.0.50727; .NET CLR 3.0.4506.2152; .NET CLR 3.5.30729)" "-"
87.205.75.76 - - [11/Oct/2009:11:47:07 +0200] "GET /~spcsym/html/PSPICE_opis_files/image005.gif HTTP/1.1" 200 620 "http://neo.dmcs.p.lodz.pl/~spcsym/html/PSPICE_opis.html" "Mozilla/4.0 (compatible; MSIE 8.0; Windows NT 5.1; Trident/4.0; .NET CLR 2.0.50727; .NET CLR 3.0.4506.2152; .NET CLR 3.5.30729)" "-"
87.205.75.76 - - [11/Oct/2009:11:47:07 +0200] "GET /~spcsym/html/PSPICE_opis_files/image008.gif HTTP/1.1" 200 597 "http://neo.dmcs.p.lodz.pl/~spcsym/html/PSPICE_opis.html" "Mozilla/4.0 (compatible; MSIE 8.0; Windows NT 5.1; Trident/4.0; .NET CLR 2.0.50727; .NET CLR 3.0.4506.2152; .NET CLR 3.5.30729)" "-"
87.205.75.76 - - [11/Oct/2009:11:47:07 +0200] "GET /~spcsym/html/PSPICE_opis_files/image010.gif HTTP/1.1" 200 622 "http://neo.dmcs.p.lodz.pl/~spcsym/html/PSPICE_opis.html" "Mozilla/4.0 (compatible; MSIE 8.0; Windows NT 5.1; Trident/4.0; .NET CLR 2.0.50727; .NET CLR 3.0.4506.2152; .NET CLR 3.5.30729)" "-"
10.0.2.7 - - [11/Oct/2009:11:47:07 +0200] "GET /podyplomowe_smtm/smob2/kursbasha/echo.html HTTP/1.1" 200 2676 "http://neo.dmcs.pl/podyplomowe_smtm/smob2/kursbasha/main.html" "Mozilla/5.0 (X11; U; Linux i686; pl-PL; rv:1.9.0.7) Gecko/2009030422 Ubuntu/8.10 (intrepid) Firefox/3.0.7" "-"
87.205.75.76 - - [11/Oct/2009:11:47:07 +0200] "GET /favicon.ico HTTP/1.1" 404 292 "-" "Mozilla/4.0 (compatible; MSIE 8.0; Windows NT 5.1; Trident/4.0; .NET CLR 2.0.50727; .NET CLR 3.0.4506.2152; .NET CLR 3.5.30729)" "-"
10.0.0.33 - - [11/Oct/2009:11:47:08 +0200] "GET /~kgrabowski HTTP/1.1" 301 315 "-" "Mozilla/4.0 (compatible; MSIE 7.0; Windows NT 5.1; .NET CLR 1.1.4322)" "-"
10.0.0.33 - - [11/Oct/2009:11:47:08 +0200] "GET /~kgrabowski/ HTTP/1.1" 200 1299 "-" "Mozilla/4.0 (compatible; MSIE 7.0; Windows NT 5.1; .NET CLR 1.1.4322)" "-"
10.0.0.33 - - [11/Oct/2009:11:47:08 +0200] "GET /icons/blank.gif HTTP/1.1" 304 - "http://neo.dmcs.pl/~kgrabowski/" "Mozilla/4.0 (compatible; MSIE 7.0; Windows NT 5.1; .NET CLR 1.1.4322)" "-"
10.0.0.33 - - [11/Oct/2009:11:47:08 +0200] "GET /icons/back.gif HTTP/1.1" 304 - "http://neo.dmcs.pl/~kgrabowski/" "Mozilla/4.0 (compatible; MSIE 7.0; Windows NT 5.1; .NET CLR 1.1.4322)" "-"
10.0.0.33 - - [11/Oct/2009:11:47:08 +0200] "GET /icons/folder.gif HTTP/1.1" 304 - "http://neo.dmcs.pl/~kgrabowski/" "Mozilla/4.0 (compatible; MSIE 7.0; Windows NT 5.1; .NET CLR 1.1.4322)" "-"
66.249.65.212 - - [11/Oct/2009:11:47:08 +0200] "GET /podyplomowe_smtm/index.html HTTP/1.1" 200 2919 "-" "Mozilla/5.0 (compatible; Googlebot/2.1; +http://www.google.com/bot.html)" "-"
10.0.2.7 - - [11/Oct/2009:11:47:09 +0200] "GET /podyplomowe_smtm/smob2/kursbasha/if.html HTTP/1.1" 200 5441 "http://neo.dmcs.pl/podyplomowe_smtm/smob2/kursbasha/main.html" "Mozilla/5.0 (X11; U; Linux i686; pl-PL; rv:1.9.0.7) Gecko/2009030422 Ubuntu/8.10 (intrepid) Firefox/3.0.7" "-"
10.0.0.33 - - [11/Oct/2009:11:47:10 +0200] "GET /~kgrabowski/laboratorium/ HTTP/1.1" 200 1218 "http://neo.dmcs.pl/~kgrabowski/" "Mozilla/4.0 (compatible; MSIE 7.0; Windows NT 5.1; .NET CLR 1.1.4322)" "-"
10.0.0.33 - - [11/Oct/2009:11:47:10 +0200] "GET /icons/layout.gif HTTP/1.1" 304 - "http://neo.dmcs.pl/~kgrabowski/laboratorium/" "Mozilla/4.0 (compatible; MSIE 7.0; Windows NT 5.1; .NET CLR 1.1.4322)" "-"
10.0.0.33 - - [11/Oct/2009:11:47:14 +0200] "GET /~kgrabowski/laboratorium/LaboratoriumDSP1.pdf HTTP/1.1" 304 - "-" "Mozilla/4.0 (compatible; MSIE 7.0; Windows NT 5.1; .NET CLR 1.1.4322)" "-"
10.0.0.37 - - [11/Oct/2009:11:47:23 +0200] "GET /~kgrabowski/laboratorium/LaboratoriumDSP2i3.pdf HTTP/1.1" 304 - "-" "Mozilla/4.0 (compatible; MSIE 7.0; Windows NT 5.1; .NET CLR 1.1.4322)" "-"
10.0.0.33 - - [11/Oct/2009:11:47:36 +0200] "GET /~kgrabowski/laboratorium/LaboratoriumDSP2i3.pdf HTTP/1.1" 304 - "-" "Mozilla/4.0 (compatible; MSIE 7.0; Windows NT 5.1; .NET CLR 1.1.4322)" "-"
10.0.0.33 - - [11/Oct/2009:11:47:38 +0200] "GET /~kgrabowski/ HTTP/1.1" 200 1299 "http://neo.dmcs.pl/~kgrabowski/laboratorium/" "Mozilla/4.0 (compatible; MSIE 7.0; Windows NT 5.1; .NET CLR 1.1.4322)" "-"
10.0.0.33 - - [11/Oct/2009:11:47:38 +0200] "GET /icons/blank.gif HTTP/1.1" 304 - "http://neo.dmcs.pl/~kgrabowski/" "Mozilla/4.0 (compatible; MSIE 7.0; Windows NT 5.1; .NET CLR 1.1.4322)" "-"
10.0.0.33 - - [11/Oct/2009:11:47:38 +0200] "GET /icons/back.gif HTTP/1.1" 304 - "http://neo.dmcs.pl/~kgrabowski/" "Mozilla/4.0 (compatible; MSIE 7.0; Windows NT 5.1; .NET CLR 1.1.4322)" "-"
10.0.0.33 - - [11/Oct/2009:11:47:38 +0200] "GET /icons/folder.gif HTTP/1.1" 304 - "http://neo.dmcs.pl/~kgrabowski/" "Mozilla/4.0 (compatible; MSIE 7.0; Windows NT 5.1; .NET CLR 1.1.4322)" "-"
10.0.0.33 - - [11/Oct/2009:11:47:40 +0200] "GET /~kgrabowski/materialy%20dodatkowe/ HTTP/1.1" 200 1358 "http://neo.dmcs.pl/~kgrabowski/" "Mozilla/4.0 (compatible; MSIE 7.0; Windows NT 5.1; .NET CLR 1.1.4322)" "-"
10.0.0.33 - - [11/Oct/2009:11:47:40 +0200] "GET /icons/layout.gif HTTP/1.1" 304 - "http://neo.dmcs.pl/~kgrabowski/materialy%20dodatkowe/" "Mozilla/4.0 (compatible; MSIE 7.0; Windows NT 5.1; .NET CLR 1.1.4322)" "-"
10.0.0.33 - - [11/Oct/2009:11:47:40 +0200] "GET /icons/compressed.gif HTTP/1.1" 304 - "http://neo.dmcs.pl/~kgrabowski/materialy%20dodatkowe/" "Mozilla/4.0 (compatible; MSIE 7.0; Windows NT 5.1; .NET CLR 1.1.4322)" "-"
10.0.0.33 - - [11/Oct/2009:11:47:44 +0200] "GET /~kgrabowski/materialy%20dodatkowe/dsk6713_TechRef.pdf HTTP/1.1" 200 639092 "-" "Mozilla/4.0 (compatible; MSIE 7.0; Windows NT 5.1; .NET CLR 1.1.4322)" "-"
10.0.0.33 - - [11/Oct/2009:11:47:47 +0200] "GET /~kgrabowski/materialy%20dodatkowe/dsk_app.zip HTTP/1.1" 200 421298 "-" "Mozilla/4.0 (compatible; MSIE 7.0; Windows NT 5.1; .NET CLR 1.1.4322)" "-"
10.0.0.33 - - [11/Oct/2009:11:47:52 +0200] "GET /~kgrabowski/materialy%20dodatkowe/tlv320aic23.pdf HTTP/1.1" 200 414335 "-" "Mozilla/4.0 (compatible; MSIE 7.0; Windows NT 5.1; .NET CLR 1.1.4322)" "-"
10.0.0.33 - - [11/Oct/2009:11:47:53 +0200] "GET /~kgrabowski/ HTTP/1.1" 200 1299 "http://neo.dmcs.pl/~kgrabowski/materialy%20dodatkowe/" "Mozilla/4.0 (compatible; MSIE 7.0; Windows NT 5.1; .NET CLR 1.1.4322)" "-"
10.0.0.33 - - [11/Oct/2009:11:47:53 +0200] "GET /icons/blank.gif HTTP/1.1" 304 - "http://neo.dmcs.pl/~kgrabowski/" "Mozilla/4.0 (compatible; MSIE 7.0; Windows NT 5.1; .NET CLR 1.1.4322)" "-"
10.0.0.33 - - [11/Oct/2009:11:47:53 +0200] "GET /icons/back.gif HTTP/1.1" 304 - "http://neo.dmcs.pl/~kgrabowski/" "Mozilla/4.0 (compatible; MSIE 7.0; Windows NT 5.1; .NET CLR 1.1.4322)" "-"
10.0.0.33 - - [11/Oct/2009:11:47:53 +0200] "GET /icons/folder.gif HTTP/1.1" 304 - "http://neo.dmcs.pl/~kgrabowski/" "Mozilla/4.0 (compatible; MSIE 7.0; Windows NT 5.1; .NET CLR 1.1.4322)" "-"
10.0.0.33 - - [11/Oct/2009:11:47:55 +0200] "GET /~kgrabowski/wyklad/ HTTP/1.1" 200 1192 "http://neo.dmcs.pl/~kgrabowski/" "Mozilla/4.0 (compatible; MSIE 7.0; Windows NT 5.1; .NET CLR 1.1.4322)" "-"
10.0.0.33 - - [11/Oct/2009:11:47:55 +0200] "GET /icons/layout.gif HTTP/1.1" 304 - "http://neo.dmcs.pl/~kgrabowski/wyklad/" "Mozilla/4.0 (compatible; MSIE 7.0; Windows NT 5.1; .NET CLR 1.1.4322)" "-"
10.0.0.33 - - [11/Oct/2009:11:48:01 +0200] "GET /~kgrabowski/wyklad/Wyklad%201.pdf HTTP/1.1" 200 7307711 "-" "Mozilla/4.0 (compatible; MSIE 7.0; Windows NT 5.1; .NET CLR 1.1.4322)" "-"
10.0.0.33 - - [11/Oct/2009:11:48:06 +0200] "GET /~kgrabowski/wyklad/Wyklad%202.pdf HTTP/1.1" 200 11763831 "-" "Mozilla/4.0 (compatible; MSIE 7.0; Windows NT 5.1; .NET CLR 1.1.4322)" "-"
10.0.0.33 - - [11/Oct/2009:11:48:10 +0200] "GET /~kgrabowski/ HTTP/1.1" 200 1299 "http://neo.dmcs.pl/~kgrabowski/materialy%20dodatkowe/" "Mozilla/4.0 (compatible; MSIE 7.0; Windows NT 5.1; .NET CLR 1.1.4322)" "-"
10.0.0.33 - - [11/Oct/2009:11:48:10 +0200] "GET /icons/folder.gif HTTP/1.1" 304 - "http://neo.dmcs.pl/~kgrabowski/" "Mozilla/4.0 (compatible; MSIE 7.0; Windows NT 5.1; .NET CLR 1.1.4322)" "-"
83.27.28.47 - - [11/Oct/2009:11:48:35 +0200] "GET /~piotrowi/wdtcim/wyklad2.pdf HTTP/1.1" 206 69068 "-" "Mozilla/5.0 (Windows; U; Windows NT 6.0; pl; rv:1.9.0.11) Gecko/2009060215 Firefox/3.0.11 (.NET CLR 3.5.30729)" "-"
83.27.28.47 - - [11/Oct/2009:11:48:35 +0200] "GET /~piotrowi/wdtcim/wyklad2.pdf HTTP/1.1" 206 17387 "-" "Mozilla/5.0 (Windows; U; Windows NT 6.0; pl; rv:1.9.0.11) Gecko/2009060215 Firefox/3.0.11 (.NET CLR 3.5.30729)" "-"
83.27.28.47 - - [11/Oct/2009:11:48:36 +0200] "GET /~piotrowi/wdtcim/wyklad2.pdf HTTP/1.1" 206 23245 "-" "Mozilla/5.0 (Windows; U; Windows NT 6.0; pl; rv:1.9.0.11) Gecko/2009060215 Firefox/3.0.11 (.NET CLR 3.5.30729)" "-"
83.27.28.47 - - [11/Oct/2009:11:48:37 +0200] "GET /~piotrowi/wdtcim/wyklad2.pdf HTTP/1.1" 206 68686 "-" "Mozilla/5.0 (Windows; U; Windows NT 6.0; pl; rv:1.9.0.11) Gecko/2009060215 Firefox/3.0.11 (.NET CLR 3.5.30729)" "-"
83.27.28.47 - - [11/Oct/2009:11:48:40 +0200] "GET /~piotrowi/wdtcim/wyklad2.pdf HTTP/1.1" 206 28654 "-" "Mozilla/5.0 (Windows; U; Windows NT 6.0; pl; rv:1.9.0.11) Gecko/2009060215 Firefox/3.0.11 (.NET CLR 3.5.30729)" "-"
66.249.65.212 - - [11/Oct/2009:11:49:11 +0200] "GET /inf5/07_08/2/index.html HTTP/1.1" 200 996 "-" "Mozilla/5.0 (compatible; Googlebot/2.1; +http://www.google.com/bot.html)" "-"
220.181.125.29 - - [11/Oct/2009:11:49:39 +0200] "GET /robots.txt HTTP/1.1" 304 - "-" "Sogou-Test-Spider/4.0 (compatible; MSIE 5.5; Windows 98)" "-"
83.27.28.47 - - [11/Oct/2009:11:49:43 +0200] "GET /~piotrowi/wdtcim/wyklad2.pdf HTTP/1.1" 206 70520 "-" "Mozilla/5.0 (Windows; U; Windows NT 6.0; pl; rv:1.9.0.11) Gecko/2009060215 Firefox/3.0.11 (.NET CLR 3.5.30729)" "-"
83.27.28.47 - - [11/Oct/2009:11:49:44 +0200] "GET /~piotrowi/wdtcim/wyklad2.pdf HTTP/1.1" 206 17387 "-" "Mozilla/5.0 (Windows; U; Windows NT 6.0; pl; rv:1.9.0.11) Gecko/2009060215 Firefox/3.0.11 (.NET CLR 3.5.30729)" "-"
83.27.28.47 - - [11/Oct/2009:11:49:45 +0200] "GET /~piotrowi/wdtcim/wyklad2.pdf HTTP/1.1" 206 23245 "-" "Mozilla/5.0 (Windows; U; Windows NT 6.0; pl; rv:1.9.0.11) Gecko/2009060215 Firefox/3.0.11 (.NET CLR 3.5.30729)" "-"
65.55.207.21 - - [11/Oct/2009:11:49:45 +0200] "GET /pium/pium/pium_1a_a.pdf HTTP/1.1" 304 - "-" "msnbot/2.0b (+http://search.msn.com/msnbot.htm)" "-"
83.27.28.47 - - [11/Oct/2009:11:49:46 +0200] "GET /~piotrowi/wdtcim/wyklad2.pdf HTTP/1.1" 206 53895 "-" "Mozilla/5.0 (Windows; U; Windows NT 6.0; pl; rv:1.9.0.11) Gecko/2009060215 Firefox/3.0.11 (.NET CLR 3.5.30729)" "-"
220.181.125.29 - - [11/Oct/2009:11:49:49 +0200] "GET /robots.txt HTTP/1.1" 304 - "-" "Sogou-Test-Spider/4.0 (compatible; MSIE 5.5; Windows 98)" "-"
83.27.28.47 - - [11/Oct/2009:11:49:50 +0200] "GET /favicon.ico HTTP/1.1" 404 285 "-" "Mozilla/5.0 (Windows; U; Windows NT 6.0; pl; rv:1.9.0.11) Gecko/2009060215 Firefox/3.0.11 (.NET CLR 3.5.30729)" "-"
83.27.28.47 - - [11/Oct/2009:11:49:51 +0200] "GET /~piotrowi/wdtcim/wyklad2.pdf HTTP/1.1" 206 45395 "-" "Mozilla/5.0 (Windows; U; Windows NT 6.0; pl; rv:1.9.0.11) Gecko/2009060215 Firefox/3.0.11 (.NET CLR 3.5.30729)" "-"
78.8.115.221 - - [11/Oct/2009:11:49:59 +0200] "GET /pium/index.php?strona=10&jezyk=0 HTTP/1.1" 200 6279 "-" "Opera/9.80 (Windows NT 5.1; U; pl) Presto/2.2.15 Version/10.00" "-"
78.8.115.221 - - [11/Oct/2009:11:49:59 +0200] "GET /pium/style.css HTTP/1.1" 304 - "http://neo.dmcs.p.lodz.pl/pium/index.php?strona=10&jezyk=0" "Opera/9.80 (Windows NT 5.1; U; pl) Presto/2.2.15 Version/10.00" "-"
78.8.115.221 - - [11/Oct/2009:11:49:59 +0200] "GET /favicon.ico HTTP/1.1" 404 292 "http://neo.dmcs.p.lodz.pl/pium/index.php?strona=10&jezyk=0" "Opera/9.80 (Windows NT 5.1; U; pl) Presto/2.2.15 Version/10.00" "-"
83.27.28.47 - - [11/Oct/2009:11:50:02 +0200] "GET /~piotrowi/wdtcim/wyklad2.pdf HTTP/1.1" 206 137216 "-" "Mozilla/5.0 (Windows; U; Windows NT 6.0; pl; rv:1.9.0.11) Gecko/2009060215 Firefox/3.0.11 (.NET CLR 3.5.30729)" "-"
10.0.2.13 - - [11/Oct/2009:11:50:09 +0200] "GET /~kgrabowski/materialy%20dodatkowe/ HTTP/1.1" 200 1358 "http://neo.dmcs.pl/~kgrabowski/" "Mozilla/5.0 (X11; U; Linux i686; pl-PL; rv:1.9.0.7) Gecko/2009030422 Ubuntu/8.10 (intrepid) Firefox/3.0.7" "-"
10.0.2.13 - - [11/Oct/2009:11:50:09 +0200] "GET /icons/compressed.gif HTTP/1.1" 200 1038 "http://neo.dmcs.pl/~kgrabowski/materialy%20dodatkowe/" "Mozilla/5.0 (X11; U; Linux i686; pl-PL; rv:1.9.0.7) Gecko/2009030422 Ubuntu/8.10 (intrepid) Firefox/3.0.7" "-"
83.27.28.47 - - [11/Oct/2009:11:50:11 +0200] "GET /~piotrowi/wdtcim/wyklad2.pdf HTTP/1.1" 206 65042 "-" "Mozilla/5.0 (Windows; U; Windows NT 6.0; pl; rv:1.9.0.11) Gecko/2009060215 Firefox/3.0.11 (.NET CLR 3.5.30729)" "-"
10.0.2.13 - - [11/Oct/2009:11:50:12 +0200] "GET /~kgrabowski/laboratorium/ HTTP/1.1" 200 1218 "http://neo.dmcs.pl/~kgrabowski/" "Mozilla/5.0 (X11; U; Linux i686; pl-PL; rv:1.9.0.7) Gecko/2009030422 Ubuntu/8.10 (intrepid) Firefox/3.0.7" "-"
10.0.2.13 - - [11/Oct/2009:11:50:14 +0200] "GET /~kgrabowski/laboratorium/LaboratoriumDSP2i3.pdf HTTP/1.1" 200 202341 "http://neo.dmcs.pl/~kgrabowski/laboratorium/" "Mozilla/5.0 (X11; U; Linux i686; pl-PL; rv:1.9.0.7) Gecko/2009030422 Ubuntu/8.10 (intrepid) Firefox/3.0.7" "-"
83.27.28.47 - - [11/Oct/2009:11:50:17 +0200] "GET /~piotrowi/wdtcim/wyklad2.pdf HTTP/1.1" 206 44380 "-" "Mozilla/5.0 (Windows; U; Windows NT 6.0; pl; rv:1.9.0.11) Gecko/2009060215 Firefox/3.0.11 (.NET CLR 3.5.30729)" "-"
66.249.65.213 - - [11/Oct/2009:11:50:19 +0200] "GET /inf5/06_07/2/les%20races.html HTTP/1.1" 200 1210 "-" "Mozilla/5.0 (compatible; Googlebot/2.1; +http://www.google.com/bot.html)" "-"
83.27.28.47 - - [11/Oct/2009:11:50:22 +0200] "GET /~piotrowi/wdtcim/wyklad2.pdf HTTP/1.1" 206 47057 "-" "Mozilla/5.0 (Windows; U; Windows NT 6.0; pl; rv:1.9.0.11) Gecko/2009060215 Firefox/3.0.11 (.NET CLR 3.5.30729)" "-"
83.27.28.47 - - [11/Oct/2009:11:50:27 +0200] "GET /~piotrowi/wdtcim/wyklad2.pdf HTTP/1.1" 206 54592 "-" "Mozilla/5.0 (Windows; U; Windows NT 6.0; pl; rv:1.9.0.11) Gecko/2009060215 Firefox/3.0.11 (.NET CLR 3.5.30729)" "-"
10.0.2.32 - - [11/Oct/2009:11:50:29 +0200] "GET /~kgrabowski/laboratorium/ HTTP/1.1" 200 1218 "http://neo.dmcs.pl/~kgrabowski/" "Mozilla/4.0 (compatible; MSIE 7.0; Windows NT 5.1; .NET CLR 1.1.4322)" "-"
217.76.118.67 - - [11/Oct/2009:11:50:29 +0200] "GET / HTTP/1.1" 200 8370 "-" "Mozilla/5.0 (Windows; U; Windows NT 5.1; pl; rv:1.9.1.3) Gecko/20090824 Firefox/3.5.3" "-"
217.76.118.67 - - [11/Oct/2009:11:50:30 +0200] "GET /style.css HTTP/1.1" 200 2000 "http://lux.dmcs.pl/" "Mozilla/5.0 (Windows; U; Windows NT 5.1; pl; rv:1.9.1.3) Gecko/20090824 Firefox/3.5.3" "-"
217.76.118.67 - - [11/Oct/2009:11:50:30 +0200] "GET /images/back.jpg HTTP/1.1" 404 289 "http://lux.dmcs.pl/" "Mozilla/5.0 (Windows; U; Windows NT 5.1; pl; rv:1.9.1.3) Gecko/20090824 Firefox/3.5.3" "-"
217.76.118.67 - - [11/Oct/2009:11:50:30 +0200] "GET /favicon.ico HTTP/1.1" 404 285 "-" "Mozilla/5.0 (Windows; U; Windows NT 5.1; pl; rv:1.9.1.3) Gecko/20090824 Firefox/3.5.3" "-"
62.141.239.162 - - [11/Oct/2009:11:50:31 +0200] "GET /smcr/wyklady_dm/SMCR9_2009.pdf HTTP/1.1" 200 5976303 "http://www.google.pl/url?sa=t&source=web&ct=res&cd=5&ved=0CBUQFjAE&url=http%3A%2F%2Fneo.dmcs.p.lodz.pl%2Fsmcr%2Fwyklady_dm%2FSMCR9_2009.pdf&ei=R6rRSt7EAoL9_Ab9yPXZAg&rct=j&q=Media+Independent+Interface&usg=AFQjCNGd2dwn13JgeqBAxypoFc6Sbfzydg&sig2=t0muAwe-E6Sdmc5Zgt9aSw" "Mozilla/5.0 (X11; U; Linux i686; en-US; rv:1.9.0.14) Gecko/2009090216 Ubuntu/9.04 (jaunty) Firefox/3.0.14" "-"
217.76.118.67 - - [11/Oct/2009:11:50:33 +0200] "GET /favicon.ico HTTP/1.1" 404 285 "-" "Mozilla/5.0 (Windows; U; Windows NT 5.1; pl; rv:1.9.1.3) Gecko/20090824 Firefox/3.5.3" "-"
83.27.28.47 - - [11/Oct/2009:11:50:33 +0200] "GET /~piotrowi/wdtcim/wyklad2.pdf HTTP/1.1" 206 75987 "-" "Mozilla/5.0 (Windows; U; Windows NT 6.0; pl; rv:1.9.0.11) Gecko/2009060215 Firefox/3.0.11 (.NET CLR 3.5.30729)" "-"
74.6.17.160 - - [11/Oct/2009:11:50:44 +0200] "GET /mijp4pw/mijp4z1.doc HTTP/1.0" 200 141824 "-" "Mozilla/5.0 (compatible; Yahoo! Slurp/3.0; http://help.yahoo.com/help/us/ysearch/slurp)" "-"
217.76.118.67 - - [11/Oct/2009:11:51:04 +0200] "GET /sk2/index.html HTTP/1.1" 200 7020 "http://lux.dmcs.pl/" "Mozilla/5.0 (Windows; U; Windows NT 5.1; pl; rv:1.9.1.3) Gecko/20090824 Firefox/3.5.3" "-"
217.76.118.67 - - [11/Oct/2009:11:51:04 +0200] "GET /images/back.jpg HTTP/1.1" 404 289 "http://lux.dmcs.pl/sk2/index.html" "Mozilla/5.0 (Windows; U; Windows NT 5.1; pl; rv:1.9.1.3) Gecko/20090824 Firefox/3.5.3" "-"
85.89.183.229 - - [11/Oct/2009:11:51:11 +0200] "GET /sk2/tcp_echo.html HTTP/1.1" 200 1379 "http://lux.dmcs.p.lodz.pl/sk2/index.html" "Mozilla/5.0 (X11; U; Linux i686; en-US; rv:1.9.1.3) Gecko/20090910 Ubuntu/9.04 (jaunty) Shiretoko/3.5.3" "-"
85.89.183.229 - - [11/Oct/2009:11:51:11 +0200] "GET /images/back.jpg HTTP/1.1" 404 296 "http://lux.dmcs.p.lodz.pl/sk2/tcp_echo.html" "Mozilla/5.0 (X11; U; Linux i686; en-US; rv:1.9.1.3) Gecko/20090910 Ubuntu/9.04 (jaunty) Shiretoko/3.5.3" "-"
217.76.118.67 - - [11/Oct/2009:11:51:22 +0200] "GET /sk2/tcp_echo.html HTTP/1.1" 200 1379 "http://lux.dmcs.pl/sk2/index.html" "Mozilla/5.0 (Windows; U; Windows NT 5.1; pl; rv:1.9.1.3) Gecko/20090824 Firefox/3.5.3" "-"
217.76.118.67 - - [11/Oct/2009:11:51:22 +0200] "GET /images/back.jpg HTTP/1.1" 404 289 "http://lux.dmcs.pl/sk2/tcp_echo.html" "Mozilla/5.0 (Windows; U; Windows NT 5.1; pl; rv:1.9.1.3) Gecko/20090824 Firefox/3.5.3" "-"
87.205.206.128 - - [11/Oct/2009:11:51:36 +0200] "GET /pium/index.php?strona=10&jezyk=0 HTTP/1.1" 200 6279 "-" "Opera/9.64 (Windows NT 5.1; U; pl) Presto/2.1.1" "-"
87.205.206.128 - - [11/Oct/2009:11:51:36 +0200] "GET /pium/style.css HTTP/1.1" 200 3084 "http://neo.dmcs.p.lodz.pl/pium/index.php?strona=10&jezyk=0" "Opera/9.64 (Windows NT 5.1; U; pl) Presto/2.1.1" "-"
217.76.118.67 - - [11/Oct/2009:11:51:36 +0200] "GET /images/back.jpg HTTP/1.1" 404 289 "http://lux.dmcs.pl/" "Mozilla/5.0 (Windows; U; Windows NT 5.1; pl; rv:1.9.1.3) Gecko/20090824 Firefox/3.5.3" "-"
87.205.206.128 - - [11/Oct/2009:11:51:39 +0200] "GET /favicon.ico HTTP/1.1" 404 292 "http://neo.dmcs.p.lodz.pl/pium/index.php?strona=10&jezyk=0" "Opera/9.64 (Windows NT 5.1; U; pl) Presto/2.1.1" "-"
217.76.118.67 - - [11/Oct/2009:11:51:56 +0200] "GET /sk2/sk2_wyklad_03_zwielokrotnianie.pdf HTTP/1.1" 200 271795 "http://lux.dmcs.pl/sk2/index.html" "Mozilla/5.0 (Windows; U; Windows NT 5.1; pl; rv:1.9.1.3) Gecko/20090824 Firefox/3.5.3" "-"
217.76.118.67 - - [11/Oct/2009:11:51:59 +0200] "GET /sk2/sk2_wyklad_03_zwielokrotnianie.pdf HTTP/1.1" 200 271795 "http://lux.dmcs.pl/sk2/index.html" "Mozilla/5.0 (Windows; U; Windows NT 5.1; pl; rv:1.9.1.3) Gecko/20090824 Firefox/3.5.3" "-"
83.25.156.1 - - [11/Oct/2009:11:52:03 +0200] "GET / HTTP/1.0" 200 8370 "-" "Mozilla/4.0 (compatible; MSIE 5.00; Windows 98)" "-"
83.25.156.1 - - [11/Oct/2009:11:52:07 +0200] "GET /ak/kodowanie_liczb_calkowitych.pdf HTTP/1.1" 200 319393 "http://www.google.pl/url?sa=t&source=web&ct=res&cd=15&ved=0CBAQFjAEOAo&url=http%3A%2F%2Fneo.dmcs.p.lodz.pl%2Fak%2Fkodowanie_liczb_calkowitych.pdf&ei=rKrRSt6zJ9H6_AbrkK3ZAg&rct=j&q=znak-uzupe%C5%82nienie+jedynkowe&usg=AFQjCNE4s6TFfOCLVeZdr1p6GN8GpNIEYA" "Mozilla/5.0 (Windows; U; Windows NT 5.1; pl; rv:1.9.1.3) Gecko/20090824 Firefox/3.5.3" "-"
83.25.156.1 - - [11/Oct/2009:11:52:09 +0200] "GET /ak/kodowanie_liczb_calkowitych.pdf HTTP/1.1" 206 272907 "-" "Mozilla/5.0 (Windows; U; Windows NT 5.1; pl; rv:1.9.1.3) Gecko/20090824 Firefox/3.5.3" "-"
10.0.0.36 - - [11/Oct/2009:11:52:09 +0200] "GET /~kgrabowski/materialy%20dodatkowe/dsk6713_TechRef.pdf HTTP/1.1" 200 456168 "http://neo.dmcs.pl/~kgrabowski/materialy%20dodatkowe/" "Mozilla/4.0 (compatible; MSIE 7.0; Windows NT 5.1; .NET CLR 1.1.4322)" "-"
10.0.0.36 - - [11/Oct/2009:11:52:09 +0200] "GET /~kgrabowski/materialy%20dodatkowe/dsk6713_TechRef.pdf HTTP/1.1" 206 3748 "-" "Mozilla/4.0 (compatible; MSIE 7.0; Windows NT 5.1; .NET CLR 1.1.4322)" "-"
10.0.0.36 - - [11/Oct/2009:11:52:09 +0200] "GET /~kgrabowski/materialy%20dodatkowe/dsk6713_TechRef.pdf HTTP/1.1" 206 219 "-" "Mozilla/4.0 (compatible; MSIE 7.0; Windows NT 5.1; .NET CLR 1.1.4322)" "-"
10.0.0.36 - - [11/Oct/2009:11:52:09 +0200] "GET /~kgrabowski/materialy%20dodatkowe/dsk6713_TechRef.pdf HTTP/1.1" 206 3392 "-" "Mozilla/4.0 (compatible; MSIE 7.0; Windows NT 5.1; .NET CLR 1.1.4322)" "-"
