217.113.225.9 - - [11/Oct/2009:18:19:21 +0200] "GET /smcr/wyklady_dm/SMCR3_2009.pdf HTTP/1.1" 200 298488 "http://neo.dmcs.p.lodz.pl/smcr/" "Mozilla/5.0 (Windows; U; Windows NT 5.1; pl; rv:1.9.1.3) Gecko/20090824 Firefox/3.5.3" "-"
77.253.115.93 - - [11/Oct/2009:18:19:29 +0200] "GET /symos/ HTTP/1.1" 304 - "-" "Mozilla/4.0 (compatible; MSIE 7.0; Windows NT 5.1; .NET CLR 1.1.4322; InfoPath.2; .NET CLR 2.0.50727; .NET CLR 3.0.4506.2152; .NET CLR 3.5.30729)" "-"
74.6.17.160 - - [11/Oct/2009:18:19:36 +0200] "GET /pp/index.html HTTP/1.0" 200 3949 "-" "Mozilla/5.0 (compatible; Yahoo! Slurp/3.0; http://help.yahoo.com/help/us/ysearch/slurp)" "-"
77.253.115.93 - - [11/Oct/2009:18:19:38 +0200] "GET /symos HTTP/1.1" 301 309 "-" "Mozilla/4.0 (compatible; MSIE 7.0; Windows NT 5.1; .NET CLR 1.1.4322; InfoPath.2; .NET CLR 2.0.50727; .NET CLR 3.0.4506.2152; .NET CLR 3.5.30729)" "-"
77.253.115.93 - - [11/Oct/2009:18:19:38 +0200] "GET /style.css HTTP/1.1" 304 - "http://neo.dmcs.pl/symos/" "Mozilla/4.0 (compatible; MSIE 7.0; Windows NT 5.1; .NET CLR 1.1.4322; InfoPath.2; .NET CLR 2.0.50727; .NET CLR 3.0.4506.2152; .NET CLR 3.5.30729)" "-"
77.253.115.93 - - [11/Oct/2009:18:19:38 +0200] "GET /images/back.jpg HTTP/1.1" 404 289 "http://neo.dmcs.pl/symos/" "Mozilla/4.0 (compatible; MSIE 7.0; Windows NT 5.1; .NET CLR 1.1.4322; InfoPath.2; .NET CLR 2.0.50727; .NET CLR 3.0.4506.2152; .NET CLR 3.5.30729)" "-"
77.253.115.93 - - [11/Oct/2009:18:19:40 +0200] "GET /symos/ HTTP/1.1" 304 - "-" "Mozilla/4.0 (compatible; MSIE 7.0; Windows NT 5.1; .NET CLR 1.1.4322; InfoPath.2; .NET CLR 2.0.50727; .NET CLR 3.0.4506.2152; .NET CLR 3.5.30729)" "-"
77.253.115.93 - - [11/Oct/2009:18:19:40 +0200] "GET /style.css HTTP/1.1" 304 - "http://neo.dmcs.pl/symos/" "Mozilla/4.0 (compatible; MSIE 7.0; Windows NT 5.1; .NET CLR 1.1.4322; InfoPath.2; .NET CLR 2.0.50727; .NET CLR 3.0.4506.2152; .NET CLR 3.5.30729)" "-"
77.253.115.93 - - [11/Oct/2009:18:19:40 +0200] "GET /images/back.jpg HTTP/1.1" 404 289 "http://neo.dmcs.pl/symos/" "Mozilla/4.0 (compatible; MSIE 7.0; Windows NT 5.1; .NET CLR 1.1.4322; InfoPath.2; .NET CLR 2.0.50727; .NET CLR 3.0.4506.2152; .NET CLR 3.5.30729)" "-"
66.249.65.209 - - [11/Oct/2009:18:19:57 +0200] "GET /robots.txt HTTP/1.1" 200 67 "-" "SAMSUNG-SGH-E250/1.0 Profile/MIDP-2.0 Configuration/CLDC-1.1 UP.Browser/6.2.3.3.c.1.101 (GUI) MMP/2.0 (compatible; Googlebot-Mobile/2.1; +http://www.google.com/bot.html)" "-"
66.249.65.209 - - [11/Oct/2009:18:19:57 +0200] "GET /isbd/php/doc/polish_many/function.apache-note.html HTTP/1.1" 200 2840 "-" "SAMSUNG-SGH-E250/1.0 Profile/MIDP-2.0 Configuration/CLDC-1.1 UP.Browser/6.2.3.3.c.1.101 (GUI) MMP/2.0 (compatible; Googlebot-Mobile/2.1; +http://www.google.com/bot.html)" "-"
217.113.225.9 - - [11/Oct/2009:18:19:57 +0200] "GET /smcr/wyklady_dm/SMCR3_2009.pdf HTTP/1.1" 206 3252110 "-" "Mozilla/5.0 (Windows; U; Windows NT 5.1; pl; rv:1.9.1.3) Gecko/20090824 Firefox/3.5.3" "-"
77.255.211.91 - - [11/Oct/2009:18:20:21 +0200] "GET /tpp/02_Plyty_krzemowe.pdf HTTP/1.1" 200 82136 "http://szukaj.wp.pl/szukaj.html?szukaj=metoda%20czochralskiego&offset=10&gl_thumb=T" "Mozilla/5.0 (Windows; U; Windows NT 5.1; pl; rv:1.9.0.14) Gecko/2009082707 Firefox/3.0.14" "-"
77.255.211.91 - - [11/Oct/2009:18:20:23 +0200] "GET /tpp/02_Plyty_krzemowe.pdf HTTP/1.1" 206 251612 "-" "Mozilla/5.0 (Windows; U; Windows NT 5.1; pl; rv:1.9.0.14) Gecko/2009082707 Firefox/3.0.14" "-"
77.255.211.91 - - [11/Oct/2009:18:20:23 +0200] "GET /favicon.ico HTTP/1.1" 404 285 "-" "Mozilla/5.0 (Windows; U; Windows NT 5.1; pl; rv:1.9.0.14) Gecko/2009082707 Firefox/3.0.14" "-"
77.255.211.91 - - [11/Oct/2009:18:20:26 +0200] "GET /favicon.ico HTTP/1.1" 404 285 "-" "Mozilla/5.0 (Windows; U; Windows NT 5.1; pl; rv:1.9.0.14) Gecko/2009082707 Firefox/3.0.14" "-"
149.156.124.14 - - [11/Oct/2009:18:20:30 +0200] "GET /favicon.ico HTTP/1.0" 404 280 "-" "Mozilla/5.0 (Windows; U; Windows NT 5.1; pl; rv:1.9.0.14) Gecko/2009082707 Firefox/3.0.14 (.NET CLR 3.5.30729)" "-"
77.253.115.93 - - [11/Oct/2009:18:21:00 +0200] "GET /symos/ HTTP/1.1" 304 - "-" "Mozilla/4.0 (compatible; MSIE 7.0; Windows NT 5.1; .NET CLR 1.1.4322; InfoPath.2; .NET CLR 2.0.50727; .NET CLR 3.0.4506.2152; .NET CLR 3.5.30729)" "-"
77.253.115.93 - - [11/Oct/2009:18:21:00 +0200] "GET /style.css HTTP/1.1" 304 - "http://neo.dmcs.pl/symos/" "Mozilla/4.0 (compatible; MSIE 7.0; Windows NT 5.1; .NET CLR 1.1.4322; InfoPath.2; .NET CLR 2.0.50727; .NET CLR 3.0.4506.2152; .NET CLR 3.5.30729)" "-"
77.253.115.93 - - [11/Oct/2009:18:21:00 +0200] "GET /images/back.jpg HTTP/1.1" 404 289 "http://neo.dmcs.pl/symos/" "Mozilla/4.0 (compatible; MSIE 7.0; Windows NT 5.1; .NET CLR 1.1.4322; InfoPath.2; .NET CLR 2.0.50727; .NET CLR 3.0.4506.2152; .NET CLR 3.5.30729)" "-"
85.89.183.229 - - [11/Oct/2009:18:21:09 +0200] "GET /sk2/index.html HTTP/1.1" 200 7020 "-" "Mozilla/5.0 (X11; U; Linux i686; en-US; rv:1.9.1.3) Gecko/20090910 Ubuntu/9.04 (jaunty) Shiretoko/3.5.3" "-"
85.89.183.229 - - [11/Oct/2009:18:21:10 +0200] "GET /style.css HTTP/1.1" 200 2000 "http://lux.dmcs.p.lodz.pl/sk2/index.html" "Mozilla/5.0 (X11; U; Linux i686; en-US; rv:1.9.1.3) Gecko/20090910 Ubuntu/9.04 (jaunty) Shiretoko/3.5.3" "-"
85.89.183.229 - - [11/Oct/2009:18:21:10 +0200] "GET /images/back.jpg HTTP/1.1" 404 296 "http://lux.dmcs.p.lodz.pl/sk2/index.html" "Mozilla/5.0 (X11; U; Linux i686; en-US; rv:1.9.1.3) Gecko/20090910 Ubuntu/9.04 (jaunty) Shiretoko/3.5.3" "-"
77.255.211.91 - - [11/Oct/2009:18:21:48 +0200] "GET /tpp/02_Plyty_krzemowe.pdf HTTP/1.1" 206 245887 "http://szukaj.wp.pl/szukaj.html?szukaj=metoda%20czochralskiego&offset=10&gl_thumb=T" "Mozilla/5.0 (Windows; U; Windows NT 5.1; pl; rv:1.9.0.14) Gecko/2009082707 Firefox/3.0.14" "-"
217.113.225.9 - - [11/Oct/2009:18:22:06 +0200] "GET /smcr/wyklady_dm/SMCR1_2009.pdf HTTP/1.1" 200 297028 "http://neo.dmcs.p.lodz.pl/smcr/" "Mozilla/5.0 (Windows; U; Windows NT 5.1; pl; rv:1.9.1.3) Gecko/20090824 Firefox/3.5.3" "-"
82.122.193.234 - - [11/Oct/2009:18:22:30 +0200] "GET /inf5/06_07/4/indeks.html HTTP/1.1" 200 2910 "http://images.google.fr/imgres?imgurl=http://neo.dmcs.p.lodz.pl/inf5/06_07/4/sayuri.jpg&imgrefurl=http://neo.dmcs.p.lodz.pl/inf5/06_07/4/indeks.html&usg=__l2OaYC4piNhy69FR49f7MAzALnc=&h=457&w=296&sz=123&hl=fr&start=1&um=1&tbnid=TZVb8nW5dZMXTM:&tbnh=128&tbnw=83&prev=/images%3Fq%3Dgeishas%26hl%3Dfr%26lr%3Dlang_fr%26sa%3DX%26um%3D1" "Mozilla/4.0 (compatible; MSIE 7.0; Windows NT 5.1; Trident/4.0; MyIE2; GTB5; Orange 8.0; NaviWoo2.0; .NET CLR 1.1.4322)" "-"
82.122.193.234 - - [11/Oct/2009:18:22:30 +0200] "GET /inf5/06_07/4/geisha.jpg HTTP/1.1" 200 1552 "http://neo.dmcs.p.lodz.pl/inf5/06_07/4/indeks.html" "Mozilla/4.0 (compatible; MSIE 7.0; Windows NT 5.1; Trident/4.0; MyIE2; GTB5; Orange 8.0; NaviWoo2.0; .NET CLR 1.1.4322)" "-"
82.122.193.234 - - [11/Oct/2009:18:22:30 +0200] "GET /inf5/06_07/4/2t.jpg HTTP/1.1" 200 3674 "http://neo.dmcs.p.lodz.pl/inf5/06_07/4/indeks.html" "Mozilla/4.0 (compatible; MSIE 7.0; Windows NT 5.1; Trident/4.0; MyIE2; GTB5; Orange 8.0; NaviWoo2.0; .NET CLR 1.1.4322)" "-"
82.122.193.234 - - [11/Oct/2009:18:22:30 +0200] "GET /inf5/06_07/4/index.jpg HTTP/1.1" 200 1588 "http://neo.dmcs.p.lodz.pl/inf5/06_07/4/indeks.html" "Mozilla/4.0 (compatible; MSIE 7.0; Windows NT 5.1; Trident/4.0; MyIE2; GTB5; Orange 8.0; NaviWoo2.0; .NET CLR 1.1.4322)" "-"
82.122.193.234 - - [11/Oct/2009:18:22:30 +0200] "GET /inf5/06_07/4/panoplie.jpg HTTP/1.1" 200 1745 "http://neo.dmcs.p.lodz.pl/inf5/06_07/4/indeks.html" "Mozilla/4.0 (compatible; MSIE 7.0; Windows NT 5.1; Trident/4.0; MyIE2; GTB5; Orange 8.0; NaviWoo2.0; .NET CLR 1.1.4322)" "-"
82.122.193.234 - - [11/Oct/2009:18:22:30 +0200] "GET /inf5/06_07/4/maquillage.jpg HTTP/1.1" 200 2238 "http://neo.dmcs.p.lodz.pl/inf5/06_07/4/indeks.html" "Mozilla/4.0 (compatible; MSIE 7.0; Windows NT 5.1; Trident/4.0; MyIE2; GTB5; Orange 8.0; NaviWoo2.0; .NET CLR 1.1.4322)" "-"
82.122.193.234 - - [11/Oct/2009:18:22:31 +0200] "GET /inf5/06_07/4/coiffure.jpg HTTP/1.1" 200 1822 "http://neo.dmcs.p.lodz.pl/inf5/06_07/4/indeks.html" "Mozilla/4.0 (compatible; MSIE 7.0; Windows NT 5.1; Trident/4.0; MyIE2; GTB5; Orange 8.0; NaviWoo2.0; .NET CLR 1.1.4322)" "-"
82.122.193.234 - - [11/Oct/2009:18:22:31 +0200] "GET /inf5/06_07/4/chaussures.jpg HTTP/1.1" 200 2209 "http://neo.dmcs.p.lodz.pl/inf5/06_07/4/indeks.html" "Mozilla/4.0 (compatible; MSIE 7.0; Windows NT 5.1; Trident/4.0; MyIE2; GTB5; Orange 8.0; NaviWoo2.0; .NET CLR 1.1.4322)" "-"
82.122.193.234 - - [11/Oct/2009:18:22:31 +0200] "GET /inf5/06_07/4/obi.jpg HTTP/1.1" 200 1056 "http://neo.dmcs.p.lodz.pl/inf5/06_07/4/indeks.html" "Mozilla/4.0 (compatible; MSIE 7.0; Windows NT 5.1; Trident/4.0; MyIE2; GTB5; Orange 8.0; NaviWoo2.0; .NET CLR 1.1.4322)" "-"
82.122.193.234 - - [11/Oct/2009:18:22:31 +0200] "GET /inf5/06_07/4/kimono.jpg HTTP/1.1" 200 1534 "http://neo.dmcs.p.lodz.pl/inf5/06_07/4/indeks.html" "Mozilla/4.0 (compatible; MSIE 7.0; Windows NT 5.1; Trident/4.0; MyIE2; GTB5; Orange 8.0; NaviWoo2.0; .NET CLR 1.1.4322)" "-"
82.122.193.234 - - [11/Oct/2009:18:22:31 +0200] "GET /inf5/06_07/4/danse.jpg HTTP/1.1" 200 1437 "http://neo.dmcs.p.lodz.pl/inf5/06_07/4/indeks.html" "Mozilla/4.0 (compatible; MSIE 7.0; Windows NT 5.1; Trident/4.0; MyIE2; GTB5; Orange 8.0; NaviWoo2.0; .NET CLR 1.1.4322)" "-"
82.122.193.234 - - [11/Oct/2009:18:22:31 +0200] "GET /inf5/06_07/4/role.jpg HTTP/1.1" 200 1254 "http://neo.dmcs.p.lodz.pl/inf5/06_07/4/indeks.html" "Mozilla/4.0 (compatible; MSIE 7.0; Windows NT 5.1; Trident/4.0; MyIE2; GTB5; Orange 8.0; NaviWoo2.0; .NET CLR 1.1.4322)" "-"
82.122.193.234 - - [11/Oct/2009:18:22:31 +0200] "GET /inf5/06_07/4/accessoires.jpg HTTP/1.1" 200 2302 "http://neo.dmcs.p.lodz.pl/inf5/06_07/4/indeks.html" "Mozilla/4.0 (compatible; MSIE 7.0; Windows NT 5.1; Trident/4.0; MyIE2; GTB5; Orange 8.0; NaviWoo2.0; .NET CLR 1.1.4322)" "-"
82.122.193.234 - - [11/Oct/2009:18:22:31 +0200] "GET /inf5/06_07/4/musique.jpg HTTP/1.1" 200 1786 "http://neo.dmcs.p.lodz.pl/inf5/06_07/4/indeks.html" "Mozilla/4.0 (compatible; MSIE 7.0; Windows NT 5.1; Trident/4.0; MyIE2; GTB5; Orange 8.0; NaviWoo2.0; .NET CLR 1.1.4322)" "-"
82.122.193.234 - - [11/Oct/2009:18:22:31 +0200] "GET /inf5/06_07/4/grande%20soeur.jpg HTTP/1.1" 200 2540 "http://neo.dmcs.p.lodz.pl/inf5/06_07/4/indeks.html" "Mozilla/4.0 (compatible; MSIE 7.0; Windows NT 5.1; Trident/4.0; MyIE2; GTB5; Orange 8.0; NaviWoo2.0; .NET CLR 1.1.4322)" "-"
82.122.193.234 - - [11/Oct/2009:18:22:31 +0200] "GET /inf5/06_07/4/danna.jpg HTTP/1.1" 200 1432 "http://neo.dmcs.p.lodz.pl/inf5/06_07/4/indeks.html" "Mozilla/4.0 (compatible; MSIE 7.0; Windows NT 5.1; Trident/4.0; MyIE2; GTB5; Orange 8.0; NaviWoo2.0; .NET CLR 1.1.4322)" "-"
82.122.193.234 - - [11/Oct/2009:18:22:31 +0200] "GET /inf5/06_07/4/curiosites.jpg HTTP/1.1" 200 2131 "http://neo.dmcs.p.lodz.pl/inf5/06_07/4/indeks.html" "Mozilla/4.0 (compatible; MSIE 7.0; Windows NT 5.1; Trident/4.0; MyIE2; GTB5; Orange 8.0; NaviWoo2.0; .NET CLR 1.1.4322)" "-"
82.122.193.234 - - [11/Oct/2009:18:22:31 +0200] "GET /inf5/06_07/4/liens.jpg HTTP/1.1" 200 1269 "http://neo.dmcs.p.lodz.pl/inf5/06_07/4/indeks.html" "Mozilla/4.0 (compatible; MSIE 7.0; Windows NT 5.1; Trident/4.0; MyIE2; GTB5; Orange 8.0; NaviWoo2.0; .NET CLR 1.1.4322)" "-"
82.122.193.234 - - [11/Oct/2009:18:22:31 +0200] "GET /inf5/06_07/4/bienvenu.jpg HTTP/1.1" 200 3369 "http://neo.dmcs.p.lodz.pl/inf5/06_07/4/indeks.html" "Mozilla/4.0 (compatible; MSIE 7.0; Windows NT 5.1; Trident/4.0; MyIE2; GTB5; Orange 8.0; NaviWoo2.0; .NET CLR 1.1.4322)" "-"
82.122.193.234 - - [11/Oct/2009:18:22:32 +0200] "GET /inf5/06_07/4/tapetka1.jpg HTTP/1.1" 200 64245 "http://neo.dmcs.p.lodz.pl/inf5/06_07/4/indeks.html" "Mozilla/4.0 (compatible; MSIE 7.0; Windows NT 5.1; Trident/4.0; MyIE2; GTB5; Orange 8.0; NaviWoo2.0; .NET CLR 1.1.4322)" "-"
82.122.193.234 - - [11/Oct/2009:18:22:33 +0200] "GET /inf5/06_07/4/sayuri.jpg HTTP/1.1" 200 125430 "http://neo.dmcs.p.lodz.pl/inf5/06_07/4/indeks.html" "Mozilla/4.0 (compatible; MSIE 7.0; Windows NT 5.1; Trident/4.0; MyIE2; GTB5; Orange 8.0; NaviWoo2.0; .NET CLR 1.1.4322)" "-"
153.19.210.159 - - [11/Oct/2009:18:22:33 +0200] "HEAD /favicon.ico HTTP/1.1" 404 0 "-" "Mozilla/5.0 (X11; U; Linux i686; pl; rv:1.9.1.3) Gecko/20090824 Firefox/3.5.3" "-"
114.69.224.106 - - [11/Oct/2009:18:22:35 +0200] "GET /oom/ex7.pdf HTTP/1.1" 200 15716 "http://www.google.co.in/search?hl=en&q=deployment+diagram+for+atm&start=10&sa=N" "Mozilla/4.0 (compatible; MSIE 6.0; Windows NT 5.1; SV1; .NET CLR 1.1.4322; .NET CLR 2.0.50727; .NET CLR 3.0.4506.2152; .NET CLR 3.5.30729; 9799054903)" "-"
114.69.224.106 - - [11/Oct/2009:18:22:36 +0200] "GET /oom/ex7.pdf HTTP/1.1" 206 47985 "-" "Mozilla/4.0 (compatible; MSIE 6.0; Windows NT 5.1; SV1; .NET CLR 1.1.4322; .NET CLR 2.0.50727; .NET CLR 3.0.4506.2152; .NET CLR 3.5.30729; 9799054903)" "-"
217.113.225.9 - - [11/Oct/2009:18:22:40 +0200] "GET /smcr/wyklady_dm/SMCR1_2009.pdf HTTP/1.1" 206 3060509 "-" "Mozilla/5.0 (Windows; U; Windows NT 5.1; pl; rv:1.9.1.3) Gecko/20090824 Firefox/3.5.3" "-"
83.8.126.241 - - [11/Oct/2009:18:24:20 +0200] "GET /mikromaszyny/index.html HTTP/1.1" 200 2856 "http://www.google.pl/search?hl=pl&client=firefox-a&rls=org.mozilla%3Apl%3Aofficial&q=mikromaszyny&btnG=Szukaj&lr=" "Mozilla/5.0 (Windows; U; Windows NT 5.1; pl; rv:1.9.0.14) Gecko/2009082707 Firefox/3.0.14" "-"
83.8.126.241 - - [11/Oct/2009:18:24:20 +0200] "GET /mikromaszyny/css/structure.css HTTP/1.1" 200 2706 "http://neo.dmcs.p.lodz.pl/mikromaszyny/index.html" "Mozilla/5.0 (Windows; U; Windows NT 5.1; pl; rv:1.9.0.14) Gecko/2009082707 Firefox/3.0.14" "-"
83.8.126.241 - - [11/Oct/2009:18:24:20 +0200] "GET /mikromaszyny/css/style.css HTTP/1.1" 200 816 "http://neo.dmcs.p.lodz.pl/mikromaszyny/index.html" "Mozilla/5.0 (Windows; U; Windows NT 5.1; pl; rv:1.9.0.14) Gecko/2009082707 Firefox/3.0.14" "-"
83.8.126.241 - - [11/Oct/2009:18:24:20 +0200] "GET /mikromaszyny/css/text.css HTTP/1.1" 200 2552 "http://neo.dmcs.p.lodz.pl/mikromaszyny/index.html" "Mozilla/5.0 (Windows; U; Windows NT 5.1; pl; rv:1.9.0.14) Gecko/2009082707 Firefox/3.0.14" "-"
83.8.126.241 - - [11/Oct/2009:18:24:20 +0200] "GET /mikromaszyny/css/dot.gif HTTP/1.1" 200 292 "http://neo.dmcs.p.lodz.pl/mikromaszyny/css/text.css" "Mozilla/5.0 (Windows; U; Windows NT 5.1; pl; rv:1.9.0.14) Gecko/2009082707 Firefox/3.0.14" "-"
83.8.126.241 - - [11/Oct/2009:18:24:20 +0200] "GET /favicon.ico HTTP/1.1" 404 292 "-" "Mozilla/5.0 (Windows; U; Windows NT 5.1; pl; rv:1.9.0.14) Gecko/2009082707 Firefox/3.0.14" "-"
83.8.126.241 - - [11/Oct/2009:18:24:21 +0200] "GET /favicon.ico HTTP/1.1" 404 292 "-" "Mozilla/5.0 (Windows; U; Windows NT 5.1; pl; rv:1.9.0.14) Gecko/2009082707 Firefox/3.0.14" "-"
66.249.65.212 - - [11/Oct/2009:18:24:35 +0200] "GET /isbd/php/doc/polish_many/function.strrpos.html HTTP/1.1" 200 4023 "-" "Mozilla/5.0 (compatible; Googlebot/2.1; +http://www.google.com/bot.html)" "-"
83.8.126.241 - - [11/Oct/2009:18:24:42 +0200] "GET /mikromaszyny/01_wstep_mikromaszyny_pop.pdf HTTP/1.1" 200 194004 "http://neo.dmcs.p.lodz.pl/mikromaszyny/index.html" "Mozilla/5.0 (Windows; U; Windows NT 5.1; pl; rv:1.9.0.14) Gecko/2009082707 Firefox/3.0.14" "-"
83.8.126.241 - - [11/Oct/2009:18:24:43 +0200] "GET /mikromaszyny/01_wstep_mikromaszyny_pop.pdf HTTP/1.1" 206 244367 "-" "Mozilla/5.0 (Windows; U; Windows NT 5.1; pl; rv:1.9.0.14) Gecko/2009082707 Firefox/3.0.14" "-"
217.113.228.92 - - [11/Oct/2009:18:25:46 +0200] "GET /poe/Laboratorium/cwiczenie3.pdf HTTP/1.1" 200 58055 "http://neo.dmcs.pl/poe/index.html" "Mozilla/5.0 (Windows; U; Windows NT 5.1; pl; rv:1.9.1.3) Gecko/20090824 Firefox/3.5.3 (.NET CLR 3.5.30729)" "-"
217.113.228.92 - - [11/Oct/2009:18:25:46 +0200] "GET /poe/Laboratorium/cwiczenie3.pdf HTTP/1.1" 206 63724 "-" "Mozilla/5.0 (Windows; U; Windows NT 5.1; pl; rv:1.9.1.3) Gecko/20090824 Firefox/3.5.3 (.NET CLR 3.5.30729)" "-"
78.8.140.63 - - [11/Oct/2009:18:26:15 +0200] "GET /~spcsym/html/PSPICE_opis_files/image001.gif HTTP/1.1" 200 2851 "http://neo.dmcs.p.lodz.pl/~spcsym/html/PSPICE_opis.html" "Mozilla/5.0 (Windows; U; Windows NT 5.1; pl; rv:1.9.1.3) Gecko/20090824 Firefox/3.5.3" "-"
78.8.140.63 - - [11/Oct/2009:18:26:15 +0200] "GET /~spcsym/html/PSPICE_opis_files/image002.gif HTTP/1.1" 200 520 "http://neo.dmcs.p.lodz.pl/~spcsym/html/PSPICE_opis.html" "Mozilla/5.0 (Windows; U; Windows NT 5.1; pl; rv:1.9.1.3) Gecko/20090824 Firefox/3.5.3" "-"
78.8.140.63 - - [11/Oct/2009:18:26:15 +0200] "GET /~spcsym/html/PSPICE_opis_files/image003.gif HTTP/1.1" 200 447 "http://neo.dmcs.p.lodz.pl/~spcsym/html/PSPICE_opis.html" "Mozilla/5.0 (Windows; U; Windows NT 5.1; pl; rv:1.9.1.3) Gecko/20090824 Firefox/3.5.3" "-"
78.8.140.63 - - [11/Oct/2009:18:26:15 +0200] "GET /~spcsym/html/PSPICE_opis_files/image004.gif HTTP/1.1" 200 435 "http://neo.dmcs.p.lodz.pl/~spcsym/html/PSPICE_opis.html" "Mozilla/5.0 (Windows; U; Windows NT 5.1; pl; rv:1.9.1.3) Gecko/20090824 Firefox/3.5.3" "-"
78.8.140.63 - - [11/Oct/2009:18:26:15 +0200] "GET /~spcsym/html/PSPICE_opis_files/image005.gif HTTP/1.1" 200 620 "http://neo.dmcs.p.lodz.pl/~spcsym/html/PSPICE_opis.html" "Mozilla/5.0 (Windows; U; Windows NT 5.1; pl; rv:1.9.1.3) Gecko/20090824 Firefox/3.5.3" "-"
78.8.140.63 - - [11/Oct/2009:18:26:15 +0200] "GET /~spcsym/html/PSPICE_opis_files/image006.gif HTTP/1.1" 200 512 "http://neo.dmcs.p.lodz.pl/~spcsym/html/PSPICE_opis.html" "Mozilla/5.0 (Windows; U; Windows NT 5.1; pl; rv:1.9.1.3) Gecko/20090824 Firefox/3.5.3" "-"
78.8.140.63 - - [11/Oct/2009:18:26:15 +0200] "GET /~spcsym/html/PSPICE_opis.html HTTP/1.1" 200 93896 "http://www.google.pl/search?q=dioda+pspice&ie=utf-8&oe=utf-8&aq=t&rls=org.mozilla:pl:official&client=firefox-a" "Mozilla/5.0 (Windows; U; Windows NT 5.1; pl; rv:1.9.1.3) Gecko/20090824 Firefox/3.5.3" "-"
78.8.140.63 - - [11/Oct/2009:18:26:15 +0200] "GET /~spcsym/html/PSPICE_opis_files/image007.gif HTTP/1.1" 200 618 "http://neo.dmcs.p.lodz.pl/~spcsym/html/PSPICE_opis.html" "Mozilla/5.0 (Windows; U; Windows NT 5.1; pl; rv:1.9.1.3) Gecko/20090824 Firefox/3.5.3" "-"
78.8.140.63 - - [11/Oct/2009:18:26:15 +0200] "GET /~spcsym/html/PSPICE_opis_files/image008.gif HTTP/1.1" 200 597 "http://neo.dmcs.p.lodz.pl/~spcsym/html/PSPICE_opis.html" "Mozilla/5.0 (Windows; U; Windows NT 5.1; pl; rv:1.9.1.3) Gecko/20090824 Firefox/3.5.3" "-"
78.8.140.63 - - [11/Oct/2009:18:26:15 +0200] "GET /~spcsym/html/PSPICE_opis_files/image009.gif HTTP/1.1" 200 643 "http://neo.dmcs.p.lodz.pl/~spcsym/html/PSPICE_opis.html" "Mozilla/5.0 (Windows; U; Windows NT 5.1; pl; rv:1.9.1.3) Gecko/20090824 Firefox/3.5.3" "-"
78.8.140.63 - - [11/Oct/2009:18:26:15 +0200] "GET /~spcsym/html/PSPICE_opis_files/image010.gif HTTP/1.1" 200 622 "http://neo.dmcs.p.lodz.pl/~spcsym/html/PSPICE_opis.html" "Mozilla/5.0 (Windows; U; Windows NT 5.1; pl; rv:1.9.1.3) Gecko/20090824 Firefox/3.5.3" "-"
78.8.140.63 - - [11/Oct/2009:18:26:16 +0200] "GET /~spcsym/html/PSPICE_opis_files/image011.gif HTTP/1.1" 200 468 "http://neo.dmcs.p.lodz.pl/~spcsym/html/PSPICE_opis.html" "Mozilla/5.0 (Windows; U; Windows NT 5.1; pl; rv:1.9.1.3) Gecko/20090824 Firefox/3.5.3" "-"
78.8.140.63 - - [11/Oct/2009:18:26:16 +0200] "GET /~spcsym/html/PSPICE_opis_files/image012.gif HTTP/1.1" 200 293 "http://neo.dmcs.p.lodz.pl/~spcsym/html/PSPICE_opis.html" "Mozilla/5.0 (Windows; U; Windows NT 5.1; pl; rv:1.9.1.3) Gecko/20090824 Firefox/3.5.3" "-"
78.8.140.63 - - [11/Oct/2009:18:26:16 +0200] "GET /~spcsym/html/PSPICE_opis_files/image013.gif HTTP/1.1" 200 264 "http://neo.dmcs.p.lodz.pl/~spcsym/html/PSPICE_opis.html" "Mozilla/5.0 (Windows; U; Windows NT 5.1; pl; rv:1.9.1.3) Gecko/20090824 Firefox/3.5.3" "-"
78.8.140.63 - - [11/Oct/2009:18:26:16 +0200] "GET /~spcsym/html/PSPICE_opis_files/image014.gif HTTP/1.1" 200 334 "http://neo.dmcs.p.lodz.pl/~spcsym/html/PSPICE_opis.html" "Mozilla/5.0 (Windows; U; Windows NT 5.1; pl; rv:1.9.1.3) Gecko/20090824 Firefox/3.5.3" "-"
78.8.140.63 - - [11/Oct/2009:18:26:16 +0200] "GET /~spcsym/html/PSPICE_opis_files/image015.gif HTTP/1.1" 200 341 "http://neo.dmcs.p.lodz.pl/~spcsym/html/PSPICE_opis.html" "Mozilla/5.0 (Windows; U; Windows NT 5.1; pl; rv:1.9.1.3) Gecko/20090824 Firefox/3.5.3" "-"
78.8.140.63 - - [11/Oct/2009:18:26:16 +0200] "GET /~spcsym/html/PSPICE_opis_files/image016.gif HTTP/1.1" 200 2093 "http://neo.dmcs.p.lodz.pl/~spcsym/html/PSPICE_opis.html" "Mozilla/5.0 (Windows; U; Windows NT 5.1; pl; rv:1.9.1.3) Gecko/20090824 Firefox/3.5.3" "-"
78.8.140.63 - - [11/Oct/2009:18:26:16 +0200] "GET /~spcsym/html/PSPICE_opis_files/image017.gif HTTP/1.1" 200 2786 "http://neo.dmcs.p.lodz.pl/~spcsym/html/PSPICE_opis.html" "Mozilla/5.0 (Windows; U; Windows NT 5.1; pl; rv:1.9.1.3) Gecko/20090824 Firefox/3.5.3" "-"
78.8.140.63 - - [11/Oct/2009:18:26:17 +0200] "GET /favicon.ico HTTP/1.1" 404 292 "-" "Mozilla/5.0 (Windows; U; Windows NT 5.1; pl; rv:1.9.1.3) Gecko/20090824 Firefox/3.5.3" "-"
78.8.140.63 - - [11/Oct/2009:18:26:20 +0200] "GET /favicon.ico HTTP/1.1" 404 292 "-" "Mozilla/5.0 (Windows; U; Windows NT 5.1; pl; rv:1.9.1.3) Gecko/20090824 Firefox/3.5.3" "-"
66.249.65.212 - - [11/Oct/2009:18:26:34 +0200] "GET /isbd/php/doc/polish_many/function.pi.html HTTP/1.1" 200 2809 "-" "Mozilla/5.0 (compatible; Googlebot/2.1; +http://www.google.com/bot.html)" "-"
217.113.228.92 - - [11/Oct/2009:18:27:06 +0200] "GET /poe/Wyklad/wyklad.pdf HTTP/1.1" 200 39074 "http://neo.dmcs.pl/poe/index.html" "Mozilla/5.0 (Windows; U; Windows NT 5.1; pl; rv:1.9.1.3) Gecko/20090824 Firefox/3.5.3 (.NET CLR 3.5.30729)" "-"
217.113.228.92 - - [11/Oct/2009:18:27:06 +0200] "GET /poe/Wyklad/wyklad.pdf HTTP/1.1" 206 276832 "-" "Mozilla/5.0 (Windows; U; Windows NT 5.1; pl; rv:1.9.1.3) Gecko/20090824 Firefox/3.5.3 (.NET CLR 3.5.30729)" "-"
66.249.65.212 - - [11/Oct/2009:18:27:14 +0200] "GET /isbd/php/doc/polish_many/function.dblist.html HTTP/1.1" 304 - "-" "Mozilla/5.0 (compatible; Googlebot/2.1; +http://www.google.com/bot.html)" "-"
217.113.228.92 - - [11/Oct/2009:18:27:26 +0200] "GET /poe/Wyklad/wyklad.pdf HTTP/1.1" 200 287959 "http://neo.dmcs.pl/poe/index.html" "Mozilla/5.0 (Windows; U; Windows NT 5.1; pl; rv:1.9.1.3) Gecko/20090824 Firefox/3.5.3 (.NET CLR 3.5.30729)" "-"
83.8.126.241 - - [11/Oct/2009:18:27:59 +0200] "GET /mikromaszyny/02_czujniki_termiczne.pdf HTTP/1.1" 206 4312 "-" "Mozilla/5.0 (Windows; U; Windows NT 5.1; pl; rv:1.9.0.14) Gecko/2009082707 Firefox/3.0.14" "-"
83.8.126.241 - - [11/Oct/2009:18:27:59 +0200] "GET /mikromaszyny/02_czujniki_termiczne.pdf HTTP/1.1" 200 98018 "http://neo.dmcs.p.lodz.pl/mikromaszyny/index.html" "Mozilla/5.0 (Windows; U; Windows NT 5.1; pl; rv:1.9.0.14) Gecko/2009082707 Firefox/3.0.14" "-"
83.8.126.241 - - [11/Oct/2009:18:28:09 +0200] "GET /mikromaszyny/02_czujniki_termiczne.pdf HTTP/1.1" 206 1216842 "-" "Mozilla/5.0 (Windows; U; Windows NT 5.1; pl; rv:1.9.0.14) Gecko/2009082707 Firefox/3.0.14" "-"
83.9.139.51 - - [11/Oct/2009:18:28:23 +0200] "GET /io5z/io5z_wykl.pdf HTTP/1.1" 200 67814 "http://www.google.pl/search?hl=pl&client=firefox-a&rls=org.mozilla%3Apl%3Aofficial&hs=ej1&q=somerville+in%C5%BCynieria+oprogramowania+ebook&btnG=Szukaj&lr=" "Mozilla/5.0 (Windows; U; Windows NT 5.1; pl; rv:1.9.0.14) Gecko/2009082707 Firefox/3.0.14" "-"
83.9.139.51 - - [11/Oct/2009:18:28:26 +0200] "GET /io5z/io5z_wykl.pdf HTTP/1.1" 206 247775 "-" "Mozilla/5.0 (Windows; U; Windows NT 5.1; pl; rv:1.9.0.14) Gecko/2009082707 Firefox/3.0.14" "-"
83.9.139.51 - - [11/Oct/2009:18:28:27 +0200] "GET /favicon.ico HTTP/1.1" 404 292 "-" "Mozilla/5.0 (Windows; U; Windows NT 5.1; pl; rv:1.9.0.14) Gecko/2009082707 Firefox/3.0.14" "-"
83.9.139.51 - - [11/Oct/2009:18:28:30 +0200] "GET /favicon.ico HTTP/1.1" 404 292 "-" "Mozilla/5.0 (Windows; U; Windows NT 5.1; pl; rv:1.9.0.14) Gecko/2009082707 Firefox/3.0.14" "-"
82.160.224.21 - - [11/Oct/2009:18:28:45 +0200] "GET /rso/rso1.pdf HTTP/1.1" 200 529208 "http://neo.dmcs.p.lodz.pl/rso/index.html" "Mozilla/5.0 (X11; U; Linux i686; pl-PL; rv:1.9.0.10) Gecko/2009042523 Ubuntu/9.04 (jaunty) Firefox/3.0.10" "-"
80.53.216.146 - - [11/Oct/2009:18:28:50 +0200] "GET /kpuesz/kpue-sz_wykl-1_notatki.pdf HTTP/1.1" 200 382417 "http://szukaj.onet.pl/query.html?qt=symulator+obwod%F3w+elektrycznych" "Mozilla/4.0 (compatible; MSIE 6.0; Windows NT 5.1; SV1)" "-"
81.219.69.24 - - [11/Oct/2009:18:28:59 +0200] "GET /mjp4/2003/scrabble/ins.html HTTP/1.1" 200 3195 "http://www.google.pl/search?hl=pl&source=hp&fkt=3125&fsdt=15312&q=scrabble+instrukcjia+gry&lr=&aq=f&oq=" "Mozilla/4.0 (compatible; MSIE 8.0; Windows NT 6.1; Trident/4.0; SLCC2; .NET CLR 2.0.50727; .NET CLR 3.5.30729; .NET CLR 3.0.30729; Media Center PC 6.0)" "-"
81.219.69.24 - - [11/Oct/2009:18:28:59 +0200] "GET /mjp4/2003/scrabble/1.jpg HTTP/1.1" 200 12413 "http://neo.dmcs.p.lodz.pl/mjp4/2003/scrabble/ins.html" "Mozilla/4.0 (compatible; MSIE 8.0; Windows NT 6.1; Trident/4.0; SLCC2; .NET CLR 2.0.50727; .NET CLR 3.5.30729; .NET CLR 3.0.30729; Media Center PC 6.0)" "-"
81.219.69.24 - - [11/Oct/2009:18:29:01 +0200] "GET /mjp4/2003/scrabble/2.jpg HTTP/1.1" 200 73410 "http://neo.dmcs.p.lodz.pl/mjp4/2003/scrabble/ins.html" "Mozilla/4.0 (compatible; MSIE 8.0; Windows NT 6.1; Trident/4.0; SLCC2; .NET CLR 2.0.50727; .NET CLR 3.5.30729; .NET CLR 3.0.30729; Media Center PC 6.0)" "-"
81.219.69.24 - - [11/Oct/2009:18:29:01 +0200] "GET /favicon.ico HTTP/1.1" 404 292 "-" "Mozilla/4.0 (compatible; MSIE 8.0; Windows NT 6.1; Trident/4.0; SLCC2; .NET CLR 2.0.50727; .NET CLR 3.5.30729; .NET CLR 3.0.30729; Media Center PC 6.0)" "-"
83.26.66.33 - - [11/Oct/2009:18:29:09 +0200] "GET /smcr/wyklady_dm/SMCR9_2009.pdf HTTP/1.1" 200 5976303 "http://www.google.pl/search?hl=pl&client=firefox-a&channel=s&rls=org.mozilla%3Apl%3Aofficial&q=ethernet+mii+standard&btnG=Szukaj&lr=" "Mozilla/5.0 (Windows; U; Windows NT 5.1; pl; rv:1.9.1.3) Gecko/20090824 Firefox/3.5.3" "-"
195.74.48.3 - - [11/Oct/2009:18:30:29 +0200] "GET /images/back.jpg HTTP/1.0" 404 284 "http://neo.dmcs.p.lodz.pl/" "Opera/9.80 (Windows NT 6.1; U; pl) Presto/2.2.15 Version/10.00" "-"
195.74.48.3 - - [11/Oct/2009:18:30:29 +0200] "GET /favicon.ico HTTP/1.0" 404 280 "http://neo.dmcs.p.lodz.pl/" "Opera/9.80 (Windows NT 6.1; U; pl) Presto/2.2.15 Version/10.00" "-"
195.74.48.3 - - [11/Oct/2009:18:30:39 +0200] "GET /pium HTTP/1.0" 301 296 "-" "Opera/9.80 (Windows NT 6.1; U; pl) Presto/2.2.15 Version/10.00" "-"
195.74.48.3 - - [11/Oct/2009:18:30:39 +0200] "GET /pium/ HTTP/1.0" 200 12696 "-" "Opera/9.80 (Windows NT 6.1; U; pl) Presto/2.2.15 Version/10.00" "-"
195.74.48.3 - - [11/Oct/2009:18:30:39 +0200] "GET /pium/style.css HTTP/1.0" 304 - "http://neo.dmcs.pl/pium/" "Opera/9.80 (Windows NT 6.1; U; pl) Presto/2.2.15 Version/10.00" "-"
195.74.48.3 - - [11/Oct/2009:18:30:39 +0200] "GET /favicon.ico HTTP/1.0" 404 273 "http://neo.dmcs.pl/pium/" "Opera/9.80 (Windows NT 6.1; U; pl) Presto/2.2.15 Version/10.00" "-"
83.25.231.15 - - [11/Oct/2009:18:30:40 +0200] "GET /kpuesz/kpue-sz_wykl-67_notatki.pdf HTTP/1.1" 200 1378751 "http://www.google.pl/search?client=opera&rls=pl&q=pspice+diode+model&sourceid=opera&ie=utf-8&oe=utf-8" "Opera/9.80 (Windows NT 6.0; U; pl) Presto/2.2.15 Version/10.00" "-"
149.156.124.14 - - [11/Oct/2009:18:30:44 +0200] "GET /kpuesz/kpue-sz_wykl-67_notatki.pdf HTTP/1.0" 200 1378751 "http://www.google.pl/search?q=spice+deklaracja+MOSFET&ie=utf-8&oe=utf-8&aq=t&rls=org.mozilla:pl:official&client=firefox-a" "Mozilla/5.0 (Windows; U; Windows NT 5.1; pl; rv:1.9.0.14) Gecko/2009082707 Firefox/3.0.14 (.NET CLR 3.5.30729)" "-"
80.54.115.238 - - [11/Oct/2009:18:30:47 +0200] "GET / HTTP/1.1" 200 8370 "-" "Mozilla/5.0 (Windows; U; Windows NT 6.0; pl; rv:1.9.1.3) Gecko/20090824 Firefox/3.5.3 (.NET CLR 3.5.30729)" "-"
80.54.115.238 - - [11/Oct/2009:18:30:47 +0200] "GET /style.css HTTP/1.1" 200 2000 "http://neo.dmcs.p.lodz.pl/" "Mozilla/5.0 (Windows; U; Windows NT 6.0; pl; rv:1.9.1.3) Gecko/20090824 Firefox/3.5.3 (.NET CLR 3.5.30729)" "-"
80.54.115.238 - - [11/Oct/2009:18:30:47 +0200] "GET /images/back.jpg HTTP/1.1" 404 296 "http://neo.dmcs.p.lodz.pl/" "Mozilla/5.0 (Windows; U; Windows NT 6.0; pl; rv:1.9.1.3) Gecko/20090824 Firefox/3.5.3 (.NET CLR 3.5.30729)" "-"
195.74.48.3 - - [11/Oct/2009:18:30:48 +0200] "GET /pium/index.php?strona=10&jezyk=0 HTTP/1.0" 200 6260 "http://neo.dmcs.pl/pium/" "Opera/9.80 (Windows NT 6.1; U; pl) Presto/2.2.15 Version/10.00" "-"
80.54.115.238 - - [11/Oct/2009:18:30:50 +0200] "GET /favicon.ico HTTP/1.1" 404 292 "-" "Mozilla/5.0 (Windows; U; Windows NT 6.0; pl; rv:1.9.1.3) Gecko/20090824 Firefox/3.5.3 (.NET CLR 3.5.30729)" "-"
80.54.115.238 - - [11/Oct/2009:18:30:53 +0200] "GET /favicon.ico HTTP/1.1" 404 292 "-" "Mozilla/5.0 (Windows; U; Windows NT 6.0; pl; rv:1.9.1.3) Gecko/20090824 Firefox/3.5.3 (.NET CLR 3.5.30729)" "-"
80.54.115.238 - - [11/Oct/2009:18:31:02 +0200] "GET /mn/index.html HTTP/1.1" 200 758 "http://neo.dmcs.p.lodz.pl/" "Mozilla/5.0 (Windows; U; Windows NT 6.0; pl; rv:1.9.1.3) Gecko/20090824 Firefox/3.5.3 (.NET CLR 3.5.30729)" "-"
80.54.115.238 - - [11/Oct/2009:18:31:02 +0200] "GET /images/back.jpg HTTP/1.1" 404 296 "http://neo.dmcs.p.lodz.pl/mn/index.html" "Mozilla/5.0 (Windows; U; Windows NT 6.0; pl; rv:1.9.1.3) Gecko/20090824 Firefox/3.5.3 (.NET CLR 3.5.30729)" "-"
195.74.48.3 - - [11/Oct/2009:18:31:09 +0200] "GET /pium/instrukcje/pium_2_5-2.pdf HTTP/1.0" 200 887987 "http://neo.dmcs.pl/pium/index.php?strona=10&jezyk=0" "Opera/9.80 (Windows NT 6.1; U; pl) Presto/2.2.15 Version/10.00" "-"
79.139.87.113 - - [11/Oct/2009:18:31:11 +0200] "GET / HTTP/1.1" 200 8370 "http://dmcs.p.lodz.pl/" "Mozilla/5.0 (Windows; U; Windows NT 5.1; pl-PL; rv:1.9.1.3) Gecko/20090824 Firefox/3.0.6;" "-"
79.139.87.113 - - [11/Oct/2009:18:31:12 +0200] "GET /style.css HTTP/1.1" 200 2000 "http://neo.dmcs.p.lodz.pl/" "Mozilla/5.0 (Windows; U; Windows NT 5.1; pl-PL; rv:1.9.1.3) Gecko/20090824 Firefox/3.0.6;" "-"
79.139.87.113 - - [11/Oct/2009:18:31:13 +0200] "GET /images/back.jpg HTTP/1.1" 404 296 "http://neo.dmcs.p.lodz.pl/" "Mozilla/5.0 (Windows; U; Windows NT 5.1; pl-PL; rv:1.9.1.3) Gecko/20090824 Firefox/3.0.6;" "-"
79.139.87.113 - - [11/Oct/2009:18:31:13 +0200] "GET /favicon.ico HTTP/1.1" 404 292 "-" "Mozilla/5.0 (Windows; U; Windows NT 5.1; pl-PL; rv:1.9.1.3) Gecko/20090824 Firefox/3.0.6;" "-"
79.139.87.113 - - [11/Oct/2009:18:31:16 +0200] "GET /favicon.ico HTTP/1.1" 404 292 "-" "Mozilla/5.0 (Windows; U; Windows NT 5.1; pl-PL; rv:1.9.1.3) Gecko/20090824 Firefox/3.0.6;" "-"
83.230.38.188 - - [11/Oct/2009:18:31:26 +0200] "GET /%7Eswierczu/aga_a2/left2.png HTTP/1.1" 200 4921 "http://www.allegro.pl/item755369822_naturalne_perly_naszyjnik_kolczyki_srebro_slubna.html" "Mozilla/4.0 (compatible; MSIE 6.0; Windows NT 5.1; SV1; .NET CLR 1.1.4322; .NET CLR 2.0.50727)" "-"
83.230.38.188 - - [11/Oct/2009:18:31:26 +0200] "GET /%7Eswierczu/aga_a2/left1.png HTTP/1.1" 200 5912 "http://www.allegro.pl/item755369822_naturalne_perly_naszyjnik_kolczyki_srebro_slubna.html" "Mozilla/4.0 (compatible; MSIE 6.0; Windows NT 5.1; SV1; .NET CLR 1.1.4322; .NET CLR 2.0.50727)" "-"
83.230.38.188 - - [11/Oct/2009:18:31:26 +0200] "GET /%7Eswierczu/aga_a2/left3.png HTTP/1.1" 200 3657 "http://www.allegro.pl/item755369822_naturalne_perly_naszyjnik_kolczyki_srebro_slubna.html" "Mozilla/4.0 (compatible; MSIE 6.0; Windows NT 5.1; SV1; .NET CLR 1.1.4322; .NET CLR 2.0.50727)" "-"
83.230.38.188 - - [11/Oct/2009:18:31:27 +0200] "GET /%7Eswierczu/aga_a2/head.png HTTP/1.1" 200 133688 "http://www.allegro.pl/item755369822_naturalne_perly_naszyjnik_kolczyki_srebro_slubna.html" "Mozilla/4.0 (compatible; MSIE 6.0; Windows NT 5.1; SV1; .NET CLR 1.1.4322; .NET CLR 2.0.50727)" "-"
83.230.38.188 - - [11/Oct/2009:18:31:27 +0200] "GET /~swierczu/aga_a2/left5.png HTTP/1.1" 200 3471 "http://www.allegro.pl/item755369822_naturalne_perly_naszyjnik_kolczyki_srebro_slubna.html" "Mozilla/4.0 (compatible; MSIE 6.0; Windows NT 5.1; SV1; .NET CLR 1.1.4322; .NET CLR 2.0.50727)" "-"
83.230.38.188 - - [11/Oct/2009:18:31:28 +0200] "GET /%7Eswierczu/aga_a2/left6.png HTTP/1.1" 200 74941 "http://www.allegro.pl/item755369822_naturalne_perly_naszyjnik_kolczyki_srebro_slubna.html" "Mozilla/4.0 (compatible; MSIE 6.0; Windows NT 5.1; SV1; .NET CLR 1.1.4322; .NET CLR 2.0.50727)" "-"
83.230.38.188 - - [11/Oct/2009:18:31:28 +0200] "GET /%7Eswierczu/aga_a2/left7.png HTTP/1.1" 200 7206 "http://www.allegro.pl/item755369822_naturalne_perly_naszyjnik_kolczyki_srebro_slubna.html" "Mozilla/4.0 (compatible; MSIE 6.0; Windows NT 5.1; SV1; .NET CLR 1.1.4322; .NET CLR 2.0.50727)" "-"
83.230.38.188 - - [11/Oct/2009:18:31:28 +0200] "GET /%7Eswierczu/aga_a2/left8.png HTTP/1.1" 200 4406 "http://www.allegro.pl/item755369822_naturalne_perly_naszyjnik_kolczyki_srebro_slubna.html" "Mozilla/4.0 (compatible; MSIE 6.0; Windows NT 5.1; SV1; .NET CLR 1.1.4322; .NET CLR 2.0.50727)" "-"
83.230.38.188 - - [11/Oct/2009:18:31:28 +0200] "GET /~swierczu/aga_a2/center.png HTTP/1.1" 200 85290 "http://www.allegro.pl/item755369822_naturalne_perly_naszyjnik_kolczyki_srebro_slubna.html" "Mozilla/4.0 (compatible; MSIE 6.0; Windows NT 5.1; SV1; .NET CLR 1.1.4322; .NET CLR 2.0.50727)" "-"
83.230.38.188 - - [11/Oct/2009:18:31:29 +0200] "GET /%7Eswierczu/aga_a2/left4.png HTTP/1.1" 200 57810 "http://www.allegro.pl/item755369822_naturalne_perly_naszyjnik_kolczyki_srebro_slubna.html" "Mozilla/4.0 (compatible; MSIE 6.0; Windows NT 5.1; SV1; .NET CLR 1.1.4322; .NET CLR 2.0.50727)" "-"
83.230.38.188 - - [11/Oct/2009:18:31:29 +0200] "GET /%7Eswierczu/aga_a2/right1.png HTTP/1.1" 200 50234 "http://www.allegro.pl/item755369822_naturalne_perly_naszyjnik_kolczyki_srebro_slubna.html" "Mozilla/4.0 (compatible; MSIE 6.0; Windows NT 5.1; SV1; .NET CLR 1.1.4322; .NET CLR 2.0.50727)" "-"
83.230.38.188 - - [11/Oct/2009:18:31:29 +0200] "GET /%7Eswierczu/aga_a2/right3.png HTTP/1.1" 200 662 "http://www.allegro.pl/item755369822_naturalne_perly_naszyjnik_kolczyki_srebro_slubna.html" "Mozilla/4.0 (compatible; MSIE 6.0; Windows NT 5.1; SV1; .NET CLR 1.1.4322; .NET CLR 2.0.50727)" "-"
83.230.38.188 - - [11/Oct/2009:18:31:29 +0200] "GET /~swierczu/aga_a2/right2.png HTTP/1.1" 200 28637 "http://www.allegro.pl/item755369822_naturalne_perly_naszyjnik_kolczyki_srebro_slubna.html" "Mozilla/4.0 (compatible; MSIE 6.0; Windows NT 5.1; SV1; .NET CLR 1.1.4322; .NET CLR 2.0.50727)" "-"
83.230.38.188 - - [11/Oct/2009:18:31:29 +0200] "GET /~swierczu/aga_a2/right4.png HTTP/1.1" 200 3444 "http://www.allegro.pl/item755369822_naturalne_perly_naszyjnik_kolczyki_srebro_slubna.html" "Mozilla/4.0 (compatible; MSIE 6.0; Windows NT 5.1; SV1; .NET CLR 1.1.4322; .NET CLR 2.0.50727)" "-"
83.230.38.188 - - [11/Oct/2009:18:31:29 +0200] "GET /%7Eswierczu/aga_a2/right5.png HTTP/1.1" 200 94525 "http://www.allegro.pl/item755369822_naturalne_perly_naszyjnik_kolczyki_srebro_slubna.html" "Mozilla/4.0 (compatible; MSIE 6.0; Windows NT 5.1; SV1; .NET CLR 1.1.4322; .NET CLR 2.0.50727)" "-"
87.205.206.128 - - [11/Oct/2009:18:31:42 +0200] "GET /pium/instrukcje/pium_2_5-2.pdf HTTP/1.1" 200 887987 "http://neo.dmcs.p.lodz.pl/pium/index.php?strona=10&jezyk=0" "Opera/9.64 (Windows NT 5.1; U; pl) Presto/2.1.1" "-"
79.139.87.113 - - [11/Oct/2009:18:31:45 +0200] "GET /ak/index.html HTTP/1.1" 200 1708 "http://neo.dmcs.p.lodz.pl/" "Mozilla/5.0 (Windows; U; Windows NT 5.1; pl-PL; rv:1.9.1.3) Gecko/20090824 Firefox/3.0.6;" "-"
79.139.87.113 - - [11/Oct/2009:18:31:45 +0200] "GET /images/back.jpg HTTP/1.1" 404 296 "http://neo.dmcs.p.lodz.pl/ak/index.html" "Mozilla/5.0 (Windows; U; Windows NT 5.1; pl-PL; rv:1.9.1.3) Gecko/20090824 Firefox/3.0.6;" "-"
80.54.115.238 - - [11/Oct/2009:18:32:03 +0200] "GET /mn/laboratorium.htm HTTP/1.1" 200 87559 "http://neo.dmcs.p.lodz.pl/mn/index.html" "Mozilla/5.0 (Windows; U; Windows NT 6.0; pl; rv:1.9.1.3) Gecko/20090824 Firefox/3.5.3 (.NET CLR 3.5.30729)" "-"
80.54.115.238 - - [11/Oct/2009:18:32:03 +0200] "GET /mn/laboratorium_files/image002.gif HTTP/1.1" 200 2557 "http://neo.dmcs.p.lodz.pl/mn/laboratorium.htm" "Mozilla/5.0 (Windows; U; Windows NT 6.0; pl; rv:1.9.1.3) Gecko/20090824 Firefox/3.5.3 (.NET CLR 3.5.30729)" "-"
80.54.115.238 - - [11/Oct/2009:18:32:03 +0200] "GET /mn/laboratorium_files/image004.gif HTTP/1.1" 200 491 "http://neo.dmcs.p.lodz.pl/mn/laboratorium.htm" "Mozilla/5.0 (Windows; U; Windows NT 6.0; pl; rv:1.9.1.3) Gecko/20090824 Firefox/3.5.3 (.NET CLR 3.5.30729)" "-"
80.54.115.238 - - [11/Oct/2009:18:32:03 +0200] "GET /mn/laboratorium_files/image006.gif HTTP/1.1" 200 365 "http://neo.dmcs.p.lodz.pl/mn/laboratorium.htm" "Mozilla/5.0 (Windows; U; Windows NT 6.0; pl; rv:1.9.1.3) Gecko/20090824 Firefox/3.5.3 (.NET CLR 3.5.30729)" "-"
80.54.115.238 - - [11/Oct/2009:18:32:03 +0200] "GET /mn/laboratorium_files/image008.gif HTTP/1.1" 200 524 "http://neo.dmcs.p.lodz.pl/mn/laboratorium.htm" "Mozilla/5.0 (Windows; U; Windows NT 6.0; pl; rv:1.9.1.3) Gecko/20090824 Firefox/3.5.3 (.NET CLR 3.5.30729)" "-"
80.54.115.238 - - [11/Oct/2009:18:32:03 +0200] "GET /mn/laboratorium_files/image010.gif HTTP/1.1" 200 802 "http://neo.dmcs.p.lodz.pl/mn/laboratorium.htm" "Mozilla/5.0 (Windows; U; Windows NT 6.0; pl; rv:1.9.1.3) Gecko/20090824 Firefox/3.5.3 (.NET CLR 3.5.30729)" "-"
80.54.115.238 - - [11/Oct/2009:18:32:03 +0200] "GET /mn/laboratorium_files/image012.gif HTTP/1.1" 200 2137 "http://neo.dmcs.p.lodz.pl/mn/laboratorium.htm" "Mozilla/5.0 (Windows; U; Windows NT 6.0; pl; rv:1.9.1.3) Gecko/20090824 Firefox/3.5.3 (.NET CLR 3.5.30729)" "-"
80.54.115.238 - - [11/Oct/2009:18:32:03 +0200] "GET /mn/laboratorium_files/image014.gif HTTP/1.1" 200 4171 "http://neo.dmcs.p.lodz.pl/mn/laboratorium.htm" "Mozilla/5.0 (Windows; U; Windows NT 6.0; pl; rv:1.9.1.3) Gecko/20090824 Firefox/3.5.3 (.NET CLR 3.5.30729)" "-"
80.54.115.238 - - [11/Oct/2009:18:32:03 +0200] "GET /mn/laboratorium_files/image016.gif HTTP/1.1" 200 512 "http://neo.dmcs.p.lodz.pl/mn/laboratorium.htm" "Mozilla/5.0 (Windows; U; Windows NT 6.0; pl; rv:1.9.1.3) Gecko/20090824 Firefox/3.5.3 (.NET CLR 3.5.30729)" "-"
80.54.115.238 - - [11/Oct/2009:18:32:03 +0200] "GET /mn/laboratorium_files/image018.gif HTTP/1.1" 200 650 "http://neo.dmcs.p.lodz.pl/mn/laboratorium.htm" "Mozilla/5.0 (Windows; U; Windows NT 6.0; pl; rv:1.9.1.3) Gecko/20090824 Firefox/3.5.3 (.NET CLR 3.5.30729)" "-"
80.54.115.238 - - [11/Oct/2009:18:32:03 +0200] "GET /mn/laboratorium_files/image020.gif HTTP/1.1" 200 2140 "http://neo.dmcs.p.lodz.pl/mn/laboratorium.htm" "Mozilla/5.0 (Windows; U; Windows NT 6.0; pl; rv:1.9.1.3) Gecko/20090824 Firefox/3.5.3 (.NET CLR 3.5.30729)" "-"
80.54.115.238 - - [11/Oct/2009:18:32:03 +0200] "GET /mn/laboratorium_files/image022.gif HTTP/1.1" 200 409 "http://neo.dmcs.p.lodz.pl/mn/laboratorium.htm" "Mozilla/5.0 (Windows; U; Windows NT 6.0; pl; rv:1.9.1.3) Gecko/20090824 Firefox/3.5.3 (.NET CLR 3.5.30729)" "-"
80.54.115.238 - - [11/Oct/2009:18:32:03 +0200] "GET /mn/laboratorium_files/image024.gif HTTP/1.1" 200 1233 "http://neo.dmcs.p.lodz.pl/mn/laboratorium.htm" "Mozilla/5.0 (Windows; U; Windows NT 6.0; pl; rv:1.9.1.3) Gecko/20090824 Firefox/3.5.3 (.NET CLR 3.5.30729)" "-"
80.54.115.238 - - [11/Oct/2009:18:32:03 +0200] "GET /mn/laboratorium_files/image026.gif HTTP/1.1" 200 404 "http://neo.dmcs.p.lodz.pl/mn/laboratorium.htm" "Mozilla/5.0 (Windows; U; Windows NT 6.0; pl; rv:1.9.1.3) Gecko/20090824 Firefox/3.5.3 (.NET CLR 3.5.30729)" "-"
80.54.115.238 - - [11/Oct/2009:18:32:03 +0200] "GET /mn/laboratorium_files/image028.gif HTTP/1.1" 200 782 "http://neo.dmcs.p.lodz.pl/mn/laboratorium.htm" "Mozilla/5.0 (Windows; U; Windows NT 6.0; pl; rv:1.9.1.3) Gecko/20090824 Firefox/3.5.3 (.NET CLR 3.5.30729)" "-"
80.54.115.238 - - [11/Oct/2009:18:32:03 +0200] "GET /mn/laboratorium_files/image030.gif HTTP/1.1" 200 2551 "http://neo.dmcs.p.lodz.pl/mn/laboratorium.htm" "Mozilla/5.0 (Windows; U; Windows NT 6.0; pl; rv:1.9.1.3) Gecko/20090824 Firefox/3.5.3 (.NET CLR 3.5.30729)" "-"
80.54.115.238 - - [11/Oct/2009:18:32:03 +0200] "GET /mn/laboratorium_files/image032.gif HTTP/1.1" 200 926 "http://neo.dmcs.p.lodz.pl/mn/laboratorium.htm" "Mozilla/5.0 (Windows; U; Windows NT 6.0; pl; rv:1.9.1.3) Gecko/20090824 Firefox/3.5.3 (.NET CLR 3.5.30729)" "-"
80.54.115.238 - - [11/Oct/2009:18:32:03 +0200] "GET /mn/laboratorium_files/image034.gif HTTP/1.1" 200 559 "http://neo.dmcs.p.lodz.pl/mn/laboratorium.htm" "Mozilla/5.0 (Windows; U; Windows NT 6.0; pl; rv:1.9.1.3) Gecko/20090824 Firefox/3.5.3 (.NET CLR 3.5.30729)" "-"
80.54.115.238 - - [11/Oct/2009:18:32:03 +0200] "GET /mn/laboratorium_files/image036.gif HTTP/1.1" 200 2065 "http://neo.dmcs.p.lodz.pl/mn/laboratorium.htm" "Mozilla/5.0 (Windows; U; Windows NT 6.0; pl; rv:1.9.1.3) Gecko/20090824 Firefox/3.5.3 (.NET CLR 3.5.30729)" "-"
83.25.231.15 - - [11/Oct/2009:18:32:11 +0200] "GET /kpuesz/ HTTP/1.1" 200 9684 "-" "Opera/9.80 (Windows NT 6.0; U; pl) Presto/2.2.15 Version/10.00" "-"
83.25.231.15 - - [11/Oct/2009:18:32:11 +0200] "GET /~starzak/style.css HTTP/1.1" 200 3084 "http://neo.dmcs.p.lodz.pl/kpuesz/" "Opera/9.80 (Windows NT 6.0; U; pl) Presto/2.2.15 Version/10.00" "-"
83.25.231.15 - - [11/Oct/2009:18:32:11 +0200] "GET /favicon.ico HTTP/1.1" 404 292 "http://neo.dmcs.p.lodz.pl/kpuesz/" "Opera/9.80 (Windows NT 6.0; U; pl) Presto/2.2.15 Version/10.00" "-"
79.139.87.113 - - [11/Oct/2009:18:32:18 +0200] "GET / HTTP/1.1" 200 8370 "-" "Mozilla/5.0 (Windows; U; Windows NT 5.1; pl-PL; rv:1.9.1.3) Gecko/20090824 Firefox/3.0.6;" "-"
79.139.87.113 - - [11/Oct/2009:18:32:19 +0200] "GET /style.css HTTP/1.1" 200 2000 "http://lux.dmcs.p.lodz.pl/" "Mozilla/5.0 (Windows; U; Windows NT 5.1; pl-PL; rv:1.9.1.3) Gecko/20090824 Firefox/3.0.6;" "-"
79.139.87.113 - - [11/Oct/2009:18:32:20 +0200] "GET /images/back.jpg HTTP/1.1" 404 296 "http://lux.dmcs.p.lodz.pl/" "Mozilla/5.0 (Windows; U; Windows NT 5.1; pl-PL; rv:1.9.1.3) Gecko/20090824 Firefox/3.0.6;" "-"
79.139.87.113 - - [11/Oct/2009:18:32:20 +0200] "GET /favicon.ico HTTP/1.1" 404 292 "-" "Mozilla/5.0 (Windows; U; Windows NT 5.1; pl-PL; rv:1.9.1.3) Gecko/20090824 Firefox/3.0.6;" "-"
79.139.87.113 - - [11/Oct/2009:18:32:23 +0200] "GET /favicon.ico HTTP/1.1" 404 292 "-" "Mozilla/5.0 (Windows; U; Windows NT 5.1; pl-PL; rv:1.9.1.3) Gecko/20090824 Firefox/3.0.6;" "-"
153.19.210.159 - - [11/Oct/2009:18:32:33 +0200] "HEAD /favicon.ico HTTP/1.1" 404 0 "-" "Mozilla/5.0 (X11; U; Linux i686; pl; rv:1.9.1.3) Gecko/20090824 Firefox/3.5.3" "-"
79.139.87.113 - - [11/Oct/2009:18:33:12 +0200] "GET /~piotrowi HTTP/1.1" 301 313 "-" "Mozilla/5.0 (Windows; U; Windows NT 5.1; pl-PL; rv:1.9.1.3) Gecko/20090824 Firefox/3.0.6;" "-"
79.139.87.113 - - [11/Oct/2009:18:33:12 +0200] "GET /~piotrowi/ HTTP/1.1" 200 6351 "-" "Mozilla/5.0 (Windows; U; Windows NT 5.1; pl-PL; rv:1.9.1.3) Gecko/20090824 Firefox/3.0.6;" "-"
79.139.87.113 - - [11/Oct/2009:18:33:13 +0200] "GET /~piotrowi/style.css HTTP/1.1" 200 2499 "http://lux.dmcs.pl/~piotrowi/" "Mozilla/5.0 (Windows; U; Windows NT 5.1; pl-PL; rv:1.9.1.3) Gecko/20090824 Firefox/3.0.6;" "-"
79.139.87.113 - - [11/Oct/2009:18:33:14 +0200] "GET /~piotrowi/obrazy/michalkiewicz.gif HTTP/1.1" 200 11377 "http://lux.dmcs.pl/~piotrowi/" "Mozilla/5.0 (Windows; U; Windows NT 5.1; pl-PL; rv:1.9.1.3) Gecko/20090824 Firefox/3.0.6;" "-"
79.139.87.113 - - [11/Oct/2009:18:33:14 +0200] "GET /~piotrowi/obrazy/kwadrans.jpg HTTP/1.1" 200 17072 "http://lux.dmcs.pl/~piotrowi/" "Mozilla/5.0 (Windows; U; Windows NT 5.1; pl-PL; rv:1.9.1.3) Gecko/20090824 Firefox/3.0.6;" "-"
79.139.87.113 - - [11/Oct/2009:18:33:15 +0200] "GET /~piotrowi/obrazy/baner_da5.jpg HTTP/1.1" 200 29458 "http://lux.dmcs.pl/~piotrowi/" "Mozilla/5.0 (Windows; U; Windows NT 5.1; pl-PL; rv:1.9.1.3) Gecko/20090824 Firefox/3.0.6;" "-"
79.139.87.113 - - [11/Oct/2009:18:33:17 +0200] "GET /favicon.ico HTTP/1.1" 404 285 "-" "Mozilla/5.0 (Windows; U; Windows NT 5.1; pl-PL; rv:1.9.1.3) Gecko/20090824 Firefox/3.0.6;" "-"
79.139.87.113 - - [11/Oct/2009:18:33:20 +0200] "GET /favicon.ico HTTP/1.1" 404 285 "-" "Mozilla/5.0 (Windows; U; Windows NT 5.1; pl-PL; rv:1.9.1.3) Gecko/20090824 Firefox/3.0.6;" "-"
79.139.87.113 - - [11/Oct/2009:18:33:40 +0200] "GET /~piotrowi/wdtcim.php HTTP/1.1" 200 2717 "http://lux.dmcs.pl/~piotrowi/" "Mozilla/5.0 (Windows; U; Windows NT 5.1; pl-PL; rv:1.9.1.3) Gecko/20090824 Firefox/3.0.6;" "-"
87.205.206.128 - - [11/Oct/2009:18:33:53 +0200] "GET /pium/index.php?strona=4&jezyk=0 HTTP/1.1" 200 15237 "http://neo.dmcs.p.lodz.pl/pium/index.php?strona=10&jezyk=0" "Opera/9.64 (Windows NT 5.1; U; pl) Presto/2.1.1" "-"
87.205.206.128 - - [11/Oct/2009:18:33:53 +0200] "GET /pium/style.css HTTP/1.1" 304 - "http://neo.dmcs.p.lodz.pl/pium/index.php?strona=4&jezyk=0" "Opera/9.64 (Windows NT 5.1; U; pl) Presto/2.1.1" "-"
79.139.87.113 - - [11/Oct/2009:18:34:13 +0200] "GET /~piotrowi/wdtcim/wyklad1.pdf HTTP/1.1" 200 324238 "http://lux.dmcs.pl/~piotrowi/wdtcim.php" "Mozilla/5.0 (Windows; U; Windows NT 5.1; pl-PL; rv:1.9.1.3) Gecko/20090824 Firefox/3.0.6;" "-"
217.113.225.9 - - [11/Oct/2009:18:34:13 +0200] "GET /smcr/wyklady_dm/SMCR4_2009.pdf HTTP/1.1" 200 55131 "http://neo.dmcs.p.lodz.pl/smcr/" "Mozilla/5.0 (Windows; U; Windows NT 5.1; pl; rv:1.9.1.3) Gecko/20090824 Firefox/3.5.3" "-"
87.205.206.128 - - [11/Oct/2009:18:34:25 +0200] "GET /pium/instrukcje/ppm_2_4-3.pdf HTTP/1.1" 200 1025150 "http://neo.dmcs.p.lodz.pl/pium/index.php?strona=4&jezyk=0" "Opera/9.64 (Windows NT 5.1; U; pl) Presto/2.1.1" "-"
66.249.65.212 - - [11/Oct/2009:18:34:40 +0200] "GET /isbd/php/doc/polish_many/function.abs.html HTTP/1.1" 200 3135 "-" "Mozilla/5.0 (compatible; Googlebot/2.1; +http://www.google.com/bot.html)" "-"
195.74.48.3 - - [11/Oct/2009:18:34:42 +0200] "GET /pium/index.php?strona=3&jezyk=0 HTTP/1.0" 200 11663 "http://neo.dmcs.pl/pium/index.php?strona=10&jezyk=0" "Opera/9.80 (Windows NT 6.1; U; pl) Presto/2.2.15 Version/10.00" "-"
195.74.48.3 - - [11/Oct/2009:18:34:42 +0200] "GET /pium/bek_m.jpg HTTP/1.0" 200 6146 "http://neo.dmcs.pl/pium/index.php?strona=3&jezyk=0" "Opera/9.80 (Windows NT 6.1; U; pl) Presto/2.2.15 Version/10.00" "-"
195.74.48.3 - - [11/Oct/2009:18:34:42 +0200] "GET /pium/lukasz_m.jpg HTTP/1.0" 200 6415 "http://neo.dmcs.pl/pium/index.php?strona=3&jezyk=0" "Opera/9.80 (Windows NT 6.1; U; pl) Presto/2.2.15 Version/10.00" "-"
195.74.48.3 - - [11/Oct/2009:18:34:42 +0200] "GET /pium/kamil_m.jpg HTTP/1.0" 200 5872 "http://neo.dmcs.pl/pium/index.php?strona=3&jezyk=0" "Opera/9.80 (Windows NT 6.1; U; pl) Presto/2.2.15 Version/10.00" "-"
195.74.48.3 - - [11/Oct/2009:18:34:42 +0200] "GET /pium/rozklad_cwiczen.png HTTP/1.0" 200 16003 "http://neo.dmcs.pl/pium/index.php?strona=3&jezyk=0" "Opera/9.80 (Windows NT 6.1; U; pl) Presto/2.2.15 Version/10.00" "-"
217.113.225.9 - - [11/Oct/2009:18:34:48 +0200] "GET /smcr/wyklady_dm/SMCR4_2009.pdf HTTP/1.1" 206 1465380 "-" "Mozilla/5.0 (Windows; U; Windows NT 5.1; pl; rv:1.9.1.3) Gecko/20090824 Firefox/3.5.3" "-"
195.74.48.3 - - [11/Oct/2009:18:34:49 +0200] "GET /pium/index.php?strona=8&jezyk=0 HTTP/1.0" 200 6166 "http://neo.dmcs.pl/pium/index.php?strona=10&jezyk=0" "Opera/9.80 (Windows NT 6.1; U; pl) Presto/2.2.15 Version/10.00" "-"
195.74.48.3 - - [11/Oct/2009:18:35:01 +0200] "GET /pium/index.php?strona=9&jezyk=0 HTTP/1.0" 200 14414 "http://neo.dmcs.pl/pium/index.php?strona=10&jezyk=0" "Opera/9.80 (Windows NT 6.1; U; pl) Presto/2.2.15 Version/10.00" "-"
195.74.48.3 - - [11/Oct/2009:18:35:05 +0200] "GET /pium/index.php?strona=3&jezyk=0 HTTP/1.0" 200 11663 "http://neo.dmcs.pl/pium/index.php?strona=9&jezyk=0" "Opera/9.80 (Windows NT 6.1; U; pl) Presto/2.2.15 Version/10.00" "-"
195.74.48.3 - - [11/Oct/2009:18:35:09 +0200] "GET /~starzak/ HTTP/1.0" 200 18175 "http://neo.dmcs.pl/pium/index.php?strona=3&jezyk=0" "Opera/9.80 (Windows NT 6.1; U; pl) Presto/2.2.15 Version/10.00" "-"
195.74.48.3 - - [11/Oct/2009:18:35:10 +0200] "GET /~starzak/style.css HTTP/1.0" 200 3084 "http://neo.dmcs.p.lodz.pl/~starzak/" "Opera/9.80 (Windows NT 6.1; U; pl) Presto/2.2.15 Version/10.00" "-"
85.89.184.215 - - [11/Oct/2009:18:35:24 +0200] "GET /pdsc/ HTTP/1.1" 200 6321 "-" "Mozilla/5.0 (X11; U; Linux i686; en-US; rv:1.8.1.14) Gecko/20080404 Firefox/2.0.0.14" "-"
85.89.184.215 - - [11/Oct/2009:18:35:24 +0200] "GET /style.css HTTP/1.1" 200 2000 "http://neo.dmcs.p.lodz.pl/pdsc/" "Mozilla/5.0 (X11; U; Linux i686; en-US; rv:1.8.1.14) Gecko/20080404 Firefox/2.0.0.14" "-"
85.89.184.215 - - [11/Oct/2009:18:35:24 +0200] "GET /images/back.jpg HTTP/1.1" 404 296 "http://neo.dmcs.p.lodz.pl/pdsc/" "Mozilla/5.0 (X11; U; Linux i686; en-US; rv:1.8.1.14) Gecko/20080404 Firefox/2.0.0.14" "-"
85.89.184.215 - - [11/Oct/2009:18:35:24 +0200] "GET /favicon.ico HTTP/1.1" 404 292 "-" "Mozilla/5.0 (X11; U; Linux i686; en-US; rv:1.8.1.14) Gecko/20080404 Firefox/2.0.0.14" "-"
85.89.184.215 - - [11/Oct/2009:18:35:31 +0200] "GET /pdsc/graphmanual.html HTTP/1.1" 200 31164 "http://neo.dmcs.p.lodz.pl/pdsc/" "Mozilla/5.0 (X11; U; Linux i686; en-US; rv:1.8.1.14) Gecko/20080404 Firefox/2.0.0.14" "-"
66.249.65.212 - - [11/Oct/2009:18:35:34 +0200] "GET /isbd/php/doc/polish_many/function.sem-acquire.html HTTP/1.1" 200 3063 "-" "Mozilla/5.0 (compatible; Googlebot/2.1; +http://www.google.com/bot.html)" "-"
79.139.87.113 - - [11/Oct/2009:18:35:35 +0200] "GET /~piotrowi/wdtcim/wyklad3.pdf HTTP/1.1" 200 701094 "http://lux.dmcs.pl/~piotrowi/wdtcim.php" "Mozilla/5.0 (Windows; U; Windows NT 5.1; pl-PL; rv:1.9.1.3) Gecko/20090824 Firefox/3.0.6;" "-"
79.139.87.113 - - [11/Oct/2009:18:35:36 +0200] "GET /~piotrowi/wdtcim/wyklad4.pdf HTTP/1.1" 200 425303 "http://lux.dmcs.pl/~piotrowi/wdtcim.php" "Mozilla/5.0 (Windows; U; Windows NT 5.1; pl-PL; rv:1.9.1.3) Gecko/20090824 Firefox/3.0.6;" "-"
79.139.87.113 - - [11/Oct/2009:18:35:37 +0200] "GET /~piotrowi/wdtcim/wyklad2.pdf HTTP/1.1" 200 620729 "http://lux.dmcs.pl/~piotrowi/wdtcim.php" "Mozilla/5.0 (Windows; U; Windows NT 5.1; pl-PL; rv:1.9.1.3) Gecko/20090824 Firefox/3.0.6;" "-"
217.113.225.9 - - [11/Oct/2009:18:35:41 +0200] "GET /smcr/instrukcja.pdf HTTP/1.1" 200 98468 "http://neo.dmcs.p.lodz.pl/smcr/" "Mozilla/5.0 (Windows; U; Windows NT 5.1; pl; rv:1.9.1.3) Gecko/20090824 Firefox/3.5.3" "-"
79.139.87.113 - - [11/Oct/2009:18:35:44 +0200] "GET /tcm/index.html HTTP/1.1" 200 1802 "http://lux.dmcs.pl/~piotrowi/wdtcim.php" "Mozilla/5.0 (Windows; U; Windows NT 5.1; pl-PL; rv:1.9.1.3) Gecko/20090824 Firefox/3.0.6;" "-"
