74.6.17.160 - - [11/Oct/2009:10:37:36 +0200] "GET /micro/l8.pdf HTTP/1.0" 200 507483 "-" "Mozilla/5.0 (compatible; Yahoo! Slurp/3.0; http://help.yahoo.com/help/us/ysearch/slurp)" "-"
10.0.2.3 - - [11/Oct/2009:10:37:53 +0200] "GET /podyplomowe_smtm/smob2/kursbasha/arytm.html HTTP/1.1" 200 2329 "http://neo/podyplomowe_smtm/smob2/kursbasha/main.html" "Mozilla/5.0 (X11; U; Linux i686; pl-PL; rv:1.9.0.7) Gecko/2009030422 Ubuntu/8.10 (intrepid) Firefox/3.0.7" "-"
202.76.19.110 - - [11/Oct/2009:10:37:55 +0200] "GET /graphics/xmlrpc.php? HTTP/1.1" 404 300 "-" "libwww-perl/5.79" "-"
202.76.19.110 - - [11/Oct/2009:10:37:56 +0200] "GET /xmlrpc.php? HTTP/1.1" 404 291 "-" "libwww-perl/5.79" "-"
10.0.2.3 - - [11/Oct/2009:10:37:58 +0200] "GET /podyplomowe_smtm/smob2/kursbasha/varp.html HTTP/1.1" 200 2628 "http://neo/podyplomowe_smtm/smob2/kursbasha/main.html" "Mozilla/5.0 (X11; U; Linux i686; pl-PL; rv:1.9.0.7) Gecko/2009030422 Ubuntu/8.10 (intrepid) Firefox/3.0.7" "-"
10.0.2.3 - - [11/Oct/2009:10:38:06 +0200] "GET /podyplomowe_smtm/smob2/kursbasha/stream.html HTTP/1.1" 200 5401 "http://neo/podyplomowe_smtm/smob2/kursbasha/main.html" "Mozilla/5.0 (X11; U; Linux i686; pl-PL; rv:1.9.0.7) Gecko/2009030422 Ubuntu/8.10 (intrepid) Firefox/3.0.7" "-"
10.0.2.3 - - [11/Oct/2009:10:38:06 +0200] "GET /podyplomowe_smtm/smob2/kursbasha/grafiki/stream.gif HTTP/1.1" 200 8044 "http://neo/podyplomowe_smtm/smob2/kursbasha/stream.html" "Mozilla/5.0 (X11; U; Linux i686; pl-PL; rv:1.9.0.7) Gecko/2009030422 Ubuntu/8.10 (intrepid) Firefox/3.0.7" "-"
10.0.2.3 - - [11/Oct/2009:10:38:12 +0200] "GET /podyplomowe_smtm/smob2/kursbasha/read.html HTTP/1.1" 200 3123 "http://neo/podyplomowe_smtm/smob2/kursbasha/main.html" "Mozilla/5.0 (X11; U; Linux i686; pl-PL; rv:1.9.0.7) Gecko/2009030422 Ubuntu/8.10 (intrepid) Firefox/3.0.7" "-"
10.0.2.40 - - [11/Oct/2009:10:38:52 +0200] "GET /~kgrabowski/ HTTP/1.1" 200 1299 "-" "Mozilla/5.0 (Windows; U; Windows NT 5.1; pl; rv:1.9.0.8) Gecko/2009032609 Firefox/3.0.8" "-"
10.0.2.40 - - [11/Oct/2009:10:38:56 +0200] "GET /~kgrabowski/laboratorium/ HTTP/1.1" 200 1218 "http://neo.dmcs.pl/~kgrabowski/" "Mozilla/5.0 (Windows; U; Windows NT 5.1; pl; rv:1.9.0.8) Gecko/2009032609 Firefox/3.0.8" "-"
10.0.2.40 - - [11/Oct/2009:10:38:58 +0200] "GET /~kgrabowski/laboratorium/LaboratoriumDSP2i3.pdf HTTP/1.1" 200 202341 "http://neo.dmcs.pl/~kgrabowski/laboratorium/" "Mozilla/5.0 (Windows; U; Windows NT 5.1; pl; rv:1.9.0.8) Gecko/2009032609 Firefox/3.0.8" "-"
10.0.2.14 - - [11/Oct/2009:10:39:59 +0200] "GET / HTTP/1.1" 200 8370 "-" "Mozilla/5.0 (X11; U; Linux i686; pl-PL; rv:1.9.0.7) Gecko/2009030422 Ubuntu/8.10 (intrepid) Firefox/3.0.7" "-"
10.0.2.14 - - [11/Oct/2009:10:39:59 +0200] "GET /style.css HTTP/1.1" 200 2000 "http://lux/" "Mozilla/5.0 (X11; U; Linux i686; pl-PL; rv:1.9.0.7) Gecko/2009030422 Ubuntu/8.10 (intrepid) Firefox/3.0.7" "-"
10.0.2.14 - - [11/Oct/2009:10:39:59 +0200] "GET /images/back.jpg HTTP/1.1" 404 281 "http://lux/" "Mozilla/5.0 (X11; U; Linux i686; pl-PL; rv:1.9.0.7) Gecko/2009030422 Ubuntu/8.10 (intrepid) Firefox/3.0.7" "-"
10.0.2.14 - - [11/Oct/2009:10:39:59 +0200] "GET /favicon.ico HTTP/1.1" 404 277 "-" "Mozilla/5.0 (X11; U; Linux i686; pl-PL; rv:1.9.0.7) Gecko/2009030422 Ubuntu/8.10 (intrepid) Firefox/3.0.7" "-"
10.0.2.14 - - [11/Oct/2009:10:40:02 +0200] "GET /favicon.ico HTTP/1.1" 404 277 "-" "Mozilla/5.0 (X11; U; Linux i686; pl-PL; rv:1.9.0.7) Gecko/2009030422 Ubuntu/8.10 (intrepid) Firefox/3.0.7" "-"
10.0.2.14 - - [11/Oct/2009:10:40:12 +0200] "GET /podyplomowe_smtm/index.html HTTP/1.1" 200 2919 "http://lux/" "Mozilla/5.0 (X11; U; Linux i686; pl-PL; rv:1.9.0.7) Gecko/2009030422 Ubuntu/8.10 (intrepid) Firefox/3.0.7" "-"
10.0.2.14 - - [11/Oct/2009:10:40:12 +0200] "GET /images/back.jpg HTTP/1.1" 404 281 "http://lux/podyplomowe_smtm/index.html" "Mozilla/5.0 (X11; U; Linux i686; pl-PL; rv:1.9.0.7) Gecko/2009030422 Ubuntu/8.10 (intrepid) Firefox/3.0.7" "-"
10.0.2.14 - - [11/Oct/2009:10:40:22 +0200] "GET /podyplomowe_smtm/smob2 HTTP/1.1" 301 310 "http://lux/podyplomowe_smtm/index.html" "Mozilla/5.0 (X11; U; Linux i686; pl-PL; rv:1.9.0.7) Gecko/2009030422 Ubuntu/8.10 (intrepid) Firefox/3.0.7" "-"
10.0.2.14 - - [11/Oct/2009:10:40:22 +0200] "GET /podyplomowe_smtm/smob2/ HTTP/1.1" 200 3632 "http://lux/podyplomowe_smtm/index.html" "Mozilla/5.0 (X11; U; Linux i686; pl-PL; rv:1.9.0.7) Gecko/2009030422 Ubuntu/8.10 (intrepid) Firefox/3.0.7" "-"
10.0.2.14 - - [11/Oct/2009:10:40:22 +0200] "GET /podyplomowe_smtm/images/back.jpg HTTP/1.1" 404 298 "http://lux/podyplomowe_smtm/smob2/" "Mozilla/5.0 (X11; U; Linux i686; pl-PL; rv:1.9.0.7) Gecko/2009030422 Ubuntu/8.10 (intrepid) Firefox/3.0.7" "-"
10.0.2.14 - - [11/Oct/2009:10:40:24 +0200] "GET /podyplomowe_smtm/smob2/smob2_2_shell.pdf HTTP/1.1" 200 250842 "http://lux/podyplomowe_smtm/smob2/" "Mozilla/5.0 (X11; U; Linux i686; pl-PL; rv:1.9.0.7) Gecko/2009030422 Ubuntu/8.10 (intrepid) Firefox/3.0.7" "-"
66.249.65.212 - - [11/Oct/2009:10:40:25 +0200] "GET /pium/pium/instrukcja_microsim8.pdf HTTP/1.1" 304 - "-" "Mozilla/5.0 (compatible; Googlebot/2.1; +http://www.google.com/bot.html)" "-"
10.0.2.14 - - [11/Oct/2009:10:40:30 +0200] "GET /podyplomowe_smtm/smob2/kursbasha/main.html HTTP/1.1" 200 5405 "http://lux/podyplomowe_smtm/smob2/" "Mozilla/5.0 (X11; U; Linux i686; pl-PL; rv:1.9.0.7) Gecko/2009030422 Ubuntu/8.10 (intrepid) Firefox/3.0.7" "-"
10.0.2.14 - - [11/Oct/2009:10:40:30 +0200] "GET /podyplomowe_smtm/smob2/kursbasha/style.css HTTP/1.1" 200 325 "http://lux/podyplomowe_smtm/smob2/kursbasha/main.html" "Mozilla/5.0 (X11; U; Linux i686; pl-PL; rv:1.9.0.7) Gecko/2009030422 Ubuntu/8.10 (intrepid) Firefox/3.0.7" "-"
10.0.2.14 - - [11/Oct/2009:10:40:30 +0200] "GET /podyplomowe_smtm/smob2/kursbasha/grafiki/logo.gif HTTP/1.1" 200 6196 "http://lux/podyplomowe_smtm/smob2/kursbasha/main.html" "Mozilla/5.0 (X11; U; Linux i686; pl-PL; rv:1.9.0.7) Gecko/2009030422 Ubuntu/8.10 (intrepid) Firefox/3.0.7" "-"
10.0.2.14 - - [11/Oct/2009:10:40:34 +0200] "GET /podyplomowe_smtm/smob2/kursbasha/if.html HTTP/1.1" 200 5441 "http://lux/podyplomowe_smtm/smob2/kursbasha/main.html" "Mozilla/5.0 (X11; U; Linux i686; pl-PL; rv:1.9.0.7) Gecko/2009030422 Ubuntu/8.10 (intrepid) Firefox/3.0.7" "-"
88.199.145.39 - - [11/Oct/2009:10:42:32 +0200] "GET /specjalnosci/karty/smiup/3725z9.pdf HTTP/1.1" 200 39524 "http://www.google.pl/search?hl=pl&client=firefox-a&rls=org.mozilla%3Apl%3Aofficial&hs=vQu&q=opis+uk%C5%82ad%C3%B3w+scalonych&btnG=Szukaj&lr=" "Mozilla/5.0 (Windows; U; Windows NT 5.1; pl; rv:1.9.1.3) Gecko/20090824 Firefox/3.5.3" "-"
153.19.210.159 - - [11/Oct/2009:10:42:39 +0200] "HEAD /favicon.ico HTTP/1.1" 404 0 "-" "Mozilla/5.0 (X11; U; Linux i686; pl; rv:1.9.1.3) Gecko/20090824 Firefox/3.5.3" "-"
76.181.17.217 - - [11/Oct/2009:10:43:04 +0200] "GET http://lux.dmcs.p.lodz.pl/%7Espcsym/phorum/post.php?f=4 HTTP/1.0" 200 3135 "http://lux.dmcs.p.lodz.pl/%7Espcsym/phorum/post.php?f=4" "Mozilla/4.0 (compatible; MSIE 6.0; Update a; AOL 6.0; Windows 98)" "-"
66.249.65.212 - - [11/Oct/2009:10:43:17 +0200] "GET /pee/parametry_projektow_cw_6.html HTTP/1.1" 200 843 "-" "Mozilla/5.0 (compatible; Googlebot/2.1; +http://www.google.com/bot.html)" "-"
10.0.0.35 - - [11/Oct/2009:10:43:35 +0200] "GET /~kgrabowski/labolatorium/LabolatoriumDSP2i3.pdf HTTP/1.1" 404 321 "http://neo.dmcs.pl/~kgrabowski/labolatorium/" "Mozilla/4.0 (compatible; MSIE 7.0; Windows NT 5.1; .NET CLR 1.1.4322)" "-"
10.0.0.35 - - [11/Oct/2009:10:43:39 +0200] "GET /~kgrabowski/labolatorium/LabolatoriumDSP2i3.pdf HTTP/1.1" 404 321 "http://neo.dmcs.pl/~kgrabowski/labolatorium/" "Mozilla/4.0 (compatible; MSIE 7.0; Windows NT 5.1; .NET CLR 1.1.4322)" "-"
10.0.0.35 - - [11/Oct/2009:10:43:42 +0200] "GET /~kgrabowski/ HTTP/1.1" 200 1299 "http://neo.dmcs.pl/~kgrabowski/labolatorium/" "Mozilla/4.0 (compatible; MSIE 7.0; Windows NT 5.1; .NET CLR 1.1.4322)" "-"
10.0.0.35 - - [11/Oct/2009:10:43:44 +0200] "GET /~kgrabowski/laboratorium/ HTTP/1.1" 200 1218 "http://neo.dmcs.pl/~kgrabowski/" "Mozilla/4.0 (compatible; MSIE 7.0; Windows NT 5.1; .NET CLR 1.1.4322)" "-"
10.0.0.35 - - [11/Oct/2009:10:43:46 +0200] "GET /~kgrabowski/laboratorium/LaboratoriumDSP1.pdf HTTP/1.1" 200 161562 "http://neo.dmcs.pl/~kgrabowski/laboratorium/" "Mozilla/4.0 (compatible; MSIE 7.0; Windows NT 5.1; .NET CLR 1.1.4322)" "-"
10.0.0.35 - - [11/Oct/2009:10:43:51 +0200] "GET /~kgrabowski/laboratorium/LaboratoriumDSP2i3.pdf HTTP/1.1" 200 202341 "http://neo.dmcs.pl/~kgrabowski/laboratorium/" "Mozilla/4.0 (compatible; MSIE 7.0; Windows NT 5.1; .NET CLR 1.1.4322)" "-"
193.59.32.34 - - [11/Oct/2009:10:44:14 +0200] "GET / HTTP/1.1" 200 8370 "http://dmcs.p.lodz.pl/pracownicy/display.do?id=24" "Opera/9.80 (X11; Linux i686; U; en) Presto/2.2.15 Version/10.00" "-"
193.59.32.34 - - [11/Oct/2009:10:44:14 +0200] "GET /style.css HTTP/1.1" 200 2000 "http://neo.dmcs.p.lodz.pl/" "Opera/9.80 (X11; Linux i686; U; en) Presto/2.2.15 Version/10.00" "-"
193.59.32.34 - - [11/Oct/2009:10:44:14 +0200] "GET /images/back.jpg HTTP/1.1" 404 296 "http://neo.dmcs.p.lodz.pl/" "Opera/9.80 (X11; Linux i686; U; en) Presto/2.2.15 Version/10.00" "-"
193.59.32.34 - - [11/Oct/2009:10:44:15 +0200] "GET /favicon.ico HTTP/1.1" 404 292 "http://neo.dmcs.p.lodz.pl/" "Opera/9.80 (X11; Linux i686; U; en) Presto/2.2.15 Version/10.00" "-"
10.0.0.35 - - [11/Oct/2009:10:44:21 +0200] "GET /podyplomowe_smtm HTTP/1.1" 301 334 "-" "Mozilla/4.0 (compatible; MSIE 7.0; Windows NT 5.1; .NET CLR 1.1.4322)" "-"
10.0.0.35 - - [11/Oct/2009:10:44:21 +0200] "GET /podyplomowe_smtm/ HTTP/1.1" 304 - "-" "Mozilla/4.0 (compatible; MSIE 7.0; Windows NT 5.1; .NET CLR 1.1.4322)" "-"
10.0.0.35 - - [11/Oct/2009:10:44:21 +0200] "GET /images/back.jpg HTTP/1.1" 404 296 "http://neo.dmcs.p.lodz.pl/podyplomowe_smtm/" "Mozilla/4.0 (compatible; MSIE 7.0; Windows NT 5.1; .NET CLR 1.1.4322)" "-"
10.0.0.35 - - [11/Oct/2009:10:44:21 +0200] "GET /style.css HTTP/1.1" 304 - "http://neo.dmcs.p.lodz.pl/podyplomowe_smtm/" "Mozilla/4.0 (compatible; MSIE 7.0; Windows NT 5.1; .NET CLR 1.1.4322)" "-"
10.0.0.35 - - [11/Oct/2009:10:44:23 +0200] "GET /podyplomowe_smtm/zadanie5_wstep.pdf HTTP/1.1" 200 360200 "http://neo.dmcs.p.lodz.pl/podyplomowe_smtm/" "Mozilla/4.0 (compatible; MSIE 7.0; Windows NT 5.1; .NET CLR 1.1.4322)" "-"
10.0.0.35 - - [11/Oct/2009:10:44:24 +0200] "GET /images/back.jpg HTTP/1.1" 404 296 "http://neo.dmcs.p.lodz.pl/podyplomowe_smtm/" "Mozilla/4.0 (compatible; MSIE 7.0; Windows NT 5.1; .NET CLR 1.1.4322)" "-"
10.0.0.35 - - [11/Oct/2009:10:44:32 +0200] "GET /podyplomowe_smtm/plan_zad5_semestr2_23.09.2009.pdf HTTP/1.1" 200 350052 "http://neo.dmcs.p.lodz.pl/podyplomowe_smtm/" "Mozilla/4.0 (compatible; MSIE 7.0; Windows NT 5.1; .NET CLR 1.1.4322)" "-"
10.0.0.35 - - [11/Oct/2009:10:44:32 +0200] "GET /podyplomowe_smtm/plan_zad5_semestr2_23.09.2009.pdf HTTP/1.1" 206 4096 "-" "Mozilla/4.0 (compatible; MSIE 7.0; Windows NT 5.1; .NET CLR 1.1.4322)" "-"
10.0.0.35 - - [11/Oct/2009:10:44:32 +0200] "GET /podyplomowe_smtm/plan_zad5_semestr2_23.09.2009.pdf HTTP/1.1" 206 4096 "-" "Mozilla/4.0 (compatible; MSIE 7.0; Windows NT 5.1; .NET CLR 1.1.4322)" "-"
10.0.0.35 - - [11/Oct/2009:10:44:32 +0200] "GET /podyplomowe_smtm/plan_zad5_semestr2_23.09.2009.pdf HTTP/1.1" 206 746206 "-" "Mozilla/4.0 (compatible; MSIE 7.0; Windows NT 5.1; .NET CLR 1.1.4322)" "-"
65.55.106.155 - - [11/Oct/2009:10:44:40 +0200] "GET /robots.txt HTTP/1.1" 200 67 "-" "msnbot/2.0b (+http://search.msn.com/msnbot.htm)" "-"
79.191.207.252 - - [11/Oct/2009:10:44:44 +0200] "GET /mjp4/2003/scrabble/ins.html HTTP/1.1" 200 3195 "http://www.google.pl/search?hl=pl&client=firefox-a&rls=org.mozilla:pl:official&hs=AUu&ei=vZrRSuDmPMbz_AbNgcnZAg&sa=X&oi=spell&resnum=0&ct=result&cd=1&ved=0CA4QBSgA&q=scrabble+%2B+instrukcja&spell=1" "Mozilla/5.0 (Windows; U; Windows NT 5.1; pl; rv:1.9.0.14) Gecko/2009082707 Firefox/3.0.14 (.NET CLR 3.5.30729)" "-"
79.191.207.252 - - [11/Oct/2009:10:44:44 +0200] "GET /mjp4/2003/scrabble/1.jpg HTTP/1.1" 200 12413 "http://neo.dmcs.p.lodz.pl/mjp4/2003/scrabble/ins.html" "Mozilla/5.0 (Windows; U; Windows NT 5.1; pl; rv:1.9.0.14) Gecko/2009082707 Firefox/3.0.14 (.NET CLR 3.5.30729)" "-"
79.191.207.252 - - [11/Oct/2009:10:44:44 +0200] "GET /mjp4/2003/scrabble/2.jpg HTTP/1.1" 200 73410 "http://neo.dmcs.p.lodz.pl/mjp4/2003/scrabble/ins.html" "Mozilla/5.0 (Windows; U; Windows NT 5.1; pl; rv:1.9.0.14) Gecko/2009082707 Firefox/3.0.14 (.NET CLR 3.5.30729)" "-"
79.191.207.252 - - [11/Oct/2009:10:44:44 +0200] "GET /favicon.ico HTTP/1.1" 404 292 "-" "Mozilla/5.0 (Windows; U; Windows NT 5.1; pl; rv:1.9.0.14) Gecko/2009082707 Firefox/3.0.14 (.NET CLR 3.5.30729)" "-"
10.0.2.1 - - [11/Oct/2009:10:44:45 +0200] "GET /podyplomowe_smtm/smob2/kursbasha/reserved.html HTTP/1.1" 200 1830 "http://neo.dmcs.pl/podyplomowe_smtm/smob2/kursbasha/main.html" "Mozilla/5.0 (X11; U; Linux i686; pl-PL; rv:1.9.0.7) Gecko/2009030422 Ubuntu/8.10 (intrepid) Firefox/3.0.7" "-"
79.191.207.252 - - [11/Oct/2009:10:44:48 +0200] "GET /favicon.ico HTTP/1.1" 404 292 "-" "Mozilla/5.0 (Windows; U; Windows NT 5.1; pl; rv:1.9.0.14) Gecko/2009082707 Firefox/3.0.14 (.NET CLR 3.5.30729)" "-"
193.59.32.34 - - [11/Oct/2009:10:44:48 +0200] "GET /oopc/index.html HTTP/1.1" 200 7069 "http://neo.dmcs.p.lodz.pl/" "Opera/9.80 (X11; Linux i686; U; en) Presto/2.2.15 Version/10.00" "-"
193.59.32.34 - - [11/Oct/2009:10:44:48 +0200] "GET /images/back.jpg HTTP/1.1" 404 296 "http://neo.dmcs.p.lodz.pl/oopc/index.html" "Opera/9.80 (X11; Linux i686; U; en) Presto/2.2.15 Version/10.00" "-"
193.59.32.34 - - [11/Oct/2009:10:45:04 +0200] "GET /padp/index.html HTTP/1.1" 200 2372 "http://neo.dmcs.p.lodz.pl/" "Opera/9.80 (X11; Linux i686; U; en) Presto/2.2.15 Version/10.00" "-"
193.59.32.34 - - [11/Oct/2009:10:45:04 +0200] "GET /images/back.jpg HTTP/1.1" 404 296 "http://neo.dmcs.p.lodz.pl/padp/index.html" "Opera/9.80 (X11; Linux i686; U; en) Presto/2.2.15 Version/10.00" "-"
10.0.2.1 - - [11/Oct/2009:10:45:06 +0200] "GET /podyplomowe_smtm/smob2/kursbasha/cytat.html HTTP/1.1" 200 3326 "http://neo.dmcs.pl/podyplomowe_smtm/smob2/kursbasha/main.html" "Mozilla/5.0 (X11; U; Linux i686; pl-PL; rv:1.9.0.7) Gecko/2009030422 Ubuntu/8.10 (intrepid) Firefox/3.0.7" "-"
65.55.106.155 - - [11/Oct/2009:10:45:16 +0200] "GET /pium/materialy/t1/d20-300_400.pdf HTTP/1.1" 200 136858 "-" "msnbot/2.0b (+http://search.msn.com/msnbot.htm)" "-"
66.249.65.214 - - [11/Oct/2009:10:45:39 +0200] "GET /tk/UNIXhelp1.3/Pages/tables/telnet_commands.html HTTP/1.1" 200 1654 "-" "Mozilla/5.0 (compatible; Googlebot/2.1; +http://www.google.com/bot.html)" "-"
88.175.244.130 - - [11/Oct/2009:10:45:47 +0200] "GET /inf5/06_07/5/images/COCO.jpg HTTP/1.1" 200 13772 "http://ray32.kazeo.com/Chanel-la-maison/La-vie-de-Coco-Chanel-suite-Chanel-disparait,a315800.html" "Mozilla/5.0 (Windows; U; Windows NT 5.1; fr; rv:1.9.1.3) Gecko/20090824 Firefox/3.5.3 (.NET CLR 3.5.30729)" "-"
193.59.32.34 - - [11/Oct/2009:10:47:22 +0200] "GET /epjc/index.html HTTP/1.1" 200 2591 "http://neo.dmcs.p.lodz.pl/" "Opera/9.80 (X11; Linux i686; U; en) Presto/2.2.15 Version/10.00" "-"
193.59.32.34 - - [11/Oct/2009:10:47:22 +0200] "GET /images/back.jpg HTTP/1.1" 404 296 "http://neo.dmcs.p.lodz.pl/epjc/index.html" "Opera/9.80 (X11; Linux i686; U; en) Presto/2.2.15 Version/10.00" "-"
83.8.235.17 - - [11/Oct/2009:10:47:42 +0200] "GET /~piotrowi HTTP/1.1" 301 313 "-" "Mozilla/4.0 (compatible; MSIE 8.0; Windows NT 5.1; Trident/4.0; GTB6; .NET CLR 2.0.50727; .NET CLR 3.0.4506.2152; .NET CLR 3.5.30729)" "-"
83.8.235.17 - - [11/Oct/2009:10:47:42 +0200] "GET /~piotrowi/ HTTP/1.1" 200 6351 "-" "Mozilla/4.0 (compatible; MSIE 8.0; Windows NT 5.1; Trident/4.0; GTB6; .NET CLR 2.0.50727; .NET CLR 3.0.4506.2152; .NET CLR 3.5.30729)" "-"
83.8.235.17 - - [11/Oct/2009:10:47:43 +0200] "GET /~piotrowi/style.css HTTP/1.1" 200 2499 "http://lux.dmcs.pl/~piotrowi/" "Mozilla/4.0 (compatible; MSIE 8.0; Windows NT 5.1; Trident/4.0; GTB6; .NET CLR 2.0.50727; .NET CLR 3.0.4506.2152; .NET CLR 3.5.30729)" "-"
83.8.235.17 - - [11/Oct/2009:10:47:44 +0200] "GET /~piotrowi/obrazy/baner_da5.jpg HTTP/1.1" 200 29458 "http://lux.dmcs.pl/~piotrowi/" "Mozilla/4.0 (compatible; MSIE 8.0; Windows NT 5.1; Trident/4.0; GTB6; .NET CLR 2.0.50727; .NET CLR 3.0.4506.2152; .NET CLR 3.5.30729)" "-"
83.8.235.17 - - [11/Oct/2009:10:47:44 +0200] "GET /~piotrowi/obrazy/michalkiewicz.gif HTTP/1.1" 200 11377 "http://lux.dmcs.pl/~piotrowi/" "Mozilla/4.0 (compatible; MSIE 8.0; Windows NT 5.1; Trident/4.0; GTB6; .NET CLR 2.0.50727; .NET CLR 3.0.4506.2152; .NET CLR 3.5.30729)" "-"
83.8.235.17 - - [11/Oct/2009:10:47:45 +0200] "GET /~piotrowi/obrazy/kwadrans.jpg HTTP/1.1" 200 17072 "http://lux.dmcs.pl/~piotrowi/" "Mozilla/4.0 (compatible; MSIE 8.0; Windows NT 5.1; Trident/4.0; GTB6; .NET CLR 2.0.50727; .NET CLR 3.0.4506.2152; .NET CLR 3.5.30729)" "-"
83.8.235.17 - - [11/Oct/2009:10:47:47 +0200] "GET /favicon.ico HTTP/1.1" 404 285 "-" "Mozilla/4.0 (compatible; MSIE 8.0; Windows NT 5.1; Trident/4.0; GTB6; .NET CLR 2.0.50727; .NET CLR 3.0.4506.2152; .NET CLR 3.5.30729)" "-"
10.0.2.12 - - [11/Oct/2009:10:48:00 +0200] "GET /podyplomowe_smtm/smob2/kursbasha/hello.html HTTP/1.1" 200 2860 "http://neo.dmcs.pl/podyplomowe_smtm/smob2/kursbasha/main.html" "Mozilla/5.0 (X11; U; Linux i686; pl-PL; rv:1.9.0.7) Gecko/2009030422 Ubuntu/8.10 (intrepid) Firefox/3.0.7" "-"
193.59.32.34 - - [11/Oct/2009:10:48:09 +0200] "GET /epjc/Wyklad/UML%20-%20zarys.pdf HTTP/1.1" 200 625324 "http://neo.dmcs.p.lodz.pl/epjc/index.html" "Opera/9.80 (X11; Linux i686; U; en) Presto/2.2.15 Version/10.00" "-"
10.0.0.35 - - [11/Oct/2009:10:48:13 +0200] "GET /~kgrabowski/labolatorium HTTP/1.1" 404 298 "-" "Mozilla/4.0 (compatible; MSIE 7.0; Windows NT 5.1; .NET CLR 1.1.4322)" "-"
10.0.0.35 - - [11/Oct/2009:10:48:15 +0200] "GET /podyplomowe_smtm/plan_zad5_semestr2_23.09.2009.pdf HTTP/1.1" 206 360448 "-" "Mozilla/4.0 (compatible; MSIE 7.0; Windows NT 5.1; .NET CLR 1.1.4322)" "-"
10.0.0.35 - - [11/Oct/2009:10:48:15 +0200] "GET /podyplomowe_smtm/plan_zad5_semestr2_23.09.2009.pdf HTTP/1.1" 206 4096 "-" "Mozilla/4.0 (compatible; MSIE 7.0; Windows NT 5.1; .NET CLR 1.1.4322)" "-"
10.0.0.35 - - [11/Oct/2009:10:48:15 +0200] "GET /podyplomowe_smtm/plan_zad5_semestr2_23.09.2009.pdf HTTP/1.1" 206 4096 "-" "Mozilla/4.0 (compatible; MSIE 7.0; Windows NT 5.1; .NET CLR 1.1.4322)" "-"
10.0.0.35 - - [11/Oct/2009:10:48:15 +0200] "GET /podyplomowe_smtm/plan_zad5_semestr2_23.09.2009.pdf HTTP/1.1" 206 489652 "-" "Mozilla/4.0 (compatible; MSIE 7.0; Windows NT 5.1; .NET CLR 1.1.4322)" "-"
65.55.106.135 - - [11/Oct/2009:10:48:16 +0200] "GET /pium/materialy/t2/2N6071.pdf HTTP/1.1" 304 - "-" "msnbot/2.0b (+http://search.msn.com/msnbot.htm)" "-"
10.0.0.35 - - [11/Oct/2009:10:48:22 +0200] "GET /~kgrabowski/ HTTP/1.1" 200 1299 "-" "Mozilla/4.0 (compatible; MSIE 7.0; Windows NT 5.1; .NET CLR 1.1.4322)" "-"
10.0.0.35 - - [11/Oct/2009:10:48:22 +0200] "GET /icons/blank.gif HTTP/1.1" 304 - "http://neo.dmcs.pl/~kgrabowski/" "Mozilla/4.0 (compatible; MSIE 7.0; Windows NT 5.1; .NET CLR 1.1.4322)" "-"
10.0.0.35 - - [11/Oct/2009:10:48:22 +0200] "GET /icons/folder.gif HTTP/1.1" 304 - "http://neo.dmcs.pl/~kgrabowski/" "Mozilla/4.0 (compatible; MSIE 7.0; Windows NT 5.1; .NET CLR 1.1.4322)" "-"
10.0.0.35 - - [11/Oct/2009:10:48:22 +0200] "GET /icons/back.gif HTTP/1.1" 304 - "http://neo.dmcs.pl/~kgrabowski/" "Mozilla/4.0 (compatible; MSIE 7.0; Windows NT 5.1; .NET CLR 1.1.4322)" "-"
10.0.0.35 - - [11/Oct/2009:10:48:24 +0200] "GET /~kgrabowski/materialy%20dodatkowe/ HTTP/1.1" 200 1358 "http://neo.dmcs.pl/~kgrabowski/" "Mozilla/4.0 (compatible; MSIE 7.0; Windows NT 5.1; .NET CLR 1.1.4322)" "-"
10.0.0.35 - - [11/Oct/2009:10:48:24 +0200] "GET /icons/layout.gif HTTP/1.1" 304 - "http://neo.dmcs.pl/~kgrabowski/materialy%20dodatkowe/" "Mozilla/4.0 (compatible; MSIE 7.0; Windows NT 5.1; .NET CLR 1.1.4322)" "-"
10.0.0.35 - - [11/Oct/2009:10:48:24 +0200] "GET /icons/compressed.gif HTTP/1.1" 200 1038 "http://neo.dmcs.pl/~kgrabowski/materialy%20dodatkowe/" "Mozilla/4.0 (compatible; MSIE 7.0; Windows NT 5.1; .NET CLR 1.1.4322)" "-"
10.0.0.35 - - [11/Oct/2009:10:48:36 +0200] "GET /~kgrabowski/materialy%20dodatkowe/tlv320aic23.pdf HTTP/1.1" 200 414335 "http://neo.dmcs.pl/~kgrabowski/materialy%20dodatkowe/" "Mozilla/4.0 (compatible; MSIE 7.0; Windows NT 5.1; .NET CLR 1.1.4322)" "-"
10.0.0.35 - - [11/Oct/2009:10:48:36 +0200] "GET /~kgrabowski/materialy%20dodatkowe/tlv320aic23.pdf HTTP/1.1" 206 4096 "-" "Mozilla/4.0 (compatible; MSIE 7.0; Windows NT 5.1; .NET CLR 1.1.4322)" "-"
10.0.0.35 - - [11/Oct/2009:10:48:36 +0200] "GET /~kgrabowski/materialy%20dodatkowe/tlv320aic23.pdf HTTP/1.1" 206 63 "-" "Mozilla/4.0 (compatible; MSIE 7.0; Windows NT 5.1; .NET CLR 1.1.4322)" "-"
10.0.0.35 - - [11/Oct/2009:10:48:36 +0200] "GET /~kgrabowski/materialy%20dodatkowe/tlv320aic23.pdf HTTP/1.1" 206 502 "-" "Mozilla/4.0 (compatible; MSIE 7.0; Windows NT 5.1; .NET CLR 1.1.4322)" "-"
10.0.0.35 - - [11/Oct/2009:10:48:36 +0200] "GET /~kgrabowski/materialy%20dodatkowe/tlv320aic23.pdf HTTP/1.1" 206 6318 "-" "Mozilla/4.0 (compatible; MSIE 7.0; Windows NT 5.1; .NET CLR 1.1.4322)" "-"
10.0.0.35 - - [11/Oct/2009:10:48:36 +0200] "GET /~kgrabowski/materialy%20dodatkowe/tlv320aic23.pdf HTTP/1.1" 206 10214 "-" "Mozilla/4.0 (compatible; MSIE 7.0; Windows NT 5.1; .NET CLR 1.1.4322)" "-"
66.249.65.212 - - [11/Oct/2009:10:48:46 +0200] "GET /mikro_kurs/microwind/bramki.html HTTP/1.1" 200 12492 "-" "Mozilla/5.0 (compatible; Googlebot/2.1; +http://www.google.com/bot.html)" "-"
10.0.2.1 - - [11/Oct/2009:10:49:16 +0200] "GET /podyplomowe_smtm/smob2/kursbasha/varp.html HTTP/1.1" 200 2628 "http://neo.dmcs.pl/podyplomowe_smtm/smob2/kursbasha/main.html" "Mozilla/5.0 (X11; U; Linux i686; pl-PL; rv:1.9.0.7) Gecko/2009030422 Ubuntu/8.10 (intrepid) Firefox/3.0.7" "-"
202.76.19.110 - - [11/Oct/2009:10:49:17 +0200] "GET /awp/xmlrpc.php? HTTP/1.1" 404 295 "-" "libwww-perl/5.79" "-"
92.138.186.231 - - [11/Oct/2009:10:49:28 +0200] "GET /inf5/05_06/4/TATRY.HTML HTTP/1.1" 200 6420 "http://www.google.fr/url?sa=t&source=web&ct=res&cd=2&ved=0CBMQFjAB&url=http%3A%2F%2Fneo.dmcs.p.lodz.pl%2Finf5%2F05_06%2F4%2FTATRY.HTML&ei=_5vRSsrFGtH34Aab1YCkAw&rct=j&q=montagne+en+pologne&usg=AFQjCNG8d7kjpNV18wGUjpkfO2jUPRayqg" "Mozilla/5.0 (Windows; U; Windows NT 6.0; fr; rv:1.9.0.1) Gecko/2008070208 Firefox/3.0.1 (.NET CLR 3.5.30729)" "-"
89.230.75.184 - - [11/Oct/2009:10:49:29 +0200] "GET /aus/aus1.pdf HTTP/1.1" 200 779775 "http://www.google.pl/search?hl=pl&lr=&rlz=1G1GGLQ_PLPL307&q=wzmacniacz+r%C3%B3%C5%BCnicowy&start=30&sa=N" "Opera/9.63 (Windows NT 6.0; U; pl) Presto/2.1.1" "-"
92.138.186.231 - - [11/Oct/2009:10:49:31 +0200] "GET /inf5/05_06/4/gas34.jpg HTTP/1.1" 200 451736 "http://neo.dmcs.p.lodz.pl/inf5/05_06/4/TATRY.HTML" "Mozilla/5.0 (Windows; U; Windows NT 6.0; fr; rv:1.9.0.1) Gecko/2008070208 Firefox/3.0.1 (.NET CLR 3.5.30729)" "-"
92.138.186.231 - - [11/Oct/2009:10:49:32 +0200] "GET /inf5/05_06/4/c-s-5.jpg HTTP/1.1" 200 703954 "http://neo.dmcs.p.lodz.pl/inf5/05_06/4/TATRY.HTML" "Mozilla/5.0 (Windows; U; Windows NT 6.0; fr; rv:1.9.0.1) Gecko/2008070208 Firefox/3.0.1 (.NET CLR 3.5.30729)" "-"
92.138.186.231 - - [11/Oct/2009:10:49:33 +0200] "GET /inf5/05_06/4/ax.jpg HTTP/1.1" 200 416976 "http://neo.dmcs.p.lodz.pl/inf5/05_06/4/TATRY.HTML" "Mozilla/5.0 (Windows; U; Windows NT 6.0; fr; rv:1.9.0.1) Gecko/2008070208 Firefox/3.0.1 (.NET CLR 3.5.30729)" "-"
92.138.186.231 - - [11/Oct/2009:10:49:34 +0200] "GET /inf5/05_06/4/ss14.jpg HTTP/1.1" 200 985749 "http://neo.dmcs.p.lodz.pl/inf5/05_06/4/TATRY.HTML" "Mozilla/5.0 (Windows; U; Windows NT 6.0; fr; rv:1.9.0.1) Gecko/2008070208 Firefox/3.0.1 (.NET CLR 3.5.30729)" "-"
92.138.186.231 - - [11/Oct/2009:10:49:36 +0200] "GET /inf5/05_06/4/olczyska2.jpg HTTP/1.1" 200 1604092 "http://neo.dmcs.p.lodz.pl/inf5/05_06/4/TATRY.HTML" "Mozilla/5.0 (Windows; U; Windows NT 6.0; fr; rv:1.9.0.1) Gecko/2008070208 Firefox/3.0.1 (.NET CLR 3.5.30729)" "-"
92.138.186.231 - - [11/Oct/2009:10:49:36 +0200] "GET /inf5/05_06/4/ss6.jpg HTTP/1.1" 200 1218351 "http://neo.dmcs.p.lodz.pl/inf5/05_06/4/TATRY.HTML" "Mozilla/5.0 (Windows; U; Windows NT 6.0; fr; rv:1.9.0.1) Gecko/2008070208 Firefox/3.0.1 (.NET CLR 3.5.30729)" "-"
92.138.186.231 - - [11/Oct/2009:10:49:36 +0200] "GET /favicon.ico HTTP/1.1" 404 292 "-" "Mozilla/5.0 (Windows; U; Windows NT 6.0; fr; rv:1.9.0.1) Gecko/2008070208 Firefox/3.0.1 (.NET CLR 3.5.30729)" "-"
92.138.186.231 - - [11/Oct/2009:10:49:39 +0200] "GET /favicon.ico HTTP/1.1" 404 292 "-" "Mozilla/5.0 (Windows; U; Windows NT 6.0; fr; rv:1.9.0.1) Gecko/2008070208 Firefox/3.0.1 (.NET CLR 3.5.30729)" "-"
10.0.2.2 - - [11/Oct/2009:10:49:48 +0200] "GET /podyplomowe_smtm/smob2/kursbasha/stream.html HTTP/1.1" 200 5401 "http://neo.dmcs.pl/podyplomowe_smtm/smob2/kursbasha/main.html" "Mozilla/5.0 (X11; U; Linux i686; pl-PL; rv:1.9.0.7) Gecko/2009030422 Ubuntu/8.10 (intrepid) Firefox/3.0.7" "-"
10.0.2.2 - - [11/Oct/2009:10:49:48 +0200] "GET /podyplomowe_smtm/smob2/kursbasha/grafiki/stream.gif HTTP/1.1" 200 8044 "http://neo.dmcs.pl/podyplomowe_smtm/smob2/kursbasha/stream.html" "Mozilla/5.0 (X11; U; Linux i686; pl-PL; rv:1.9.0.7) Gecko/2009030422 Ubuntu/8.10 (intrepid) Firefox/3.0.7" "-"
92.138.186.231 - - [11/Oct/2009:10:49:52 +0200] "GET /inf5/05_06/4/lacs.html HTTP/1.1" 200 2637 "http://neo.dmcs.p.lodz.pl/inf5/05_06/4/TATRY.HTML" "Mozilla/5.0 (Windows; U; Windows NT 6.0; fr; rv:1.9.0.1) Gecko/2008070208 Firefox/3.0.1 (.NET CLR 3.5.30729)" "-"
92.138.186.231 - - [11/Oct/2009:10:49:59 +0200] "GET /inf5/05_06/4/sg5.jpg HTTP/1.1" 200 961233 "http://neo.dmcs.p.lodz.pl/inf5/05_06/4/lacs.html" "Mozilla/5.0 (Windows; U; Windows NT 6.0; fr; rv:1.9.0.1) Gecko/2008070208 Firefox/3.0.1 (.NET CLR 3.5.30729)" "-"
92.138.186.231 - - [11/Oct/2009:10:49:59 +0200] "GET /inf5/05_06/4/c-s-8.jpg HTTP/1.1" 200 1028624 "http://neo.dmcs.p.lodz.pl/inf5/05_06/4/lacs.html" "Mozilla/5.0 (Windows; U; Windows NT 6.0; fr; rv:1.9.0.1) Gecko/2008070208 Firefox/3.0.1 (.NET CLR 3.5.30729)" "-"
92.138.186.231 - - [11/Oct/2009:10:50:03 +0200] "GET /inf5/05_06/4/sg6.jpg HTTP/1.1" 200 1447391 "http://neo.dmcs.p.lodz.pl/inf5/05_06/4/lacs.html" "Mozilla/5.0 (Windows; U; Windows NT 6.0; fr; rv:1.9.0.1) Gecko/2008070208 Firefox/3.0.1 (.NET CLR 3.5.30729)" "-"
92.138.186.231 - - [11/Oct/2009:10:50:04 +0200] "GET /inf5/05_06/4/morskie-oko1.jpg HTTP/1.1" 200 1930299 "http://neo.dmcs.p.lodz.pl/inf5/05_06/4/lacs.html" "Mozilla/5.0 (Windows; U; Windows NT 6.0; fr; rv:1.9.0.1) Gecko/2008070208 Firefox/3.0.1 (.NET CLR 3.5.30729)" "-"
92.138.186.231 - - [11/Oct/2009:10:50:04 +0200] "GET /inf5/05_06/4/c-s-7.jpg HTTP/1.1" 200 871974 "http://neo.dmcs.p.lodz.pl/inf5/05_06/4/lacs.html" "Mozilla/5.0 (Windows; U; Windows NT 6.0; fr; rv:1.9.0.1) Gecko/2008070208 Firefox/3.0.1 (.NET CLR 3.5.30729)" "-"
92.138.186.231 - - [11/Oct/2009:10:50:04 +0200] "GET /inf5/05_06/4/mo10.jpg HTTP/1.1" 200 1782899 "http://neo.dmcs.p.lodz.pl/inf5/05_06/4/lacs.html" "Mozilla/5.0 (Windows; U; Windows NT 6.0; fr; rv:1.9.0.1) Gecko/2008070208 Firefox/3.0.1 (.NET CLR 3.5.30729)" "-"
92.138.186.231 - - [11/Oct/2009:10:50:05 +0200] "GET /inf5/05_06/4/c-s-1.jpg HTTP/1.1" 200 1441284 "http://neo.dmcs.p.lodz.pl/inf5/05_06/4/lacs.html" "Mozilla/5.0 (Windows; U; Windows NT 6.0; fr; rv:1.9.0.1) Gecko/2008070208 Firefox/3.0.1 (.NET CLR 3.5.30729)" "-"
92.138.186.231 - - [11/Oct/2009:10:50:06 +0200] "GET /inf5/05_06/4/mo4.jpg HTTP/1.1" 200 452684 "http://neo.dmcs.p.lodz.pl/inf5/05_06/4/lacs.html" "Mozilla/5.0 (Windows; U; Windows NT 6.0; fr; rv:1.9.0.1) Gecko/2008070208 Firefox/3.0.1 (.NET CLR 3.5.30729)" "-"
92.138.186.231 - - [11/Oct/2009:10:50:06 +0200] "GET /inf5/05_06/4/mo20.jpg HTTP/1.1" 200 915872 "http://neo.dmcs.p.lodz.pl/inf5/05_06/4/lacs.html" "Mozilla/5.0 (Windows; U; Windows NT 6.0; fr; rv:1.9.0.1) Gecko/2008070208 Firefox/3.0.1 (.NET CLR 3.5.30729)" "-"
92.138.186.231 - - [11/Oct/2009:10:50:06 +0200] "GET /inf5/05_06/4/mo9.jpg HTTP/1.1" 200 538352 "http://neo.dmcs.p.lodz.pl/inf5/05_06/4/lacs.html" "Mozilla/5.0 (Windows; U; Windows NT 6.0; fr; rv:1.9.0.1) Gecko/2008070208 Firefox/3.0.1 (.NET CLR 3.5.30729)" "-"
10.0.2.1 - - [11/Oct/2009:10:50:16 +0200] "GET /podyplomowe_smtm/smob2/kursbasha/vars.html HTTP/1.1" 200 2724 "http://neo.dmcs.pl/podyplomowe_smtm/smob2/kursbasha/main.html" "Mozilla/5.0 (X11; U; Linux i686; pl-PL; rv:1.9.0.7) Gecko/2009030422 Ubuntu/8.10 (intrepid) Firefox/3.0.7" "-"
10.0.2.1 - - [11/Oct/2009:10:50:28 +0200] "GET /podyplomowe_smtm/smob2/kursbasha/vare.html HTTP/1.1" 200 3665 "http://neo.dmcs.pl/podyplomowe_smtm/smob2/kursbasha/main.html" "Mozilla/5.0 (X11; U; Linux i686; pl-PL; rv:1.9.0.7) Gecko/2009030422 Ubuntu/8.10 (intrepid) Firefox/3.0.7" "-"
83.8.235.17 - - [11/Oct/2009:10:50:35 +0200] "GET /~piotrowi/wdtcim.php HTTP/1.1" 200 2717 "http://lux.dmcs.pl/~piotrowi/" "Mozilla/4.0 (compatible; MSIE 8.0; Windows NT 5.1; Trident/4.0; GTB6; .NET CLR 2.0.50727; .NET CLR 3.0.4506.2152; .NET CLR 3.5.30729)" "-"
83.8.235.17 - - [11/Oct/2009:10:50:35 +0200] "GET /favicon.ico HTTP/1.1" 404 285 "-" "Mozilla/4.0 (compatible; MSIE 8.0; Windows NT 5.1; Trident/4.0; GTB6; .NET CLR 2.0.50727; .NET CLR 3.0.4506.2152; .NET CLR 3.5.30729)" "-"
10.0.2.1 - - [11/Oct/2009:10:50:36 +0200] "GET /podyplomowe_smtm/smob2/kursbasha/vart.html HTTP/1.1" 200 5266 "http://neo.dmcs.pl/podyplomowe_smtm/smob2/kursbasha/main.html" "Mozilla/5.0 (X11; U; Linux i686; pl-PL; rv:1.9.0.7) Gecko/2009030422 Ubuntu/8.10 (intrepid) Firefox/3.0.7" "-"
83.8.235.17 - - [11/Oct/2009:10:50:57 +0200] "GET /~piotrowi/wdtcim/wyklad1.pdf HTTP/1.1" 200 225488 "http://lux.dmcs.pl/~piotrowi/wdtcim.php" "Mozilla/4.0 (compatible; MSIE 8.0; Windows NT 5.1; Trident/4.0; GTB6; .NET CLR 2.0.50727; .NET CLR 3.0.4506.2152; .NET CLR 3.5.30729)" "-"
83.8.235.17 - - [11/Oct/2009:10:50:57 +0200] "GET /~piotrowi/wdtcim/wyklad1.pdf HTTP/1.1" 206 4096 "-" "Mozilla/4.0 (compatible; MSIE 8.0; Windows NT 5.1; Trident/4.0; GTB6; .NET CLR 2.0.50727; .NET CLR 3.0.4506.2152; .NET CLR 3.5.30729)" "-"
83.8.235.17 - - [11/Oct/2009:10:50:57 +0200] "GET /~piotrowi/wdtcim/wyklad1.pdf HTTP/1.1" 206 20 "-" "Mozilla/4.0 (compatible; MSIE 8.0; Windows NT 5.1; Trident/4.0; GTB6; .NET CLR 2.0.50727; .NET CLR 3.0.4506.2152; .NET CLR 3.5.30729)" "-"
83.8.235.17 - - [11/Oct/2009:10:50:57 +0200] "GET /~piotrowi/wdtcim/wyklad1.pdf HTTP/1.1" 206 4681 "-" "Mozilla/4.0 (compatible; MSIE 8.0; Windows NT 5.1; Trident/4.0; GTB6; .NET CLR 2.0.50727; .NET CLR 3.0.4506.2152; .NET CLR 3.5.30729)" "-"
83.8.235.17 - - [11/Oct/2009:10:50:57 +0200] "GET /~piotrowi/wdtcim/wyklad1.pdf HTTP/1.1" 206 233 "-" "Mozilla/4.0 (compatible; MSIE 8.0; Windows NT 5.1; Trident/4.0; GTB6; .NET CLR 2.0.50727; .NET CLR 3.0.4506.2152; .NET CLR 3.5.30729)" "-"
83.8.235.17 - - [11/Oct/2009:10:50:57 +0200] "GET /~piotrowi/wdtcim/wyklad1.pdf HTTP/1.1" 206 2534 "-" "Mozilla/4.0 (compatible; MSIE 8.0; Windows NT 5.1; Trident/4.0; GTB6; .NET CLR 2.0.50727; .NET CLR 3.0.4506.2152; .NET CLR 3.5.30729)" "-"
10.0.2.1 - - [11/Oct/2009:10:50:59 +0200] "GET /podyplomowe_smtm/smob2/kursbasha/stream.html HTTP/1.1" 200 5401 "http://neo.dmcs.pl/podyplomowe_smtm/smob2/kursbasha/main.html" "Mozilla/5.0 (X11; U; Linux i686; pl-PL; rv:1.9.0.7) Gecko/2009030422 Ubuntu/8.10 (intrepid) Firefox/3.0.7" "-"
10.0.2.1 - - [11/Oct/2009:10:50:59 +0200] "GET /podyplomowe_smtm/smob2/kursbasha/grafiki/stream.gif HTTP/1.1" 200 8044 "http://neo.dmcs.pl/podyplomowe_smtm/smob2/kursbasha/stream.html" "Mozilla/5.0 (X11; U; Linux i686; pl-PL; rv:1.9.0.7) Gecko/2009030422 Ubuntu/8.10 (intrepid) Firefox/3.0.7" "-"
83.8.235.17 - - [11/Oct/2009:10:51:01 +0200] "GET /~piotrowi/wdtcim/wyklad1.pdf HTTP/1.1" 206 125448 "-" "Mozilla/4.0 (compatible; MSIE 8.0; Windows NT 5.1; Trident/4.0; GTB6; .NET CLR 2.0.50727; .NET CLR 3.0.4506.2152; .NET CLR 3.5.30729)" "-"
96.31.86.184 - - [11/Oct/2009:10:52:03 +0200] "GET /kpuesz/proj1/BAV19-20-21.pdf HTTP/1.1" 206 62002 "http://neo.dmcs.p.lodz.pl" "Mozilla/4.0 (compatible; MSIE 8.0; Windows NT 5.1; Trident/4.0; .NET CLR 2.0.50727; .NET CLR 1.1.4322; .NET CLR 3.0.04506.30; .NET CLR 3.0.04506.648)" "-"
83.10.175.153 - - [11/Oct/2009:10:52:16 +0200] "GET / HTTP/1.1" 200 8370 "-" "Opera/9.80 (Windows NT 6.1; U; pl) Presto/2.2.15 Version/10.00" "-"
83.10.175.153 - - [11/Oct/2009:10:52:16 +0200] "GET /style.css HTTP/1.1" 200 2000 "http://neo.dmcs.p.lodz.pl/" "Opera/9.80 (Windows NT 6.1; U; pl) Presto/2.2.15 Version/10.00" "-"
83.10.175.153 - - [11/Oct/2009:10:52:16 +0200] "GET /images/back.jpg HTTP/1.1" 404 296 "http://neo.dmcs.p.lodz.pl/" "Opera/9.80 (Windows NT 6.1; U; pl) Presto/2.2.15 Version/10.00" "-"
83.10.175.153 - - [11/Oct/2009:10:52:16 +0200] "GET /favicon.ico HTTP/1.1" 404 292 "http://neo.dmcs.p.lodz.pl/" "Opera/9.80 (Windows NT 6.1; U; pl) Presto/2.2.15 Version/10.00" "-"
10.0.0.35 - - [11/Oct/2009:10:52:32 +0200] "GET /~kgrabowski/materialy%20dodatkowe/dsk_app.zip HTTP/1.1" 200 421298 "http://neo.dmcs.pl/~kgrabowski/materialy%20dodatkowe/" "Mozilla/4.0 (compatible; MSIE 7.0; Windows NT 5.1; .NET CLR 1.1.4322)" "-"
88.23.1.63 - - [11/Oct/2009:10:52:36 +0200] "GET /inf5/06_07/4/sayuri.jpg HTTP/1.1" 200 125430 "http://ptitepousseverte.canalblog.com/archives/p10-10.html" "Mozilla/4.0 (compatible; MSIE 7.0; Windows NT 6.0; SLCC1; .NET CLR 2.0.50727; Media Center PC 5.0; Tablet PC 2.0; .NET CLR 3.5.30729; .NET CLR 3.0.30618)" "-"
153.19.210.159 - - [11/Oct/2009:10:52:39 +0200] "HEAD /favicon.ico HTTP/1.1" 404 0 "-" "Mozilla/5.0 (X11; U; Linux i686; pl; rv:1.9.1.3) Gecko/20090824 Firefox/3.5.3" "-"
10.0.2.12 - - [11/Oct/2009:10:53:29 +0200] "GET /podyplomowe_smtm/smob2/kursbasha/echo.html HTTP/1.1" 200 2676 "http://neo.dmcs.pl/podyplomowe_smtm/smob2/kursbasha/main.html" "Mozilla/5.0 (X11; U; Linux i686; pl-PL; rv:1.9.0.7) Gecko/2009030422 Ubuntu/8.10 (intrepid) Firefox/3.0.7" "-"
66.249.65.212 - - [11/Oct/2009:10:53:45 +0200] "GET /isbd/php/doc/polish_many/zend.layout.html HTTP/1.1" 200 7495 "-" "Mozilla/5.0 (compatible; Googlebot/2.1; +http://www.google.com/bot.html)" "-"
89.79.254.54 - - [11/Oct/2009:10:54:15 +0200] "GET /smcr-p/index.html HTTP/1.1" 200 4325 "http://www.google.pl/search?hl=pl&q=systemy+mikroprocesorowe+projekt&btnG=Szukaj&lr=" "Mozilla/5.0 (Windows; U; Windows NT 5.1; pl; rv:1.9.0.14) Gecko/2009082707 Firefox/3.0.14 (.NET CLR 3.5.30729)" "-"
89.79.254.54 - - [11/Oct/2009:10:54:15 +0200] "GET /favicon.ico HTTP/1.1" 404 292 "-" "Mozilla/5.0 (Windows; U; Windows NT 5.1; pl; rv:1.9.0.14) Gecko/2009082707 Firefox/3.0.14 (.NET CLR 3.5.30729)" "-"
89.79.254.54 - - [11/Oct/2009:10:54:17 +0200] "GET /favicon.ico HTTP/1.1" 404 292 "-" "Mozilla/5.0 (Windows; U; Windows NT 5.1; pl; rv:1.9.0.14) Gecko/2009082707 Firefox/3.0.14 (.NET CLR 3.5.30729)" "-"
10.0.0.35 - - [11/Oct/2009:10:54:33 +0200] "GET /~kgrabowski/materialy%20dodatkowe/dsk6713_TechRef.pdf HTTP/1.1" 200 387548 "http://neo.dmcs.pl/~kgrabowski/materialy%20dodatkowe/" "Mozilla/4.0 (compatible; MSIE 7.0; Windows NT 5.1; .NET CLR 1.1.4322)" "-"
10.0.0.35 - - [11/Oct/2009:10:54:33 +0200] "GET /~kgrabowski/materialy%20dodatkowe/dsk6713_TechRef.pdf HTTP/1.1" 206 3748 "-" "Mozilla/4.0 (compatible; MSIE 7.0; Windows NT 5.1; .NET CLR 1.1.4322)" "-"
10.0.0.35 - - [11/Oct/2009:10:54:33 +0200] "GET /~kgrabowski/materialy%20dodatkowe/dsk6713_TechRef.pdf HTTP/1.1" 206 219 "-" "Mozilla/4.0 (compatible; MSIE 7.0; Windows NT 5.1; .NET CLR 1.1.4322)" "-"
10.0.0.35 - - [11/Oct/2009:10:54:34 +0200] "GET /~kgrabowski/materialy%20dodatkowe/dsk6713_TechRef.pdf HTTP/1.1" 206 3392 "-" "Mozilla/4.0 (compatible; MSIE 7.0; Windows NT 5.1; .NET CLR 1.1.4322)" "-"
10.0.0.35 - - [11/Oct/2009:10:54:34 +0200] "GET /~kgrabowski/materialy%20dodatkowe/dsk6713_TechRef.pdf HTTP/1.1" 206 909 "-" "Mozilla/4.0 (compatible; MSIE 7.0; Windows NT 5.1; .NET CLR 1.1.4322)" "-"
10.0.0.35 - - [11/Oct/2009:10:54:34 +0200] "GET /~kgrabowski/materialy%20dodatkowe/dsk6713_TechRef.pdf HTTP/1.1" 206 13303 "-" "Mozilla/4.0 (compatible; MSIE 7.0; Windows NT 5.1; .NET CLR 1.1.4322)" "-"
10.0.0.35 - - [11/Oct/2009:10:54:34 +0200] "GET /~kgrabowski/materialy%20dodatkowe/dsk6713_TechRef.pdf HTTP/1.1" 206 316811 "-" "Mozilla/4.0 (compatible; MSIE 7.0; Windows NT 5.1; .NET CLR 1.1.4322)" "-"
91.193.99.54 - - [11/Oct/2009:10:54:54 +0200] "GET /pps/index.html HTTP/1.1" 200 10955 "-" "Opera/9.80 (Windows NT 6.0; U; pl) Presto/2.2.15 Version/10.00" "-"
91.193.99.54 - - [11/Oct/2009:10:55:25 +0200] "GET /sl/SL-awk.pdf HTTP/1.1" 200 289765 "-" "Opera/9.80 (Windows NT 6.0; U; pl) Presto/2.2.15 Version/10.00" "-"
91.193.99.54 - - [11/Oct/2009:10:55:25 +0200] "GET /style.css HTTP/1.1" 200 2000 "http://neo.dmcs.pl/pps/index.html" "Opera/9.80 (Windows NT 6.0; U; pl) Presto/2.2.15 Version/10.00" "-"
91.193.99.54 - - [11/Oct/2009:10:55:25 +0200] "GET /pps/..%5Cback.gif HTTP/1.1" 404 289 "http://neo.dmcs.pl/pps/index.html" "Opera/9.80 (Windows NT 6.0; U; pl) Presto/2.2.15 Version/10.00" "-"
83.10.175.153 - - [11/Oct/2009:10:55:26 +0200] "GET /mo/index.html HTTP/1.1" 403 298 "http://neo.dmcs.p.lodz.pl/" "Opera/9.80 (Windows NT 6.1; U; pl) Presto/2.2.15 Version/10.00" "-"
91.193.99.54 - - [11/Oct/2009:10:55:30 +0200] "GET /favicon.ico HTTP/1.1" 404 285 "http://neo.dmcs.pl/pps/index.html" "Opera/9.80 (Windows NT 6.0; U; pl) Presto/2.2.15 Version/10.00" "-"
81.219.126.200 - - [11/Oct/2009:10:55:46 +0200] "GET /~mariuszz/SelPublications/IFE_ComputerGraphics_Ex1Ex2_ver1_01.pdf HTTP/1.1" 200 230743 "http://maksymus007.info/cs/index.php?topic=514.msg13131" "Mozilla/5.0 (Macintosh; U; Intel Mac OS X 10_5_8; pl-pl) AppleWebKit/531.9 (KHTML, like Gecko) Version/4.0.3 Safari/531.9" "-"
123.237.75.35 - - [11/Oct/2009:10:55:46 +0200] "GET /pdsc/index.html HTTP/1.1" 200 6321 "http://www.google.co.in/url?sa=t&source=web&ct=res&cd=12&ved=0CBMQFjABOAo&url=http%3A%2F%2Fneo.dmcs.p.lodz.pl%2Fpdsc%2Findex.html&ei=ip3RSv__NMaOkAWngOnWBg&rct=j&q=data+structure%2Bprogram+example+in+C&usg=AFQjCNH_6nocbcvLYsZ4m_1nNAAFYXXsrw" "Mozilla/5.0 (Windows; U; Windows NT 5.0; en-GB; rv:1.9.1.3) Gecko/20090824 Firefox/3.5.3" "-"
123.237.75.35 - - [11/Oct/2009:10:55:47 +0200] "GET /style.css HTTP/1.1" 200 2000 "http://neo.dmcs.p.lodz.pl/pdsc/index.html" "Mozilla/5.0 (Windows; U; Windows NT 5.0; en-GB; rv:1.9.1.3) Gecko/20090824 Firefox/3.5.3" "-"
123.237.75.35 - - [11/Oct/2009:10:55:47 +0200] "GET /images/back.jpg HTTP/1.1" 404 296 "http://neo.dmcs.p.lodz.pl/pdsc/index.html" "Mozilla/5.0 (Windows; U; Windows NT 5.0; en-GB; rv:1.9.1.3) Gecko/20090824 Firefox/3.5.3" "-"
123.237.75.35 - - [11/Oct/2009:10:55:48 +0200] "GET /favicon.ico HTTP/1.1" 404 292 "-" "Mozilla/5.0 (Windows; U; Windows NT 5.0; en-GB; rv:1.9.1.3) Gecko/20090824 Firefox/3.5.3" "-"
123.237.75.35 - - [11/Oct/2009:10:55:50 +0200] "GET /favicon.ico HTTP/1.1" 404 292 "-" "Mozilla/5.0 (Windows; U; Windows NT 5.0; en-GB; rv:1.9.1.3) Gecko/20090824 Firefox/3.5.3" "-"
65.55.220.54 - - [11/Oct/2009:10:56:00 +0200] "GET /inf5/05_06/6/index_files/normal12.jpg HTTP/1.1" 200 12841 "-" "WinHttp" "-"
65.55.220.54 - - [11/Oct/2009:10:56:00 +0200] "GET /inf5/05_06/6/index.html HTTP/1.1" 200 3497 "-" "WinHttp" "-"
89.79.254.54 - - [11/Oct/2009:10:56:02 +0200] "GET /smcr/index.html HTTP/1.1" 200 14517 "http://neo.dmcs.p.lodz.pl/smcr-p/index.html" "Mozilla/5.0 (Windows; U; Windows NT 5.1; pl; rv:1.9.0.14) Gecko/2009082707 Firefox/3.0.14 (.NET CLR 3.5.30729)" "-"
89.79.254.54 - - [11/Oct/2009:10:56:02 +0200] "GET /style.css HTTP/1.1" 200 2000 "http://neo.dmcs.p.lodz.pl/smcr/index.html" "Mozilla/5.0 (Windows; U; Windows NT 5.1; pl; rv:1.9.0.14) Gecko/2009082707 Firefox/3.0.14 (.NET CLR 3.5.30729)" "-"
89.79.254.54 - - [11/Oct/2009:10:56:02 +0200] "GET /images/back.jpg HTTP/1.1" 404 296 "http://neo.dmcs.p.lodz.pl/smcr/index.html" "Mozilla/5.0 (Windows; U; Windows NT 5.1; pl; rv:1.9.0.14) Gecko/2009082707 Firefox/3.0.14 (.NET CLR 3.5.30729)" "-"
83.10.178.103 - - [11/Oct/2009:10:56:53 +0200] "GET / HTTP/1.1" 200 8370 "-" "Mozilla/5.0 (Windows; U; Windows NT 5.1; pl; rv:1.9.1.3) Gecko/20090824 Firefox/3.5.3" "-"
83.10.178.103 - - [11/Oct/2009:10:56:53 +0200] "GET /style.css HTTP/1.1" 200 2000 "http://neo.dmcs.p.lodz.pl/" "Mozilla/5.0 (Windows; U; Windows NT 5.1; pl; rv:1.9.1.3) Gecko/20090824 Firefox/3.5.3" "-"
83.10.178.103 - - [11/Oct/2009:10:56:54 +0200] "GET /images/back.jpg HTTP/1.1" 404 296 "http://neo.dmcs.p.lodz.pl/" "Mozilla/5.0 (Windows; U; Windows NT 5.1; pl; rv:1.9.1.3) Gecko/20090824 Firefox/3.5.3" "-"
83.10.178.103 - - [11/Oct/2009:10:56:54 +0200] "GET /favicon.ico HTTP/1.1" 404 292 "-" "Mozilla/5.0 (Windows; U; Windows NT 5.1; pl; rv:1.9.1.3) Gecko/20090824 Firefox/3.5.3" "-"
83.10.178.103 - - [11/Oct/2009:10:57:05 +0200] "GET /oopc/index.html HTTP/1.1" 200 7069 "http://neo.dmcs.p.lodz.pl/" "Mozilla/5.0 (Windows; U; Windows NT 5.1; pl; rv:1.9.1.3) Gecko/20090824 Firefox/3.5.3" "-"
83.10.178.103 - - [11/Oct/2009:10:57:05 +0200] "GET /images/back.jpg HTTP/1.1" 404 296 "http://neo.dmcs.p.lodz.pl/oopc/index.html" "Mozilla/5.0 (Windows; U; Windows NT 5.1; pl; rv:1.9.1.3) Gecko/20090824 Firefox/3.5.3" "-"
66.249.65.212 - - [11/Oct/2009:10:57:06 +0200] "GET /inf5/04_05/6/temps.html HTTP/1.1" 304 - "-" "Mozilla/5.0 (compatible; Googlebot/2.1; +http://www.google.com/bot.html)" "-"
149.156.157.66 - - [11/Oct/2009:10:57:13 +0200] "GET /arm/slajdy/slajdy3.pdf HTTP/1.1" 200 351744 "http://www.google.pl/url?sa=t&source=web&ct=res&cd=4&ved=0CA4QFjAD&url=http%3A%2F%2Fneo.dmcs.p.lodz.pl%2Farm%2Fslajdy%2Fslajdy3.pdf&ei=4Z3RStXxCImwnQOS39GHAw&rct=j&q=systemy+wbudowane+projekt&usg=AFQjCNGS6Rx0nyU4Rq-zI3l2aS4-Z63ROQ" "Mozilla/5.0 (Windows; U; Windows NT 6.1; pl; rv:1.9.1.3) Gecko/20090824 Firefox/3.5.3" "-"
149.156.157.66 - - [11/Oct/2009:10:57:13 +0200] "GET /arm/slajdy/slajdy3.pdf HTTP/1.1" 206 4312 "-" "Mozilla/5.0 (Windows; U; Windows NT 6.1; pl; rv:1.9.1.3) Gecko/20090824 Firefox/3.5.3" "-"
149.156.157.66 - - [11/Oct/2009:10:57:13 +0200] "GET /favicon.ico HTTP/1.1" 404 292 "-" "Mozilla/5.0 (Windows; U; Windows NT 6.1; pl; rv:1.9.1.3) Gecko/20090824 Firefox/3.5.3" "-"
149.156.157.66 - - [11/Oct/2009:10:57:13 +0200] "GET /arm/slajdy/slajdy3.pdf HTTP/1.1" 206 4312 "-" "Mozilla/5.0 (Windows; U; Windows NT 6.1; pl; rv:1.9.1.3) Gecko/20090824 Firefox/3.5.3" "-"
149.156.157.66 - - [11/Oct/2009:10:57:14 +0200] "GET /arm/slajdy/slajdy3.pdf HTTP/1.1" 206 2404722 "-" "Mozilla/5.0 (Windows; U; Windows NT 6.1; pl; rv:1.9.1.3) Gecko/20090824 Firefox/3.5.3" "-"
149.156.157.66 - - [11/Oct/2009:10:57:16 +0200] "GET /favicon.ico HTTP/1.1" 404 292 "-" "Mozilla/5.0 (Windows; U; Windows NT 6.1; pl; rv:1.9.1.3) Gecko/20090824 Firefox/3.5.3" "-"
83.10.178.103 - - [11/Oct/2009:10:57:18 +0200] "GET /oopc/oopc-1.pdf HTTP/1.1" 200 199639 "http://neo.dmcs.p.lodz.pl/oopc/index.html" "Mozilla/5.0 (Windows; U; Windows NT 5.1; pl; rv:1.9.1.3) Gecko/20090824 Firefox/3.5.3" "-"
213.238.82.117 - - [11/Oct/2009:10:57:28 +0200] "GET /mjp4/2003/scrabble/ins.html HTTP/1.1" 200 3195 "http://www.google.pl/search?hl=pl&lr=&client=firefox-a&rls=org.mozilla:pl:official&hs=o1Z&q=instrukcja+do+gry+operacja&start=120&sa=N" "Mozilla/5.0 (Windows; U; Windows NT 5.1; pl; rv:1.9.1.3) Gecko/20090824 Firefox/3.5.3" "-"
213.238.82.117 - - [11/Oct/2009:10:57:29 +0200] "GET /mjp4/2003/scrabble/1.jpg HTTP/1.1" 200 12413 "http://neo.dmcs.p.lodz.pl/mjp4/2003/scrabble/ins.html" "Mozilla/5.0 (Windows; U; Windows NT 5.1; pl; rv:1.9.1.3) Gecko/20090824 Firefox/3.5.3" "-"
213.238.82.117 - - [11/Oct/2009:10:57:29 +0200] "GET /favicon.ico HTTP/1.1" 404 292 "-" "Mozilla/5.0 (compatible; Google Desktop)" "-"
213.238.82.117 - - [11/Oct/2009:10:57:30 +0200] "GET /mjp4/2003/scrabble/2.jpg HTTP/1.1" 200 73410 "http://neo.dmcs.p.lodz.pl/mjp4/2003/scrabble/ins.html" "Mozilla/5.0 (Windows; U; Windows NT 5.1; pl; rv:1.9.1.3) Gecko/20090824 Firefox/3.5.3" "-"
213.238.82.117 - - [11/Oct/2009:10:57:30 +0200] "GET /favicon.ico HTTP/1.1" 404 292 "-" "Mozilla/5.0 (Windows; U; Windows NT 5.1; pl; rv:1.9.1.3) Gecko/20090824 Firefox/3.5.3" "-"
213.238.82.117 - - [11/Oct/2009:10:57:33 +0200] "GET /favicon.ico HTTP/1.1" 404 292 "-" "Mozilla/5.0 (Windows; U; Windows NT 5.1; pl; rv:1.9.1.3) Gecko/20090824 Firefox/3.5.3" "-"
83.10.178.103 - - [11/Oct/2009:10:57:56 +0200] "GET /oopc/oopc-2.pdf HTTP/1.1" 200 191072 "http://neo.dmcs.p.lodz.pl/oopc/index.html" "Mozilla/5.0 (Windows; U; Windows NT 5.1; pl; rv:1.9.1.3) Gecko/20090824 Firefox/3.5.3" "-"
83.10.178.103 - - [11/Oct/2009:10:57:59 +0200] "GET /oopc/oopc-3.pdf HTTP/1.1" 200 12794 "http://neo.dmcs.p.lodz.pl/oopc/index.html" "Mozilla/5.0 (Windows; U; Windows NT 5.1; pl; rv:1.9.1.3) Gecko/20090824 Firefox/3.5.3" "-"
83.10.178.103 - - [11/Oct/2009:10:58:02 +0200] "GET /oopc/oopc-3.pdf HTTP/1.1" 200 381074 "http://neo.dmcs.p.lodz.pl/oopc/index.html" "Mozilla/5.0 (Windows; U; Windows NT 5.1; pl; rv:1.9.1.3) Gecko/20090824 Firefox/3.5.3" "-"
83.10.178.103 - - [11/Oct/2009:10:58:02 +0200] "GET /oopc/oopc-4.pdf HTTP/1.1" 200 228873 "http://neo.dmcs.p.lodz.pl/oopc/index.html" "Mozilla/5.0 (Windows; U; Windows NT 5.1; pl; rv:1.9.1.3) Gecko/20090824 Firefox/3.5.3" "-"
83.10.178.103 - - [11/Oct/2009:10:58:06 +0200] "GET /oopc/oopc-5.pdf HTTP/1.1" 200 215820 "http://neo.dmcs.p.lodz.pl/oopc/index.html" "Mozilla/5.0 (Windows; U; Windows NT 5.1; pl; rv:1.9.1.3) Gecko/20090824 Firefox/3.5.3" "-"
83.10.178.103 - - [11/Oct/2009:10:58:10 +0200] "GET /oopc/oopc-6.pdf HTTP/1.1" 200 143614 "http://neo.dmcs.p.lodz.pl/oopc/index.html" "Mozilla/5.0 (Windows; U; Windows NT 5.1; pl; rv:1.9.1.3) Gecko/20090824 Firefox/3.5.3" "-"
83.10.178.103 - - [11/Oct/2009:10:58:17 +0200] "GET /oopc/oopc-8a.pdf HTTP/1.1" 200 126253 "http://neo.dmcs.p.lodz.pl/oopc/index.html" "Mozilla/5.0 (Windows; U; Windows NT 5.1; pl; rv:1.9.1.3) Gecko/20090824 Firefox/3.5.3" "-"
83.10.178.103 - - [11/Oct/2009:10:58:18 +0200] "GET /oopc/oopc-7.pdf HTTP/1.1" 200 235698 "http://neo.dmcs.p.lodz.pl/oopc/index.html" "Mozilla/5.0 (Windows; U; Windows NT 5.1; pl; rv:1.9.1.3) Gecko/20090824 Firefox/3.5.3" "-"
83.10.178.103 - - [11/Oct/2009:10:58:20 +0200] "GET /oopc/oopc-9.pdf HTTP/1.1" 200 253973 "http://neo.dmcs.p.lodz.pl/oopc/index.html" "Mozilla/5.0 (Windows; U; Windows NT 5.1; pl; rv:1.9.1.3) Gecko/20090824 Firefox/3.5.3" "-"
117.194.33.254 - - [11/Oct/2009:10:58:21 +0200] "GET /pdsc/pdsc7.pdf HTTP/1.1" 200 15273 "http://www.pdf-search-engine.com/data-structures-in-c--pdf.html" "Mozilla/4.0 (compatible; MSIE 6.0; Windows NT 5.1; SV1)" "-"
117.194.33.254 - - [11/Oct/2009:10:58:25 +0200] "GET /pdsc/pdsc7.pdf HTTP/1.1" 206 235247 "-" "Mozilla/4.0 (compatible; MSIE 6.0; Windows NT 5.1; SV1)" "-"
77.88.27.25 - - [11/Oct/2009:10:58:57 +0200] "GET / HTTP/1.1" 200 8370 "-" "Yandex/1.01.001 (compatible; Win16; I)" "-"
117.194.33.254 - - [11/Oct/2009:10:59:40 +0200] "GET /padp/lecture/padp4.pdf HTTP/1.1" 200 15274 "http://www.pdf-search-engine.com/data-structures-in-c--pdf.html" "Mozilla/4.0 (compatible; MSIE 6.0; Windows NT 5.1; SV1)" "-"
117.194.33.254 - - [11/Oct/2009:10:59:41 +0200] "GET /padp/lecture/padp4.pdf HTTP/1.1" 206 12380 "-" "Mozilla/4.0 (compatible; MSIE 6.0; Windows NT 5.1; SV1)" "-"
66.249.65.212 - - [11/Oct/2009:10:59:46 +0200] "GET /inf5/07_08/3/maja.html HTTP/1.1" 200 5206 "-" "Mozilla/5.0 (compatible; Googlebot/2.1; +http://www.google.com/bot.html)" "-"
83.8.235.17 - - [11/Oct/2009:10:59:57 +0200] "GET /~piotrowi/wdtcim/wyklad2.pdf HTTP/1.1" 200 240088 "http://lux.dmcs.pl/~piotrowi/wdtcim.php" "Mozilla/4.0 (compatible; MSIE 8.0; Windows NT 5.1; Trident/4.0; GTB6; .NET CLR 2.0.50727; .NET CLR 3.0.4506.2152; .NET CLR 3.5.30729)" "-"
83.8.235.17 - - [11/Oct/2009:10:59:58 +0200] "GET /~piotrowi/wdtcim/wyklad2.pdf HTTP/1.1" 206 4096 "-" "Mozilla/4.0 (compatible; MSIE 8.0; Windows NT 5.1; Trident/4.0; GTB6; .NET CLR 2.0.50727; .NET CLR 3.0.4506.2152; .NET CLR 3.5.30729)" "-"
83.8.235.17 - - [11/Oct/2009:10:59:58 +0200] "GET /~piotrowi/wdtcim/wyklad2.pdf HTTP/1.1" 206 20 "-" "Mozilla/4.0 (compatible; MSIE 8.0; Windows NT 5.1; Trident/4.0; GTB6; .NET CLR 2.0.50727; .NET CLR 3.0.4506.2152; .NET CLR 3.5.30729)" "-"
83.8.235.17 - - [11/Oct/2009:11:00:00 +0200] "GET /~piotrowi/wdtcim/wyklad2.pdf HTTP/1.1" 206 9566 "-" "Mozilla/4.0 (compatible; MSIE 8.0; Windows NT 5.1; Trident/4.0; GTB6; .NET CLR 2.0.50727; .NET CLR 3.0.4506.2152; .NET CLR 3.5.30729)" "-"
83.8.235.17 - - [11/Oct/2009:11:00:01 +0200] "GET /~piotrowi/wdtcim/wyklad2.pdf HTTP/1.1" 206 234 "-" "Mozilla/4.0 (compatible; MSIE 8.0; Windows NT 5.1; Trident/4.0; GTB6; .NET CLR 2.0.50727; .NET CLR 3.0.4506.2152; .NET CLR 3.5.30729)" "-"
83.8.235.17 - - [11/Oct/2009:11:00:02 +0200] "GET /~piotrowi/wdtcim/wyklad2.pdf HTTP/1.1" 206 2885 "-" "Mozilla/4.0 (compatible; MSIE 8.0; Windows NT 5.1; Trident/4.0; GTB6; .NET CLR 2.0.50727; .NET CLR 3.0.4506.2152; .NET CLR 3.5.30729)" "-"
83.8.235.17 - - [11/Oct/2009:11:00:02 +0200] "GET /~piotrowi/wdtcim/wyklad2.pdf HTTP/1.1" 206 4096 "-" "Mozilla/4.0 (compatible; MSIE 8.0; Windows NT 5.1; Trident/4.0; GTB6; .NET CLR 2.0.50727; .NET CLR 3.0.4506.2152; .NET CLR 3.5.30729)" "-"
80.54.115.238 - - [11/Oct/2009:11:00:08 +0200] "GET / HTTP/1.1" 200 8370 "-" "Mozilla/5.0 (Windows; U; Windows NT 6.0; pl; rv:1.9.1.3) Gecko/20090824 Firefox/3.5.3 (.NET CLR 3.5.30729)" "-"
80.54.115.238 - - [11/Oct/2009:11:00:12 +0200] "GET /style.css HTTP/1.1" 200 2000 "http://neo.dmcs.p.lodz.pl/" "Mozilla/5.0 (Windows; U; Windows NT 6.0; pl; rv:1.9.1.3) Gecko/20090824 Firefox/3.5.3 (.NET CLR 3.5.30729)" "-"
83.8.235.17 - - [11/Oct/2009:11:00:15 +0200] "GET /~piotrowi/wdtcim/wyklad2.pdf HTTP/1.1" 206 398308 "-" "Mozilla/4.0 (compatible; MSIE 8.0; Windows NT 5.1; Trident/4.0; GTB6; .NET CLR 2.0.50727; .NET CLR 3.0.4506.2152; .NET CLR 3.5.30729)" "-"
80.54.115.238 - - [11/Oct/2009:11:00:15 +0200] "GET /images/back.jpg HTTP/1.1" 404 296 "http://neo.dmcs.p.lodz.pl/" "Mozilla/5.0 (Windows; U; Windows NT 6.0; pl; rv:1.9.1.3) Gecko/20090824 Firefox/3.5.3 (.NET CLR 3.5.30729)" "-"
194.63.135.149 - - [11/Oct/2009:11:00:19 +0200] "GET /~mariuszz/SelPublications/IFE_ComputerGraphics_Ex1Ex2_ver1_01.pdf HTTP/1.1" 200 230743 "http://maksymus007.info/cs/index.php?topic=514.msg13131" "Opera/9.80 (Windows NT 6.1; U; pl) Presto/2.2.15 Version/10.00" "-"
