193.151.114.177 - - [11/Oct/2009:17:39:13 +0200] "GET /pium/instrukcje/pium_2_5-2.pdf HTTP/1.0" 200 887987 "http://neo.dmcs.pl/pium/index.php?strona=10&jezyk=0" "Mozilla/5.0 (Windows; U; Windows NT 6.1; en-US) AppleWebKit/532.0 (KHTML, like Gecko) Chrome/3.0.195.25 Safari/532.0" "-"
212.191.78.193 - - [11/Oct/2009:17:39:15 +0200] "GET /favicon.ico HTTP/1.1" 404 292 "-" "Mozilla/5.0 (Windows; U; Windows NT 6.0; pl; rv:1.9.1.3) Gecko/20090824 Firefox/3.5.3 (.NET CLR 3.5.30729)" "-"
212.191.78.193 - - [11/Oct/2009:17:39:17 +0200] "GET /mjp2/index.html HTTP/1.1" 200 7750 "http://neo.dmcs.p.lodz.pl/" "Mozilla/5.0 (Windows; U; Windows NT 6.0; pl; rv:1.9.1.3) Gecko/20090824 Firefox/3.5.3 (.NET CLR 3.5.30729)" "-"
212.191.78.193 - - [11/Oct/2009:17:39:17 +0200] "GET /images/back.jpg HTTP/1.1" 404 296 "http://neo.dmcs.p.lodz.pl/mjp2/index.html" "Mozilla/5.0 (Windows; U; Windows NT 6.0; pl; rv:1.9.1.3) Gecko/20090824 Firefox/3.5.3 (.NET CLR 3.5.30729)" "-"
193.151.114.177 - - [11/Oct/2009:17:39:21 +0200] "GET /pium/pium/BT136_NXP.pdf HTTP/1.0" 200 39831 "-" "Mozilla/5.0 (Windows; U; Windows NT 6.1; en-US) AppleWebKit/532.0 (KHTML, like Gecko) Chrome/3.0.195.25 Safari/532.0" "-"
193.151.114.177 - - [11/Oct/2009:17:39:22 +0200] "GET /pium/pium/db3.pdf HTTP/1.0" 200 61210 "-" "Mozilla/5.0 (Windows; U; Windows NT 6.1; en-US) AppleWebKit/532.0 (KHTML, like Gecko) Chrome/3.0.195.25 Safari/532.0" "-"
193.151.114.177 - - [11/Oct/2009:17:39:24 +0200] "GET /pium/pium/pium2_lib.zip HTTP/1.0" 200 3172 "-" "Mozilla/5.0 (Windows; U; Windows NT 6.1; en-US) AppleWebKit/532.0 (KHTML, like Gecko) Chrome/3.0.195.25 Safari/532.0" "-"
79.186.88.15 - - [11/Oct/2009:17:39:30 +0200] "GET /mjp2/po-5.pdf HTTP/1.1" 200 101894 "-" "Mozilla/5.0 (Windows; U; Windows NT 5.1; pl; rv:1.9.1.3) Gecko/20090824 Firefox/3.5.3" "-"
212.191.78.193 - - [11/Oct/2009:17:39:35 +0200] "GET /mjp2/zad1.txt HTTP/1.1" 200 822 "http://neo.dmcs.p.lodz.pl/mjp2/index.html" "Mozilla/5.0 (Windows; U; Windows NT 6.0; pl; rv:1.9.1.3) Gecko/20090824 Firefox/3.5.3 (.NET CLR 3.5.30729)" "-"
212.191.78.193 - - [11/Oct/2009:17:39:35 +0200] "GET /favicon.ico HTTP/1.1" 404 292 "-" "Mozilla/5.0 (Windows; U; Windows NT 6.0; pl; rv:1.9.1.3) Gecko/20090824 Firefox/3.5.3 (.NET CLR 3.5.30729)" "-"
212.191.78.193 - - [11/Oct/2009:17:39:38 +0200] "GET /favicon.ico HTTP/1.1" 404 292 "-" "Mozilla/5.0 (Windows; U; Windows NT 6.0; pl; rv:1.9.1.3) Gecko/20090824 Firefox/3.5.3 (.NET CLR 3.5.30729)" "-"
79.186.88.15 - - [11/Oct/2009:17:39:45 +0200] "GET /mjp2/po-5.pdf HTTP/1.1" 206 230591 "-" "Mozilla/5.0 (Windows; U; Windows NT 5.1; pl; rv:1.9.1.3) Gecko/20090824 Firefox/3.5.3" "-"
79.186.88.15 - - [11/Oct/2009:17:39:46 +0200] "GET /favicon.ico HTTP/1.1" 404 292 "-" "Mozilla/5.0 (Windows; U; Windows NT 5.1; pl; rv:1.9.1.3) Gecko/20090824 Firefox/3.5.3" "-"
79.186.88.15 - - [11/Oct/2009:17:39:49 +0200] "GET /favicon.ico HTTP/1.1" 404 292 "-" "Mozilla/5.0 (Windows; U; Windows NT 5.1; pl; rv:1.9.1.3) Gecko/20090824 Firefox/3.5.3" "-"
212.191.78.193 - - [11/Oct/2009:17:39:51 +0200] "GET /mjp2/zad3.txt HTTP/1.1" 200 215 "http://neo.dmcs.p.lodz.pl/mjp2/index.html" "Mozilla/5.0 (Windows; U; Windows NT 6.0; pl; rv:1.9.1.3) Gecko/20090824 Firefox/3.5.3 (.NET CLR 3.5.30729)" "-"
65.55.106.133 - - [11/Oct/2009:17:40:16 +0200] "GET /pium/pium/pium_3b_a2.pdf HTTP/1.1" 200 52775 "-" "msnbot/2.0b (+http://search.msn.com/msnbot.htm)" "-"
193.33.42.133 - - [11/Oct/2009:17:40:19 +0200] "GET / HTTP/1.1" 304 - "-" "Mozilla/5.0 (X11; U; Linux i686; pl-PL; rv:1.9b5) Gecko/2008032600 SUSE/2.9.95-25.1 Firefox/3.0b5" "-"
193.33.42.133 - - [11/Oct/2009:17:40:19 +0200] "GET /images/back.jpg HTTP/1.1" 404 289 "http://lux.dmcs.pl/" "Mozilla/5.0 (X11; U; Linux i686; pl-PL; rv:1.9b5) Gecko/2008032600 SUSE/2.9.95-25.1 Firefox/3.0b5" "-"
212.191.78.193 - - [11/Oct/2009:17:40:21 +0200] "GET /mjp2/zad2.txt HTTP/1.1" 200 257 "http://neo.dmcs.p.lodz.pl/mjp2/index.html" "Mozilla/5.0 (Windows; U; Windows NT 6.0; pl; rv:1.9.1.3) Gecko/20090824 Firefox/3.5.3 (.NET CLR 3.5.30729)" "-"
193.33.42.133 - - [11/Oct/2009:17:40:23 +0200] "GET /favicon.ico HTTP/1.1" 404 285 "-" "Mozilla/5.0 (X11; U; Linux i686; pl-PL; rv:1.9b5) Gecko/2008032600 SUSE/2.9.95-25.1 Firefox/3.0b5" "-"
193.33.42.133 - - [11/Oct/2009:17:40:28 +0200] "GET /rso/index.html HTTP/1.1" 200 6449 "-" "Mozilla/5.0 (X11; U; Linux i686; pl-PL; rv:1.9b5) Gecko/2008032600 SUSE/2.9.95-25.1 Firefox/3.0b5" "-"
193.33.42.133 - - [11/Oct/2009:17:40:28 +0200] "GET /images/back.jpg HTTP/1.1" 404 289 "http://lux.dmcs.pl/rso/index.html" "Mozilla/5.0 (X11; U; Linux i686; pl-PL; rv:1.9b5) Gecko/2008032600 SUSE/2.9.95-25.1 Firefox/3.0b5" "-"
83.8.250.99 - - [11/Oct/2009:17:40:44 +0200] "GET /io5z/io5z_labs.pdf HTTP/1.1" 200 96813 "http://www.google.pl/url?sa=t&source=web&ct=res&cd=1&ved=0CAkQFjAA&url=http%3A%2F%2Fneo.dmcs.p.lodz.pl%2Fio5z%2Fio5z_labs.pdf&ei=ePzRSobPBp_smwObqcSHAw&rct=j&q=punkt+widoczny+i+niewidoczny&usg=AFQjCNGNvnqgR7hpkIwD6W9d4Kl9XVUbow" "Mozilla/5.0 (Windows; U; Windows NT 5.1; pl; rv:1.9.1.3) Gecko/20090824 Firefox/3.5.3" "-"
83.8.250.99 - - [11/Oct/2009:17:40:47 +0200] "GET /io5z/io5z_labs.pdf HTTP/1.1" 206 64249 "-" "Mozilla/5.0 (Windows; U; Windows NT 5.1; pl; rv:1.9.1.3) Gecko/20090824 Firefox/3.5.3" "-"
83.8.250.99 - - [11/Oct/2009:17:40:47 +0200] "GET /favicon.ico HTTP/1.1" 404 292 "-" "Mozilla/5.0 (Windows; U; Windows NT 5.1; pl; rv:1.9.1.3) Gecko/20090824 Firefox/3.5.3" "-"
83.8.250.99 - - [11/Oct/2009:17:40:47 +0200] "GET /favicon.ico HTTP/1.1" 404 292 "-" "Mozilla/5.0 (Windows; U; Windows NT 5.1; pl; rv:1.9.1.3) Gecko/20090824 Firefox/3.5.3" "-"
83.8.83.39 - - [11/Oct/2009:17:40:51 +0200] "GET /~starzak/pub/dyplomy/wytyczne_prezentacja.pdf HTTP/1.1" 200 98710 "http://www.google.pl/search?hl=pl&source=hp&q=prezentacja+projektu+dyplomowego&lr=&aq=f&oq=" "Mozilla/4.0 (compatible; MSIE 8.0; Windows NT 6.0; Trident/4.0; Mozilla/4.0 (compatible; MSIE 6.0; Windows NT 5.1; SV1) ; SLCC1; .NET CLR 2.0.50727; Media Center PC 5.0; InfoPath.2; .NET CLR 3.5.30729; .NET CLR 3.0.30729)" "-"
217.76.118.67 - - [11/Oct/2009:17:41:11 +0200] "GET /sk2 HTTP/1.1" 301 307 "-" "Mozilla/5.0 (X11; U; Linux i686; pl-PL; rv:1.9.0.3) Gecko/2008091700 SUSE/3.0.3-1.1 Firefox/3.0.3" "-"
217.76.118.67 - - [11/Oct/2009:17:41:11 +0200] "GET /sk2/ HTTP/1.1" 200 7020 "-" "Mozilla/5.0 (X11; U; Linux i686; pl-PL; rv:1.9.0.3) Gecko/2008091700 SUSE/3.0.3-1.1 Firefox/3.0.3" "-"
217.76.118.67 - - [11/Oct/2009:17:41:11 +0200] "GET /images/back.jpg HTTP/1.1" 404 289 "http://lux.dmcs.pl/sk2/" "Mozilla/5.0 (X11; U; Linux i686; pl-PL; rv:1.9.0.3) Gecko/2008091700 SUSE/3.0.3-1.1 Firefox/3.0.3" "-"
217.76.118.67 - - [11/Oct/2009:17:41:14 +0200] "GET /favicon.ico HTTP/1.1" 404 285 "-" "Mozilla/5.0 (X11; U; Linux i686; pl-PL; rv:1.9.0.3) Gecko/2008091700 SUSE/3.0.3-1.1 Firefox/3.0.3" "-"
66.249.65.212 - - [11/Oct/2009:17:42:33 +0200] "GET /inf5/07_08/4/dali,design&mode.jpg HTTP/1.1" 304 - "-" "Googlebot-Image/1.0" "-"
153.19.210.159 - - [11/Oct/2009:17:42:37 +0200] "HEAD /favicon.ico HTTP/1.1" 404 0 "-" "Mozilla/5.0 (X11; U; Linux i686; pl; rv:1.9.1.3) Gecko/20090824 Firefox/3.5.3" "-"
65.55.107.179 - - [11/Oct/2009:17:43:15 +0200] "GET /~spcsym/html/PSPICE_opis.html HTTP/1.1" 304 - "-" "msnbot/2.0b (+http://search.msn.com/msnbot.htm)" "-"
217.76.118.67 - - [11/Oct/2009:17:43:36 +0200] "GET /sk2/przyklad_wyklad_03.tar.gz HTTP/1.1" 200 2195 "http://lux.dmcs.pl/sk2/" "Mozilla/5.0 (X11; U; Linux i686; pl-PL; rv:1.9.0.3) Gecko/2008091700 SUSE/3.0.3-1.1 Firefox/3.0.3" "-"
89.77.195.231 - - [11/Oct/2009:17:43:46 +0200] "GET /~spcsym/html/PSPICE_opis.html HTTP/1.1" 200 17180 "http://www.google.pl/search?hl=pl&source=hp&q=pspice&btnG=Szukaj+w+Google&lr=&aq=f&oq=" "Mozilla/5.0 (Windows; U; Windows NT 5.1; pl-PL) AppleWebKit/531.9 (KHTML, like Gecko) Version/4.0.3 Safari/531.9.1" "-"
217.76.118.67 - - [11/Oct/2009:17:45:18 +0200] "GET /sk2/przyklad_wyklad_02.tar.gz HTTP/1.1" 200 573 "http://lux.dmcs.pl/sk2/" "Mozilla/5.0 (X11; U; Linux i686; pl-PL; rv:1.9.0.3) Gecko/2008091700 SUSE/3.0.3-1.1 Firefox/3.0.3" "-"
66.249.65.212 - - [11/Oct/2009:17:45:34 +0200] "GET /isbd/php/doc/polish_many/function.recode.html HTTP/1.1" 304 - "-" "Mozilla/5.0 (compatible; Googlebot/2.1; +http://www.google.com/bot.html)" "-"
66.249.65.212 - - [11/Oct/2009:17:46:07 +0200] "GET /isbd/php/doc/polish_many/function.atanh.html HTTP/1.1" 200 2722 "-" "Mozilla/5.0 (compatible; Googlebot/2.1; +http://www.google.com/bot.html)" "-"
125.230.149.25 - - [11/Oct/2009:17:46:56 +0200] "\x05\x01" 501 - "-" "-" "-"
125.230.149.25 - - [11/Oct/2009:17:46:57 +0200] "CONNECT 203.188.201.253:25 HTTP/1.1" 405 315 "-" "-" "-"
89.78.98.15 - - [11/Oct/2009:17:48:21 +0200] "GET /~swierczu/aga_a2/left1.png HTTP/1.1" 200 5912 "http://www.allegro.pl/item774182433_bransoleta_srebrna_swarovski_bizuteria_slubna.html" "Mozilla/4.0 (compatible; MSIE 7.0; Windows NT 5.1; GTB6; .NET CLR 2.0.50727; InfoPath.1)" "-"
89.78.98.15 - - [11/Oct/2009:17:48:21 +0200] "GET /~swierczu/aga_a2/left2.png HTTP/1.1" 200 4921 "http://www.allegro.pl/item774182433_bransoleta_srebrna_swarovski_bizuteria_slubna.html" "Mozilla/4.0 (compatible; MSIE 7.0; Windows NT 5.1; GTB6; .NET CLR 2.0.50727; InfoPath.1)" "-"
89.78.98.15 - - [11/Oct/2009:17:48:22 +0200] "GET /~swierczu/aga_a2/left3.png HTTP/1.1" 200 3657 "http://www.allegro.pl/item774182433_bransoleta_srebrna_swarovski_bizuteria_slubna.html" "Mozilla/4.0 (compatible; MSIE 7.0; Windows NT 5.1; GTB6; .NET CLR 2.0.50727; InfoPath.1)" "-"
89.78.98.15 - - [11/Oct/2009:17:48:23 +0200] "GET /~swierczu/aga_a2/left4.png HTTP/1.1" 200 57810 "http://www.allegro.pl/item774182433_bransoleta_srebrna_swarovski_bizuteria_slubna.html" "Mozilla/4.0 (compatible; MSIE 7.0; Windows NT 5.1; GTB6; .NET CLR 2.0.50727; InfoPath.1)" "-"
89.78.98.15 - - [11/Oct/2009:17:48:25 +0200] "GET /~swierczu/aga_a2/head.png HTTP/1.1" 200 133688 "http://www.allegro.pl/item774182433_bransoleta_srebrna_swarovski_bizuteria_slubna.html" "Mozilla/4.0 (compatible; MSIE 7.0; Windows NT 5.1; GTB6; .NET CLR 2.0.50727; InfoPath.1)" "-"
89.78.98.15 - - [11/Oct/2009:17:48:25 +0200] "GET /~swierczu/aga_a2/left7.png HTTP/1.1" 200 7206 "http://www.allegro.pl/item774182433_bransoleta_srebrna_swarovski_bizuteria_slubna.html" "Mozilla/4.0 (compatible; MSIE 7.0; Windows NT 5.1; GTB6; .NET CLR 2.0.50727; InfoPath.1)" "-"
89.78.98.15 - - [11/Oct/2009:17:48:26 +0200] "GET /~swierczu/aga_a2/left8.png HTTP/1.1" 200 4406 "http://www.allegro.pl/item774182433_bransoleta_srebrna_swarovski_bizuteria_slubna.html" "Mozilla/4.0 (compatible; MSIE 7.0; Windows NT 5.1; GTB6; .NET CLR 2.0.50727; InfoPath.1)" "-"
89.78.98.15 - - [11/Oct/2009:17:48:30 +0200] "GET /~swierczu/aga_a2/left6.png HTTP/1.1" 200 74941 "http://www.allegro.pl/item774182433_bransoleta_srebrna_swarovski_bizuteria_slubna.html" "Mozilla/4.0 (compatible; MSIE 7.0; Windows NT 5.1; GTB6; .NET CLR 2.0.50727; InfoPath.1)" "-"
89.78.98.15 - - [11/Oct/2009:17:48:30 +0200] "GET /~swierczu/aga_a2/right1.png HTTP/1.1" 200 50234 "http://www.allegro.pl/item774182433_bransoleta_srebrna_swarovski_bizuteria_slubna.html" "Mozilla/4.0 (compatible; MSIE 7.0; Windows NT 5.1; GTB6; .NET CLR 2.0.50727; InfoPath.1)" "-"
89.78.98.15 - - [11/Oct/2009:17:48:30 +0200] "GET /~swierczu/aga_a2/right3.png HTTP/1.1" 200 662 "http://www.allegro.pl/item774182433_bransoleta_srebrna_swarovski_bizuteria_slubna.html" "Mozilla/4.0 (compatible; MSIE 7.0; Windows NT 5.1; GTB6; .NET CLR 2.0.50727; InfoPath.1)" "-"
89.78.98.15 - - [11/Oct/2009:17:48:32 +0200] "GET /~swierczu/aga_a2/left5.png HTTP/1.1" 200 3471 "http://www.allegro.pl/item774182433_bransoleta_srebrna_swarovski_bizuteria_slubna.html" "Mozilla/4.0 (compatible; MSIE 7.0; Windows NT 5.1; GTB6; .NET CLR 2.0.50727; InfoPath.1)" "-"
89.78.98.15 - - [11/Oct/2009:17:48:35 +0200] "GET /~swierczu/aga_a2/right5.png HTTP/1.1" 200 94525 "http://www.allegro.pl/item774182433_bransoleta_srebrna_swarovski_bizuteria_slubna.html" "Mozilla/4.0 (compatible; MSIE 7.0; Windows NT 5.1; GTB6; .NET CLR 2.0.50727; InfoPath.1)" "-"
89.78.98.15 - - [11/Oct/2009:17:48:35 +0200] "GET /~swierczu/aga_a2/right2.png HTTP/1.1" 200 28637 "http://www.allegro.pl/item774182433_bransoleta_srebrna_swarovski_bizuteria_slubna.html" "Mozilla/4.0 (compatible; MSIE 7.0; Windows NT 5.1; GTB6; .NET CLR 2.0.50727; InfoPath.1)" "-"
89.78.98.15 - - [11/Oct/2009:17:48:36 +0200] "GET /~swierczu/aga_a2/right4.png HTTP/1.1" 200 3444 "http://www.allegro.pl/item774182433_bransoleta_srebrna_swarovski_bizuteria_slubna.html" "Mozilla/4.0 (compatible; MSIE 7.0; Windows NT 5.1; GTB6; .NET CLR 2.0.50727; InfoPath.1)" "-"
89.78.98.15 - - [11/Oct/2009:17:48:45 +0200] "GET /~swierczu/aga_a2/center.png HTTP/1.1" 200 85290 "http://www.allegro.pl/item774182433_bransoleta_srebrna_swarovski_bizuteria_slubna.html" "Mozilla/4.0 (compatible; MSIE 7.0; Windows NT 5.1; GTB6; .NET CLR 2.0.50727; InfoPath.1)" "-"
94.246.138.251 - - [11/Oct/2009:17:49:00 +0200] "GET /~swroble/04_wybrane_polecenia_konsoli.pdf HTTP/1.1" 404 315 "http://www.google.pl/search?hl=pl&rlz=1G1GGLQ_PLPL317&q=zmiana+UID+polecenie&btnG=Szukaj&lr=" "Opera/9.80 (Windows NT 6.0; U; pl) Presto/2.2.15 Version/10.00" "-"
94.246.138.251 - - [11/Oct/2009:17:49:00 +0200] "GET /favicon.ico HTTP/1.1" 404 285 "http://lux.dmcs.pl/~swroble/04_wybrane_polecenia_konsoli.pdf" "Opera/9.80 (Windows NT 6.0; U; pl) Presto/2.2.15 Version/10.00" "-"
66.249.65.212 - - [11/Oct/2009:17:49:41 +0200] "GET /isbd/php/doc/polish_many/migration.truefalse.html HTTP/1.1" 200 3695 "-" "SAMSUNG-SGH-E250/1.0 Profile/MIDP-2.0 Configuration/CLDC-1.1 UP.Browser/6.2.3.3.c.1.101 (GUI) MMP/2.0 (compatible; Googlebot-Mobile/2.1; +http://www.google.com/bot.html)" "-"
89.206.12.10 - - [11/Oct/2009:17:50:22 +0200] "GET /~spcsym/html/PSPICE_opis_files/image003.gif HTTP/1.1" 200 447 "http://neo.dmcs.p.lodz.pl/~spcsym/html/PSPICE_opis.html" "Opera/9.52 (Windows NT 6.0; U; pl)" "-"
89.206.12.10 - - [11/Oct/2009:17:50:23 +0200] "GET /~spcsym/html/PSPICE_opis_files/image007.gif HTTP/1.1" 200 618 "http://neo.dmcs.p.lodz.pl/~spcsym/html/PSPICE_opis.html" "Opera/9.52 (Windows NT 6.0; U; pl)" "-"
89.206.12.10 - - [11/Oct/2009:17:50:23 +0200] "GET /~spcsym/html/PSPICE_opis_files/image011.gif HTTP/1.1" 200 468 "http://neo.dmcs.p.lodz.pl/~spcsym/html/PSPICE_opis.html" "Opera/9.52 (Windows NT 6.0; U; pl)" "-"
89.206.12.10 - - [11/Oct/2009:17:50:23 +0200] "GET /~spcsym/html/PSPICE_opis_files/image015.gif HTTP/1.1" 200 341 "http://neo.dmcs.p.lodz.pl/~spcsym/html/PSPICE_opis.html" "Opera/9.52 (Windows NT 6.0; U; pl)" "-"
89.206.12.10 - - [11/Oct/2009:17:50:23 +0200] "GET /~spcsym/html/PSPICE_opis.html HTTP/1.1" 200 93896 "http://www.google.com/search?client=opera&rls=pl&q=PSpice&sourceid=opera&ie=utf-8&oe=utf-8" "Opera/9.52 (Windows NT 6.0; U; pl)" "-"
89.206.12.10 - - [11/Oct/2009:17:50:23 +0200] "GET /~spcsym/html/PSPICE_opis_files/image004.gif HTTP/1.1" 200 435 "http://neo.dmcs.p.lodz.pl/~spcsym/html/PSPICE_opis.html" "Opera/9.52 (Windows NT 6.0; U; pl)" "-"
89.206.12.10 - - [11/Oct/2009:17:50:23 +0200] "GET /~spcsym/html/PSPICE_opis_files/image008.gif HTTP/1.1" 200 597 "http://neo.dmcs.p.lodz.pl/~spcsym/html/PSPICE_opis.html" "Opera/9.52 (Windows NT 6.0; U; pl)" "-"
89.206.12.10 - - [11/Oct/2009:17:50:23 +0200] "GET /~spcsym/html/PSPICE_opis_files/image012.gif HTTP/1.1" 200 293 "http://neo.dmcs.p.lodz.pl/~spcsym/html/PSPICE_opis.html" "Opera/9.52 (Windows NT 6.0; U; pl)" "-"
89.206.12.10 - - [11/Oct/2009:17:50:23 +0200] "GET /~spcsym/html/PSPICE_opis_files/image016.gif HTTP/1.1" 200 2093 "http://neo.dmcs.p.lodz.pl/~spcsym/html/PSPICE_opis.html" "Opera/9.52 (Windows NT 6.0; U; pl)" "-"
89.206.12.10 - - [11/Oct/2009:17:50:23 +0200] "GET /~spcsym/html/PSPICE_opis_files/image017.gif HTTP/1.1" 200 2786 "http://neo.dmcs.p.lodz.pl/~spcsym/html/PSPICE_opis.html" "Opera/9.52 (Windows NT 6.0; U; pl)" "-"
89.206.12.10 - - [11/Oct/2009:17:50:23 +0200] "GET /~spcsym/html/PSPICE_opis_files/image017.gif HTTP/1.1" 200 2786 "http://neo.dmcs.p.lodz.pl/~spcsym/html/PSPICE_opis.html" "Opera/9.52 (Windows NT 6.0; U; pl)" "-"
89.206.12.10 - - [11/Oct/2009:17:50:23 +0200] "GET /~spcsym/html/PSPICE_opis_files/image001.gif HTTP/1.1" 200 2851 "http://neo.dmcs.p.lodz.pl/~spcsym/html/PSPICE_opis.html" "Opera/9.52 (Windows NT 6.0; U; pl)" "-"
89.206.12.10 - - [11/Oct/2009:17:50:23 +0200] "GET /~spcsym/html/PSPICE_opis_files/image005.gif HTTP/1.1" 200 620 "http://neo.dmcs.p.lodz.pl/~spcsym/html/PSPICE_opis.html" "Opera/9.52 (Windows NT 6.0; U; pl)" "-"
89.206.12.10 - - [11/Oct/2009:17:50:24 +0200] "GET /~spcsym/html/PSPICE_opis_files/image002.gif HTTP/1.1" 200 520 "http://neo.dmcs.p.lodz.pl/~spcsym/html/PSPICE_opis.html" "Opera/9.52 (Windows NT 6.0; U; pl)" "-"
89.206.12.10 - - [11/Oct/2009:17:50:24 +0200] "GET /~spcsym/html/PSPICE_opis_files/image009.gif HTTP/1.1" 200 643 "http://neo.dmcs.p.lodz.pl/~spcsym/html/PSPICE_opis.html" "Opera/9.52 (Windows NT 6.0; U; pl)" "-"
89.206.12.10 - - [11/Oct/2009:17:50:24 +0200] "GET /~spcsym/html/PSPICE_opis_files/image013.gif HTTP/1.1" 200 264 "http://neo.dmcs.p.lodz.pl/~spcsym/html/PSPICE_opis.html" "Opera/9.52 (Windows NT 6.0; U; pl)" "-"
89.206.12.10 - - [11/Oct/2009:17:50:24 +0200] "GET /~spcsym/html/PSPICE_opis_files/image006.gif HTTP/1.1" 200 512 "http://neo.dmcs.p.lodz.pl/~spcsym/html/PSPICE_opis.html" "Opera/9.52 (Windows NT 6.0; U; pl)" "-"
89.206.12.10 - - [11/Oct/2009:17:50:24 +0200] "GET /~spcsym/html/PSPICE_opis_files/image010.gif HTTP/1.1" 200 622 "http://neo.dmcs.p.lodz.pl/~spcsym/html/PSPICE_opis.html" "Opera/9.52 (Windows NT 6.0; U; pl)" "-"
89.206.12.10 - - [11/Oct/2009:17:50:25 +0200] "GET /~spcsym/html/PSPICE_opis_files/image014.gif HTTP/1.1" 200 334 "http://neo.dmcs.p.lodz.pl/~spcsym/html/PSPICE_opis.html" "Opera/9.52 (Windows NT 6.0; U; pl)" "-"
89.206.12.10 - - [11/Oct/2009:17:50:26 +0200] "GET /favicon.ico HTTP/1.1" 404 292 "http://neo.dmcs.p.lodz.pl/~spcsym/html/PSPICE_opis.html" "Opera/9.52 (Windows NT 6.0; U; pl)" "-"
83.7.87.208 - - [11/Oct/2009:17:50:29 +0200] "GET /pee/instrukcje/pee-2.pdf HTTP/1.1" 200 69268 "http://www.google.pl/search?hl=pl&client=firefox-a&channel=s&rls=org.mozilla%3Apl%3Aofficial&q=d%C5%BCwigi+z+falownikiem+zasada+dzia%C5%82ania&btnG=Szukaj&lr=" "Mozilla/5.0 (Windows; U; Windows NT 5.1; pl; rv:1.9.0.14) Gecko/2009082707 Firefox/3.0.14 (.NET CLR 3.5.30729)" "-"
83.7.87.208 - - [11/Oct/2009:17:50:35 +0200] "GET /pee/instrukcje/pee-2.pdf HTTP/1.1" 206 416949 "-" "Mozilla/5.0 (Windows; U; Windows NT 5.1; pl; rv:1.9.0.14) Gecko/2009082707 Firefox/3.0.14 (.NET CLR 3.5.30729)" "-"
83.7.87.208 - - [11/Oct/2009:17:50:36 +0200] "GET /favicon.ico HTTP/1.1" 404 292 "-" "Mozilla/5.0 (Windows; U; Windows NT 5.1; pl; rv:1.9.0.14) Gecko/2009082707 Firefox/3.0.14 (.NET CLR 3.5.30729)" "-"
85.89.172.109 - - [11/Oct/2009:17:50:38 +0200] "GET /podyplomowe_java HTTP/1.1" 301 320 "-" "Mozilla/4.0 (compatible; MSIE 7.0; Windows NT 6.0; SLCC1; .NET CLR 2.0.50727; Media Center PC 5.0; .NET CLR 3.5.30729; .NET CLR 3.0.30618)" "-"
85.89.172.109 - - [11/Oct/2009:17:50:38 +0200] "GET /podyplomowe_java/ HTTP/1.1" 200 1746 "-" "Mozilla/4.0 (compatible; MSIE 7.0; Windows NT 6.0; SLCC1; .NET CLR 2.0.50727; Media Center PC 5.0; .NET CLR 3.5.30729; .NET CLR 3.0.30618)" "-"
85.89.172.109 - - [11/Oct/2009:17:50:38 +0200] "GET /icons/blank.gif HTTP/1.1" 200 148 "http://neo.dmcs.pl/podyplomowe_java/" "Mozilla/4.0 (compatible; MSIE 7.0; Windows NT 6.0; SLCC1; .NET CLR 2.0.50727; Media Center PC 5.0; .NET CLR 3.5.30729; .NET CLR 3.0.30618)" "-"
85.89.172.109 - - [11/Oct/2009:17:50:39 +0200] "GET /icons/folder.gif HTTP/1.1" 200 225 "http://neo.dmcs.pl/podyplomowe_java/" "Mozilla/4.0 (compatible; MSIE 7.0; Windows NT 6.0; SLCC1; .NET CLR 2.0.50727; Media Center PC 5.0; .NET CLR 3.5.30729; .NET CLR 3.0.30618)" "-"
85.89.172.109 - - [11/Oct/2009:17:50:39 +0200] "GET /icons/back.gif HTTP/1.1" 200 216 "http://neo.dmcs.pl/podyplomowe_java/" "Mozilla/4.0 (compatible; MSIE 7.0; Windows NT 6.0; SLCC1; .NET CLR 2.0.50727; Media Center PC 5.0; .NET CLR 3.5.30729; .NET CLR 3.0.30618)" "-"
85.89.172.109 - - [11/Oct/2009:17:50:39 +0200] "GET /icons/unknown.gif HTTP/1.1" 200 245 "http://neo.dmcs.pl/podyplomowe_java/" "Mozilla/4.0 (compatible; MSIE 7.0; Windows NT 6.0; SLCC1; .NET CLR 2.0.50727; Media Center PC 5.0; .NET CLR 3.5.30729; .NET CLR 3.0.30618)" "-"
85.89.172.109 - - [11/Oct/2009:17:50:39 +0200] "GET /favicon.ico HTTP/1.1" 404 285 "-" "Mozilla/4.0 (compatible; MSIE 7.0; Windows NT 6.0; SLCC1; .NET CLR 2.0.50727; Media Center PC 5.0; .NET CLR 3.5.30729; .NET CLR 3.0.30618)" "-"
83.7.87.208 - - [11/Oct/2009:17:50:39 +0200] "GET /favicon.ico HTTP/1.1" 404 292 "-" "Mozilla/5.0 (Windows; U; Windows NT 5.1; pl; rv:1.9.0.14) Gecko/2009082707 Firefox/3.0.14 (.NET CLR 3.5.30729)" "-"
66.249.65.212 - - [11/Oct/2009:17:51:38 +0200] "GET /inf5/04_05/14/horus.html HTTP/1.1" 200 1305 "-" "Mozilla/5.0 (compatible; Googlebot/2.1; +http://www.google.com/bot.html)" "-"
65.55.107.179 - - [11/Oct/2009:17:52:15 +0200] "GET /zswww/jar/mm.mysql-2.0.4-bin.jar HTTP/1.1" 304 - "-" "msnbot/2.0b (+http://search.msn.com/msnbot.htm)" "-"
153.19.210.159 - - [11/Oct/2009:17:52:33 +0200] "HEAD /favicon.ico HTTP/1.1" 404 0 "-" "Mozilla/5.0 (X11; U; Linux i686; pl; rv:1.9.1.3) Gecko/20090824 Firefox/3.5.3" "-"
65.55.106.204 - - [11/Oct/2009:17:53:46 +0200] "GET /pium/wyklad/wyniki_t4b_ppm.pdf HTTP/1.1" 200 29353 "-" "msnbot/2.0b (+http://search.msn.com/msnbot.htm)" "-"
93.159.141.42 - - [11/Oct/2009:17:53:50 +0200] "GET /~sklab/pliki/wyklad-11.pdf HTTP/1.0" 200 258845 "-" "Mozilla/5.0 (Windows; U; Windows NT 6.0; pl; rv:1.9.1.3) Gecko/20090824 Firefox/3.5.3 (.NET CLR 3.5.30729)" "-"
66.249.65.213 - - [11/Oct/2009:17:53:54 +0200] "GET /isbd/php/doc/polish_many/function.posix-getpwnam.html HTTP/1.1" 304 - "-" "Mozilla/5.0 (compatible; Googlebot/2.1; +http://www.google.com/bot.html)" "-"
213.134.173.245 - - [11/Oct/2009:17:54:03 +0200] "GET /mjp2/po-2.pdf HTTP/1.1" 200 18478 "-" "Mozilla/5.0 (compatible; Konqueror/3.5; Linux) KHTML/3.5.10 (like Gecko)" "-"
78.88.130.21 - - [11/Oct/2009:17:54:06 +0200] "GET /~starzak/pub/dyplomy/wytyczne_prezentacja.pdf HTTP/1.1" 200 98710 "http://www.google.pl/search?hl=pl&client=firefox-a&rls=org.mozilla:pl:official&hs=4Wg&q=szablon+prezentacji+praca+dyplomowa&start=30&sa=N" "Mozilla/5.0 (Windows; U; Windows NT 5.1; pl; rv:1.9.0.14) Gecko/2009082707 Firefox/2.0.0.5;MEGAUPLOAD 1.0" "-"
217.76.116.152 - - [11/Oct/2009:17:54:08 +0200] "GET / HTTP/1.1" 200 8370 "-" "Mozilla/5.0 (Windows; U; Windows NT 5.1; pl; rv:1.9.1.3) Gecko/20090824 Firefox/3.5.3" "-"
217.76.116.152 - - [11/Oct/2009:17:54:08 +0200] "GET /style.css HTTP/1.1" 200 2000 "http://lux.dmcs.pl/" "Mozilla/5.0 (Windows; U; Windows NT 5.1; pl; rv:1.9.1.3) Gecko/20090824 Firefox/3.5.3" "-"
217.76.116.152 - - [11/Oct/2009:17:54:08 +0200] "GET /images/back.jpg HTTP/1.1" 404 289 "http://lux.dmcs.pl/" "Mozilla/5.0 (Windows; U; Windows NT 5.1; pl; rv:1.9.1.3) Gecko/20090824 Firefox/3.5.3" "-"
217.76.116.152 - - [11/Oct/2009:17:54:08 +0200] "GET /favicon.ico HTTP/1.1" 404 285 "-" "Mozilla/5.0 (Windows; U; Windows NT 5.1; pl; rv:1.9.1.3) Gecko/20090824 Firefox/3.5.3" "-"
78.88.130.21 - - [11/Oct/2009:17:54:08 +0200] "GET /~starzak/pub/dyplomy/wytyczne_prezentacja.pdf HTTP/1.1" 206 82530 "-" "Mozilla/5.0 (Windows; U; Windows NT 5.1; pl; rv:1.9.0.14) Gecko/2009082707 Firefox/2.0.0.5;MEGAUPLOAD 1.0" "-"
78.88.130.21 - - [11/Oct/2009:17:54:09 +0200] "GET /favicon.ico HTTP/1.1" 404 292 "-" "Mozilla/5.0 (Windows; U; Windows NT 5.1; pl; rv:1.9.0.14) Gecko/2009082707 Firefox/2.0.0.5;MEGAUPLOAD 1.0" "-"
217.76.116.152 - - [11/Oct/2009:17:54:11 +0200] "GET /favicon.ico HTTP/1.1" 404 285 "-" "Mozilla/5.0 (Windows; U; Windows NT 5.1; pl; rv:1.9.1.3) Gecko/20090824 Firefox/3.5.3" "-"
66.249.65.212 - - [11/Oct/2009:17:54:12 +0200] "GET /isbd/php/doc/polish_many/function.decbin.html HTTP/1.1" 200 2476 "-" "Mozilla/5.0 (compatible; Googlebot/2.1; +http://www.google.com/bot.html)" "-"
78.88.130.21 - - [11/Oct/2009:17:54:12 +0200] "GET /favicon.ico HTTP/1.1" 404 292 "-" "Mozilla/5.0 (Windows; U; Windows NT 5.1; pl; rv:1.9.0.14) Gecko/2009082707 Firefox/2.0.0.5;MEGAUPLOAD 1.0" "-"
217.76.116.152 - - [11/Oct/2009:17:54:13 +0200] "GET /ptda/ HTTP/1.1" 200 8104 "http://lux.dmcs.pl/" "Mozilla/5.0 (Windows; U; Windows NT 5.1; pl; rv:1.9.1.3) Gecko/20090824 Firefox/3.5.3" "-"
217.76.116.152 - - [11/Oct/2009:17:54:13 +0200] "GET /ptda/1.jpg HTTP/1.1" 200 8661 "http://lux.dmcs.pl/ptda/" "Mozilla/5.0 (Windows; U; Windows NT 5.1; pl; rv:1.9.1.3) Gecko/20090824 Firefox/3.5.3" "-"
217.76.116.152 - - [11/Oct/2009:17:54:13 +0200] "GET /ptda/2.jpg HTTP/1.1" 200 4613 "http://lux.dmcs.pl/ptda/" "Mozilla/5.0 (Windows; U; Windows NT 5.1; pl; rv:1.9.1.3) Gecko/20090824 Firefox/3.5.3" "-"
217.76.116.152 - - [11/Oct/2009:17:54:13 +0200] "GET /ptda/drozdek_.jpg HTTP/1.1" 200 8545 "http://lux.dmcs.pl/ptda/" "Mozilla/5.0 (Windows; U; Windows NT 5.1; pl; rv:1.9.1.3) Gecko/20090824 Firefox/3.5.3" "-"
217.76.116.152 - - [11/Oct/2009:17:54:13 +0200] "GET /images/back.jpg HTTP/1.1" 404 289 "http://lux.dmcs.pl/ptda/" "Mozilla/5.0 (Windows; U; Windows NT 5.1; pl; rv:1.9.1.3) Gecko/20090824 Firefox/3.5.3" "-"
217.76.116.152 - - [11/Oct/2009:17:54:13 +0200] "GET /ptda/image4.jpg HTTP/1.1" 200 15223 "http://lux.dmcs.pl/ptda/" "Mozilla/5.0 (Windows; U; Windows NT 5.1; pl; rv:1.9.1.3) Gecko/20090824 Firefox/3.5.3" "-"
88.168.145.155 - - [11/Oct/2009:17:54:20 +0200] "GET /inf5/06_07/4/indeks.html HTTP/1.1" 200 2910 "http://images.google.fr/imgres?imgurl=http://neo.dmcs.p.lodz.pl/inf5/06_07/4/sayuri.jpg&imgrefurl=http://neo.dmcs.p.lodz.pl/inf5/06_07/4/indeks.html&usg=__l2OaYC4piNhy69FR49f7MAzALnc=&h=457&w=296&sz=123&hl=fr&start=6&sig2=v-hZ1qfkAd6x_QuiuSPSsw&tbnid=TZVb8nW5dZMXTM:&tbnh=128&tbnw=83&prev=/images%3Fq%3DGEISHA%26gbv%3D2%26hl%3Dfr&ei=nP_RSrqnLZGqlAeH6eWoCg" "Mozilla/5.0 (Macintosh; U; Intel Mac OS X 10_5_8; fr-fr) AppleWebKit/531.9 (KHTML, like Gecko) Version/4.0.3 Safari/531.9" "-"
88.168.145.155 - - [11/Oct/2009:17:54:21 +0200] "GET /inf5/06_07/4/2t.jpg HTTP/1.1" 200 3674 "http://neo.dmcs.p.lodz.pl/inf5/06_07/4/indeks.html" "Mozilla/5.0 (Macintosh; U; Intel Mac OS X 10_5_8; fr-fr) AppleWebKit/531.9 (KHTML, like Gecko) Version/4.0.3 Safari/531.9" "-"
88.168.145.155 - - [11/Oct/2009:17:54:21 +0200] "GET /inf5/06_07/4/index.jpg HTTP/1.1" 200 1588 "http://neo.dmcs.p.lodz.pl/inf5/06_07/4/indeks.html" "Mozilla/5.0 (Macintosh; U; Intel Mac OS X 10_5_8; fr-fr) AppleWebKit/531.9 (KHTML, like Gecko) Version/4.0.3 Safari/531.9" "-"
88.168.145.155 - - [11/Oct/2009:17:54:21 +0200] "GET /inf5/06_07/4/geisha.jpg HTTP/1.1" 200 1552 "http://neo.dmcs.p.lodz.pl/inf5/06_07/4/indeks.html" "Mozilla/5.0 (Macintosh; U; Intel Mac OS X 10_5_8; fr-fr) AppleWebKit/531.9 (KHTML, like Gecko) Version/4.0.3 Safari/531.9" "-"
88.168.145.155 - - [11/Oct/2009:17:54:21 +0200] "GET /inf5/06_07/4/panoplie.jpg HTTP/1.1" 200 1745 "http://neo.dmcs.p.lodz.pl/inf5/06_07/4/indeks.html" "Mozilla/5.0 (Macintosh; U; Intel Mac OS X 10_5_8; fr-fr) AppleWebKit/531.9 (KHTML, like Gecko) Version/4.0.3 Safari/531.9" "-"
88.168.145.155 - - [11/Oct/2009:17:54:21 +0200] "GET /inf5/06_07/4/maquillage.jpg HTTP/1.1" 200 2238 "http://neo.dmcs.p.lodz.pl/inf5/06_07/4/indeks.html" "Mozilla/5.0 (Macintosh; U; Intel Mac OS X 10_5_8; fr-fr) AppleWebKit/531.9 (KHTML, like Gecko) Version/4.0.3 Safari/531.9" "-"
88.168.145.155 - - [11/Oct/2009:17:54:21 +0200] "GET /inf5/06_07/4/coiffure.jpg HTTP/1.1" 200 1822 "http://neo.dmcs.p.lodz.pl/inf5/06_07/4/indeks.html" "Mozilla/5.0 (Macintosh; U; Intel Mac OS X 10_5_8; fr-fr) AppleWebKit/531.9 (KHTML, like Gecko) Version/4.0.3 Safari/531.9" "-"
88.168.145.155 - - [11/Oct/2009:17:54:21 +0200] "GET /inf5/06_07/4/kimono.jpg HTTP/1.1" 200 1534 "http://neo.dmcs.p.lodz.pl/inf5/06_07/4/indeks.html" "Mozilla/5.0 (Macintosh; U; Intel Mac OS X 10_5_8; fr-fr) AppleWebKit/531.9 (KHTML, like Gecko) Version/4.0.3 Safari/531.9" "-"
88.168.145.155 - - [11/Oct/2009:17:54:21 +0200] "GET /inf5/06_07/4/obi.jpg HTTP/1.1" 200 1056 "http://neo.dmcs.p.lodz.pl/inf5/06_07/4/indeks.html" "Mozilla/5.0 (Macintosh; U; Intel Mac OS X 10_5_8; fr-fr) AppleWebKit/531.9 (KHTML, like Gecko) Version/4.0.3 Safari/531.9" "-"
88.168.145.155 - - [11/Oct/2009:17:54:21 +0200] "GET /inf5/06_07/4/chaussures.jpg HTTP/1.1" 200 2209 "http://neo.dmcs.p.lodz.pl/inf5/06_07/4/indeks.html" "Mozilla/5.0 (Macintosh; U; Intel Mac OS X 10_5_8; fr-fr) AppleWebKit/531.9 (KHTML, like Gecko) Version/4.0.3 Safari/531.9" "-"
88.168.145.155 - - [11/Oct/2009:17:54:21 +0200] "GET /inf5/06_07/4/accessoires.jpg HTTP/1.1" 200 2302 "http://neo.dmcs.p.lodz.pl/inf5/06_07/4/indeks.html" "Mozilla/5.0 (Macintosh; U; Intel Mac OS X 10_5_8; fr-fr) AppleWebKit/531.9 (KHTML, like Gecko) Version/4.0.3 Safari/531.9" "-"
88.168.145.155 - - [11/Oct/2009:17:54:21 +0200] "GET /inf5/06_07/4/role.jpg HTTP/1.1" 200 1254 "http://neo.dmcs.p.lodz.pl/inf5/06_07/4/indeks.html" "Mozilla/5.0 (Macintosh; U; Intel Mac OS X 10_5_8; fr-fr) AppleWebKit/531.9 (KHTML, like Gecko) Version/4.0.3 Safari/531.9" "-"
88.168.145.155 - - [11/Oct/2009:17:54:21 +0200] "GET /inf5/06_07/4/danse.jpg HTTP/1.1" 200 1437 "http://neo.dmcs.p.lodz.pl/inf5/06_07/4/indeks.html" "Mozilla/5.0 (Macintosh; U; Intel Mac OS X 10_5_8; fr-fr) AppleWebKit/531.9 (KHTML, like Gecko) Version/4.0.3 Safari/531.9" "-"
88.168.145.155 - - [11/Oct/2009:17:54:21 +0200] "GET /inf5/06_07/4/musique.jpg HTTP/1.1" 200 1786 "http://neo.dmcs.p.lodz.pl/inf5/06_07/4/indeks.html" "Mozilla/5.0 (Macintosh; U; Intel Mac OS X 10_5_8; fr-fr) AppleWebKit/531.9 (KHTML, like Gecko) Version/4.0.3 Safari/531.9" "-"
88.168.145.155 - - [11/Oct/2009:17:54:21 +0200] "GET /inf5/06_07/4/grande%20soeur.jpg HTTP/1.1" 200 2540 "http://neo.dmcs.p.lodz.pl/inf5/06_07/4/indeks.html" "Mozilla/5.0 (Macintosh; U; Intel Mac OS X 10_5_8; fr-fr) AppleWebKit/531.9 (KHTML, like Gecko) Version/4.0.3 Safari/531.9" "-"
88.168.145.155 - - [11/Oct/2009:17:54:21 +0200] "GET /inf5/06_07/4/danna.jpg HTTP/1.1" 200 1432 "http://neo.dmcs.p.lodz.pl/inf5/06_07/4/indeks.html" "Mozilla/5.0 (Macintosh; U; Intel Mac OS X 10_5_8; fr-fr) AppleWebKit/531.9 (KHTML, like Gecko) Version/4.0.3 Safari/531.9" "-"
88.168.145.155 - - [11/Oct/2009:17:54:21 +0200] "GET /inf5/06_07/4/curiosites.jpg HTTP/1.1" 200 2131 "http://neo.dmcs.p.lodz.pl/inf5/06_07/4/indeks.html" "Mozilla/5.0 (Macintosh; U; Intel Mac OS X 10_5_8; fr-fr) AppleWebKit/531.9 (KHTML, like Gecko) Version/4.0.3 Safari/531.9" "-"
88.168.145.155 - - [11/Oct/2009:17:54:21 +0200] "GET /inf5/06_07/4/liens.jpg HTTP/1.1" 200 1269 "http://neo.dmcs.p.lodz.pl/inf5/06_07/4/indeks.html" "Mozilla/5.0 (Macintosh; U; Intel Mac OS X 10_5_8; fr-fr) AppleWebKit/531.9 (KHTML, like Gecko) Version/4.0.3 Safari/531.9" "-"
88.168.145.155 - - [11/Oct/2009:17:54:21 +0200] "GET /inf5/06_07/4/bienvenu.jpg HTTP/1.1" 200 3369 "http://neo.dmcs.p.lodz.pl/inf5/06_07/4/indeks.html" "Mozilla/5.0 (Macintosh; U; Intel Mac OS X 10_5_8; fr-fr) AppleWebKit/531.9 (KHTML, like Gecko) Version/4.0.3 Safari/531.9" "-"
88.168.145.155 - - [11/Oct/2009:17:54:22 +0200] "GET /inf5/06_07/4/tapetka1.jpg HTTP/1.1" 200 64245 "http://neo.dmcs.p.lodz.pl/inf5/06_07/4/indeks.html" "Mozilla/5.0 (Macintosh; U; Intel Mac OS X 10_5_8; fr-fr) AppleWebKit/531.9 (KHTML, like Gecko) Version/4.0.3 Safari/531.9" "-"
88.168.145.155 - - [11/Oct/2009:17:54:22 +0200] "GET /inf5/06_07/4/sayuri.jpg HTTP/1.1" 200 125430 "http://neo.dmcs.p.lodz.pl/inf5/06_07/4/indeks.html" "Mozilla/5.0 (Macintosh; U; Intel Mac OS X 10_5_8; fr-fr) AppleWebKit/531.9 (KHTML, like Gecko) Version/4.0.3 Safari/531.9" "-"
77.255.108.95 - - [11/Oct/2009:17:54:50 +0200] "GET /favicon.ico HTTP/1.1" 404 292 "-" "Mozilla/4.0 (compatible; MSIE 8.0; Windows NT 5.1; Trident/4.0; GTB6; ie8_onetbuild_xppl)" "-"
77.255.108.95 - - [11/Oct/2009:17:54:50 +0200] "GET /ppm/instrukcje/ppm_4a_w52.pdf HTTP/1.1" 404 310 "http://www.elektroda.pl/rtvforum/topic1186469.html" "Mozilla/4.0 (compatible; MSIE 8.0; Windows NT 5.1; Trident/4.0; GTB6; ie8_onetbuild_xppl)" "-"
77.255.108.95 - - [11/Oct/2009:17:54:51 +0200] "GET /favicon.ico HTTP/1.1" 404 292 "-" "Mozilla/4.0 (compatible; MSIE 8.0; Windows NT 5.1; Trident/4.0; GTB6; ie8_onetbuild_xppl)" "-"
83.10.238.72 - - [11/Oct/2009:17:55:01 +0200] "GET /images/back.jpg HTTP/1.1" 404 296 "http://neo.dmcs.p.lodz.pl/po/" "Mozilla/5.0 (Windows; U; Windows NT 6.0; PL; rv:1.7.13) Gecko/20060414" "-"
89.76.17.62 - - [11/Oct/2009:17:55:04 +0200] "GET /~swierczu/aga_a2/left1.png HTTP/1.1" 200 5912 "http://www.allegro.pl/item755369822_naturalne_perly_naszyjnik_kolczyki_srebro_slubna.html" "Mozilla/4.0 (compatible; MSIE 7.0; Windows NT 6.0; WOW64; Trident/4.0; SLCC1; .NET CLR 2.0.50727; InfoPath.2; .NET CLR 3.5.30729; .NET CLR 3.0.30729; OfficeLiveConnector.1.4; OfficeLivePatch.1.3)" "-"
89.76.17.62 - - [11/Oct/2009:17:55:04 +0200] "GET /~swierczu/aga_a2/left7.png HTTP/1.1" 200 7206 "http://www.allegro.pl/item755369822_naturalne_perly_naszyjnik_kolczyki_srebro_slubna.html" "Mozilla/4.0 (compatible; MSIE 7.0; Windows NT 6.0; WOW64; Trident/4.0; SLCC1; .NET CLR 2.0.50727; InfoPath.2; .NET CLR 3.5.30729; .NET CLR 3.0.30729; OfficeLiveConnector.1.4; OfficeLivePatch.1.3)" "-"
89.76.17.62 - - [11/Oct/2009:17:55:04 +0200] "GET /~swierczu/aga_a2/left8.png HTTP/1.1" 200 4406 "http://www.allegro.pl/item755369822_naturalne_perly_naszyjnik_kolczyki_srebro_slubna.html" "Mozilla/4.0 (compatible; MSIE 7.0; Windows NT 6.0; WOW64; Trident/4.0; SLCC1; .NET CLR 2.0.50727; InfoPath.2; .NET CLR 3.5.30729; .NET CLR 3.0.30729; OfficeLiveConnector.1.4; OfficeLivePatch.1.3)" "-"
89.76.17.62 - - [11/Oct/2009:17:55:04 +0200] "GET /~swierczu/aga_a2/left2.png HTTP/1.1" 200 4921 "http://www.allegro.pl/item755369822_naturalne_perly_naszyjnik_kolczyki_srebro_slubna.html" "Mozilla/4.0 (compatible; MSIE 7.0; Windows NT 6.0; WOW64; Trident/4.0; SLCC1; .NET CLR 2.0.50727; InfoPath.2; .NET CLR 3.5.30729; .NET CLR 3.0.30729; OfficeLiveConnector.1.4; OfficeLivePatch.1.3)" "-"
89.76.17.62 - - [11/Oct/2009:17:55:04 +0200] "GET /~swierczu/aga_a2/right3.png HTTP/1.1" 200 662 "http://www.allegro.pl/item755369822_naturalne_perly_naszyjnik_kolczyki_srebro_slubna.html" "Mozilla/4.0 (compatible; MSIE 7.0; Windows NT 6.0; WOW64; Trident/4.0; SLCC1; .NET CLR 2.0.50727; InfoPath.2; .NET CLR 3.5.30729; .NET CLR 3.0.30729; OfficeLiveConnector.1.4; OfficeLivePatch.1.3)" "-"
89.76.17.62 - - [11/Oct/2009:17:55:07 +0200] "GET /~swierczu/aga_a2/right1.png HTTP/1.1" 200 50234 "http://www.allegro.pl/item755369822_naturalne_perly_naszyjnik_kolczyki_srebro_slubna.html" "Mozilla/4.0 (compatible; MSIE 7.0; Windows NT 6.0; WOW64; Trident/4.0; SLCC1; .NET CLR 2.0.50727; InfoPath.2; .NET CLR 3.5.30729; .NET CLR 3.0.30729; OfficeLiveConnector.1.4; OfficeLivePatch.1.3)" "-"
89.76.17.62 - - [11/Oct/2009:17:55:07 +0200] "GET /~swierczu/aga_a2/right5.png HTTP/1.1" 200 94525 "http://www.allegro.pl/item755369822_naturalne_perly_naszyjnik_kolczyki_srebro_slubna.html" "Mozilla/4.0 (compatible; MSIE 7.0; Windows NT 6.0; WOW64; Trident/4.0; SLCC1; .NET CLR 2.0.50727; InfoPath.2; .NET CLR 3.5.30729; .NET CLR 3.0.30729; OfficeLiveConnector.1.4; OfficeLivePatch.1.3)" "-"
89.76.17.62 - - [11/Oct/2009:17:55:08 +0200] "GET /~swierczu/aga_a2/left3.png HTTP/1.1" 200 3657 "http://www.allegro.pl/item755369822_naturalne_perly_naszyjnik_kolczyki_srebro_slubna.html" "Mozilla/4.0 (compatible; MSIE 7.0; Windows NT 6.0; WOW64; Trident/4.0; SLCC1; .NET CLR 2.0.50727; InfoPath.2; .NET CLR 3.5.30729; .NET CLR 3.0.30729; OfficeLiveConnector.1.4; OfficeLivePatch.1.3)" "-"
89.76.17.62 - - [11/Oct/2009:17:55:08 +0200] "GET /~swierczu/aga_a2/left5.png HTTP/1.1" 200 3471 "http://www.allegro.pl/item755369822_naturalne_perly_naszyjnik_kolczyki_srebro_slubna.html" "Mozilla/4.0 (compatible; MSIE 7.0; Windows NT 6.0; WOW64; Trident/4.0; SLCC1; .NET CLR 2.0.50727; InfoPath.2; .NET CLR 3.5.30729; .NET CLR 3.0.30729; OfficeLiveConnector.1.4; OfficeLivePatch.1.3)" "-"
89.76.17.62 - - [11/Oct/2009:17:55:09 +0200] "GET /~swierczu/aga_a2/left4.png HTTP/1.1" 200 57810 "http://www.allegro.pl/item755369822_naturalne_perly_naszyjnik_kolczyki_srebro_slubna.html" "Mozilla/4.0 (compatible; MSIE 7.0; Windows NT 6.0; WOW64; Trident/4.0; SLCC1; .NET CLR 2.0.50727; InfoPath.2; .NET CLR 3.5.30729; .NET CLR 3.0.30729; OfficeLiveConnector.1.4; OfficeLivePatch.1.3)" "-"
89.76.17.62 - - [11/Oct/2009:17:55:10 +0200] "GET /~swierczu/aga_a2/right2.png HTTP/1.1" 200 28637 "http://www.allegro.pl/item755369822_naturalne_perly_naszyjnik_kolczyki_srebro_slubna.html" "Mozilla/4.0 (compatible; MSIE 7.0; Windows NT 6.0; WOW64; Trident/4.0; SLCC1; .NET CLR 2.0.50727; InfoPath.2; .NET CLR 3.5.30729; .NET CLR 3.0.30729; OfficeLiveConnector.1.4; OfficeLivePatch.1.3)" "-"
89.76.17.62 - - [11/Oct/2009:17:55:10 +0200] "GET /~swierczu/aga_a2/head.png HTTP/1.1" 200 133688 "http://www.allegro.pl/item755369822_naturalne_perly_naszyjnik_kolczyki_srebro_slubna.html" "Mozilla/4.0 (compatible; MSIE 7.0; Windows NT 6.0; WOW64; Trident/4.0; SLCC1; .NET CLR 2.0.50727; InfoPath.2; .NET CLR 3.5.30729; .NET CLR 3.0.30729; OfficeLiveConnector.1.4; OfficeLivePatch.1.3)" "-"
89.76.17.62 - - [11/Oct/2009:17:55:10 +0200] "GET /~swierczu/aga_a2/right4.png HTTP/1.1" 200 3444 "http://www.allegro.pl/item755369822_naturalne_perly_naszyjnik_kolczyki_srebro_slubna.html" "Mozilla/4.0 (compatible; MSIE 7.0; Windows NT 6.0; WOW64; Trident/4.0; SLCC1; .NET CLR 2.0.50727; InfoPath.2; .NET CLR 3.5.30729; .NET CLR 3.0.30729; OfficeLiveConnector.1.4; OfficeLivePatch.1.3)" "-"
89.76.17.62 - - [11/Oct/2009:17:55:12 +0200] "GET /~swierczu/aga_a2/center.png HTTP/1.1" 200 85290 "http://www.allegro.pl/item755369822_naturalne_perly_naszyjnik_kolczyki_srebro_slubna.html" "Mozilla/4.0 (compatible; MSIE 7.0; Windows NT 6.0; WOW64; Trident/4.0; SLCC1; .NET CLR 2.0.50727; InfoPath.2; .NET CLR 3.5.30729; .NET CLR 3.0.30729; OfficeLiveConnector.1.4; OfficeLivePatch.1.3)" "-"
89.76.17.62 - - [11/Oct/2009:17:55:13 +0200] "GET /~swierczu/aga_a2/left6.png HTTP/1.1" 200 74941 "http://www.allegro.pl/item755369822_naturalne_perly_naszyjnik_kolczyki_srebro_slubna.html" "Mozilla/4.0 (compatible; MSIE 7.0; Windows NT 6.0; WOW64; Trident/4.0; SLCC1; .NET CLR 2.0.50727; InfoPath.2; .NET CLR 3.5.30729; .NET CLR 3.0.30729; OfficeLiveConnector.1.4; OfficeLivePatch.1.3)" "-"
79.139.15.147 - - [11/Oct/2009:17:55:34 +0200] "GET /mjp4/2004/pilkarzyki/index.htm HTTP/1.1" 200 6972 "http://www.google.pl/search?hl=pl&client=firefox-a&channel=s&rls=org.mozilla%3Apl%3Aofficial&hs=dsL&q=pi%C5%82karzyki+kreski&btnG=Szukaj&lr=lang_pl" "Mozilla/5.0 (Windows; U; Windows NT 6.0; pl; rv:1.9.1.3) Gecko/20090824 Firefox/3.5.3" "-"
79.139.15.147 - - [11/Oct/2009:17:55:34 +0200] "GET /mjp4/2004/pilkarzyki/arsenal.jpg HTTP/1.1" 200 9141 "http://neo.dmcs.p.lodz.pl/mjp4/2004/pilkarzyki/index.htm" "Mozilla/5.0 (Windows; U; Windows NT 6.0; pl; rv:1.9.1.3) Gecko/20090824 Firefox/3.5.3" "-"
79.139.15.147 - - [11/Oct/2009:17:55:34 +0200] "GET /favicon.ico HTTP/1.1" 404 292 "-" "Mozilla/5.0 (Windows; U; Windows NT 6.0; pl; rv:1.9.1.3) Gecko/20090824 Firefox/3.5.3" "-"
79.139.15.147 - - [11/Oct/2009:17:55:37 +0200] "GET /favicon.ico HTTP/1.1" 404 292 "-" "Mozilla/5.0 (Windows; U; Windows NT 6.0; pl; rv:1.9.1.3) Gecko/20090824 Firefox/3.5.3" "-"
93.159.141.42 - - [11/Oct/2009:17:56:56 +0200] "GET /favicon.ico HTTP/1.0" 404 273 "-" "Mozilla/5.0 (Windows; U; Windows NT 6.0; pl; rv:1.9.1.3) Gecko/20090824 Firefox/3.5.3 (.NET CLR 3.5.30729)" "-"
92.241.169.175 - - [11/Oct/2009:17:58:06 +0200] "GET /%7Espcsym/phorum/post.php?f=4 HTTP/1.0" 200 3135 "http://lux.dmcs.p.lodz.pl/%7Espcsym/phorum/post.php?f=4" "Mozilla/4.0 (compatible; MSIE 6.0; Windows NT 5.2; Win64; AMD64)" "-"
92.241.169.175 - - [11/Oct/2009:17:58:10 +0200] "POST /%7Espcsym/phorum/post.php HTTP/1.0" 200 8781 "http://lux.dmcs.p.lodz.pl/%7Espcsym/phorum/post.php?f=4" "Mozilla/4.0 (compatible; MSIE 6.0; Windows NT 5.2; Win64; AMD64)" "-"
93.159.141.42 - - [11/Oct/2009:17:58:53 +0200] "GET /~sklab/pliki/wyklad-11.pdf HTTP/1.0" 206 287764 "-" "Mozilla/5.0 (Windows; U; Windows NT 6.0; pl; rv:1.9.1.3) Gecko/20090824 Firefox/3.5.3 (.NET CLR 3.5.30729)" "-"
85.89.176.156 - - [11/Oct/2009:17:59:33 +0200] "GET /mjp2/po-5.pdf HTTP/1.1" 200 234361 "-" "Mozilla/4.0 (compatible; MSIE 6.0; Windows NT 5.1; pl) Opera 9.62" "-"
195.26.23.236 - - [11/Oct/2009:17:59:47 +0200] "GET /sk2/tcp_echo.html HTTP/1.1" 200 1379 "-" "Mozilla/5.0 (X11; U; Linux i686; en-US; rv:1.9.0.14) Gecko/2009090216 Ubuntu/8.04 (hardy) Firefox/3.0.14" "-"
195.26.23.236 - - [11/Oct/2009:17:59:47 +0200] "GET /style.css HTTP/1.1" 200 2000 "http://lux.dmcs.pl/sk2/tcp_echo.html" "Mozilla/5.0 (X11; U; Linux i686; en-US; rv:1.9.0.14) Gecko/2009090216 Ubuntu/8.04 (hardy) Firefox/3.0.14" "-"
195.26.23.236 - - [11/Oct/2009:17:59:47 +0200] "GET /images/back.jpg HTTP/1.1" 404 289 "http://lux.dmcs.pl/sk2/tcp_echo.html" "Mozilla/5.0 (X11; U; Linux i686; en-US; rv:1.9.0.14) Gecko/2009090216 Ubuntu/8.04 (hardy) Firefox/3.0.14" "-"
89.78.117.185 - - [11/Oct/2009:18:01:38 +0200] "GET /kpuesz/ HTTP/1.1" 200 9684 "http://www.google.pl/search?hl=pl&source=hp&q=symulacja+uk%C5%82ad%C3%B3w+elektronicznych&btnG=Szukaj+w+Google&lr=&cts=1255276870911&aq=f&oq=" "Mozilla/5.0 (Windows; U; Windows NT 5.1; pl; rv:1.9.1.3) Gecko/20090824 Firefox/3.5.3" "-"
89.78.117.185 - - [11/Oct/2009:18:01:39 +0200] "GET /~starzak/style.css HTTP/1.1" 200 3084 "http://neo.dmcs.p.lodz.pl/kpuesz/" "Mozilla/5.0 (Windows; U; Windows NT 5.1; pl; rv:1.9.1.3) Gecko/20090824 Firefox/3.5.3" "-"
89.78.117.185 - - [11/Oct/2009:18:01:39 +0200] "GET /favicon.ico HTTP/1.1" 404 292 "-" "Mozilla/5.0 (Windows; U; Windows NT 5.1; pl; rv:1.9.1.3) Gecko/20090824 Firefox/3.5.3" "-"
89.78.117.185 - - [11/Oct/2009:18:01:42 +0200] "GET /favicon.ico HTTP/1.1" 404 292 "-" "Mozilla/5.0 (Windows; U; Windows NT 5.1; pl; rv:1.9.1.3) Gecko/20090824 Firefox/3.5.3" "-"
87.205.171.152 - - [11/Oct/2009:18:02:00 +0200] "GET /webservices/websrv_wyklad5.pdf HTTP/1.1" 200 336869 "http://www.google.pl/search?hl=pl&lr=lang_pl&client=firefox-a&rls=org.mozilla:pl:official&q=rpc+string&start=10&sa=N" "Mozilla/5.0 (Windows; U; Windows NT 5.1; pl; rv:1.9.1.3) Gecko/20090824 Firefox/3.5.3 (.NET CLR 3.5.30729)" "-"
87.205.171.152 - - [11/Oct/2009:18:02:02 +0200] "GET /favicon.ico HTTP/1.1" 404 292 "-" "Mozilla/5.0 (Windows; U; Windows NT 5.1; pl; rv:1.9.1.3) Gecko/20090824 Firefox/3.5.3 (.NET CLR 3.5.30729)" "-"
87.205.171.152 - - [11/Oct/2009:18:02:05 +0200] "GET /favicon.ico HTTP/1.1" 404 292 "-" "Mozilla/5.0 (Windows; U; Windows NT 5.1; pl; rv:1.9.1.3) Gecko/20090824 Firefox/3.5.3 (.NET CLR 3.5.30729)" "-"
217.113.233.187 - - [11/Oct/2009:18:02:11 +0200] "GET /rso/ HTTP/1.1" 200 6449 "-" "Mozilla/5.0 (compatible; Konqueror/3.5; Linux 2.6.19; X11) KHTML/3.5.5 (like Gecko) (Debian package 4:3.5.5a.dfsg.1-5)" "-"
217.113.233.187 - - [11/Oct/2009:18:02:11 +0200] "GET /style.css HTTP/1.1" 200 2000 "http://neo.dmcs.pl/rso/" "Mozilla/5.0 (compatible; Konqueror/3.5; Linux 2.6.19; X11) KHTML/3.5.5 (like Gecko) (Debian package 4:3.5.5a.dfsg.1-5)" "-"
217.113.233.187 - - [11/Oct/2009:18:02:11 +0200] "GET /images/back.jpg HTTP/1.1" 404 289 "http://neo.dmcs.pl/rso/" "Mozilla/5.0 (compatible; Konqueror/3.5; Linux 2.6.19; X11) KHTML/3.5.5 (like Gecko) (Debian package 4:3.5.5a.dfsg.1-5)" "-"
66.249.65.212 - - [11/Oct/2009:18:02:15 +0200] "GET /isbd/php/doc/polish_many/function.mhash-keygen-s2k.html HTTP/1.1" 304 - "-" "Mozilla/5.0 (compatible; Googlebot/2.1; +http://www.google.com/bot.html)" "-"
217.113.233.187 - - [11/Oct/2009:18:02:16 +0200] "GET /pps/index.html HTTP/1.1" 200 10955 "-" "Mozilla/5.0 (compatible; Konqueror/3.5; Linux 2.6.19; X11) KHTML/3.5.5 (like Gecko) (Debian package 4:3.5.5a.dfsg.1-5)" "-"
217.113.233.187 - - [11/Oct/2009:18:02:16 +0200] "GET /pps/..\\style.css HTTP/1.1" 404 290 "http://neo.dmcs.pl/pps/index.html" "Mozilla/5.0 (compatible; Konqueror/3.5; Linux 2.6.19; X11) KHTML/3.5.5 (like Gecko) (Debian package 4:3.5.5a.dfsg.1-5)" "-"
66.249.65.212 - - [11/Oct/2009:18:02:17 +0200] "GET /isbd/php/doc/polish_many/function.round.html HTTP/1.1" 200 3755 "-" "Mozilla/5.0 (compatible; Googlebot/2.1; +http://www.google.com/bot.html)" "-"
217.113.233.187 - - [11/Oct/2009:18:02:17 +0200] "GET /pps/..%E0%AE%ACk.gif HTTP/1.1" 404 288 "http://neo.dmcs.pl/pps/index.html" "Mozilla/5.0 (compatible; Konqueror/3.5; Linux 2.6.19; X11) KHTML/3.5.5 (like Gecko) (Debian package 4:3.5.5a.dfsg.1-5)" "-"
65.55.106.204 - - [11/Oct/2009:18:02:26 +0200] "GET /robots.txt HTTP/1.1" 200 67 "-" "msnbot/2.0b (+http://search.msn.com/msnbot.htm)" "-"
153.19.210.159 - - [11/Oct/2009:18:02:34 +0200] "HEAD /favicon.ico HTTP/1.1" 404 0 "-" "Mozilla/5.0 (X11; U; Linux i686; pl; rv:1.9.1.3) Gecko/20090824 Firefox/3.5.3" "-"
87.205.171.152 - - [11/Oct/2009:18:02:38 +0200] "GET / HTTP/1.1" 200 8370 "-" "Mozilla/5.0 (Windows; U; Windows NT 5.1; pl; rv:1.9.1.3) Gecko/20090824 Firefox/3.5.3 (.NET CLR 3.5.30729)" "-"
87.205.171.152 - - [11/Oct/2009:18:02:39 +0200] "GET /style.css HTTP/1.1" 200 2000 "http://neo.dmcs.p.lodz.pl/" "Mozilla/5.0 (Windows; U; Windows NT 5.1; pl; rv:1.9.1.3) Gecko/20090824 Firefox/3.5.3 (.NET CLR 3.5.30729)" "-"
87.205.171.152 - - [11/Oct/2009:18:02:39 +0200] "GET /images/back.jpg HTTP/1.1" 404 296 "http://neo.dmcs.p.lodz.pl/" "Mozilla/5.0 (Windows; U; Windows NT 5.1; pl; rv:1.9.1.3) Gecko/20090824 Firefox/3.5.3 (.NET CLR 3.5.30729)" "-"
87.205.171.152 - - [11/Oct/2009:18:02:45 +0200] "GET /mo/index.html HTTP/1.1" 403 298 "http://neo.dmcs.p.lodz.pl/" "Mozilla/5.0 (Windows; U; Windows NT 5.1; pl; rv:1.9.1.3) Gecko/20090824 Firefox/3.5.3 (.NET CLR 3.5.30729)" "-"
65.55.106.204 - - [11/Oct/2009:18:03:15 +0200] "GET /archkomp/shared_memory.ppt HTTP/1.1" 304 - "-" "msnbot/2.0b (+http://search.msn.com/msnbot.htm)" "-"
90.2.221.152 - - [11/Oct/2009:18:03:21 +0200] "GET /inf5/06_07/4/indeks.html HTTP/1.1" 200 2910 "http://images.google.fr/imgres?imgurl=http://neo.dmcs.p.lodz.pl/inf5/06_07/4/sayuri.jpg&imgrefurl=http://neo.dmcs.p.lodz.pl/inf5/06_07/4/indeks.html&usg=__l2OaYC4piNhy69FR49f7MAzALnc=&h=457&w=296&sz=123&hl=fr&start=7&um=1&tbnid=TZVb8nW5dZMXTM:&tbnh=128&tbnw=83&prev=/images%3Fq%3Dgeisha%26hl%3Dfr%26um%3D1" "Mozilla/5.0 (Macintosh; U; PPC Mac OS X 10_4_11; fr) AppleWebKit/525.27.1 (KHTML, like Gecko) Version/3.2.1 Safari/525.27.1" "-"
90.2.221.152 - - [11/Oct/2009:18:03:21 +0200] "GET /inf5/06_07/4/2t.jpg HTTP/1.1" 200 3674 "http://neo.dmcs.p.lodz.pl/inf5/06_07/4/indeks.html" "Mozilla/5.0 (Macintosh; U; PPC Mac OS X 10_4_11; fr) AppleWebKit/525.27.1 (KHTML, like Gecko) Version/3.2.1 Safari/525.27.1" "-"
90.2.221.152 - - [11/Oct/2009:18:03:21 +0200] "GET /inf5/06_07/4/maquillage.jpg HTTP/1.1" 200 2238 "http://neo.dmcs.p.lodz.pl/inf5/06_07/4/indeks.html" "Mozilla/5.0 (Macintosh; U; PPC Mac OS X 10_4_11; fr) AppleWebKit/525.27.1 (KHTML, like Gecko) Version/3.2.1 Safari/525.27.1" "-"
90.2.221.152 - - [11/Oct/2009:18:03:21 +0200] "GET /inf5/06_07/4/index.jpg HTTP/1.1" 200 1588 "http://neo.dmcs.p.lodz.pl/inf5/06_07/4/indeks.html" "Mozilla/5.0 (Macintosh; U; PPC Mac OS X 10_4_11; fr) AppleWebKit/525.27.1 (KHTML, like Gecko) Version/3.2.1 Safari/525.27.1" "-"
90.2.221.152 - - [11/Oct/2009:18:03:21 +0200] "GET /inf5/06_07/4/panoplie.jpg HTTP/1.1" 200 1745 "http://neo.dmcs.p.lodz.pl/inf5/06_07/4/indeks.html" "Mozilla/5.0 (Macintosh; U; PPC Mac OS X 10_4_11; fr) AppleWebKit/525.27.1 (KHTML, like Gecko) Version/3.2.1 Safari/525.27.1" "-"
90.2.221.152 - - [11/Oct/2009:18:03:21 +0200] "GET /inf5/06_07/4/geisha.jpg HTTP/1.1" 200 1552 "http://neo.dmcs.p.lodz.pl/inf5/06_07/4/indeks.html" "Mozilla/5.0 (Macintosh; U; PPC Mac OS X 10_4_11; fr) AppleWebKit/525.27.1 (KHTML, like Gecko) Version/3.2.1 Safari/525.27.1" "-"
90.2.221.152 - - [11/Oct/2009:18:03:21 +0200] "GET /inf5/06_07/4/coiffure.jpg HTTP/1.1" 200 1822 "http://neo.dmcs.p.lodz.pl/inf5/06_07/4/indeks.html" "Mozilla/5.0 (Macintosh; U; PPC Mac OS X 10_4_11; fr) AppleWebKit/525.27.1 (KHTML, like Gecko) Version/3.2.1 Safari/525.27.1" "-"
90.2.221.152 - - [11/Oct/2009:18:03:21 +0200] "GET /inf5/06_07/4/obi.jpg HTTP/1.1" 200 1056 "http://neo.dmcs.p.lodz.pl/inf5/06_07/4/indeks.html" "Mozilla/5.0 (Macintosh; U; PPC Mac OS X 10_4_11; fr) AppleWebKit/525.27.1 (KHTML, like Gecko) Version/3.2.1 Safari/525.27.1" "-"
90.2.221.152 - - [11/Oct/2009:18:03:21 +0200] "GET /inf5/06_07/4/kimono.jpg HTTP/1.1" 200 1534 "http://neo.dmcs.p.lodz.pl/inf5/06_07/4/indeks.html" "Mozilla/5.0 (Macintosh; U; PPC Mac OS X 10_4_11; fr) AppleWebKit/525.27.1 (KHTML, like Gecko) Version/3.2.1 Safari/525.27.1" "-"
90.2.221.152 - - [11/Oct/2009:18:03:21 +0200] "GET /inf5/06_07/4/accessoires.jpg HTTP/1.1" 200 2302 "http://neo.dmcs.p.lodz.pl/inf5/06_07/4/indeks.html" "Mozilla/5.0 (Macintosh; U; PPC Mac OS X 10_4_11; fr) AppleWebKit/525.27.1 (KHTML, like Gecko) Version/3.2.1 Safari/525.27.1" "-"
90.2.221.152 - - [11/Oct/2009:18:03:21 +0200] "GET /inf5/06_07/4/danse.jpg HTTP/1.1" 200 1437 "http://neo.dmcs.p.lodz.pl/inf5/06_07/4/indeks.html" "Mozilla/5.0 (Macintosh; U; PPC Mac OS X 10_4_11; fr) AppleWebKit/525.27.1 (KHTML, like Gecko) Version/3.2.1 Safari/525.27.1" "-"
90.2.221.152 - - [11/Oct/2009:18:03:21 +0200] "GET /inf5/06_07/4/role.jpg HTTP/1.1" 200 1254 "http://neo.dmcs.p.lodz.pl/inf5/06_07/4/indeks.html" "Mozilla/5.0 (Macintosh; U; PPC Mac OS X 10_4_11; fr) AppleWebKit/525.27.1 (KHTML, like Gecko) Version/3.2.1 Safari/525.27.1" "-"
90.2.221.152 - - [11/Oct/2009:18:03:21 +0200] "GET /inf5/06_07/4/grande%20soeur.jpg HTTP/1.1" 200 2540 "http://neo.dmcs.p.lodz.pl/inf5/06_07/4/indeks.html" "Mozilla/5.0 (Macintosh; U; PPC Mac OS X 10_4_11; fr) AppleWebKit/525.27.1 (KHTML, like Gecko) Version/3.2.1 Safari/525.27.1" "-"
90.2.221.152 - - [11/Oct/2009:18:03:21 +0200] "GET /inf5/06_07/4/curiosites.jpg HTTP/1.1" 200 2131 "http://neo.dmcs.p.lodz.pl/inf5/06_07/4/indeks.html" "Mozilla/5.0 (Macintosh; U; PPC Mac OS X 10_4_11; fr) AppleWebKit/525.27.1 (KHTML, like Gecko) Version/3.2.1 Safari/525.27.1" "-"
