65.55.106.131 - - [11/Oct/2009:13:52:05 +0200] "GET /tk/flex/flex.pdf HTTP/1.1" 304 - "-" "msnbot/2.0b (+http://search.msn.com/msnbot.htm)" "-"
66.249.65.212 - - [11/Oct/2009:13:52:08 +0200] "GET /tcm/index.html HTTP/1.1" 304 - "-" "Mozilla/5.0 (compatible; Googlebot/2.1; +http://www.google.com/bot.html)" "-"
153.19.210.159 - - [11/Oct/2009:13:52:36 +0200] "HEAD /favicon.ico HTTP/1.1" 404 0 "-" "Mozilla/5.0 (X11; U; Linux i686; pl; rv:1.9.1.3) Gecko/20090824 Firefox/3.5.3" "-"
65.55.207.137 - - [11/Oct/2009:13:53:15 +0200] "GET /cc/02-lexical.pdf HTTP/1.1" 304 - "-" "msnbot/2.0b (+http://search.msn.com/msnbot.htm)" "-"
212.51.199.211 - - [11/Oct/2009:13:54:56 +0200] "GET / HTTP/1.1" 200 8370 "-" "Mozilla/5.0 (Windows; U; Windows NT 5.1; pl; rv:1.9.0.6) Gecko/2009011913 Firefox/3.0.6 (.NET CLR 3.5.30729)" "-"
212.51.199.211 - - [11/Oct/2009:13:54:56 +0200] "GET /style.css HTTP/1.1" 200 2000 "http://lux.dmcs.p.lodz.pl/" "Mozilla/5.0 (Windows; U; Windows NT 5.1; pl; rv:1.9.0.6) Gecko/2009011913 Firefox/3.0.6 (.NET CLR 3.5.30729)" "-"
212.51.199.211 - - [11/Oct/2009:13:54:56 +0200] "GET /images/back.jpg HTTP/1.1" 404 296 "http://lux.dmcs.p.lodz.pl/" "Mozilla/5.0 (Windows; U; Windows NT 5.1; pl; rv:1.9.0.6) Gecko/2009011913 Firefox/3.0.6 (.NET CLR 3.5.30729)" "-"
212.51.199.211 - - [11/Oct/2009:13:54:57 +0200] "GET /favicon.ico HTTP/1.1" 404 292 "-" "Mozilla/5.0 (Windows; U; Windows NT 5.1; pl; rv:1.9.0.6) Gecko/2009011913 Firefox/3.0.6 (.NET CLR 3.5.30729)" "-"
212.51.199.211 - - [11/Oct/2009:13:55:00 +0200] "GET /favicon.ico HTTP/1.1" 404 292 "-" "Mozilla/5.0 (Windows; U; Windows NT 5.1; pl; rv:1.9.0.6) Gecko/2009011913 Firefox/3.0.6 (.NET CLR 3.5.30729)" "-"
212.51.199.211 - - [11/Oct/2009:13:55:03 +0200] "GET /ak/index.html HTTP/1.1" 200 1708 "http://lux.dmcs.p.lodz.pl/" "Mozilla/5.0 (Windows; U; Windows NT 5.1; pl; rv:1.9.0.6) Gecko/2009011913 Firefox/3.0.6 (.NET CLR 3.5.30729)" "-"
212.51.199.211 - - [11/Oct/2009:13:55:03 +0200] "GET /images/back.jpg HTTP/1.1" 404 296 "http://lux.dmcs.p.lodz.pl/ak/index.html" "Mozilla/5.0 (Windows; U; Windows NT 5.1; pl; rv:1.9.0.6) Gecko/2009011913 Firefox/3.0.6 (.NET CLR 3.5.30729)" "-"
83.203.227.55 - - [11/Oct/2009:13:55:09 +0200] "GET /inf5/06_07/4/sayuri.jpg HTTP/1.1" 200 15630 "http://www.ohmydollz.com/index.php?p=fiche&pseudo=une-petitemanon" "Mozilla/5.0 (Windows; U; Windows NT 6.0; fr; rv:1.9.1.3) Gecko/20090824 Firefox/3.5.3 (.NET CLR 3.5.30729)" "-"
83.203.227.55 - - [11/Oct/2009:13:55:12 +0200] "GET /inf5/06_07/4/sayuri.jpg HTTP/1.1" 206 122868 "http://www.ohmydollz.com/?p=fiche&pseudo=une-petitemanon" "Mozilla/5.0 (Windows; U; Windows NT 6.0; fr; rv:1.9.1.3) Gecko/20090824 Firefox/3.5.3 (.NET CLR 3.5.30729)" "-"
82.246.244.176 - - [11/Oct/2009:13:56:43 +0200] "GET /inf5/07_08/4/dali&film.JPG HTTP/1.1" 200 22370 "http://images.google.fr/imgres?imgurl=http://neo.dmcs.p.lodz.pl/inf5/07_08/4/dali%26film.JPG&imgrefurl=http://www.leoscheer.com/blog/2009/05/09/1008-conversation-dans-un-jardin-epicurien-1&usg=__hWC0W1eNtCzf3FME8ae3kc0VRSQ=&h=361&w=371&sz=22&hl=fr&start=116&tbnid=UCSciratIyFYIM:&tbnh=119&tbnw=122&prev=/images%3Fq%3Dbouche%2Ben%2Bobjet%2Bpar%2Bdali%26gbv%3D2%26ndsp%3D21%26hl%3Dfr%26sa%3DN%26start%3D105" "Mozilla/5.0 (Windows; U; Windows NT 6.0; fr; rv:1.9.1.3) Gecko/20090824 Firefox/3.5.3 (.NET CLR 3.5.30729) FBSMTWB" "-"
66.249.65.212 - - [11/Oct/2009:13:56:54 +0200] "GET /isbd/php/doc/polish_many/control-structures.html HTTP/1.1" 200 7206 "-" "SAMSUNG-SGH-E250/1.0 Profile/MIDP-2.0 Configuration/CLDC-1.1 UP.Browser/6.2.3.3.c.1.101 (GUI) MMP/2.0 (compatible; Googlebot-Mobile/2.1; +http://www.google.com/bot.html)" "-"
83.10.179.228 - - [11/Oct/2009:13:57:32 +0200] "GET /~starzak/lab/mikroeln/wyniki_mikroeln_04E.html HTTP/1.1" 200 4815 "-" "Mozilla/5.0 (Windows; U; Windows NT 5.1; en-US; rv:1.9.0.14) Gecko/2009082707 Firefox/3.0.14" "-"
83.10.179.228 - - [11/Oct/2009:13:57:33 +0200] "GET /~starzak/lab/mikroeln/wyniki.css HTTP/1.1" 200 609 "http://neo.dmcs.p.lodz.pl/~starzak/lab/mikroeln/wyniki_mikroeln_04E.html" "Mozilla/5.0 (Windows; U; Windows NT 5.1; en-US; rv:1.9.0.14) Gecko/2009082707 Firefox/3.0.14" "-"
83.10.179.228 - - [11/Oct/2009:13:57:34 +0200] "GET /favicon.ico HTTP/1.1" 404 292 "-" "Mozilla/5.0 (Windows; U; Windows NT 5.1; en-US; rv:1.9.0.14) Gecko/2009082707 Firefox/3.0.14" "-"
83.10.179.228 - - [11/Oct/2009:13:57:38 +0200] "GET /favicon.ico HTTP/1.1" 404 292 "-" "Mozilla/5.0 (Windows; U; Windows NT 5.1; en-US; rv:1.9.0.14) Gecko/2009082707 Firefox/3.0.14" "-"
83.10.179.228 - - [11/Oct/2009:13:57:42 +0200] "GET / HTTP/1.1" 200 8370 "-" "Mozilla/5.0 (Windows; U; Windows NT 5.1; en-US; rv:1.9.0.14) Gecko/2009082707 Firefox/3.0.14" "-"
83.10.179.228 - - [11/Oct/2009:13:57:44 +0200] "GET /style.css HTTP/1.1" 200 2000 "http://neo.dmcs.pl/" "Mozilla/5.0 (Windows; U; Windows NT 5.1; en-US; rv:1.9.0.14) Gecko/2009082707 Firefox/3.0.14" "-"
83.10.179.228 - - [11/Oct/2009:13:57:45 +0200] "GET /images/back.jpg HTTP/1.1" 404 289 "http://neo.dmcs.pl/" "Mozilla/5.0 (Windows; U; Windows NT 5.1; en-US; rv:1.9.0.14) Gecko/2009082707 Firefox/3.0.14" "-"
213.238.80.143 - - [11/Oct/2009:13:57:46 +0200] "GET /specjalnosci/index.php?strona=2 HTTP/1.1" 200 8197 "http://www.google.pl/search?source=ig&hl=pl&rlz=1G1GGLQ_PLPL319&=&q=elektronika+i+telekomunikacja&btnG=Szukaj+w+Google&meta=lr%3D&aq=f&oq=elektronika+i+telekomunikacj" "Mozilla/5.0 (Windows; U; Windows NT 5.1; pl; rv:1.9.0.14) Gecko/2009082707 Firefox/3.0.14" "-"
213.238.80.143 - - [11/Oct/2009:13:57:46 +0200] "GET /specjalnosci/style.css HTTP/1.1" 200 7142 "http://neo.dmcs.p.lodz.pl/specjalnosci/index.php?strona=2" "Mozilla/5.0 (Windows; U; Windows NT 5.1; pl; rv:1.9.0.14) Gecko/2009082707 Firefox/3.0.14" "-"
83.10.179.228 - - [11/Oct/2009:13:57:46 +0200] "GET /favicon.ico HTTP/1.1" 404 285 "-" "Mozilla/5.0 (Windows; U; Windows NT 5.1; en-US; rv:1.9.0.14) Gecko/2009082707 Firefox/3.0.14" "-"
213.238.80.143 - - [11/Oct/2009:13:57:49 +0200] "GET /specjalnosci/skrypty.js HTTP/1.1" 200 142 "http://neo.dmcs.p.lodz.pl/specjalnosci/index.php?strona=2" "Mozilla/5.0 (Windows; U; Windows NT 5.1; pl; rv:1.9.0.14) Gecko/2009082707 Firefox/3.0.14" "-"
83.10.179.228 - - [11/Oct/2009:13:57:49 +0200] "GET /favicon.ico HTTP/1.1" 404 285 "-" "Mozilla/5.0 (Windows; U; Windows NT 5.1; en-US; rv:1.9.0.14) Gecko/2009082707 Firefox/3.0.14" "-"
213.238.80.143 - - [11/Oct/2009:13:57:50 +0200] "GET /specjalnosci/grafika/naglowek.png HTTP/1.1" 200 4411 "http://neo.dmcs.p.lodz.pl/specjalnosci/index.php?strona=2" "Mozilla/5.0 (Windows; U; Windows NT 5.1; pl; rv:1.9.0.14) Gecko/2009082707 Firefox/3.0.14" "-"
213.238.80.143 - - [11/Oct/2009:13:57:50 +0200] "GET /specjalnosci/grafika/blank.png HTTP/1.1" 200 142 "http://neo.dmcs.p.lodz.pl/specjalnosci/index.php?strona=2" "Mozilla/5.0 (Windows; U; Windows NT 5.1; pl; rv:1.9.0.14) Gecko/2009082707 Firefox/3.0.14" "-"
213.238.80.143 - - [11/Oct/2009:13:57:50 +0200] "GET /specjalnosci/grafika/valid-html401.png HTTP/1.1" 200 2948 "http://neo.dmcs.p.lodz.pl/specjalnosci/index.php?strona=2" "Mozilla/5.0 (Windows; U; Windows NT 5.1; pl; rv:1.9.0.14) Gecko/2009082707 Firefox/3.0.14" "-"
213.238.80.143 - - [11/Oct/2009:13:57:50 +0200] "GET /specjalnosci/grafika/typ_pdf.png HTTP/1.1" 200 338 "http://neo.dmcs.p.lodz.pl/specjalnosci/index.php?strona=2" "Mozilla/5.0 (Windows; U; Windows NT 5.1; pl; rv:1.9.0.14) Gecko/2009082707 Firefox/3.0.14" "-"
213.238.80.143 - - [11/Oct/2009:13:57:51 +0200] "GET /specjalnosci/grafika/plytka_xilinx.jpg HTTP/1.1" 200 30362 "http://neo.dmcs.p.lodz.pl/specjalnosci/index.php?strona=2" "Mozilla/5.0 (Windows; U; Windows NT 5.1; pl; rv:1.9.0.14) Gecko/2009082707 Firefox/3.0.14" "-"
213.238.80.143 - - [11/Oct/2009:13:57:52 +0200] "GET /favicon.ico HTTP/1.1" 404 292 "-" "Mozilla/5.0 (Windows; U; Windows NT 5.1; pl; rv:1.9.0.14) Gecko/2009082707 Firefox/3.0.14" "-"
213.238.80.143 - - [11/Oct/2009:13:57:55 +0200] "GET /favicon.ico HTTP/1.1" 404 292 "-" "Mozilla/5.0 (Windows; U; Windows NT 5.1; pl; rv:1.9.0.14) Gecko/2009082707 Firefox/3.0.14" "-"
85.2.248.185 - - [11/Oct/2009:13:58:32 +0200] "GET /inf5/06_07/4/indeks.html HTTP/1.1" 200 2910 "http://images.google.ch/imgres?imgurl=http://neo.dmcs.p.lodz.pl/inf5/06_07/4/sayuri.jpg&imgrefurl=http://neo.dmcs.p.lodz.pl/inf5/06_07/4/indeks.html&usg=__l2OaYC4piNhy69FR49f7MAzALnc=&h=457&w=296&sz=123&hl=fr&start=7&um=1&tbnid=TZVb8nW5dZMXTM:&tbnh=128&tbnw=83&prev=/images%3Fq%3Dgeisha%26hl%3Dfr%26um%3D1" "Mozilla/5.0 (Windows; U; Windows NT 6.0; fr; rv:1.9.0.14) Gecko/2009082707 Firefox/3.0.14 (.NET CLR 3.5.30729)" "-"
85.2.248.185 - - [11/Oct/2009:13:58:33 +0200] "GET /inf5/06_07/4/coiffure.jpg HTTP/1.1" 200 1822 "http://neo.dmcs.p.lodz.pl/inf5/06_07/4/indeks.html" "Mozilla/5.0 (Windows; U; Windows NT 6.0; fr; rv:1.9.0.14) Gecko/2009082707 Firefox/3.0.14 (.NET CLR 3.5.30729)" "-"
85.2.248.185 - - [11/Oct/2009:13:58:33 +0200] "GET /inf5/06_07/4/2t.jpg HTTP/1.1" 200 3674 "http://neo.dmcs.p.lodz.pl/inf5/06_07/4/indeks.html" "Mozilla/5.0 (Windows; U; Windows NT 6.0; fr; rv:1.9.0.14) Gecko/2009082707 Firefox/3.0.14 (.NET CLR 3.5.30729)" "-"
85.2.248.185 - - [11/Oct/2009:13:58:33 +0200] "GET /inf5/06_07/4/index.jpg HTTP/1.1" 200 1588 "http://neo.dmcs.p.lodz.pl/inf5/06_07/4/indeks.html" "Mozilla/5.0 (Windows; U; Windows NT 6.0; fr; rv:1.9.0.14) Gecko/2009082707 Firefox/3.0.14 (.NET CLR 3.5.30729)" "-"
85.2.248.185 - - [11/Oct/2009:13:58:33 +0200] "GET /inf5/06_07/4/geisha.jpg HTTP/1.1" 200 1552 "http://neo.dmcs.p.lodz.pl/inf5/06_07/4/indeks.html" "Mozilla/5.0 (Windows; U; Windows NT 6.0; fr; rv:1.9.0.14) Gecko/2009082707 Firefox/3.0.14 (.NET CLR 3.5.30729)" "-"
85.2.248.185 - - [11/Oct/2009:13:58:33 +0200] "GET /inf5/06_07/4/panoplie.jpg HTTP/1.1" 200 1745 "http://neo.dmcs.p.lodz.pl/inf5/06_07/4/indeks.html" "Mozilla/5.0 (Windows; U; Windows NT 6.0; fr; rv:1.9.0.14) Gecko/2009082707 Firefox/3.0.14 (.NET CLR 3.5.30729)" "-"
85.2.248.185 - - [11/Oct/2009:13:58:33 +0200] "GET /inf5/06_07/4/maquillage.jpg HTTP/1.1" 200 2238 "http://neo.dmcs.p.lodz.pl/inf5/06_07/4/indeks.html" "Mozilla/5.0 (Windows; U; Windows NT 6.0; fr; rv:1.9.0.14) Gecko/2009082707 Firefox/3.0.14 (.NET CLR 3.5.30729)" "-"
85.2.248.185 - - [11/Oct/2009:13:58:33 +0200] "GET /inf5/06_07/4/kimono.jpg HTTP/1.1" 200 1534 "http://neo.dmcs.p.lodz.pl/inf5/06_07/4/indeks.html" "Mozilla/5.0 (Windows; U; Windows NT 6.0; fr; rv:1.9.0.14) Gecko/2009082707 Firefox/3.0.14 (.NET CLR 3.5.30729)" "-"
85.2.248.185 - - [11/Oct/2009:13:58:33 +0200] "GET /inf5/06_07/4/obi.jpg HTTP/1.1" 200 1056 "http://neo.dmcs.p.lodz.pl/inf5/06_07/4/indeks.html" "Mozilla/5.0 (Windows; U; Windows NT 6.0; fr; rv:1.9.0.14) Gecko/2009082707 Firefox/3.0.14 (.NET CLR 3.5.30729)" "-"
85.2.248.185 - - [11/Oct/2009:13:58:33 +0200] "GET /inf5/06_07/4/chaussures.jpg HTTP/1.1" 200 2209 "http://neo.dmcs.p.lodz.pl/inf5/06_07/4/indeks.html" "Mozilla/5.0 (Windows; U; Windows NT 6.0; fr; rv:1.9.0.14) Gecko/2009082707 Firefox/3.0.14 (.NET CLR 3.5.30729)" "-"
85.2.248.185 - - [11/Oct/2009:13:58:33 +0200] "GET /inf5/06_07/4/accessoires.jpg HTTP/1.1" 200 2302 "http://neo.dmcs.p.lodz.pl/inf5/06_07/4/indeks.html" "Mozilla/5.0 (Windows; U; Windows NT 6.0; fr; rv:1.9.0.14) Gecko/2009082707 Firefox/3.0.14 (.NET CLR 3.5.30729)" "-"
85.2.248.185 - - [11/Oct/2009:13:58:33 +0200] "GET /inf5/06_07/4/role.jpg HTTP/1.1" 200 1254 "http://neo.dmcs.p.lodz.pl/inf5/06_07/4/indeks.html" "Mozilla/5.0 (Windows; U; Windows NT 6.0; fr; rv:1.9.0.14) Gecko/2009082707 Firefox/3.0.14 (.NET CLR 3.5.30729)" "-"
85.2.248.185 - - [11/Oct/2009:13:58:33 +0200] "GET /inf5/06_07/4/danse.jpg HTTP/1.1" 200 1437 "http://neo.dmcs.p.lodz.pl/inf5/06_07/4/indeks.html" "Mozilla/5.0 (Windows; U; Windows NT 6.0; fr; rv:1.9.0.14) Gecko/2009082707 Firefox/3.0.14 (.NET CLR 3.5.30729)" "-"
85.2.248.185 - - [11/Oct/2009:13:58:33 +0200] "GET /inf5/06_07/4/musique.jpg HTTP/1.1" 200 1786 "http://neo.dmcs.p.lodz.pl/inf5/06_07/4/indeks.html" "Mozilla/5.0 (Windows; U; Windows NT 6.0; fr; rv:1.9.0.14) Gecko/2009082707 Firefox/3.0.14 (.NET CLR 3.5.30729)" "-"
85.2.248.185 - - [11/Oct/2009:13:58:33 +0200] "GET /inf5/06_07/4/danna.jpg HTTP/1.1" 200 1432 "http://neo.dmcs.p.lodz.pl/inf5/06_07/4/indeks.html" "Mozilla/5.0 (Windows; U; Windows NT 6.0; fr; rv:1.9.0.14) Gecko/2009082707 Firefox/3.0.14 (.NET CLR 3.5.30729)" "-"
85.2.248.185 - - [11/Oct/2009:13:58:33 +0200] "GET /inf5/06_07/4/curiosites.jpg HTTP/1.1" 200 2131 "http://neo.dmcs.p.lodz.pl/inf5/06_07/4/indeks.html" "Mozilla/5.0 (Windows; U; Windows NT 6.0; fr; rv:1.9.0.14) Gecko/2009082707 Firefox/3.0.14 (.NET CLR 3.5.30729)" "-"
85.2.248.185 - - [11/Oct/2009:13:58:33 +0200] "GET /inf5/06_07/4/liens.jpg HTTP/1.1" 200 1269 "http://neo.dmcs.p.lodz.pl/inf5/06_07/4/indeks.html" "Mozilla/5.0 (Windows; U; Windows NT 6.0; fr; rv:1.9.0.14) Gecko/2009082707 Firefox/3.0.14 (.NET CLR 3.5.30729)" "-"
85.2.248.185 - - [11/Oct/2009:13:58:33 +0200] "GET /inf5/06_07/4/grande%20soeur.jpg HTTP/1.1" 200 2540 "http://neo.dmcs.p.lodz.pl/inf5/06_07/4/indeks.html" "Mozilla/5.0 (Windows; U; Windows NT 6.0; fr; rv:1.9.0.14) Gecko/2009082707 Firefox/3.0.14 (.NET CLR 3.5.30729)" "-"
85.2.248.185 - - [11/Oct/2009:13:58:33 +0200] "GET /inf5/06_07/4/bienvenu.jpg HTTP/1.1" 200 3369 "http://neo.dmcs.p.lodz.pl/inf5/06_07/4/indeks.html" "Mozilla/5.0 (Windows; U; Windows NT 6.0; fr; rv:1.9.0.14) Gecko/2009082707 Firefox/3.0.14 (.NET CLR 3.5.30729)" "-"
85.2.248.185 - - [11/Oct/2009:13:58:35 +0200] "GET /inf5/06_07/4/tapetka1.jpg HTTP/1.1" 200 64245 "http://neo.dmcs.p.lodz.pl/inf5/06_07/4/indeks.html" "Mozilla/5.0 (Windows; U; Windows NT 6.0; fr; rv:1.9.0.14) Gecko/2009082707 Firefox/3.0.14 (.NET CLR 3.5.30729)" "-"
85.2.248.185 - - [11/Oct/2009:13:58:36 +0200] "GET /inf5/06_07/4/sayuri.jpg HTTP/1.1" 200 125430 "http://neo.dmcs.p.lodz.pl/inf5/06_07/4/indeks.html" "Mozilla/5.0 (Windows; U; Windows NT 6.0; fr; rv:1.9.0.14) Gecko/2009082707 Firefox/3.0.14 (.NET CLR 3.5.30729)" "-"
83.10.179.228 - - [11/Oct/2009:13:58:38 +0200] "GET /padp/index.html HTTP/1.1" 200 2372 "http://neo.dmcs.pl/" "Mozilla/5.0 (Windows; U; Windows NT 5.1; en-US; rv:1.9.0.14) Gecko/2009082707 Firefox/3.0.14" "-"
83.10.179.228 - - [11/Oct/2009:13:58:41 +0200] "GET /padp/index.html HTTP/1.1" 200 2372 "http://neo.dmcs.pl/" "Mozilla/5.0 (Windows; U; Windows NT 5.1; en-US; rv:1.9.0.14) Gecko/2009082707 Firefox/3.0.14" "-"
85.2.248.185 - - [11/Oct/2009:13:58:42 +0200] "GET /inf5/06_07/4/geisha.html HTTP/1.1" 200 6497 "http://neo.dmcs.p.lodz.pl/inf5/06_07/4/indeks.html" "Mozilla/5.0 (Windows; U; Windows NT 6.0; fr; rv:1.9.0.14) Gecko/2009082707 Firefox/3.0.14 (.NET CLR 3.5.30729)" "-"
85.2.248.185 - - [11/Oct/2009:13:58:42 +0200] "GET /inf5/06_07/4/geisha_1.jpg HTTP/1.1" 200 7057 "http://neo.dmcs.p.lodz.pl/inf5/06_07/4/geisha.html" "Mozilla/5.0 (Windows; U; Windows NT 6.0; fr; rv:1.9.0.14) Gecko/2009082707 Firefox/3.0.14 (.NET CLR 3.5.30729)" "-"
83.10.179.228 - - [11/Oct/2009:13:58:42 +0200] "GET /images/back.jpg HTTP/1.1" 404 289 "http://neo.dmcs.pl/padp/index.html" "Mozilla/5.0 (Windows; U; Windows NT 5.1; en-US; rv:1.9.0.14) Gecko/2009082707 Firefox/3.0.14" "-"
85.2.248.185 - - [11/Oct/2009:13:58:42 +0200] "GET /inf5/06_07/4/historique.jpg HTTP/1.1" 200 2794 "http://neo.dmcs.p.lodz.pl/inf5/06_07/4/geisha.html" "Mozilla/5.0 (Windows; U; Windows NT 6.0; fr; rv:1.9.0.14) Gecko/2009082707 Firefox/3.0.14 (.NET CLR 3.5.30729)" "-"
85.2.248.185 - - [11/Oct/2009:13:58:42 +0200] "GET /inf5/06_07/4/geisha2.jpg HTTP/1.1" 200 44569 "http://neo.dmcs.p.lodz.pl/inf5/06_07/4/geisha.html" "Mozilla/5.0 (Windows; U; Windows NT 6.0; fr; rv:1.9.0.14) Gecko/2009082707 Firefox/3.0.14 (.NET CLR 3.5.30729)" "-"
85.2.248.185 - - [11/Oct/2009:13:58:43 +0200] "GET /inf5/06_07/4/geisha1.jpg HTTP/1.1" 200 27657 "http://neo.dmcs.p.lodz.pl/inf5/06_07/4/geisha.html" "Mozilla/5.0 (Windows; U; Windows NT 6.0; fr; rv:1.9.0.14) Gecko/2009082707 Firefox/3.0.14 (.NET CLR 3.5.30729)" "-"
85.2.248.185 - - [11/Oct/2009:13:58:43 +0200] "GET /inf5/06_07/4/tapetka5.jpg HTTP/1.1" 200 130475 "http://neo.dmcs.p.lodz.pl/inf5/06_07/4/geisha.html" "Mozilla/5.0 (Windows; U; Windows NT 6.0; fr; rv:1.9.0.14) Gecko/2009082707 Firefox/3.0.14 (.NET CLR 3.5.30729)" "-"
83.10.179.228 - - [11/Oct/2009:13:58:49 +0200] "GET /padp/lecture/padp_lecture_1.ppt HTTP/1.1" 200 12779 "http://neo.dmcs.pl/padp/index.html" "Mozilla/5.0 (Windows; U; Windows NT 5.1; en-US; rv:1.9.0.14) Gecko/2009082707 Firefox/3.0.14" "-"
66.249.65.212 - - [11/Oct/2009:13:59:43 +0200] "GET /tk/UNIXhelp1.3/Pages/mail/six.2.1.html HTTP/1.1" 200 1100 "-" "Mozilla/5.0 (compatible; Googlebot/2.1; +http://www.google.com/bot.html)" "-"
83.10.179.228 - - [11/Oct/2009:13:59:49 +0200] "GET /padp/lecture/gpgpu1.pdf HTTP/1.1" 200 1094256 "http://neo.dmcs.pl/padp/index.html" "Mozilla/5.0 (Windows; U; Windows NT 5.1; en-US; rv:1.9.0.14) Gecko/2009082707 Firefox/3.0.14" "-"
83.10.179.228 - - [11/Oct/2009:13:59:50 +0200] "GET /padp/lecture/padp_lecture_5.ppt HTTP/1.1" 200 12778 "http://neo.dmcs.pl/padp/index.html" "Mozilla/5.0 (Windows; U; Windows NT 5.1; en-US; rv:1.9.0.14) Gecko/2009082707 Firefox/3.0.14" "-"
83.10.179.228 - - [11/Oct/2009:13:59:56 +0200] "GET /padp/lecture/padp_lecture_1.ppt HTTP/1.1" 200 2006528 "http://neo.dmcs.pl/padp/index.html" "Mozilla/5.0 (Windows; U; Windows NT 5.1; en-US; rv:1.9.0.14) Gecko/2009082707 Firefox/3.0.14" "-"
83.10.179.228 - - [11/Oct/2009:13:59:58 +0200] "GET /padp/lecture/padp_lecture_6.ppt HTTP/1.1" 200 104758 "http://neo.dmcs.pl/padp/index.html" "Mozilla/5.0 (Windows; U; Windows NT 5.1; en-US; rv:1.9.0.14) Gecko/2009082707 Firefox/3.0.14" "-"
83.10.179.228 - - [11/Oct/2009:14:00:09 +0200] "GET /padp/lecture/padp1.pdf HTTP/1.1" 200 104773 "http://neo.dmcs.pl/padp/index.html" "Mozilla/5.0 (Windows; U; Windows NT 5.1; en-US; rv:1.9.0.14) Gecko/2009082707 Firefox/3.0.14" "-"
85.2.248.185 - - [11/Oct/2009:14:00:09 +0200] "GET /inf5/06_07/4/panoplie.html HTTP/1.1" 200 3100 "http://neo.dmcs.p.lodz.pl/inf5/06_07/4/geisha.html" "Mozilla/5.0 (Windows; U; Windows NT 6.0; fr; rv:1.9.0.14) Gecko/2009082707 Firefox/3.0.14 (.NET CLR 3.5.30729)" "-"
85.2.248.185 - - [11/Oct/2009:14:00:10 +0200] "GET /inf5/06_07/4/panoplie_1.jpg HTTP/1.1" 200 2344 "http://neo.dmcs.p.lodz.pl/inf5/06_07/4/panoplie.html" "Mozilla/5.0 (Windows; U; Windows NT 6.0; fr; rv:1.9.0.14) Gecko/2009082707 Firefox/3.0.14 (.NET CLR 3.5.30729)" "-"
85.2.248.185 - - [11/Oct/2009:14:00:10 +0200] "GET /inf5/06_07/4/sayuri1.jpg HTTP/1.1" 200 24565 "http://neo.dmcs.p.lodz.pl/inf5/06_07/4/panoplie.html" "Mozilla/5.0 (Windows; U; Windows NT 6.0; fr; rv:1.9.0.14) Gecko/2009082707 Firefox/3.0.14 (.NET CLR 3.5.30729)" "-"
83.10.179.228 - - [11/Oct/2009:14:00:13 +0200] "GET /padp/lecture/padp_lecture_3.ppt HTTP/1.1" 200 1275904 "http://neo.dmcs.pl/padp/index.html" "Mozilla/5.0 (Windows; U; Windows NT 5.1; en-US; rv:1.9.0.14) Gecko/2009082707 Firefox/3.0.14" "-"
83.10.179.228 - - [11/Oct/2009:14:00:19 +0200] "GET /padp/lecture/padp_lecture_4.ppt HTTP/1.1" 200 631296 "http://neo.dmcs.pl/padp/index.html" "Mozilla/5.0 (Windows; U; Windows NT 5.1; en-US; rv:1.9.0.14) Gecko/2009082707 Firefox/3.0.14" "-"
83.10.179.228 - - [11/Oct/2009:14:00:28 +0200] "GET /padp/lecture/lec1.tgz HTTP/1.1" 200 1850 "http://neo.dmcs.pl/padp/index.html" "Mozilla/5.0 (Windows; U; Windows NT 5.1; en-US; rv:1.9.0.14) Gecko/2009082707 Firefox/3.0.14" "-"
66.249.65.212 - - [11/Oct/2009:14:00:28 +0200] "GET /~starzak/dyplomy/philips_2009_ogloszenie.pdf HTTP/1.1" 304 - "-" "Mozilla/5.0 (compatible; Googlebot/2.1; +http://www.google.com/bot.html)" "-"
85.2.248.185 - - [11/Oct/2009:14:00:29 +0200] "GET /inf5/06_07/4/maquillage.html HTTP/1.1" 200 4226 "http://neo.dmcs.p.lodz.pl/inf5/06_07/4/panoplie.html" "Mozilla/5.0 (Windows; U; Windows NT 6.0; fr; rv:1.9.0.14) Gecko/2009082707 Firefox/3.0.14 (.NET CLR 3.5.30729)" "-"
85.2.248.185 - - [11/Oct/2009:14:00:31 +0200] "GET /inf5/06_07/4/maquillage_1.jpg HTTP/1.1" 200 2875 "http://neo.dmcs.p.lodz.pl/inf5/06_07/4/maquillage.html" "Mozilla/5.0 (Windows; U; Windows NT 6.0; fr; rv:1.9.0.14) Gecko/2009082707 Firefox/3.0.14 (.NET CLR 3.5.30729)" "-"
85.2.248.185 - - [11/Oct/2009:14:00:31 +0200] "GET /inf5/06_07/4/m3.gif HTTP/1.1" 200 12457 "http://neo.dmcs.p.lodz.pl/inf5/06_07/4/maquillage.html" "Mozilla/5.0 (Windows; U; Windows NT 6.0; fr; rv:1.9.0.14) Gecko/2009082707 Firefox/3.0.14 (.NET CLR 3.5.30729)" "-"
85.2.248.185 - - [11/Oct/2009:14:00:31 +0200] "GET /inf5/06_07/4/m4.gif HTTP/1.1" 200 6317 "http://neo.dmcs.p.lodz.pl/inf5/06_07/4/maquillage.html" "Mozilla/5.0 (Windows; U; Windows NT 6.0; fr; rv:1.9.0.14) Gecko/2009082707 Firefox/3.0.14 (.NET CLR 3.5.30729)" "-"
85.2.248.185 - - [11/Oct/2009:14:00:32 +0200] "GET /inf5/06_07/4/m5.jpg HTTP/1.1" 200 8104 "http://neo.dmcs.p.lodz.pl/inf5/06_07/4/maquillage.html" "Mozilla/5.0 (Windows; U; Windows NT 6.0; fr; rv:1.9.0.14) Gecko/2009082707 Firefox/3.0.14 (.NET CLR 3.5.30729)" "-"
85.2.248.185 - - [11/Oct/2009:14:00:32 +0200] "GET /inf5/06_07/4/m1.jpg HTTP/1.1" 200 16868 "http://neo.dmcs.p.lodz.pl/inf5/06_07/4/maquillage.html" "Mozilla/5.0 (Windows; U; Windows NT 6.0; fr; rv:1.9.0.14) Gecko/2009082707 Firefox/3.0.14 (.NET CLR 3.5.30729)" "-"
85.2.248.185 - - [11/Oct/2009:14:00:32 +0200] "GET /inf5/06_07/4/m2.jpg HTTP/1.1" 200 13904 "http://neo.dmcs.p.lodz.pl/inf5/06_07/4/maquillage.html" "Mozilla/5.0 (Windows; U; Windows NT 6.0; fr; rv:1.9.0.14) Gecko/2009082707 Firefox/3.0.14 (.NET CLR 3.5.30729)" "-"
85.2.248.185 - - [11/Oct/2009:14:00:32 +0200] "GET /inf5/06_07/4/m6.jpg HTTP/1.1" 200 7842 "http://neo.dmcs.p.lodz.pl/inf5/06_07/4/maquillage.html" "Mozilla/5.0 (Windows; U; Windows NT 6.0; fr; rv:1.9.0.14) Gecko/2009082707 Firefox/3.0.14 (.NET CLR 3.5.30729)" "-"
85.2.248.185 - - [11/Oct/2009:14:00:32 +0200] "GET /inf5/06_07/4/m7.jpg HTTP/1.1" 200 8806 "http://neo.dmcs.p.lodz.pl/inf5/06_07/4/maquillage.html" "Mozilla/5.0 (Windows; U; Windows NT 6.0; fr; rv:1.9.0.14) Gecko/2009082707 Firefox/3.0.14 (.NET CLR 3.5.30729)" "-"
85.2.248.185 - - [11/Oct/2009:14:00:34 +0200] "GET /inf5/06_07/4/tapetka2a.jpg HTTP/1.1" 200 117750 "http://neo.dmcs.p.lodz.pl/inf5/06_07/4/maquillage.html" "Mozilla/5.0 (Windows; U; Windows NT 6.0; fr; rv:1.9.0.14) Gecko/2009082707 Firefox/3.0.14 (.NET CLR 3.5.30729)" "-"
83.23.65.93 - - [11/Oct/2009:14:00:35 +0200] "GET /%7Eswierczu/aga_a2/left1.png HTTP/1.1" 200 5912 "http://www.allegro.pl/item759489556_swarovski_kolory_duokolor_wybierz_swoje_kolory.html" "Mozilla/5.0 (Windows; U; Windows NT 5.2; pl; rv:1.9.1.3) Gecko/20090824 Firefox/3.5.3 (.NET CLR 3.5.30729)" "-"
83.23.65.93 - - [11/Oct/2009:14:00:35 +0200] "GET /%7Eswierczu/aga_a2/left2.png HTTP/1.1" 200 4921 "http://www.allegro.pl/item759489556_swarovski_kolory_duokolor_wybierz_swoje_kolory.html" "Mozilla/5.0 (Windows; U; Windows NT 5.2; pl; rv:1.9.1.3) Gecko/20090824 Firefox/3.5.3 (.NET CLR 3.5.30729)" "-"
83.23.65.93 - - [11/Oct/2009:14:00:35 +0200] "GET /%7Eswierczu/aga_a2/left3.png HTTP/1.1" 200 3657 "http://www.allegro.pl/item759489556_swarovski_kolory_duokolor_wybierz_swoje_kolory.html" "Mozilla/5.0 (Windows; U; Windows NT 5.2; pl; rv:1.9.1.3) Gecko/20090824 Firefox/3.5.3 (.NET CLR 3.5.30729)" "-"
83.10.179.228 - - [11/Oct/2009:14:00:35 +0200] "GET /padp/lecture/padp2.pdf HTTP/1.1" 200 344876 "http://neo.dmcs.pl/padp/index.html" "Mozilla/5.0 (Windows; U; Windows NT 5.1; en-US; rv:1.9.0.14) Gecko/2009082707 Firefox/3.0.14" "-"
83.23.65.93 - - [11/Oct/2009:14:00:36 +0200] "GET /%7Eswierczu/aga_a2/left7.png HTTP/1.1" 200 7206 "http://www.allegro.pl/item759489556_swarovski_kolory_duokolor_wybierz_swoje_kolory.html" "Mozilla/5.0 (Windows; U; Windows NT 5.2; pl; rv:1.9.1.3) Gecko/20090824 Firefox/3.5.3 (.NET CLR 3.5.30729)" "-"
83.23.65.93 - - [11/Oct/2009:14:00:36 +0200] "GET /%7Eswierczu/aga_a2/left8.png HTTP/1.1" 200 4406 "http://www.allegro.pl/item759489556_swarovski_kolory_duokolor_wybierz_swoje_kolory.html" "Mozilla/5.0 (Windows; U; Windows NT 5.2; pl; rv:1.9.1.3) Gecko/20090824 Firefox/3.5.3 (.NET CLR 3.5.30729)" "-"
83.23.65.93 - - [11/Oct/2009:14:00:37 +0200] "GET /%7Eswierczu/aga_a2/head.png HTTP/1.1" 200 133688 "http://www.allegro.pl/item759489556_swarovski_kolory_duokolor_wybierz_swoje_kolory.html" "Mozilla/5.0 (Windows; U; Windows NT 5.2; pl; rv:1.9.1.3) Gecko/20090824 Firefox/3.5.3 (.NET CLR 3.5.30729)" "-"
83.23.65.93 - - [11/Oct/2009:14:00:37 +0200] "GET /%7Eswierczu/aga_a2/right1.png HTTP/1.1" 200 50234 "http://www.allegro.pl/item759489556_swarovski_kolory_duokolor_wybierz_swoje_kolory.html" "Mozilla/5.0 (Windows; U; Windows NT 5.2; pl; rv:1.9.1.3) Gecko/20090824 Firefox/3.5.3 (.NET CLR 3.5.30729)" "-"
83.23.65.93 - - [11/Oct/2009:14:00:38 +0200] "GET /%7Eswierczu/aga_a2/right3.png HTTP/1.1" 200 662 "http://www.allegro.pl/item759489556_swarovski_kolory_duokolor_wybierz_swoje_kolory.html" "Mozilla/5.0 (Windows; U; Windows NT 5.2; pl; rv:1.9.1.3) Gecko/20090824 Firefox/3.5.3 (.NET CLR 3.5.30729)" "-"
83.23.65.93 - - [11/Oct/2009:14:00:38 +0200] "GET /~swierczu/aga_a2/left5.png HTTP/1.1" 200 3471 "http://www.allegro.pl/item759489556_swarovski_kolory_duokolor_wybierz_swoje_kolory.html" "Mozilla/5.0 (Windows; U; Windows NT 5.2; pl; rv:1.9.1.3) Gecko/20090824 Firefox/3.5.3 (.NET CLR 3.5.30729)" "-"
83.23.65.93 - - [11/Oct/2009:14:00:38 +0200] "GET /%7Eswierczu/aga_a2/right5.png HTTP/1.1" 200 94525 "http://www.allegro.pl/item759489556_swarovski_kolory_duokolor_wybierz_swoje_kolory.html" "Mozilla/5.0 (Windows; U; Windows NT 5.2; pl; rv:1.9.1.3) Gecko/20090824 Firefox/3.5.3 (.NET CLR 3.5.30729)" "-"
83.23.65.93 - - [11/Oct/2009:14:00:38 +0200] "GET /~swierczu/aga_a2/center.png HTTP/1.1" 200 85290 "http://www.allegro.pl/item759489556_swarovski_kolory_duokolor_wybierz_swoje_kolory.html" "Mozilla/5.0 (Windows; U; Windows NT 5.2; pl; rv:1.9.1.3) Gecko/20090824 Firefox/3.5.3 (.NET CLR 3.5.30729)" "-"
83.10.179.228 - - [11/Oct/2009:14:00:39 +0200] "GET /padp/lecture/lec2.tgz HTTP/1.1" 200 1221 "http://neo.dmcs.pl/padp/index.html" "Mozilla/5.0 (Windows; U; Windows NT 5.1; en-US; rv:1.9.0.14) Gecko/2009082707 Firefox/3.0.14" "-"
83.23.65.93 - - [11/Oct/2009:14:00:39 +0200] "GET /~swierczu/aga_a2/right2.png HTTP/1.1" 200 28637 "http://www.allegro.pl/item759489556_swarovski_kolory_duokolor_wybierz_swoje_kolory.html" "Mozilla/5.0 (Windows; U; Windows NT 5.2; pl; rv:1.9.1.3) Gecko/20090824 Firefox/3.5.3 (.NET CLR 3.5.30729)" "-"
83.23.65.93 - - [11/Oct/2009:14:00:40 +0200] "GET /~swierczu/aga_a2/right4.png HTTP/1.1" 200 3444 "http://www.allegro.pl/item759489556_swarovski_kolory_duokolor_wybierz_swoje_kolory.html" "Mozilla/5.0 (Windows; U; Windows NT 5.2; pl; rv:1.9.1.3) Gecko/20090824 Firefox/3.5.3 (.NET CLR 3.5.30729)" "-"
83.10.179.228 - - [11/Oct/2009:14:00:40 +0200] "GET /padp/lecture/jacobi.tgz HTTP/1.1" 200 3784 "http://neo.dmcs.pl/padp/index.html" "Mozilla/5.0 (Windows; U; Windows NT 5.1; en-US; rv:1.9.0.14) Gecko/2009082707 Firefox/3.0.14" "-"
83.23.65.93 - - [11/Oct/2009:14:00:40 +0200] "GET /%7Eswierczu/aga_a2/left4.png HTTP/1.1" 200 57810 "http://www.allegro.pl/item759489556_swarovski_kolory_duokolor_wybierz_swoje_kolory.html" "Mozilla/5.0 (Windows; U; Windows NT 5.2; pl; rv:1.9.1.3) Gecko/20090824 Firefox/3.5.3 (.NET CLR 3.5.30729)" "-"
83.10.179.228 - - [11/Oct/2009:14:00:46 +0200] "GET /padp/lecture/padp4.pdf HTTP/1.1" 200 104775 "http://neo.dmcs.pl/padp/index.html" "Mozilla/5.0 (Windows; U; Windows NT 5.1; en-US; rv:1.9.0.14) Gecko/2009082707 Firefox/3.0.14" "-"
83.23.65.93 - - [11/Oct/2009:14:00:50 +0200] "GET /%7Eswierczu/aga_a2/left6.png HTTP/1.1" 200 74941 "http://www.allegro.pl/item759489556_swarovski_kolory_duokolor_wybierz_swoje_kolory.html" "Mozilla/5.0 (Windows; U; Windows NT 5.2; pl; rv:1.9.1.3) Gecko/20090824 Firefox/3.5.3 (.NET CLR 3.5.30729)" "-"
66.249.65.212 - - [11/Oct/2009:14:00:58 +0200] "GET /pium/wyklad/wyniki_t3c_ppm.pdf HTTP/1.1" 200 32691 "-" "Mozilla/5.0 (compatible; Googlebot/2.1; +http://www.google.com/bot.html)" "-"
65.55.106.134 - - [11/Oct/2009:14:00:59 +0200] "GET /webservices/xmlrpc2.html HTTP/1.1" 304 - "-" "msnbot/2.0b (+http://search.msn.com/msnbot.htm)" "-"
83.10.179.228 - - [11/Oct/2009:14:01:03 +0200] "GET /padp/lecture/padp3.pdf HTTP/1.1" 200 454630 "http://neo.dmcs.pl/padp/index.html" "Mozilla/5.0 (Windows; U; Windows NT 5.1; en-US; rv:1.9.0.14) Gecko/2009082707 Firefox/3.0.14" "-"
83.10.179.228 - - [11/Oct/2009:14:01:09 +0200] "GET /padp/lecture/petsc.tgz HTTP/1.1" 200 4626 "http://neo.dmcs.pl/padp/index.html" "Mozilla/5.0 (Windows; U; Windows NT 5.1; en-US; rv:1.9.0.14) Gecko/2009082707 Firefox/3.0.14" "-"
83.143.103.1 - - [11/Oct/2009:14:01:13 +0200] "GET /~peter/photo/kurs1/roznica.png HTTP/1.1" 200 990256 "http://stock-board.info/monitor-do-obrobki-zdjec-t-126.html" "Mozilla/5.0 (Windows; U; Windows NT 5.1; pl; rv:1.9.1.3) Gecko/20090824 Firefox/3.5.3 (.NET CLR 3.5.30729)" "-"
83.10.179.228 - - [11/Oct/2009:14:01:26 +0200] "GET /padp/lecture/padp-corba-1.pdf HTTP/1.1" 200 253679 "http://neo.dmcs.pl/padp/index.html" "Mozilla/5.0 (Windows; U; Windows NT 5.1; en-US; rv:1.9.0.14) Gecko/2009082707 Firefox/3.0.14" "-"
89.227.205.167 - - [11/Oct/2009:14:01:28 +0200] "GET /inf5/05_06/4/TATRY.HTML HTTP/1.1" 200 6420 "http://images.google.fr/imgres?imgurl=http://neo.dmcs.p.lodz.pl/inf5/05_06/4/c-s-5.jpg&imgrefurl=http://neo.dmcs.p.lodz.pl/inf5/05_06/4/TATRY.HTML&usg=__bg83Z1L0zrjbrxrp8mQE9JnjCaE=&h=2576&w=1932&sz=688&hl=fr&start=1&um=1&tbnid=-PvSYdkqteZHVM:&tbnh=150&tbnw=113&prev=/images%3Fq%3Dpaysage%2Bslovaquie%2Bhaute%2Btatras%26hl%3Dfr%26rlz%3D1R2ADBS_fr%26sa%3DN%26um%3D1" "Mozilla/4.0 (compatible; MSIE 7.0; Windows NT 6.0; Trident/4.0; SIMBAR={F864E4E4-803A-45E2-88F8-4C23E295DF62}; GTB6; Mozilla/4.0 (compatible; MSIE 6.0; Windows NT 5.1; SV1) ; SLCC1; .NET CLR 2.0.50727; Media Center PC 5.0; OfficeLiveConnector.1.3; OfficeLivePatch.0.0; .NET CLR 3.5.30729; .NET CLR 3.0.30618)" "-"
83.10.179.228 - - [11/Oct/2009:14:01:28 +0200] "GET /padp/lecture/corbaex1.tgz HTTP/1.1" 200 1654 "http://neo.dmcs.pl/padp/index.html" "Mozilla/5.0 (Windows; U; Windows NT 5.1; en-US; rv:1.9.0.14) Gecko/2009082707 Firefox/3.0.14" "-"
89.227.205.167 - - [11/Oct/2009:14:01:29 +0200] "GET /inf5/05_06/4/ss6.jpg HTTP/1.1" 200 100195 "http://neo.dmcs.p.lodz.pl/inf5/05_06/4/TATRY.HTML" "Mozilla/4.0 (compatible; MSIE 7.0; Windows NT 6.0; Trident/4.0; SIMBAR={F864E4E4-803A-45E2-88F8-4C23E295DF62}; GTB6; Mozilla/4.0 (compatible; MSIE 6.0; Windows NT 5.1; SV1) ; SLCC1; .NET CLR 2.0.50727; Media Center PC 5.0; OfficeLiveConnector.1.3; OfficeLivePatch.0.0; .NET CLR 3.5.30729; .NET CLR 3.0.30618)" "-"
89.227.205.167 - - [11/Oct/2009:14:01:29 +0200] "GET /inf5/05_06/4/ax.jpg HTTP/1.1" 200 100197 "http://neo.dmcs.p.lodz.pl/inf5/05_06/4/TATRY.HTML" "Mozilla/4.0 (compatible; MSIE 7.0; Windows NT 6.0; Trident/4.0; SIMBAR={F864E4E4-803A-45E2-88F8-4C23E295DF62}; GTB6; Mozilla/4.0 (compatible; MSIE 6.0; Windows NT 5.1; SV1) ; SLCC1; .NET CLR 2.0.50727; Media Center PC 5.0; OfficeLiveConnector.1.3; OfficeLivePatch.0.0; .NET CLR 3.5.30729; .NET CLR 3.0.30618)" "-"
89.227.205.167 - - [11/Oct/2009:14:01:29 +0200] "GET /inf5/05_06/4/ss14.jpg HTTP/1.1" 200 295606 "http://neo.dmcs.p.lodz.pl/inf5/05_06/4/TATRY.HTML" "Mozilla/4.0 (compatible; MSIE 7.0; Windows NT 6.0; Trident/4.0; SIMBAR={F864E4E4-803A-45E2-88F8-4C23E295DF62}; GTB6; Mozilla/4.0 (compatible; MSIE 6.0; Windows NT 5.1; SV1) ; SLCC1; .NET CLR 2.0.50727; Media Center PC 5.0; OfficeLiveConnector.1.3; OfficeLivePatch.0.0; .NET CLR 3.5.30729; .NET CLR 3.0.30618)" "-"
89.227.205.167 - - [11/Oct/2009:14:01:29 +0200] "GET /inf5/05_06/4/c-s-5.jpg HTTP/1.1" 200 108693 "http://neo.dmcs.p.lodz.pl/inf5/05_06/4/TATRY.HTML" "Mozilla/4.0 (compatible; MSIE 7.0; Windows NT 6.0; Trident/4.0; SIMBAR={F864E4E4-803A-45E2-88F8-4C23E295DF62}; GTB6; Mozilla/4.0 (compatible; MSIE 6.0; Windows NT 5.1; SV1) ; SLCC1; .NET CLR 2.0.50727; Media Center PC 5.0; OfficeLiveConnector.1.3; OfficeLivePatch.0.0; .NET CLR 3.5.30729; .NET CLR 3.0.30618)" "-"
89.227.205.167 - - [11/Oct/2009:14:01:29 +0200] "GET /inf5/05_06/4/gas34.jpg HTTP/1.1" 200 114357 "http://neo.dmcs.p.lodz.pl/inf5/05_06/4/TATRY.HTML" "Mozilla/4.0 (compatible; MSIE 7.0; Windows NT 6.0; Trident/4.0; SIMBAR={F864E4E4-803A-45E2-88F8-4C23E295DF62}; GTB6; Mozilla/4.0 (compatible; MSIE 6.0; Windows NT 5.1; SV1) ; SLCC1; .NET CLR 2.0.50727; Media Center PC 5.0; OfficeLiveConnector.1.3; OfficeLivePatch.0.0; .NET CLR 3.5.30729; .NET CLR 3.0.30618)" "-"
83.10.179.228 - - [11/Oct/2009:14:01:30 +0200] "GET /padp/lecture/padp4.pdf HTTP/1.1" 200 646601 "http://neo.dmcs.pl/padp/index.html" "Mozilla/5.0 (Windows; U; Windows NT 5.1; en-US; rv:1.9.0.14) Gecko/2009082707 Firefox/3.0.14" "-"
89.227.205.167 - - [11/Oct/2009:14:01:31 +0200] "GET /inf5/05_06/4/c-s-5.jpg HTTP/1.1" 200 703954 "http://images.google.fr/imgres?imgurl=http://neo.dmcs.p.lodz.pl/inf5/05_06/4/c-s-5.jpg&imgrefurl=http://neo.dmcs.p.lodz.pl/inf5/05_06/4/TATRY.HTML&usg=__bg83Z1L0zrjbrxrp8mQE9JnjCaE=&h=2576&w=1932&sz=688&hl=fr&start=1&um=1&tbnid=-PvSYdkqteZHVM:&tbnh=150&tbnw=113&prev=/images%3Fq%3Dpaysage%2Bslovaquie%2Bhaute%2Btatras%26hl%3Dfr%26rlz%3D1R2ADBS_fr%26sa%3DN%26um%3D1" "Mozilla/4.0 (compatible; MSIE 8.0; Windows NT 6.0; Trident/4.0; SIMBAR={F864E4E4-803A-45E2-88F8-4C23E295DF62}; GTB6; Mozilla/4.0 (compatible; MSIE 6.0; Windows NT 5.1; SV1) ; SLCC1; .NET CLR 2.0.50727; Media Center PC 5.0; OfficeLiveConnector.1.3; OfficeLivePatch.0.0; .NET CLR 3.5.30729; .NET CLR 3.0.30618)" "-"
89.227.205.167 - - [11/Oct/2009:14:01:32 +0200] "GET /favicon.ico HTTP/1.1" 404 292 "-" "Mozilla/4.0 (compatible; MSIE 8.0; Windows NT 6.0; Trident/4.0; SIMBAR={F864E4E4-803A-45E2-88F8-4C23E295DF62}; GTB6; Mozilla/4.0 (compatible; MSIE 6.0; Windows NT 5.1; SV1) ; SLCC1; .NET CLR 2.0.50727; Media Center PC 5.0; OfficeLiveConnector.1.3; OfficeLivePatch.0.0; .NET CLR 3.5.30729; .NET CLR 3.0.30618)" "-"
83.10.179.228 - - [11/Oct/2009:14:01:32 +0200] "GET /padp/lecture/padp-corba-2.pdf HTTP/1.1" 200 156867 "http://neo.dmcs.pl/padp/index.html" "Mozilla/5.0 (Windows; U; Windows NT 5.1; en-US; rv:1.9.0.14) Gecko/2009082707 Firefox/3.0.14" "-"
83.10.179.228 - - [11/Oct/2009:14:01:34 +0200] "GET /padp/lecture/corbaex2.tgz HTTP/1.1" 200 9299 "http://neo.dmcs.pl/padp/index.html" "Mozilla/5.0 (Windows; U; Windows NT 5.1; en-US; rv:1.9.0.14) Gecko/2009082707 Firefox/3.0.14" "-"
83.10.179.228 - - [11/Oct/2009:14:01:39 +0200] "GET /padp/lecture/padp-corba-4.pdf HTTP/1.1" 200 145321 "http://neo.dmcs.pl/padp/index.html" "Mozilla/5.0 (Windows; U; Windows NT 5.1; en-US; rv:1.9.0.14) Gecko/2009082707 Firefox/3.0.14" "-"
83.10.179.228 - - [11/Oct/2009:14:01:39 +0200] "GET /padp/lecture/padp-corba-3.pdf HTTP/1.1" 200 173140 "http://neo.dmcs.pl/padp/index.html" "Mozilla/5.0 (Windows; U; Windows NT 5.1; en-US; rv:1.9.0.14) Gecko/2009082707 Firefox/3.0.14" "-"
85.2.248.185 - - [11/Oct/2009:14:01:44 +0200] "GET /inf5/06_07/4/coiffure.html HTTP/1.1" 200 4589 "http://neo.dmcs.p.lodz.pl/inf5/06_07/4/maquillage.html" "Mozilla/5.0 (Windows; U; Windows NT 6.0; fr; rv:1.9.0.14) Gecko/2009082707 Firefox/3.0.14 (.NET CLR 3.5.30729)" "-"
85.2.248.185 - - [11/Oct/2009:14:01:44 +0200] "GET /inf5/06_07/4/methodes.jpg HTTP/1.1" 200 6040 "http://neo.dmcs.p.lodz.pl/inf5/06_07/4/coiffure.html" "Mozilla/5.0 (Windows; U; Windows NT 6.0; fr; rv:1.9.0.14) Gecko/2009082707 Firefox/3.0.14 (.NET CLR 3.5.30729)" "-"
85.2.248.185 - - [11/Oct/2009:14:01:44 +0200] "GET /inf5/06_07/4/wareshinobu.jpg HTTP/1.1" 200 5433 "http://neo.dmcs.p.lodz.pl/inf5/06_07/4/coiffure.html" "Mozilla/5.0 (Windows; U; Windows NT 6.0; fr; rv:1.9.0.14) Gecko/2009082707 Firefox/3.0.14 (.NET CLR 3.5.30729)" "-"
85.2.248.185 - - [11/Oct/2009:14:01:45 +0200] "GET /inf5/06_07/4/coiffureA.jpg HTTP/1.1" 200 4688 "http://neo.dmcs.p.lodz.pl/inf5/06_07/4/coiffure.html" "Mozilla/5.0 (Windows; U; Windows NT 6.0; fr; rv:1.9.0.14) Gecko/2009082707 Firefox/3.0.14 (.NET CLR 3.5.30729)" "-"
85.2.248.185 - - [11/Oct/2009:14:01:45 +0200] "GET /inf5/06_07/4/perruques.jpg HTTP/1.1" 200 4649 "http://neo.dmcs.p.lodz.pl/inf5/06_07/4/coiffure.html" "Mozilla/5.0 (Windows; U; Windows NT 6.0; fr; rv:1.9.0.14) Gecko/2009082707 Firefox/3.0.14 (.NET CLR 3.5.30729)" "-"
85.2.248.185 - - [11/Oct/2009:14:01:46 +0200] "GET /inf5/06_07/4/tapetka4a.jpg HTTP/1.1" 200 82068 "http://neo.dmcs.p.lodz.pl/inf5/06_07/4/coiffure.html" "Mozilla/5.0 (Windows; U; Windows NT 6.0; fr; rv:1.9.0.14) Gecko/2009082707 Firefox/3.0.14 (.NET CLR 3.5.30729)" "-"
83.10.179.228 - - [11/Oct/2009:14:01:46 +0200] "GET /images/back.jpg HTTP/1.1" 404 289 "-" "Mozilla/5.0 (Windows; U; Windows NT 5.1; en-US; rv:1.9.0.14) Gecko/2009082707 Firefox/3.0.14" "-"
83.10.179.228 - - [11/Oct/2009:14:01:55 +0200] "GET /padp/lecture/padp1.pdf HTTP/1.1" 200 2749070 "http://neo.dmcs.pl/padp/index.html" "Mozilla/5.0 (Windows; U; Windows NT 5.1; en-US; rv:1.9.0.14) Gecko/2009082707 Firefox/3.0.14" "-"
83.10.179.228 - - [11/Oct/2009:14:01:56 +0200] "GET /padp/lecture/padp_lecture_5.ppt HTTP/1.1" 200 2510848 "http://neo.dmcs.pl/padp/index.html" "Mozilla/5.0 (Windows; U; Windows NT 5.1; en-US; rv:1.9.0.14) Gecko/2009082707 Firefox/3.0.14" "-"
89.227.205.167 - - [11/Oct/2009:14:01:59 +0200] "GET /inf5/05_06/4/gas34.jpg HTTP/1.1" 206 390179 "http://neo.dmcs.p.lodz.pl/inf5/05_06/4/TATRY.HTML" "Mozilla/4.0 (compatible; MSIE 8.0; Windows NT 6.0; Trident/4.0; SIMBAR={F864E4E4-803A-45E2-88F8-4C23E295DF62}; GTB6; Mozilla/4.0 (compatible; MSIE 6.0; Windows NT 5.1; SV1) ; SLCC1; .NET CLR 2.0.50727; Media Center PC 5.0; OfficeLiveConnector.1.3; OfficeLivePatch.0.0; .NET CLR 3.5.30729; .NET CLR 3.0.30618)" "-"
89.227.205.167 - - [11/Oct/2009:14:01:59 +0200] "GET /inf5/05_06/4/ax.jpg HTTP/1.1" 206 374252 "http://neo.dmcs.p.lodz.pl/inf5/05_06/4/TATRY.HTML" "Mozilla/4.0 (compatible; MSIE 8.0; Windows NT 6.0; Trident/4.0; SIMBAR={F864E4E4-803A-45E2-88F8-4C23E295DF62}; GTB6; Mozilla/4.0 (compatible; MSIE 6.0; Windows NT 5.1; SV1) ; SLCC1; .NET CLR 2.0.50727; Media Center PC 5.0; OfficeLiveConnector.1.3; OfficeLivePatch.0.0; .NET CLR 3.5.30729; .NET CLR 3.0.30618)" "-"
89.227.205.167 - - [11/Oct/2009:14:02:00 +0200] "GET /inf5/05_06/4/ss6.jpg HTTP/1.1" 206 1175629 "http://neo.dmcs.p.lodz.pl/inf5/05_06/4/TATRY.HTML" "Mozilla/4.0 (compatible; MSIE 8.0; Windows NT 6.0; Trident/4.0; SIMBAR={F864E4E4-803A-45E2-88F8-4C23E295DF62}; GTB6; Mozilla/4.0 (compatible; MSIE 6.0; Windows NT 5.1; SV1) ; SLCC1; .NET CLR 2.0.50727; Media Center PC 5.0; OfficeLiveConnector.1.3; OfficeLivePatch.0.0; .NET CLR 3.5.30729; .NET CLR 3.0.30618)" "-"
89.227.205.167 - - [11/Oct/2009:14:02:02 +0200] "GET /inf5/05_06/4/ss14.jpg HTTP/1.1" 206 860967 "http://neo.dmcs.p.lodz.pl/inf5/05_06/4/TATRY.HTML" "Mozilla/4.0 (compatible; MSIE 8.0; Windows NT 6.0; Trident/4.0; SIMBAR={F864E4E4-803A-45E2-88F8-4C23E295DF62}; GTB6; Mozilla/4.0 (compatible; MSIE 6.0; Windows NT 5.1; SV1) ; SLCC1; .NET CLR 2.0.50727; Media Center PC 5.0; OfficeLiveConnector.1.3; OfficeLivePatch.0.0; .NET CLR 3.5.30729; .NET CLR 3.0.30618)" "-"
83.10.179.228 - - [11/Oct/2009:14:02:04 +0200] "GET /padp/lecture/padp_lecture_2.ppt HTTP/1.1" 200 2723840 "http://neo.dmcs.pl/padp/index.html" "Mozilla/5.0 (Windows; U; Windows NT 5.1; en-US; rv:1.9.0.14) Gecko/2009082707 Firefox/3.0.14" "-"
89.227.205.167 - - [11/Oct/2009:14:02:05 +0200] "GET /inf5/05_06/4/olczyska2.jpg HTTP/1.1" 200 1604092 "http://neo.dmcs.p.lodz.pl/inf5/05_06/4/TATRY.HTML" "Mozilla/4.0 (compatible; MSIE 8.0; Windows NT 6.0; Trident/4.0; SIMBAR={F864E4E4-803A-45E2-88F8-4C23E295DF62}; GTB6; Mozilla/4.0 (compatible; MSIE 6.0; Windows NT 5.1; SV1) ; SLCC1; .NET CLR 2.0.50727; Media Center PC 5.0; OfficeLiveConnector.1.3; OfficeLivePatch.0.0; .NET CLR 3.5.30729; .NET CLR 3.0.30618)" "-"
83.10.179.228 - - [11/Oct/2009:14:02:17 +0200] "GET /padp/lecture/CppMapping.pdf HTTP/1.1" 200 1306607 "http://neo.dmcs.pl/padp/index.html" "Mozilla/5.0 (Windows; U; Windows NT 5.1; en-US; rv:1.9.0.14) Gecko/2009082707 Firefox/3.0.14" "-"
217.113.225.30 - - [11/Oct/2009:14:02:29 +0200] "GET /~sakowicz/podyplomowe/pokl_www_podstawy_html.ppt HTTP/1.1" 206 3592943 "http://lux.dmcs.pl/~sakowicz/podyplomowe/" "Mozilla/4.0 (compatible; MSIE 7.0; Windows NT 6.0; GTB6; User-agent: Mozilla/4.0 (compatible; MSIE 6.0; Windows NT 5.1; SV1; http://bsalsa.com) ; SLCC1; .NET CLR 2.0.50727; Media Center PC 5.0; .NET CLR 3.0.30618; .NET CLR 3.5.30729)" "-"
153.19.210.159 - - [11/Oct/2009:14:02:36 +0200] "HEAD /favicon.ico HTTP/1.1" 404 0 "-" "Mozilla/5.0 (X11; U; Linux i686; pl; rv:1.9.1.3) Gecko/20090824 Firefox/3.5.3" "-"
65.55.106.155 - - [11/Oct/2009:14:02:46 +0200] "GET /padp/lecture/padp2.pdf HTTP/1.1" 304 - "-" "msnbot/2.0b (+http://search.msn.com/msnbot.htm)" "-"
83.10.179.228 - - [11/Oct/2009:14:02:51 +0200] "GET /padp/lecture/padp_lecture_6.ppt HTTP/1.1" 200 4139520 "http://neo.dmcs.pl/padp/index.html" "Mozilla/5.0 (Windows; U; Windows NT 5.1; en-US; rv:1.9.0.14) Gecko/2009082707 Firefox/3.0.14" "-"
85.2.248.185 - - [11/Oct/2009:14:03:00 +0200] "GET /inf5/06_07/4/coiffure2.html HTTP/1.1" 200 2929 "http://neo.dmcs.p.lodz.pl/inf5/06_07/4/coiffure.html" "Mozilla/5.0 (Windows; U; Windows NT 6.0; fr; rv:1.9.0.14) Gecko/2009082707 Firefox/3.0.14 (.NET CLR 3.5.30729)" "-"
85.2.248.185 - - [11/Oct/2009:14:03:00 +0200] "GET /inf5/06_07/4/coiffure2.jpg HTTP/1.1" 200 9197 "http://neo.dmcs.p.lodz.pl/inf5/06_07/4/coiffure2.html" "Mozilla/5.0 (Windows; U; Windows NT 6.0; fr; rv:1.9.0.14) Gecko/2009082707 Firefox/3.0.14 (.NET CLR 3.5.30729)" "-"
85.2.248.185 - - [11/Oct/2009:14:03:00 +0200] "GET /inf5/06_07/4/coiffure_A.jpg HTTP/1.1" 200 2921 "http://neo.dmcs.p.lodz.pl/inf5/06_07/4/coiffure2.html" "Mozilla/5.0 (Windows; U; Windows NT 6.0; fr; rv:1.9.0.14) Gecko/2009082707 Firefox/3.0.14 (.NET CLR 3.5.30729)" "-"
85.2.248.185 - - [11/Oct/2009:14:03:00 +0200] "GET /inf5/06_07/4/coiffure1.jpg HTTP/1.1" 200 9058 "http://neo.dmcs.p.lodz.pl/inf5/06_07/4/coiffure2.html" "Mozilla/5.0 (Windows; U; Windows NT 6.0; fr; rv:1.9.0.14) Gecko/2009082707 Firefox/3.0.14 (.NET CLR 3.5.30729)" "-"
85.2.248.185 - - [11/Oct/2009:14:03:00 +0200] "GET /inf5/06_07/4/coiffure3.jpg HTTP/1.1" 200 11029 "http://neo.dmcs.p.lodz.pl/inf5/06_07/4/coiffure2.html" "Mozilla/5.0 (Windows; U; Windows NT 6.0; fr; rv:1.9.0.14) Gecko/2009082707 Firefox/3.0.14 (.NET CLR 3.5.30729)" "-"
85.2.248.185 - - [11/Oct/2009:14:03:00 +0200] "GET /inf5/06_07/4/coiffure4.jpg HTTP/1.1" 200 9035 "http://neo.dmcs.p.lodz.pl/inf5/06_07/4/coiffure2.html" "Mozilla/5.0 (Windows; U; Windows NT 6.0; fr; rv:1.9.0.14) Gecko/2009082707 Firefox/3.0.14 (.NET CLR 3.5.30729)" "-"
85.2.248.185 - - [11/Oct/2009:14:03:01 +0200] "GET /inf5/06_07/4/coiffure6.jpg HTTP/1.1" 200 23675 "http://neo.dmcs.p.lodz.pl/inf5/06_07/4/coiffure2.html" "Mozilla/5.0 (Windows; U; Windows NT 6.0; fr; rv:1.9.0.14) Gecko/2009082707 Firefox/3.0.14 (.NET CLR 3.5.30729)" "-"
85.2.248.185 - - [11/Oct/2009:14:03:01 +0200] "GET /inf5/06_07/4/coiffure5.jpg HTTP/1.1" 200 25006 "http://neo.dmcs.p.lodz.pl/inf5/06_07/4/coiffure2.html" "Mozilla/5.0 (Windows; U; Windows NT 6.0; fr; rv:1.9.0.14) Gecko/2009082707 Firefox/3.0.14 (.NET CLR 3.5.30729)" "-"
85.2.248.185 - - [11/Oct/2009:14:03:22 +0200] "GET /inf5/06_07/4/kimono.html HTTP/1.1" 200 5175 "http://neo.dmcs.p.lodz.pl/inf5/06_07/4/coiffure2.html" "Mozilla/5.0 (Windows; U; Windows NT 6.0; fr; rv:1.9.0.14) Gecko/2009082707 Firefox/3.0.14 (.NET CLR 3.5.30729)" "-"
85.2.248.185 - - [11/Oct/2009:14:03:22 +0200] "GET /inf5/06_07/4/kimono_1.jpg HTTP/1.1" 200 2089 "http://neo.dmcs.p.lodz.pl/inf5/06_07/4/kimono.html" "Mozilla/5.0 (Windows; U; Windows NT 6.0; fr; rv:1.9.0.14) Gecko/2009082707 Firefox/3.0.14 (.NET CLR 3.5.30729)" "-"
85.2.248.185 - - [11/Oct/2009:14:03:22 +0200] "GET /inf5/06_07/4/kimono1.jpg HTTP/1.1" 200 12647 "http://neo.dmcs.p.lodz.pl/inf5/06_07/4/kimono.html" "Mozilla/5.0 (Windows; U; Windows NT 6.0; fr; rv:1.9.0.14) Gecko/2009082707 Firefox/3.0.14 (.NET CLR 3.5.30729)" "-"
85.2.248.185 - - [11/Oct/2009:14:03:22 +0200] "GET /inf5/06_07/4/kimono5.jpg HTTP/1.1" 200 12190 "http://neo.dmcs.p.lodz.pl/inf5/06_07/4/kimono.html" "Mozilla/5.0 (Windows; U; Windows NT 6.0; fr; rv:1.9.0.14) Gecko/2009082707 Firefox/3.0.14 (.NET CLR 3.5.30729)" "-"
85.2.248.185 - - [11/Oct/2009:14:03:22 +0200] "GET /inf5/06_07/4/kimono2.jpg HTTP/1.1" 200 11954 "http://neo.dmcs.p.lodz.pl/inf5/06_07/4/kimono.html" "Mozilla/5.0 (Windows; U; Windows NT 6.0; fr; rv:1.9.0.14) Gecko/2009082707 Firefox/3.0.14 (.NET CLR 3.5.30729)" "-"
85.2.248.185 - - [11/Oct/2009:14:03:22 +0200] "GET /inf5/06_07/4/kimono3.jpg HTTP/1.1" 200 12702 "http://neo.dmcs.p.lodz.pl/inf5/06_07/4/kimono.html" "Mozilla/5.0 (Windows; U; Windows NT 6.0; fr; rv:1.9.0.14) Gecko/2009082707 Firefox/3.0.14 (.NET CLR 3.5.30729)" "-"
85.2.248.185 - - [11/Oct/2009:14:03:22 +0200] "GET /inf5/06_07/4/kimono6.jpg HTTP/1.1" 200 8323 "http://neo.dmcs.p.lodz.pl/inf5/06_07/4/kimono.html" "Mozilla/5.0 (Windows; U; Windows NT 6.0; fr; rv:1.9.0.14) Gecko/2009082707 Firefox/3.0.14 (.NET CLR 3.5.30729)" "-"
85.2.248.185 - - [11/Oct/2009:14:03:22 +0200] "GET /inf5/06_07/4/kimono4.jpg HTTP/1.1" 200 13089 "http://neo.dmcs.p.lodz.pl/inf5/06_07/4/kimono.html" "Mozilla/5.0 (Windows; U; Windows NT 6.0; fr; rv:1.9.0.14) Gecko/2009082707 Firefox/3.0.14 (.NET CLR 3.5.30729)" "-"
85.2.248.185 - - [11/Oct/2009:14:03:23 +0200] "GET /inf5/06_07/4/kimono7.jpg HTTP/1.1" 200 6685 "http://neo.dmcs.p.lodz.pl/inf5/06_07/4/kimono.html" "Mozilla/5.0 (Windows; U; Windows NT 6.0; fr; rv:1.9.0.14) Gecko/2009082707 Firefox/3.0.14 (.NET CLR 3.5.30729)" "-"
85.2.248.185 - - [11/Oct/2009:14:03:23 +0200] "GET /inf5/06_07/4/kimono8.jpg HTTP/1.1" 200 11009 "http://neo.dmcs.p.lodz.pl/inf5/06_07/4/kimono.html" "Mozilla/5.0 (Windows; U; Windows NT 6.0; fr; rv:1.9.0.14) Gecko/2009082707 Firefox/3.0.14 (.NET CLR 3.5.30729)" "-"
85.2.248.185 - - [11/Oct/2009:14:03:23 +0200] "GET /inf5/06_07/4/kimono9.jpg HTTP/1.1" 200 7841 "http://neo.dmcs.p.lodz.pl/inf5/06_07/4/kimono.html" "Mozilla/5.0 (Windows; U; Windows NT 6.0; fr; rv:1.9.0.14) Gecko/2009082707 Firefox/3.0.14 (.NET CLR 3.5.30729)" "-"
85.2.248.185 - - [11/Oct/2009:14:03:23 +0200] "GET /inf5/06_07/4/kimono10.jpg HTTP/1.1" 200 9371 "http://neo.dmcs.p.lodz.pl/inf5/06_07/4/kimono.html" "Mozilla/5.0 (Windows; U; Windows NT 6.0; fr; rv:1.9.0.14) Gecko/2009082707 Firefox/3.0.14 (.NET CLR 3.5.30729)" "-"
85.2.248.185 - - [11/Oct/2009:14:03:23 +0200] "GET /inf5/06_07/4/kimono11.jpg HTTP/1.1" 200 9799 "http://neo.dmcs.p.lodz.pl/inf5/06_07/4/kimono.html" "Mozilla/5.0 (Windows; U; Windows NT 6.0; fr; rv:1.9.0.14) Gecko/2009082707 Firefox/3.0.14 (.NET CLR 3.5.30729)" "-"
85.2.248.185 - - [11/Oct/2009:14:03:23 +0200] "GET /inf5/06_07/4/kimono12.jpg HTTP/1.1" 200 10779 "http://neo.dmcs.p.lodz.pl/inf5/06_07/4/kimono.html" "Mozilla/5.0 (Windows; U; Windows NT 6.0; fr; rv:1.9.0.14) Gecko/2009082707 Firefox/3.0.14 (.NET CLR 3.5.30729)" "-"
85.2.248.185 - - [11/Oct/2009:14:03:24 +0200] "GET /inf5/06_07/4/tapetka7.jpg HTTP/1.1" 200 149176 "http://neo.dmcs.p.lodz.pl/inf5/06_07/4/kimono.html" "Mozilla/5.0 (Windows; U; Windows NT 6.0; fr; rv:1.9.0.14) Gecko/2009082707 Firefox/3.0.14 (.NET CLR 3.5.30729)" "-"
217.113.225.30 - - [11/Oct/2009:14:03:37 +0200] "GET /~sakowicz/podyplomowe/pokl_www_podstawy_html.ppt HTTP/1.1" 200 3678720 "-" "Mozilla/4.0 (compatible; MSIE 7.0; Windows NT 6.0; GTB6; User-agent: Mozilla/4.0 (compatible; MSIE 6.0; Windows NT 5.1; SV1; http://bsalsa.com) ; SLCC1; .NET CLR 2.0.50727; Media Center PC 5.0; .NET CLR 3.0.30618; .NET CLR 3.5.30729)" "-"
10.0.8.17 - - [11/Oct/2009:14:03:47 +0200] "PROPFIND /idn-6 HTTP/1.1" 404 271 "-" "Microsoft-WebDAV-MiniRedir/5.1.2600" "-"
10.0.8.17 - - [11/Oct/2009:14:03:48 +0200] "PROPFIND /idn-6 HTTP/1.1" 404 271 "-" "Microsoft-WebDAV-MiniRedir/5.1.2600" "-"
10.0.8.17 - - [11/Oct/2009:14:03:48 +0200] "PROPFIND /idn-6 HTTP/1.1" 404 271 "-" "Microsoft-WebDAV-MiniRedir/5.1.2600" "-"
10.0.8.17 - - [11/Oct/2009:14:03:48 +0200] "PROPFIND /idn-6 HTTP/1.1" 404 271 "-" "Microsoft-WebDAV-MiniRedir/5.1.2600" "-"
89.227.205.167 - - [11/Oct/2009:14:03:51 +0200] "GET /favicon.ico HTTP/1.1" 404 292 "-" "Mozilla/4.0 (compatible; MSIE 8.0; Windows NT 6.0; Trident/4.0; SIMBAR={F864E4E4-803A-45E2-88F8-4C23E295DF62}; GTB6; Mozilla/4.0 (compatible; MSIE 6.0; Windows NT 5.1; SV1) ; SLCC1; .NET CLR 2.0.50727; Media Center PC 5.0; OfficeLiveConnector.1.3; OfficeLivePatch.0.0; .NET CLR 3.5.30729; .NET CLR 3.0.30618)" "-"
85.2.248.185 - - [11/Oct/2009:14:04:01 +0200] "GET /inf5/06_07/4/obi.html HTTP/1.1" 200 4246 "http://neo.dmcs.p.lodz.pl/inf5/06_07/4/kimono.html" "Mozilla/5.0 (Windows; U; Windows NT 6.0; fr; rv:1.9.0.14) Gecko/2009082707 Firefox/3.0.14 (.NET CLR 3.5.30729)" "-"
85.2.248.185 - - [11/Oct/2009:14:04:02 +0200] "GET /inf5/06_07/4/obi_1.jpg HTTP/1.1" 200 1247 "http://neo.dmcs.p.lodz.pl/inf5/06_07/4/obi.html" "Mozilla/5.0 (Windows; U; Windows NT 6.0; fr; rv:1.9.0.14) Gecko/2009082707 Firefox/3.0.14 (.NET CLR 3.5.30729)" "-"
85.2.248.185 - - [11/Oct/2009:14:04:02 +0200] "GET /inf5/06_07/4/obi2.jpg HTTP/1.1" 200 8623 "http://neo.dmcs.p.lodz.pl/inf5/06_07/4/obi.html" "Mozilla/5.0 (Windows; U; Windows NT 6.0; fr; rv:1.9.0.14) Gecko/2009082707 Firefox/3.0.14 (.NET CLR 3.5.30729)" "-"
85.2.248.185 - - [11/Oct/2009:14:04:02 +0200] "GET /inf5/06_07/4/obi4.jpg HTTP/1.1" 200 11364 "http://neo.dmcs.p.lodz.pl/inf5/06_07/4/obi.html" "Mozilla/5.0 (Windows; U; Windows NT 6.0; fr; rv:1.9.0.14) Gecko/2009082707 Firefox/3.0.14 (.NET CLR 3.5.30729)" "-"
85.2.248.185 - - [11/Oct/2009:14:04:02 +0200] "GET /inf5/06_07/4/obi5.jpg HTTP/1.1" 200 8059 "http://neo.dmcs.p.lodz.pl/inf5/06_07/4/obi.html" "Mozilla/5.0 (Windows; U; Windows NT 6.0; fr; rv:1.9.0.14) Gecko/2009082707 Firefox/3.0.14 (.NET CLR 3.5.30729)" "-"
85.2.248.185 - - [11/Oct/2009:14:04:02 +0200] "GET /inf5/06_07/4/obi1.jpg HTTP/1.1" 200 24541 "http://neo.dmcs.p.lodz.pl/inf5/06_07/4/obi.html" "Mozilla/5.0 (Windows; U; Windows NT 6.0; fr; rv:1.9.0.14) Gecko/2009082707 Firefox/3.0.14 (.NET CLR 3.5.30729)" "-"
85.2.248.185 - - [11/Oct/2009:14:04:03 +0200] "GET /inf5/06_07/4/obi3.jpg HTTP/1.1" 200 34270 "http://neo.dmcs.p.lodz.pl/inf5/06_07/4/obi.html" "Mozilla/5.0 (Windows; U; Windows NT 6.0; fr; rv:1.9.0.14) Gecko/2009082707 Firefox/3.0.14 (.NET CLR 3.5.30729)" "-"
