10.0.0.33 - - [11/Oct/2009:10:22:15 +0200] "GET /icons/layout.gif HTTP/1.1" 304 - "http://neo.dmcs.pl/~kgrabowski/laboratorium/" "Mozilla/4.0 (compatible; MSIE 7.0; Windows NT 5.1; .NET CLR 1.1.4322)" "-"
10.0.2.4 - - [11/Oct/2009:10:22:15 +0200] "GET /favicon.ico HTTP/1.1" 404 277 "-" "Mozilla/5.0 (X11; U; Linux i686; pl-PL; rv:1.9.0.7) Gecko/2009030422 Ubuntu/8.10 (intrepid) Firefox/3.0.7" "-"
10.0.2.38 - - [11/Oct/2009:10:22:15 +0200] "GET / HTTP/1.1" 200 8370 "-" "Mozilla/4.0 (compatible; MSIE 7.0; Windows NT 5.1; .NET CLR 1.1.4322)" "-"
10.0.2.38 - - [11/Oct/2009:10:22:15 +0200] "GET /style.css HTTP/1.1" 200 2000 "http://neo.dmcs.pl/" "Mozilla/4.0 (compatible; MSIE 7.0; Windows NT 5.1; .NET CLR 1.1.4322)" "-"
10.0.2.38 - - [11/Oct/2009:10:22:15 +0200] "GET /images/back.jpg HTTP/1.1" 404 289 "http://neo.dmcs.pl/" "Mozilla/4.0 (compatible; MSIE 7.0; Windows NT 5.1; .NET CLR 1.1.4322)" "-"
10.0.2.3 - - [11/Oct/2009:10:22:18 +0200] "GET / HTTP/1.1" 200 8370 "-" "Mozilla/5.0 (X11; U; Linux i686; pl-PL; rv:1.9.0.7) Gecko/2009030422 Ubuntu/8.10 (intrepid) Firefox/3.0.7" "-"
10.0.2.3 - - [11/Oct/2009:10:22:18 +0200] "GET /style.css HTTP/1.1" 200 2000 "http://neo/" "Mozilla/5.0 (X11; U; Linux i686; pl-PL; rv:1.9.0.7) Gecko/2009030422 Ubuntu/8.10 (intrepid) Firefox/3.0.7" "-"
10.0.2.3 - - [11/Oct/2009:10:22:18 +0200] "GET /images/back.jpg HTTP/1.1" 404 281 "http://neo/" "Mozilla/5.0 (X11; U; Linux i686; pl-PL; rv:1.9.0.7) Gecko/2009030422 Ubuntu/8.10 (intrepid) Firefox/3.0.7" "-"
10.0.2.3 - - [11/Oct/2009:10:22:18 +0200] "GET /favicon.ico HTTP/1.1" 404 277 "-" "Mozilla/5.0 (X11; U; Linux i686; pl-PL; rv:1.9.0.7) Gecko/2009030422 Ubuntu/8.10 (intrepid) Firefox/3.0.7" "-"
10.0.2.4 - - [11/Oct/2009:10:22:18 +0200] "GET /podyplomowe_smtm/index.html HTTP/1.1" 200 2919 "http://neo/" "Mozilla/5.0 (X11; U; Linux i686; pl-PL; rv:1.9.0.7) Gecko/2009030422 Ubuntu/8.10 (intrepid) Firefox/3.0.7" "-"
10.0.2.4 - - [11/Oct/2009:10:22:18 +0200] "GET /images/back.jpg HTTP/1.1" 404 281 "http://neo/podyplomowe_smtm/index.html" "Mozilla/5.0 (X11; U; Linux i686; pl-PL; rv:1.9.0.7) Gecko/2009030422 Ubuntu/8.10 (intrepid) Firefox/3.0.7" "-"
10.0.2.8 - - [11/Oct/2009:10:22:19 +0200] "GET /podyplomowe_smtm/smob2/kursbasha/main.html HTTP/1.1" 200 5405 "http://neo/podyplomowe_smtm/smob2/" "Mozilla/5.0 (X11; U; Linux i686; pl-PL; rv:1.9.0.7) Gecko/2009030422 Ubuntu/8.10 (intrepid) Firefox/3.0.7" "-"
10.0.2.8 - - [11/Oct/2009:10:22:19 +0200] "GET /podyplomowe_smtm/smob2/kursbasha/style.css HTTP/1.1" 200 325 "http://neo/podyplomowe_smtm/smob2/kursbasha/main.html" "Mozilla/5.0 (X11; U; Linux i686; pl-PL; rv:1.9.0.7) Gecko/2009030422 Ubuntu/8.10 (intrepid) Firefox/3.0.7" "-"
10.0.2.8 - - [11/Oct/2009:10:22:19 +0200] "GET /podyplomowe_smtm/smob2/kursbasha/grafiki/logo.gif HTTP/1.1" 200 6196 "http://neo/podyplomowe_smtm/smob2/kursbasha/main.html" "Mozilla/5.0 (X11; U; Linux i686; pl-PL; rv:1.9.0.7) Gecko/2009030422 Ubuntu/8.10 (intrepid) Firefox/3.0.7" "-"
10.0.0.33 - - [11/Oct/2009:10:22:19 +0200] "GET /~kgrabowski/laboratorium/LaboratoriumDSP1.pdf HTTP/1.1" 200 161562 "http://neo.dmcs.pl/~kgrabowski/laboratorium/" "Mozilla/4.0 (compatible; MSIE 7.0; Windows NT 5.1; .NET CLR 1.1.4322)" "-"
10.0.2.3 - - [11/Oct/2009:10:22:21 +0200] "GET /favicon.ico HTTP/1.1" 404 277 "-" "Mozilla/5.0 (X11; U; Linux i686; pl-PL; rv:1.9.0.7) Gecko/2009030422 Ubuntu/8.10 (intrepid) Firefox/3.0.7" "-"
10.0.2.38 - - [11/Oct/2009:10:22:22 +0200] "GET /favicon.ico HTTP/1.1" 404 285 "-" "Mozilla/4.0 (compatible; MSIE 7.0; Windows NT 5.1; .NET CLR 1.1.4322)" "-"
10.0.2.4 - - [11/Oct/2009:10:22:22 +0200] "GET /podyplomowe_smtm/cpp_prj HTTP/1.1" 301 312 "http://neo/podyplomowe_smtm/index.html" "Mozilla/5.0 (X11; U; Linux i686; pl-PL; rv:1.9.0.7) Gecko/2009030422 Ubuntu/8.10 (intrepid) Firefox/3.0.7" "-"
10.0.2.4 - - [11/Oct/2009:10:22:22 +0200] "GET /podyplomowe_smtm/cpp_prj/ HTTP/1.1" 200 1748 "http://neo/podyplomowe_smtm/index.html" "Mozilla/5.0 (X11; U; Linux i686; pl-PL; rv:1.9.0.7) Gecko/2009030422 Ubuntu/8.10 (intrepid) Firefox/3.0.7" "-"
10.0.2.4 - - [11/Oct/2009:10:22:22 +0200] "GET /podyplomowe_smtm/images/back.jpg HTTP/1.1" 404 298 "http://neo/podyplomowe_smtm/cpp_prj/" "Mozilla/5.0 (X11; U; Linux i686; pl-PL; rv:1.9.0.7) Gecko/2009030422 Ubuntu/8.10 (intrepid) Firefox/3.0.7" "-"
10.0.2.3 - - [11/Oct/2009:10:22:24 +0200] "GET /podyplomowe_smtm/index.html HTTP/1.1" 200 2919 "http://neo/" "Mozilla/5.0 (X11; U; Linux i686; pl-PL; rv:1.9.0.7) Gecko/2009030422 Ubuntu/8.10 (intrepid) Firefox/3.0.7" "-"
10.0.2.3 - - [11/Oct/2009:10:22:24 +0200] "GET /images/back.jpg HTTP/1.1" 404 281 "http://neo/podyplomowe_smtm/index.html" "Mozilla/5.0 (X11; U; Linux i686; pl-PL; rv:1.9.0.7) Gecko/2009030422 Ubuntu/8.10 (intrepid) Firefox/3.0.7" "-"
10.0.2.11 - - [11/Oct/2009:10:22:25 +0200] "GET / HTTP/1.1" 200 8370 "-" "Mozilla/5.0 (X11; U; Linux i686; pl-PL; rv:1.9.0.7) Gecko/2009030422 Ubuntu/8.10 (intrepid) Firefox/3.0.7" "-"
10.0.2.11 - - [11/Oct/2009:10:22:25 +0200] "GET /style.css HTTP/1.1" 200 2000 "http://neo.dmcs.p.lodz.pl/" "Mozilla/5.0 (X11; U; Linux i686; pl-PL; rv:1.9.0.7) Gecko/2009030422 Ubuntu/8.10 (intrepid) Firefox/3.0.7" "-"
10.0.2.11 - - [11/Oct/2009:10:22:25 +0200] "GET /images/back.jpg HTTP/1.1" 404 296 "http://neo.dmcs.p.lodz.pl/" "Mozilla/5.0 (X11; U; Linux i686; pl-PL; rv:1.9.0.7) Gecko/2009030422 Ubuntu/8.10 (intrepid) Firefox/3.0.7" "-"
10.0.2.11 - - [11/Oct/2009:10:22:26 +0200] "GET /favicon.ico HTTP/1.1" 404 292 "-" "Mozilla/5.0 (X11; U; Linux i686; pl-PL; rv:1.9.0.7) Gecko/2009030422 Ubuntu/8.10 (intrepid) Firefox/3.0.7" "-"
10.0.2.5 - - [11/Oct/2009:10:22:27 +0200] "GET / HTTP/1.1" 200 8370 "-" "Mozilla/5.0 (X11; U; Linux i686; pl-PL; rv:1.9.0.7) Gecko/2009030422 Ubuntu/8.10 (intrepid) Firefox/3.0.7" "-"
10.0.2.5 - - [11/Oct/2009:10:22:27 +0200] "GET /style.css HTTP/1.1" 200 2000 "http://neo.dmcs.p.lodz.pl/" "Mozilla/5.0 (X11; U; Linux i686; pl-PL; rv:1.9.0.7) Gecko/2009030422 Ubuntu/8.10 (intrepid) Firefox/3.0.7" "-"
10.0.2.5 - - [11/Oct/2009:10:22:27 +0200] "GET /images/back.jpg HTTP/1.1" 404 296 "http://neo.dmcs.p.lodz.pl/" "Mozilla/5.0 (X11; U; Linux i686; pl-PL; rv:1.9.0.7) Gecko/2009030422 Ubuntu/8.10 (intrepid) Firefox/3.0.7" "-"
10.0.2.5 - - [11/Oct/2009:10:22:27 +0200] "GET /favicon.ico HTTP/1.1" 404 292 "-" "Mozilla/5.0 (X11; U; Linux i686; pl-PL; rv:1.9.0.7) Gecko/2009030422 Ubuntu/8.10 (intrepid) Firefox/3.0.7" "-"
10.0.2.4 - - [11/Oct/2009:10:22:27 +0200] "GET /podyplomowe_smtm/smob2 HTTP/1.1" 301 310 "http://neo/podyplomowe_smtm/index.html" "Mozilla/5.0 (X11; U; Linux i686; pl-PL; rv:1.9.0.7) Gecko/2009030422 Ubuntu/8.10 (intrepid) Firefox/3.0.7" "-"
10.0.2.4 - - [11/Oct/2009:10:22:27 +0200] "GET /podyplomowe_smtm/smob2/ HTTP/1.1" 200 3632 "http://neo/podyplomowe_smtm/index.html" "Mozilla/5.0 (X11; U; Linux i686; pl-PL; rv:1.9.0.7) Gecko/2009030422 Ubuntu/8.10 (intrepid) Firefox/3.0.7" "-"
10.0.2.4 - - [11/Oct/2009:10:22:27 +0200] "GET /podyplomowe_smtm/images/back.jpg HTTP/1.1" 404 298 "http://neo/podyplomowe_smtm/smob2/" "Mozilla/5.0 (X11; U; Linux i686; pl-PL; rv:1.9.0.7) Gecko/2009030422 Ubuntu/8.10 (intrepid) Firefox/3.0.7" "-"
10.0.2.11 - - [11/Oct/2009:10:22:29 +0200] "GET /favicon.ico HTTP/1.1" 404 292 "-" "Mozilla/5.0 (X11; U; Linux i686; pl-PL; rv:1.9.0.7) Gecko/2009030422 Ubuntu/8.10 (intrepid) Firefox/3.0.7" "-"
10.0.0.36 - - [11/Oct/2009:10:22:30 +0200] "GET /~kgrabowski HTTP/1.1" 301 315 "-" "Mozilla/4.0 (compatible; MSIE 7.0; Windows NT 5.1; .NET CLR 1.1.4322)" "-"
10.0.0.36 - - [11/Oct/2009:10:22:30 +0200] "GET /~kgrabowski/ HTTP/1.1" 200 1299 "-" "Mozilla/4.0 (compatible; MSIE 7.0; Windows NT 5.1; .NET CLR 1.1.4322)" "-"
10.0.0.36 - - [11/Oct/2009:10:22:30 +0200] "GET /icons/blank.gif HTTP/1.1" 304 - "http://neo.dmcs.pl/~kgrabowski/" "Mozilla/4.0 (compatible; MSIE 7.0; Windows NT 5.1; .NET CLR 1.1.4322)" "-"
10.0.0.36 - - [11/Oct/2009:10:22:30 +0200] "GET /icons/folder.gif HTTP/1.1" 200 225 "http://neo.dmcs.pl/~kgrabowski/" "Mozilla/4.0 (compatible; MSIE 7.0; Windows NT 5.1; .NET CLR 1.1.4322)" "-"
10.0.0.36 - - [11/Oct/2009:10:22:30 +0200] "GET /icons/back.gif HTTP/1.1" 304 - "http://neo.dmcs.pl/~kgrabowski/" "Mozilla/4.0 (compatible; MSIE 7.0; Windows NT 5.1; .NET CLR 1.1.4322)" "-"
10.0.2.5 - - [11/Oct/2009:10:22:30 +0200] "GET /favicon.ico HTTP/1.1" 404 292 "-" "Mozilla/5.0 (X11; U; Linux i686; pl-PL; rv:1.9.0.7) Gecko/2009030422 Ubuntu/8.10 (intrepid) Firefox/3.0.7" "-"
10.0.2.3 - - [11/Oct/2009:10:22:32 +0200] "GET /podyplomowe_smtm/smob1/index.html HTTP/1.1" 200 2931 "http://neo/podyplomowe_smtm/index.html" "Mozilla/5.0 (X11; U; Linux i686; pl-PL; rv:1.9.0.7) Gecko/2009030422 Ubuntu/8.10 (intrepid) Firefox/3.0.7" "-"
10.0.2.3 - - [11/Oct/2009:10:22:32 +0200] "GET /podyplomowe_smtm/images/back.jpg HTTP/1.1" 404 298 "http://neo/podyplomowe_smtm/smob1/index.html" "Mozilla/5.0 (X11; U; Linux i686; pl-PL; rv:1.9.0.7) Gecko/2009030422 Ubuntu/8.10 (intrepid) Firefox/3.0.7" "-"
10.0.2.5 - - [11/Oct/2009:10:22:32 +0200] "GET /podyplomowe_smtm/index.html HTTP/1.1" 200 2919 "http://neo.dmcs.p.lodz.pl/" "Mozilla/5.0 (X11; U; Linux i686; pl-PL; rv:1.9.0.7) Gecko/2009030422 Ubuntu/8.10 (intrepid) Firefox/3.0.7" "-"
10.0.2.5 - - [11/Oct/2009:10:22:32 +0200] "GET /images/back.jpg HTTP/1.1" 404 296 "http://neo.dmcs.p.lodz.pl/podyplomowe_smtm/index.html" "Mozilla/5.0 (X11; U; Linux i686; pl-PL; rv:1.9.0.7) Gecko/2009030422 Ubuntu/8.10 (intrepid) Firefox/3.0.7" "-"
10.0.2.13 - - [11/Oct/2009:10:22:34 +0200] "GET /podyplomowe_smtm/ HTTP/1.1" 200 2919 "http://www.kapitalludzki.p.lodz.pl/studia-podyplomowe/5-studia-podyplomowe/46-studia-podyplomowe-5" "Mozilla/5.0 (X11; U; Linux i686; pl-PL; rv:1.9.0.7) Gecko/2009030422 Ubuntu/8.10 (intrepid) Firefox/3.0.7" "-"
10.0.2.13 - - [11/Oct/2009:10:22:34 +0200] "GET /style.css HTTP/1.1" 200 2000 "http://neo.dmcs.pl/podyplomowe_smtm/" "Mozilla/5.0 (X11; U; Linux i686; pl-PL; rv:1.9.0.7) Gecko/2009030422 Ubuntu/8.10 (intrepid) Firefox/3.0.7" "-"
10.0.2.11 - - [11/Oct/2009:10:22:34 +0200] "GET /podyplomowe_smtm/index.html HTTP/1.1" 200 2919 "http://neo.dmcs.p.lodz.pl/" "Mozilla/5.0 (X11; U; Linux i686; pl-PL; rv:1.9.0.7) Gecko/2009030422 Ubuntu/8.10 (intrepid) Firefox/3.0.7" "-"
10.0.2.13 - - [11/Oct/2009:10:22:34 +0200] "GET /images/back.jpg HTTP/1.1" 404 289 "http://neo.dmcs.pl/podyplomowe_smtm/" "Mozilla/5.0 (X11; U; Linux i686; pl-PL; rv:1.9.0.7) Gecko/2009030422 Ubuntu/8.10 (intrepid) Firefox/3.0.7" "-"
10.0.2.11 - - [11/Oct/2009:10:22:34 +0200] "GET /images/back.jpg HTTP/1.1" 404 296 "http://neo.dmcs.p.lodz.pl/podyplomowe_smtm/index.html" "Mozilla/5.0 (X11; U; Linux i686; pl-PL; rv:1.9.0.7) Gecko/2009030422 Ubuntu/8.10 (intrepid) Firefox/3.0.7" "-"
10.0.2.13 - - [11/Oct/2009:10:22:35 +0200] "GET /favicon.ico HTTP/1.1" 404 285 "-" "Mozilla/5.0 (X11; U; Linux i686; pl-PL; rv:1.9.0.7) Gecko/2009030422 Ubuntu/8.10 (intrepid) Firefox/3.0.7" "-"
10.0.0.36 - - [11/Oct/2009:10:22:37 +0200] "GET /~kgrabowski/laboratorium/ HTTP/1.1" 200 1218 "http://neo.dmcs.pl/~kgrabowski/" "Mozilla/4.0 (compatible; MSIE 7.0; Windows NT 5.1; .NET CLR 1.1.4322)" "-"
10.0.0.36 - - [11/Oct/2009:10:22:37 +0200] "GET /icons/layout.gif HTTP/1.1" 304 - "http://neo.dmcs.pl/~kgrabowski/laboratorium/" "Mozilla/4.0 (compatible; MSIE 7.0; Windows NT 5.1; .NET CLR 1.1.4322)" "-"
10.0.2.13 - - [11/Oct/2009:10:22:38 +0200] "GET /favicon.ico HTTP/1.1" 404 285 "-" "Mozilla/5.0 (X11; U; Linux i686; pl-PL; rv:1.9.0.7) Gecko/2009030422 Ubuntu/8.10 (intrepid) Firefox/3.0.7" "-"
10.0.2.9 - - [11/Oct/2009:10:22:38 +0200] "GET / HTTP/1.1" 200 8370 "-" "Mozilla/5.0 (X11; U; Linux i686; pl-PL; rv:1.9.0.7) Gecko/2009030422 Ubuntu/8.10 (intrepid) Firefox/3.0.7" "-"
10.0.2.9 - - [11/Oct/2009:10:22:38 +0200] "GET /style.css HTTP/1.1" 200 2000 "http://neo.dmcs.pl/" "Mozilla/5.0 (X11; U; Linux i686; pl-PL; rv:1.9.0.7) Gecko/2009030422 Ubuntu/8.10 (intrepid) Firefox/3.0.7" "-"
10.0.2.9 - - [11/Oct/2009:10:22:38 +0200] "GET /images/back.jpg HTTP/1.1" 404 289 "http://neo.dmcs.pl/" "Mozilla/5.0 (X11; U; Linux i686; pl-PL; rv:1.9.0.7) Gecko/2009030422 Ubuntu/8.10 (intrepid) Firefox/3.0.7" "-"
10.0.2.9 - - [11/Oct/2009:10:22:38 +0200] "GET /favicon.ico HTTP/1.1" 404 285 "-" "Mozilla/5.0 (X11; U; Linux i686; pl-PL; rv:1.9.0.7) Gecko/2009030422 Ubuntu/8.10 (intrepid) Firefox/3.0.7" "-"
153.19.210.159 - - [11/Oct/2009:10:22:39 +0200] "HEAD /favicon.ico HTTP/1.1" 404 0 "-" "Mozilla/5.0 (X11; U; Linux i686; pl; rv:1.9.1.3) Gecko/20090824 Firefox/3.5.3" "-"
10.0.2.11 - - [11/Oct/2009:10:22:41 +0200] "GET /podyplomowe_smtm/smob2 HTTP/1.1" 301 340 "http://neo.dmcs.p.lodz.pl/podyplomowe_smtm/index.html" "Mozilla/5.0 (X11; U; Linux i686; pl-PL; rv:1.9.0.7) Gecko/2009030422 Ubuntu/8.10 (intrepid) Firefox/3.0.7" "-"
10.0.2.11 - - [11/Oct/2009:10:22:41 +0200] "GET /podyplomowe_smtm/smob2/ HTTP/1.1" 200 3632 "http://neo.dmcs.p.lodz.pl/podyplomowe_smtm/index.html" "Mozilla/5.0 (X11; U; Linux i686; pl-PL; rv:1.9.0.7) Gecko/2009030422 Ubuntu/8.10 (intrepid) Firefox/3.0.7" "-"
10.0.2.11 - - [11/Oct/2009:10:22:41 +0200] "GET /podyplomowe_smtm/images/back.jpg HTTP/1.1" 404 313 "http://neo.dmcs.p.lodz.pl/podyplomowe_smtm/smob2/" "Mozilla/5.0 (X11; U; Linux i686; pl-PL; rv:1.9.0.7) Gecko/2009030422 Ubuntu/8.10 (intrepid) Firefox/3.0.7" "-"
10.0.2.9 - - [11/Oct/2009:10:22:41 +0200] "GET /favicon.ico HTTP/1.1" 404 285 "-" "Mozilla/5.0 (X11; U; Linux i686; pl-PL; rv:1.9.0.7) Gecko/2009030422 Ubuntu/8.10 (intrepid) Firefox/3.0.7" "-"
10.0.0.36 - - [11/Oct/2009:10:22:43 +0200] "GET /~kgrabowski/laboratorium/LaboratoriumDSP1.pdf HTTP/1.1" 200 161562 "http://neo.dmcs.pl/~kgrabowski/laboratorium/" "Mozilla/4.0 (compatible; MSIE 7.0; Windows NT 5.1; .NET CLR 1.1.4322)" "-"
10.0.2.9 - - [11/Oct/2009:10:22:44 +0200] "GET /podyplomowe_smtm/index.html HTTP/1.1" 200 2919 "http://neo.dmcs.pl/" "Mozilla/5.0 (X11; U; Linux i686; pl-PL; rv:1.9.0.7) Gecko/2009030422 Ubuntu/8.10 (intrepid) Firefox/3.0.7" "-"
10.0.2.9 - - [11/Oct/2009:10:22:44 +0200] "GET /images/back.jpg HTTP/1.1" 404 289 "http://neo.dmcs.pl/podyplomowe_smtm/index.html" "Mozilla/5.0 (X11; U; Linux i686; pl-PL; rv:1.9.0.7) Gecko/2009030422 Ubuntu/8.10 (intrepid) Firefox/3.0.7" "-"
10.0.2.11 - - [11/Oct/2009:10:22:46 +0200] "GET /podyplomowe_smtm/smob2/kursbasha/main.html HTTP/1.1" 200 5405 "http://neo.dmcs.p.lodz.pl/podyplomowe_smtm/smob2/" "Mozilla/5.0 (X11; U; Linux i686; pl-PL; rv:1.9.0.7) Gecko/2009030422 Ubuntu/8.10 (intrepid) Firefox/3.0.7" "-"
10.0.2.11 - - [11/Oct/2009:10:22:46 +0200] "GET /podyplomowe_smtm/smob2/kursbasha/style.css HTTP/1.1" 200 325 "http://neo.dmcs.p.lodz.pl/podyplomowe_smtm/smob2/kursbasha/main.html" "Mozilla/5.0 (X11; U; Linux i686; pl-PL; rv:1.9.0.7) Gecko/2009030422 Ubuntu/8.10 (intrepid) Firefox/3.0.7" "-"
10.0.2.11 - - [11/Oct/2009:10:22:46 +0200] "GET /podyplomowe_smtm/smob2/kursbasha/grafiki/logo.gif HTTP/1.1" 200 6196 "http://neo.dmcs.p.lodz.pl/podyplomowe_smtm/smob2/kursbasha/main.html" "Mozilla/5.0 (X11; U; Linux i686; pl-PL; rv:1.9.0.7) Gecko/2009030422 Ubuntu/8.10 (intrepid) Firefox/3.0.7" "-"
10.0.2.38 - - [11/Oct/2009:10:22:47 +0200] "GET /podyplomowe_smtm/index.html HTTP/1.1" 200 2919 "http://neo.dmcs.pl/" "Mozilla/4.0 (compatible; MSIE 7.0; Windows NT 5.1; .NET CLR 1.1.4322)" "-"
10.0.2.38 - - [11/Oct/2009:10:22:47 +0200] "GET /images/back.jpg HTTP/1.1" 404 289 "http://neo.dmcs.pl/podyplomowe_smtm/index.html" "Mozilla/4.0 (compatible; MSIE 7.0; Windows NT 5.1; .NET CLR 1.1.4322)" "-"
10.0.2.13 - - [11/Oct/2009:10:22:48 +0200] "GET /podyplomowe_smtm/smob2 HTTP/1.1" 301 326 "http://neo.dmcs.pl/podyplomowe_smtm/" "Mozilla/5.0 (X11; U; Linux i686; pl-PL; rv:1.9.0.7) Gecko/2009030422 Ubuntu/8.10 (intrepid) Firefox/3.0.7" "-"
10.0.2.13 - - [11/Oct/2009:10:22:48 +0200] "GET /podyplomowe_smtm/smob2/ HTTP/1.1" 200 3632 "http://neo.dmcs.pl/podyplomowe_smtm/" "Mozilla/5.0 (X11; U; Linux i686; pl-PL; rv:1.9.0.7) Gecko/2009030422 Ubuntu/8.10 (intrepid) Firefox/3.0.7" "-"
10.0.2.13 - - [11/Oct/2009:10:22:49 +0200] "GET /podyplomowe_smtm/images/back.jpg HTTP/1.1" 404 306 "http://neo.dmcs.pl/podyplomowe_smtm/smob2/" "Mozilla/5.0 (X11; U; Linux i686; pl-PL; rv:1.9.0.7) Gecko/2009030422 Ubuntu/8.10 (intrepid) Firefox/3.0.7" "-"
10.0.2.38 - - [11/Oct/2009:10:22:50 +0200] "GET /podyplomowe_smtm/ HTTP/1.1" 200 2919 "http://neo.dmcs.pl/podyplomowe_smtm/index.html" "Mozilla/4.0 (compatible; MSIE 7.0; Windows NT 5.1; .NET CLR 1.1.4322)" "-"
10.0.2.38 - - [11/Oct/2009:10:22:50 +0200] "GET /images/back.jpg HTTP/1.1" 404 289 "http://neo.dmcs.pl/podyplomowe_smtm/" "Mozilla/4.0 (compatible; MSIE 7.0; Windows NT 5.1; .NET CLR 1.1.4322)" "-"
10.0.2.9 - - [11/Oct/2009:10:22:51 +0200] "GET /images/back.jpg HTTP/1.1" 404 289 "http://neo.dmcs.pl/podyplomowe_smtm/index.html" "Mozilla/5.0 (X11; U; Linux i686; pl-PL; rv:1.9.0.7) Gecko/2009030422 Ubuntu/8.10 (intrepid) Firefox/3.0.7" "-"
10.0.2.4 - - [11/Oct/2009:10:22:51 +0200] "GET /podyplomowe_smtm/smob2/kursbasha/main.html HTTP/1.1" 200 5405 "http://neo/podyplomowe_smtm/smob2/" "Mozilla/5.0 (X11; U; Linux i686; pl-PL; rv:1.9.0.7) Gecko/2009030422 Ubuntu/8.10 (intrepid) Firefox/3.0.7" "-"
10.0.2.4 - - [11/Oct/2009:10:22:51 +0200] "GET /podyplomowe_smtm/smob2/kursbasha/style.css HTTP/1.1" 200 325 "http://neo/podyplomowe_smtm/smob2/kursbasha/main.html" "Mozilla/5.0 (X11; U; Linux i686; pl-PL; rv:1.9.0.7) Gecko/2009030422 Ubuntu/8.10 (intrepid) Firefox/3.0.7" "-"
10.0.2.4 - - [11/Oct/2009:10:22:51 +0200] "GET /podyplomowe_smtm/smob2/kursbasha/grafiki/logo.gif HTTP/1.1" 200 6196 "http://neo/podyplomowe_smtm/smob2/kursbasha/main.html" "Mozilla/5.0 (X11; U; Linux i686; pl-PL; rv:1.9.0.7) Gecko/2009030422 Ubuntu/8.10 (intrepid) Firefox/3.0.7" "-"
10.0.2.1 - - [11/Oct/2009:10:22:52 +0200] "GET / HTTP/1.1" 200 8370 "-" "Mozilla/5.0 (X11; U; Linux i686; pl-PL; rv:1.9.0.7) Gecko/2009030422 Ubuntu/8.10 (intrepid) Firefox/3.0.7" "-"
10.0.2.1 - - [11/Oct/2009:10:22:52 +0200] "GET /style.css HTTP/1.1" 200 2000 "http://neo.dmcs.pl/" "Mozilla/5.0 (X11; U; Linux i686; pl-PL; rv:1.9.0.7) Gecko/2009030422 Ubuntu/8.10 (intrepid) Firefox/3.0.7" "-"
10.0.2.1 - - [11/Oct/2009:10:22:52 +0200] "GET /images/back.jpg HTTP/1.1" 404 289 "http://neo.dmcs.pl/" "Mozilla/5.0 (X11; U; Linux i686; pl-PL; rv:1.9.0.7) Gecko/2009030422 Ubuntu/8.10 (intrepid) Firefox/3.0.7" "-"
10.0.2.1 - - [11/Oct/2009:10:22:53 +0200] "GET /favicon.ico HTTP/1.1" 404 285 "-" "Mozilla/5.0 (X11; U; Linux i686; pl-PL; rv:1.9.0.7) Gecko/2009030422 Ubuntu/8.10 (intrepid) Firefox/3.0.7" "-"
10.0.2.5 - - [11/Oct/2009:10:22:53 +0200] "GET /podyplomowe_smtm/smob2 HTTP/1.1" 301 340 "http://neo.dmcs.p.lodz.pl/podyplomowe_smtm/index.html" "Mozilla/5.0 (X11; U; Linux i686; pl-PL; rv:1.9.0.7) Gecko/2009030422 Ubuntu/8.10 (intrepid) Firefox/3.0.7" "-"
10.0.2.5 - - [11/Oct/2009:10:22:53 +0200] "GET /podyplomowe_smtm/smob2/ HTTP/1.1" 200 3632 "http://neo.dmcs.p.lodz.pl/podyplomowe_smtm/index.html" "Mozilla/5.0 (X11; U; Linux i686; pl-PL; rv:1.9.0.7) Gecko/2009030422 Ubuntu/8.10 (intrepid) Firefox/3.0.7" "-"
10.0.2.5 - - [11/Oct/2009:10:22:53 +0200] "GET /podyplomowe_smtm/images/back.jpg HTTP/1.1" 404 313 "http://neo.dmcs.p.lodz.pl/podyplomowe_smtm/smob2/" "Mozilla/5.0 (X11; U; Linux i686; pl-PL; rv:1.9.0.7) Gecko/2009030422 Ubuntu/8.10 (intrepid) Firefox/3.0.7" "-"
10.0.2.13 - - [11/Oct/2009:10:22:53 +0200] "GET /podyplomowe_smtm/smob2/kursbasha/main.html HTTP/1.1" 200 5405 "http://neo.dmcs.pl/podyplomowe_smtm/smob2/" "Mozilla/5.0 (X11; U; Linux i686; pl-PL; rv:1.9.0.7) Gecko/2009030422 Ubuntu/8.10 (intrepid) Firefox/3.0.7" "-"
10.0.2.13 - - [11/Oct/2009:10:22:53 +0200] "GET /podyplomowe_smtm/smob2/kursbasha/style.css HTTP/1.1" 200 325 "http://neo.dmcs.pl/podyplomowe_smtm/smob2/kursbasha/main.html" "Mozilla/5.0 (X11; U; Linux i686; pl-PL; rv:1.9.0.7) Gecko/2009030422 Ubuntu/8.10 (intrepid) Firefox/3.0.7" "-"
10.0.2.13 - - [11/Oct/2009:10:22:53 +0200] "GET /podyplomowe_smtm/smob2/kursbasha/grafiki/logo.gif HTTP/1.1" 200 6196 "http://neo.dmcs.pl/podyplomowe_smtm/smob2/kursbasha/main.html" "Mozilla/5.0 (X11; U; Linux i686; pl-PL; rv:1.9.0.7) Gecko/2009030422 Ubuntu/8.10 (intrepid) Firefox/3.0.7" "-"
10.0.2.3 - - [11/Oct/2009:10:22:54 +0200] "GET /podyplomowe_smtm/smob2 HTTP/1.1" 301 310 "http://neo/podyplomowe_smtm/index.html" "Mozilla/5.0 (X11; U; Linux i686; pl-PL; rv:1.9.0.7) Gecko/2009030422 Ubuntu/8.10 (intrepid) Firefox/3.0.7" "-"
10.0.2.3 - - [11/Oct/2009:10:22:54 +0200] "GET /podyplomowe_smtm/smob2/ HTTP/1.1" 200 3632 "http://neo/podyplomowe_smtm/index.html" "Mozilla/5.0 (X11; U; Linux i686; pl-PL; rv:1.9.0.7) Gecko/2009030422 Ubuntu/8.10 (intrepid) Firefox/3.0.7" "-"
10.0.2.3 - - [11/Oct/2009:10:22:54 +0200] "GET /podyplomowe_smtm/images/back.jpg HTTP/1.1" 404 298 "http://neo/podyplomowe_smtm/smob2/" "Mozilla/5.0 (X11; U; Linux i686; pl-PL; rv:1.9.0.7) Gecko/2009030422 Ubuntu/8.10 (intrepid) Firefox/3.0.7" "-"
10.0.2.9 - - [11/Oct/2009:10:22:55 +0200] "GET /podyplomowe_smtm/smob2 HTTP/1.1" 301 326 "http://neo.dmcs.pl/podyplomowe_smtm/index.html" "Mozilla/5.0 (X11; U; Linux i686; pl-PL; rv:1.9.0.7) Gecko/2009030422 Ubuntu/8.10 (intrepid) Firefox/3.0.7" "-"
10.0.2.9 - - [11/Oct/2009:10:22:55 +0200] "GET /podyplomowe_smtm/smob2/ HTTP/1.1" 200 3632 "http://neo.dmcs.pl/podyplomowe_smtm/index.html" "Mozilla/5.0 (X11; U; Linux i686; pl-PL; rv:1.9.0.7) Gecko/2009030422 Ubuntu/8.10 (intrepid) Firefox/3.0.7" "-"
10.0.2.9 - - [11/Oct/2009:10:22:55 +0200] "GET /podyplomowe_smtm/images/back.jpg HTTP/1.1" 404 306 "http://neo.dmcs.pl/podyplomowe_smtm/smob2/" "Mozilla/5.0 (X11; U; Linux i686; pl-PL; rv:1.9.0.7) Gecko/2009030422 Ubuntu/8.10 (intrepid) Firefox/3.0.7" "-"
10.0.2.1 - - [11/Oct/2009:10:22:56 +0200] "GET /favicon.ico HTTP/1.1" 404 285 "-" "Mozilla/5.0 (X11; U; Linux i686; pl-PL; rv:1.9.0.7) Gecko/2009030422 Ubuntu/8.10 (intrepid) Firefox/3.0.7" "-"
10.0.2.9 - - [11/Oct/2009:10:22:56 +0200] "GET /podyplomowe_smtm/smob2/kursbasha/main.html HTTP/1.1" 200 5405 "http://neo.dmcs.pl/podyplomowe_smtm/smob2/" "Mozilla/5.0 (X11; U; Linux i686; pl-PL; rv:1.9.0.7) Gecko/2009030422 Ubuntu/8.10 (intrepid) Firefox/3.0.7" "-"
10.0.2.9 - - [11/Oct/2009:10:22:56 +0200] "GET /podyplomowe_smtm/smob2/kursbasha/style.css HTTP/1.1" 200 325 "http://neo.dmcs.pl/podyplomowe_smtm/smob2/kursbasha/main.html" "Mozilla/5.0 (X11; U; Linux i686; pl-PL; rv:1.9.0.7) Gecko/2009030422 Ubuntu/8.10 (intrepid) Firefox/3.0.7" "-"
10.0.2.9 - - [11/Oct/2009:10:22:56 +0200] "GET /podyplomowe_smtm/smob2/kursbasha/grafiki/logo.gif HTTP/1.1" 200 6196 "http://neo.dmcs.pl/podyplomowe_smtm/smob2/kursbasha/main.html" "Mozilla/5.0 (X11; U; Linux i686; pl-PL; rv:1.9.0.7) Gecko/2009030422 Ubuntu/8.10 (intrepid) Firefox/3.0.7" "-"
10.0.2.3 - - [11/Oct/2009:10:22:57 +0200] "GET /podyplomowe_smtm/smob2/kursbasha/main.html HTTP/1.1" 200 5405 "http://neo/podyplomowe_smtm/smob2/" "Mozilla/5.0 (X11; U; Linux i686; pl-PL; rv:1.9.0.7) Gecko/2009030422 Ubuntu/8.10 (intrepid) Firefox/3.0.7" "-"
10.0.2.3 - - [11/Oct/2009:10:22:57 +0200] "GET /podyplomowe_smtm/smob2/kursbasha/style.css HTTP/1.1" 200 325 "http://neo/podyplomowe_smtm/smob2/kursbasha/main.html" "Mozilla/5.0 (X11; U; Linux i686; pl-PL; rv:1.9.0.7) Gecko/2009030422 Ubuntu/8.10 (intrepid) Firefox/3.0.7" "-"
10.0.2.3 - - [11/Oct/2009:10:22:57 +0200] "GET /podyplomowe_smtm/smob2/kursbasha/grafiki/logo.gif HTTP/1.1" 200 6196 "http://neo/podyplomowe_smtm/smob2/kursbasha/main.html" "Mozilla/5.0 (X11; U; Linux i686; pl-PL; rv:1.9.0.7) Gecko/2009030422 Ubuntu/8.10 (intrepid) Firefox/3.0.7" "-"
10.0.2.13 - - [11/Oct/2009:10:22:59 +0200] "GET /podyplomowe_smtm/smob2/kursbasha/dialog.html HTTP/1.1" 200 2470 "http://neo.dmcs.pl/podyplomowe_smtm/smob2/kursbasha/main.html" "Mozilla/5.0 (X11; U; Linux i686; pl-PL; rv:1.9.0.7) Gecko/2009030422 Ubuntu/8.10 (intrepid) Firefox/3.0.7" "-"
10.0.2.1 - - [11/Oct/2009:10:23:00 +0200] "GET /podyplomowe_smtm/index.html HTTP/1.1" 200 2919 "http://neo.dmcs.pl/" "Mozilla/5.0 (X11; U; Linux i686; pl-PL; rv:1.9.0.7) Gecko/2009030422 Ubuntu/8.10 (intrepid) Firefox/3.0.7" "-"
10.0.2.1 - - [11/Oct/2009:10:23:00 +0200] "GET /images/back.jpg HTTP/1.1" 404 289 "http://neo.dmcs.pl/podyplomowe_smtm/index.html" "Mozilla/5.0 (X11; U; Linux i686; pl-PL; rv:1.9.0.7) Gecko/2009030422 Ubuntu/8.10 (intrepid) Firefox/3.0.7" "-"
10.0.2.5 - - [11/Oct/2009:10:23:01 +0200] "GET /podyplomowe_smtm/smob2/kursbasha/main.html HTTP/1.1" 200 5405 "http://neo.dmcs.p.lodz.pl/podyplomowe_smtm/smob2/" "Mozilla/5.0 (X11; U; Linux i686; pl-PL; rv:1.9.0.7) Gecko/2009030422 Ubuntu/8.10 (intrepid) Firefox/3.0.7" "-"
10.0.2.5 - - [11/Oct/2009:10:23:01 +0200] "GET /podyplomowe_smtm/smob2/kursbasha/style.css HTTP/1.1" 200 325 "http://neo.dmcs.p.lodz.pl/podyplomowe_smtm/smob2/kursbasha/main.html" "Mozilla/5.0 (X11; U; Linux i686; pl-PL; rv:1.9.0.7) Gecko/2009030422 Ubuntu/8.10 (intrepid) Firefox/3.0.7" "-"
10.0.2.5 - - [11/Oct/2009:10:23:01 +0200] "GET /podyplomowe_smtm/smob2/kursbasha/grafiki/logo.gif HTTP/1.1" 200 6196 "http://neo.dmcs.p.lodz.pl/podyplomowe_smtm/smob2/kursbasha/main.html" "Mozilla/5.0 (X11; U; Linux i686; pl-PL; rv:1.9.0.7) Gecko/2009030422 Ubuntu/8.10 (intrepid) Firefox/3.0.7" "-"
10.0.0.37 - - [11/Oct/2009:10:23:03 +0200] "GET /krabowski/ HTTP/1.1" 404 284 "-" "Mozilla/4.0 (compatible; MSIE 7.0; Windows NT 5.1; .NET CLR 1.1.4322)" "-"
10.0.2.1 - - [11/Oct/2009:10:23:05 +0200] "GET /podyplomowe_smtm/smob2 HTTP/1.1" 301 326 "http://neo.dmcs.pl/podyplomowe_smtm/index.html" "Mozilla/5.0 (X11; U; Linux i686; pl-PL; rv:1.9.0.7) Gecko/2009030422 Ubuntu/8.10 (intrepid) Firefox/3.0.7" "-"
10.0.2.1 - - [11/Oct/2009:10:23:05 +0200] "GET /podyplomowe_smtm/smob2/ HTTP/1.1" 200 3632 "http://neo.dmcs.pl/podyplomowe_smtm/index.html" "Mozilla/5.0 (X11; U; Linux i686; pl-PL; rv:1.9.0.7) Gecko/2009030422 Ubuntu/8.10 (intrepid) Firefox/3.0.7" "-"
10.0.2.1 - - [11/Oct/2009:10:23:05 +0200] "GET /podyplomowe_smtm/images/back.jpg HTTP/1.1" 404 306 "http://neo.dmcs.pl/podyplomowe_smtm/smob2/" "Mozilla/5.0 (X11; U; Linux i686; pl-PL; rv:1.9.0.7) Gecko/2009030422 Ubuntu/8.10 (intrepid) Firefox/3.0.7" "-"
10.0.2.12 - - [11/Oct/2009:10:23:07 +0200] "GET / HTTP/1.1" 200 8370 "-" "Mozilla/5.0 (X11; U; Linux i686; pl-PL; rv:1.9.0.7) Gecko/2009030422 Ubuntu/8.10 (intrepid) Firefox/3.0.7" "-"
10.0.2.12 - - [11/Oct/2009:10:23:07 +0200] "GET /style.css HTTP/1.1" 200 2000 "http://neo.dmcs.pl/" "Mozilla/5.0 (X11; U; Linux i686; pl-PL; rv:1.9.0.7) Gecko/2009030422 Ubuntu/8.10 (intrepid) Firefox/3.0.7" "-"
10.0.2.12 - - [11/Oct/2009:10:23:07 +0200] "GET /images/back.jpg HTTP/1.1" 404 289 "http://neo.dmcs.pl/" "Mozilla/5.0 (X11; U; Linux i686; pl-PL; rv:1.9.0.7) Gecko/2009030422 Ubuntu/8.10 (intrepid) Firefox/3.0.7" "-"
10.0.2.12 - - [11/Oct/2009:10:23:08 +0200] "GET /favicon.ico HTTP/1.1" 404 285 "-" "Mozilla/5.0 (X11; U; Linux i686; pl-PL; rv:1.9.0.7) Gecko/2009030422 Ubuntu/8.10 (intrepid) Firefox/3.0.7" "-"
10.0.2.12 - - [11/Oct/2009:10:23:11 +0200] "GET /favicon.ico HTTP/1.1" 404 285 "-" "Mozilla/5.0 (X11; U; Linux i686; pl-PL; rv:1.9.0.7) Gecko/2009030422 Ubuntu/8.10 (intrepid) Firefox/3.0.7" "-"
10.0.2.12 - - [11/Oct/2009:10:23:13 +0200] "GET /podyplomowe_smtm/index.html HTTP/1.1" 200 2919 "http://neo.dmcs.pl/" "Mozilla/5.0 (X11; U; Linux i686; pl-PL; rv:1.9.0.7) Gecko/2009030422 Ubuntu/8.10 (intrepid) Firefox/3.0.7" "-"
10.0.2.12 - - [11/Oct/2009:10:23:13 +0200] "GET /images/back.jpg HTTP/1.1" 404 289 "http://neo.dmcs.pl/podyplomowe_smtm/index.html" "Mozilla/5.0 (X11; U; Linux i686; pl-PL; rv:1.9.0.7) Gecko/2009030422 Ubuntu/8.10 (intrepid) Firefox/3.0.7" "-"
10.0.2.1 - - [11/Oct/2009:10:23:14 +0200] "GET /podyplomowe_smtm/smob2/kursbasha/main.html HTTP/1.1" 200 5405 "http://neo.dmcs.pl/podyplomowe_smtm/smob2/" "Mozilla/5.0 (X11; U; Linux i686; pl-PL; rv:1.9.0.7) Gecko/2009030422 Ubuntu/8.10 (intrepid) Firefox/3.0.7" "-"
10.0.2.1 - - [11/Oct/2009:10:23:14 +0200] "GET /podyplomowe_smtm/smob2/kursbasha/style.css HTTP/1.1" 200 325 "http://neo.dmcs.pl/podyplomowe_smtm/smob2/kursbasha/main.html" "Mozilla/5.0 (X11; U; Linux i686; pl-PL; rv:1.9.0.7) Gecko/2009030422 Ubuntu/8.10 (intrepid) Firefox/3.0.7" "-"
10.0.2.1 - - [11/Oct/2009:10:23:14 +0200] "GET /podyplomowe_smtm/smob2/kursbasha/grafiki/logo.gif HTTP/1.1" 200 6196 "http://neo.dmcs.pl/podyplomowe_smtm/smob2/kursbasha/main.html" "Mozilla/5.0 (X11; U; Linux i686; pl-PL; rv:1.9.0.7) Gecko/2009030422 Ubuntu/8.10 (intrepid) Firefox/3.0.7" "-"
10.0.2.12 - - [11/Oct/2009:10:23:15 +0200] "GET /podyplomowe_smtm/smob2 HTTP/1.1" 301 326 "http://neo.dmcs.pl/podyplomowe_smtm/index.html" "Mozilla/5.0 (X11; U; Linux i686; pl-PL; rv:1.9.0.7) Gecko/2009030422 Ubuntu/8.10 (intrepid) Firefox/3.0.7" "-"
10.0.2.12 - - [11/Oct/2009:10:23:15 +0200] "GET /podyplomowe_smtm/smob2/ HTTP/1.1" 200 3632 "http://neo.dmcs.pl/podyplomowe_smtm/index.html" "Mozilla/5.0 (X11; U; Linux i686; pl-PL; rv:1.9.0.7) Gecko/2009030422 Ubuntu/8.10 (intrepid) Firefox/3.0.7" "-"
10.0.2.12 - - [11/Oct/2009:10:23:15 +0200] "GET /podyplomowe_smtm/images/back.jpg HTTP/1.1" 404 306 "http://neo.dmcs.pl/podyplomowe_smtm/smob2/" "Mozilla/5.0 (X11; U; Linux i686; pl-PL; rv:1.9.0.7) Gecko/2009030422 Ubuntu/8.10 (intrepid) Firefox/3.0.7" "-"
10.0.2.12 - - [11/Oct/2009:10:23:17 +0200] "GET /podyplomowe_smtm/smob2/kursbasha/main.html HTTP/1.1" 200 5405 "http://neo.dmcs.pl/podyplomowe_smtm/smob2/" "Mozilla/5.0 (X11; U; Linux i686; pl-PL; rv:1.9.0.7) Gecko/2009030422 Ubuntu/8.10 (intrepid) Firefox/3.0.7" "-"
10.0.2.12 - - [11/Oct/2009:10:23:17 +0200] "GET /podyplomowe_smtm/smob2/kursbasha/style.css HTTP/1.1" 200 325 "http://neo.dmcs.pl/podyplomowe_smtm/smob2/kursbasha/main.html" "Mozilla/5.0 (X11; U; Linux i686; pl-PL; rv:1.9.0.7) Gecko/2009030422 Ubuntu/8.10 (intrepid) Firefox/3.0.7" "-"
10.0.2.12 - - [11/Oct/2009:10:23:17 +0200] "GET /podyplomowe_smtm/smob2/kursbasha/grafiki/logo.gif HTTP/1.1" 200 6196 "http://neo.dmcs.pl/podyplomowe_smtm/smob2/kursbasha/main.html" "Mozilla/5.0 (X11; U; Linux i686; pl-PL; rv:1.9.0.7) Gecko/2009030422 Ubuntu/8.10 (intrepid) Firefox/3.0.7" "-"
10.0.2.38 - - [11/Oct/2009:10:23:21 +0200] "GET /~kgrabowski/ HTTP/1.1" 200 1299 "-" "Mozilla/4.0 (compatible; MSIE 7.0; Windows NT 5.1; .NET CLR 1.1.4322)" "-"
10.0.2.38 - - [11/Oct/2009:10:23:21 +0200] "GET /icons/blank.gif HTTP/1.1" 200 148 "http://neo.dmcs.pl/~kgrabowski/" "Mozilla/4.0 (compatible; MSIE 7.0; Windows NT 5.1; .NET CLR 1.1.4322)" "-"
10.0.2.38 - - [11/Oct/2009:10:23:21 +0200] "GET /icons/back.gif HTTP/1.1" 200 216 "http://neo.dmcs.pl/~kgrabowski/" "Mozilla/4.0 (compatible; MSIE 7.0; Windows NT 5.1; .NET CLR 1.1.4322)" "-"
10.0.2.38 - - [11/Oct/2009:10:23:21 +0200] "GET /icons/folder.gif HTTP/1.1" 200 225 "http://neo.dmcs.pl/~kgrabowski/" "Mozilla/4.0 (compatible; MSIE 7.0; Windows NT 5.1; .NET CLR 1.1.4322)" "-"
10.0.2.38 - - [11/Oct/2009:10:23:24 +0200] "GET /~kgrabowski/laboratorium/ HTTP/1.1" 200 1218 "http://neo.dmcs.pl/~kgrabowski/" "Mozilla/4.0 (compatible; MSIE 7.0; Windows NT 5.1; .NET CLR 1.1.4322)" "-"
10.0.2.38 - - [11/Oct/2009:10:23:24 +0200] "GET /icons/layout.gif HTTP/1.1" 200 276 "http://neo.dmcs.pl/~kgrabowski/laboratorium/" "Mozilla/4.0 (compatible; MSIE 7.0; Windows NT 5.1; .NET CLR 1.1.4322)" "-"
10.0.2.38 - - [11/Oct/2009:10:23:32 +0200] "GET /~kgrabowski/laboratorium/LabolatoriumDSP2i3.pdf HTTP/1.1" 200 202341 "http://neo.dmcs.pl/~kgrabowski/laboratorium/" "Mozilla/4.0 (compatible; MSIE 7.0; Windows NT 5.1; .NET CLR 1.1.4322)" "-"
10.0.0.37 - - [11/Oct/2009:10:23:37 +0200] "GET /%60krabowski/ HTTP/1.1" 404 285 "-" "Mozilla/4.0 (compatible; MSIE 7.0; Windows NT 5.1; .NET CLR 1.1.4322)" "-"
10.0.2.38 - - [11/Oct/2009:10:23:41 +0200] "GET /~kgrabowski/laboratorium/LabolatoriumDSP2i3.pdf HTTP/1.1" 304 - "-" "Mozilla/4.0 (compatible; MSIE 7.0; Windows NT 5.1; .NET CLR 1.1.4322)" "-"
10.0.8.8 - - [11/Oct/2009:10:23:43 +0200] "OPTIONS / HTTP/1.1" 200 - "-" "Microsoft-WebDAV-MiniRedir/5.1.2600" "-"
10.0.8.8 - - [11/Oct/2009:10:23:43 +0200] "PROPFIND /piotrowi%24 HTTP/1.1" 404 278 "-" "Microsoft-WebDAV-MiniRedir/5.1.2600" "-"
10.0.8.8 - - [11/Oct/2009:10:23:43 +0200] "PROPFIND /piotrowi%24 HTTP/1.1" 404 278 "-" "Microsoft-WebDAV-MiniRedir/5.1.2600" "-"
10.0.2.38 - - [11/Oct/2009:10:23:45 +0200] "GET /~kgrabowski/laboratorium/ HTTP/1.1" 200 1218 "http://neo.dmcs.pl/~kgrabowski/" "Mozilla/4.0 (compatible; MSIE 7.0; Windows NT 5.1; .NET CLR 1.1.4322)" "-"
10.0.2.38 - - [11/Oct/2009:10:23:45 +0200] "GET /icons/blank.gif HTTP/1.1" 304 - "http://neo.dmcs.pl/~kgrabowski/laboratorium/" "Mozilla/4.0 (compatible; MSIE 7.0; Windows NT 5.1; .NET CLR 1.1.4322)" "-"
10.0.2.38 - - [11/Oct/2009:10:23:45 +0200] "GET /icons/layout.gif HTTP/1.1" 304 - "http://neo.dmcs.pl/~kgrabowski/laboratorium/" "Mozilla/4.0 (compatible; MSIE 7.0; Windows NT 5.1; .NET CLR 1.1.4322)" "-"
10.0.2.38 - - [11/Oct/2009:10:23:45 +0200] "GET /icons/back.gif HTTP/1.1" 304 - "http://neo.dmcs.pl/~kgrabowski/laboratorium/" "Mozilla/4.0 (compatible; MSIE 7.0; Windows NT 5.1; .NET CLR 1.1.4322)" "-"
66.249.65.209 - - [11/Oct/2009:10:23:45 +0200] "GET /smcr-p/transmisja.pdf HTTP/1.1" 200 73368 "-" "Mozilla/5.0 (compatible; Googlebot/2.1; +http://www.google.com/bot.html)" "-"
10.0.2.38 - - [11/Oct/2009:10:23:48 +0200] "GET /~kgrabowski/ HTTP/1.1" 200 1299 "-" "Mozilla/4.0 (compatible; MSIE 7.0; Windows NT 5.1; .NET CLR 1.1.4322)" "-"
10.0.2.38 - - [11/Oct/2009:10:23:48 +0200] "GET /icons/folder.gif HTTP/1.1" 304 - "http://neo.dmcs.pl/~kgrabowski/" "Mozilla/4.0 (compatible; MSIE 7.0; Windows NT 5.1; .NET CLR 1.1.4322)" "-"
10.0.2.38 - - [11/Oct/2009:10:23:49 +0200] "GET /~kgrabowski/materialy%20dodatkowe/ HTTP/1.1" 200 1358 "http://neo.dmcs.pl/~kgrabowski/" "Mozilla/4.0 (compatible; MSIE 7.0; Windows NT 5.1; .NET CLR 1.1.4322)" "-"
10.0.2.38 - - [11/Oct/2009:10:23:49 +0200] "GET /icons/compressed.gif HTTP/1.1" 200 1038 "http://neo.dmcs.pl/~kgrabowski/materialy%20dodatkowe/" "Mozilla/4.0 (compatible; MSIE 7.0; Windows NT 5.1; .NET CLR 1.1.4322)" "-"
10.0.0.37 - - [11/Oct/2009:10:23:50 +0200] "GET /~krabowski/ HTTP/1.1" 404 285 "-" "Mozilla/4.0 (compatible; MSIE 7.0; Windows NT 5.1; .NET CLR 1.1.4322)" "-"
10.0.2.38 - - [11/Oct/2009:10:23:50 +0200] "GET /~kgrabowski/materialy%20dodatkowe/dsk6713_TechRef.pdf HTTP/1.1" 200 508884 "http://neo.dmcs.pl/~kgrabowski/materialy%20dodatkowe/" "Mozilla/4.0 (compatible; MSIE 7.0; Windows NT 5.1; .NET CLR 1.1.4322)" "-"
10.0.2.38 - - [11/Oct/2009:10:23:50 +0200] "GET /~kgrabowski/materialy%20dodatkowe/dsk6713_TechRef.pdf HTTP/1.1" 206 3748 "-" "Mozilla/4.0 (compatible; MSIE 7.0; Windows NT 5.1; .NET CLR 1.1.4322)" "-"
10.0.2.38 - - [11/Oct/2009:10:23:50 +0200] "GET /~kgrabowski/materialy%20dodatkowe/dsk6713_TechRef.pdf HTTP/1.1" 206 219 "-" "Mozilla/4.0 (compatible; MSIE 7.0; Windows NT 5.1; .NET CLR 1.1.4322)" "-"
10.0.2.38 - - [11/Oct/2009:10:23:50 +0200] "GET /~kgrabowski/materialy%20dodatkowe/dsk6713_TechRef.pdf HTTP/1.1" 206 3392 "-" "Mozilla/4.0 (compatible; MSIE 7.0; Windows NT 5.1; .NET CLR 1.1.4322)" "-"
10.0.2.38 - - [11/Oct/2009:10:23:50 +0200] "GET /~kgrabowski/materialy%20dodatkowe/dsk6713_TechRef.pdf HTTP/1.1" 206 909 "-" "Mozilla/4.0 (compatible; MSIE 7.0; Windows NT 5.1; .NET CLR 1.1.4322)" "-"
10.0.2.38 - - [11/Oct/2009:10:23:51 +0200] "GET /~kgrabowski/materialy%20dodatkowe/dsk6713_TechRef.pdf HTTP/1.1" 206 13303 "-" "Mozilla/4.0 (compatible; MSIE 7.0; Windows NT 5.1; .NET CLR 1.1.4322)" "-"
10.0.2.38 - - [11/Oct/2009:10:23:51 +0200] "GET /~kgrabowski/materialy%20dodatkowe/dsk6713_TechRef.pdf HTTP/1.1" 206 208615 "-" "Mozilla/4.0 (compatible; MSIE 7.0; Windows NT 5.1; .NET CLR 1.1.4322)" "-"
10.0.2.38 - - [11/Oct/2009:10:23:58 +0200] "GET /~kgrabowski/ HTTP/1.1" 200 1299 "http://neo.dmcs.pl/~kgrabowski/materialy%20dodatkowe/" "Mozilla/4.0 (compatible; MSIE 7.0; Windows NT 5.1; .NET CLR 1.1.4322)" "-"
10.0.2.38 - - [11/Oct/2009:10:23:59 +0200] "GET /~kgrabowski/laboratorium/ HTTP/1.1" 200 1218 "http://neo.dmcs.pl/~kgrabowski/" "Mozilla/4.0 (compatible; MSIE 7.0; Windows NT 5.1; .NET CLR 1.1.4322)" "-"
10.0.0.37 - - [11/Oct/2009:10:23:59 +0200] "GET /~kgrabowski/ HTTP/1.1" 200 1299 "-" "Mozilla/4.0 (compatible; MSIE 7.0; Windows NT 5.1; .NET CLR 1.1.4322)" "-"
10.0.0.37 - - [11/Oct/2009:10:23:59 +0200] "GET /icons/blank.gif HTTP/1.1" 304 - "http://neo.dmcs.pl/~kgrabowski/" "Mozilla/4.0 (compatible; MSIE 7.0; Windows NT 5.1; .NET CLR 1.1.4322)" "-"
10.0.0.37 - - [11/Oct/2009:10:23:59 +0200] "GET /icons/folder.gif HTTP/1.1" 200 225 "http://neo.dmcs.pl/~kgrabowski/" "Mozilla/4.0 (compatible; MSIE 7.0; Windows NT 5.1; .NET CLR 1.1.4322)" "-"
10.0.0.37 - - [11/Oct/2009:10:23:59 +0200] "GET /icons/back.gif HTTP/1.1" 304 - "http://neo.dmcs.pl/~kgrabowski/" "Mozilla/4.0 (compatible; MSIE 7.0; Windows NT 5.1; .NET CLR 1.1.4322)" "-"
10.0.2.38 - - [11/Oct/2009:10:24:01 +0200] "GET /~kgrabowski/laboratorium/LaboratoriumDSP1.pdf HTTP/1.1" 200 161562 "http://neo.dmcs.pl/~kgrabowski/laboratorium/" "Mozilla/4.0 (compatible; MSIE 7.0; Windows NT 5.1; .NET CLR 1.1.4322)" "-"
10.0.0.37 - - [11/Oct/2009:10:24:04 +0200] "GET /~kgrabowski/laboratorium/ HTTP/1.1" 200 1218 "http://neo.dmcs.pl/~kgrabowski/" "Mozilla/4.0 (compatible; MSIE 7.0; Windows NT 5.1; .NET CLR 1.1.4322)" "-"
10.0.0.37 - - [11/Oct/2009:10:24:04 +0200] "GET /icons/layout.gif HTTP/1.1" 304 - "http://neo.dmcs.pl/~kgrabowski/laboratorium/" "Mozilla/4.0 (compatible; MSIE 7.0; Windows NT 5.1; .NET CLR 1.1.4322)" "-"
10.0.0.37 - - [11/Oct/2009:10:24:08 +0200] "GET /~kgrabowski/laboratorium/LabolatoriumDSP2i3.pdf HTTP/1.1" 200 202341 "http://neo.dmcs.pl/~kgrabowski/laboratorium/" "Mozilla/4.0 (compatible; MSIE 7.0; Windows NT 5.1; .NET CLR 1.1.4322)" "-"
202.83.44.29 - - [11/Oct/2009:10:24:34 +0200] "GET /pdsc/pdsc7.pdf HTTP/1.1" 200 236320 "http://www.pdf-search-engine.com/data-structures-in-c--pdf.html" "Mozilla/5.0 (Windows; U; Windows NT 5.1; en-US) AppleWebKit/532.0 (KHTML, like Gecko) Chrome/3.0.195.24 Safari/532.0" "-"
10.0.2.3 - - [11/Oct/2009:10:24:37 +0200] "GET /podyplomowe_smtm/images/back.jpg HTTP/1.1" 404 298 "http://neo/podyplomowe_smtm/smob2/" "Mozilla/5.0 (X11; U; Linux i686; pl-PL; rv:1.9.0.7) Gecko/2009030422 Ubuntu/8.10 (intrepid) Firefox/3.0.7" "-"
10.0.2.3 - - [11/Oct/2009:10:24:43 +0200] "GET /podyplomowe_smtm/smob2/smob2_2_shell.pdf HTTP/1.1" 200 250842 "http://neo/podyplomowe_smtm/smob2/" "Mozilla/5.0 (X11; U; Linux i686; pl-PL; rv:1.9.0.7) Gecko/2009030422 Ubuntu/8.10 (intrepid) Firefox/3.0.7" "-"
192.168.16.92 - - [11/Oct/2009:10:24:54 +0200] "GET /~kgrabowski/wyklad/ HTTP/1.1" 200 1192 "http://neo.dmcs.pl/~kgrabowski/" "Mozilla/5.0 (Windows; U; Windows NT 5.1; pl; rv:1.9.0.14) Gecko/2009082707 Firefox/3.0.14" "-"
192.168.16.92 - - [11/Oct/2009:10:24:54 +0200] "GET /icons/blank.gif HTTP/1.1" 304 - "http://neo.dmcs.pl/~kgrabowski/wyklad/" "Mozilla/5.0 (Windows; U; Windows NT 5.1; pl; rv:1.9.0.14) Gecko/2009082707 Firefox/3.0.14" "-"
192.168.16.92 - - [11/Oct/2009:10:24:54 +0200] "GET /icons/layout.gif HTTP/1.1" 304 - "http://neo.dmcs.pl/~kgrabowski/wyklad/" "Mozilla/5.0 (Windows; U; Windows NT 5.1; pl; rv:1.9.0.14) Gecko/2009082707 Firefox/3.0.14" "-"
192.168.16.92 - - [11/Oct/2009:10:24:54 +0200] "GET /icons/back.gif HTTP/1.1" 304 - "http://neo.dmcs.pl/~kgrabowski/wyklad/" "Mozilla/5.0 (Windows; U; Windows NT 5.1; pl; rv:1.9.0.14) Gecko/2009082707 Firefox/3.0.14" "-"
192.168.16.92 - - [11/Oct/2009:10:24:56 +0200] "GET /~kgrabowski/wyklad/Wyklad%202.pdf HTTP/1.1" 200 304000 "http://neo.dmcs.pl/~kgrabowski/wyklad/" "Mozilla/5.0 (Windows; U; Windows NT 5.1; pl; rv:1.9.0.14) Gecko/2009082707 Firefox/3.0.14" "-"
192.168.16.92 - - [11/Oct/2009:10:24:58 +0200] "GET /~kgrabowski/wyklad/Wyklad%202.pdf HTTP/1.1" 206 11747764 "-" "Mozilla/5.0 (Windows; U; Windows NT 5.1; pl; rv:1.9.0.14) Gecko/2009082707 Firefox/3.0.14" "-"
10.0.0.37 - - [11/Oct/2009:10:25:29 +0200] "GET /~kgrabowski/laboratorium/LaboratoriumDSP1.pdf HTTP/1.1" 200 161562 "http://neo.dmcs.pl/~kgrabowski/laboratorium/" "Mozilla/4.0 (compatible; MSIE 7.0; Windows NT 5.1; .NET CLR 1.1.4322)" "-"
213.158.199.135 - - [11/Oct/2009:10:26:00 +0200] "GET /podyplomowe_smtm/smob2/ HTTP/1.1" 200 3632 "-" "Mozilla/5.0 (Windows; U; Windows NT 6.0; en-GB; rv:1.9.1.3) Gecko/20090824 Firefox/3.5.3 (.NET CLR 3.5.30729)" "-"
213.158.199.135 - - [11/Oct/2009:10:26:00 +0200] "GET /style.css HTTP/1.1" 200 2000 "http://neo.dmcs.p.lodz.pl/podyplomowe_smtm/smob2/" "Mozilla/5.0 (Windows; U; Windows NT 6.0; en-GB; rv:1.9.1.3) Gecko/20090824 Firefox/3.5.3 (.NET CLR 3.5.30729)" "-"
213.158.199.135 - - [11/Oct/2009:10:26:01 +0200] "GET /podyplomowe_smtm/images/back.jpg HTTP/1.1" 404 313 "http://neo.dmcs.p.lodz.pl/podyplomowe_smtm/smob2/" "Mozilla/5.0 (Windows; U; Windows NT 6.0; en-GB; rv:1.9.1.3) Gecko/20090824 Firefox/3.5.3 (.NET CLR 3.5.30729)" "-"
213.158.199.135 - - [11/Oct/2009:10:26:01 +0200] "GET /favicon.ico HTTP/1.1" 404 292 "-" "Mozilla/5.0 (Windows; U; Windows NT 6.0; en-GB; rv:1.9.1.3) Gecko/20090824 Firefox/3.5.3 (.NET CLR 3.5.30729)" "-"
174.34.157.98 - - [11/Oct/2009:10:26:02 +0200] "GET /oom/petri_nets.pdf HTTP/1.1" 206 657567 "-" "Mozilla/4.0 (compatible; MSIE 5.0; Windows 98; DigExt\\)" "-"
174.34.157.98 - - [11/Oct/2009:10:26:04 +0200] "GET /oom/petri_nets.pdf HTTP/1.1" 206 657567 "-" "Mozilla/4.0 (compatible; MSIE 6.0; Windows NT 5.1; SV1)" "-"
213.158.199.135 - - [11/Oct/2009:10:26:04 +0200] "GET /favicon.ico HTTP/1.1" 404 292 "-" "Mozilla/5.0 (Windows; U; Windows NT 6.0; en-GB; rv:1.9.1.3) Gecko/20090824 Firefox/3.5.3 (.NET CLR 3.5.30729)" "-"
213.158.199.135 - - [11/Oct/2009:10:26:04 +0200] "GET /podyplomowe_smtm/smob2/smob2_2_shell.pdf HTTP/1.1" 200 250842 "http://neo.dmcs.p.lodz.pl/podyplomowe_smtm/smob2/" "Mozilla/5.0 (Windows; U; Windows NT 6.0; en-GB; rv:1.9.1.3) Gecko/20090824 Firefox/3.5.3 (.NET CLR 3.5.30729)" "-"
213.158.199.135 - - [11/Oct/2009:10:26:07 +0200] "GET /podyplomowe_smtm/smob2/smob2_2_shell.pdf HTTP/1.1" 206 202096 "-" "Mozilla/5.0 (Windows; U; Windows NT 6.0; en-GB; rv:1.9.1.3) Gecko/20090824 Firefox/3.5.3 (.NET CLR 3.5.30729)" "-"
10.0.2.5 - - [11/Oct/2009:10:26:15 +0200] "GET /podyplomowe_smtm/smob2/smob2_2_shell.pdf HTTP/1.1" 200 250842 "http://neo.dmcs.p.lodz.pl/podyplomowe_smtm/smob2/" "Mozilla/5.0 (X11; U; Linux i686; pl-PL; rv:1.9.0.7) Gecko/2009030422 Ubuntu/8.10 (intrepid) Firefox/3.0.7" "-"
83.28.29.118 - - [11/Oct/2009:10:26:41 +0200] "GET /rso/ HTTP/1.1" 200 6449 "-" "Mozilla/5.0 (X11; U; Linux i686; pl-PL; rv:1.9.0.14) Gecko/2009090905 Fedora/3.0.14-1.fc10 Firefox/3.0.14" "-"
83.28.29.118 - - [11/Oct/2009:10:26:42 +0200] "GET /style.css HTTP/1.1" 200 2000 "http://neo.dmcs.p.lodz.pl/rso/" "Mozilla/5.0 (X11; U; Linux i686; pl-PL; rv:1.9.0.14) Gecko/2009090905 Fedora/3.0.14-1.fc10 Firefox/3.0.14" "-"
83.28.29.118 - - [11/Oct/2009:10:26:43 +0200] "GET /images/back.jpg HTTP/1.1" 404 296 "http://neo.dmcs.p.lodz.pl/rso/" "Mozilla/5.0 (X11; U; Linux i686; pl-PL; rv:1.9.0.14) Gecko/2009090905 Fedora/3.0.14-1.fc10 Firefox/3.0.14" "-"
83.28.29.118 - - [11/Oct/2009:10:26:46 +0200] "GET /favicon.ico HTTP/1.1" 404 292 "-" "Mozilla/5.0 (X11; U; Linux i686; pl-PL; rv:1.9.0.14) Gecko/2009090905 Fedora/3.0.14-1.fc10 Firefox/3.0.14" "-"
66.249.65.213 - - [11/Oct/2009:10:26:50 +0200] "GET /~piotrowi/wdtcim/wyklad4.pdf HTTP/1.1" 200 425303 "-" "Mozilla/5.0 (compatible; Googlebot/2.1; +http://www.google.com/bot.html)" "-"
83.28.29.118 - - [11/Oct/2009:10:26:51 +0200] "GET /favicon.ico HTTP/1.1" 404 292 "-" "Mozilla/5.0 (X11; U; Linux i686; pl-PL; rv:1.9.0.14) Gecko/2009090905 Fedora/3.0.14-1.fc10 Firefox/3.0.14" "-"
89.174.83.190 - - [11/Oct/2009:10:27:36 +0200] "GET /images/back.jpg HTTP/1.1" 404 296 "http://neo.dmcs.p.lodz.pl/arm/index.html" "Mozilla/5.0 (Windows; U; Windows NT 5.1; pl; rv:1.9.1.3) Gecko/20090824 Firefox/3.5.3 (.NET CLR 3.5.30729)" "-"
89.174.83.190 - - [11/Oct/2009:10:27:42 +0200] "GET /favicon.ico HTTP/1.1" 404 292 "-" "Mozilla/5.0 (Windows; U; Windows NT 5.1; pl; rv:1.9.1.3) Gecko/20090824 Firefox/3.5.3 (.NET CLR 3.5.30729)" "-"
89.174.83.190 - - [11/Oct/2009:10:27:43 +0200] "GET /favicon.ico HTTP/1.1" 404 292 "-" "Mozilla/5.0 (Windows; U; Windows NT 5.1; pl; rv:1.9.1.3) Gecko/20090824 Firefox/3.5.3 (.NET CLR 3.5.30729)" "-"
10.0.2.40 - - [11/Oct/2009:10:28:02 +0200] "GET /~kgrabowski/wyklad/ HTTP/1.1" 200 1192 "http://neo.dmcs.pl/~kgrabowski/" "Mozilla/5.0 (Windows; U; Windows NT 5.1; pl; rv:1.9.0.8) Gecko/2009032609 Firefox/3.0.8" "-"
10.0.2.40 - - [11/Oct/2009:10:28:05 +0200] "GET /~kgrabowski/wyklad/Wyklad%201.pdf HTTP/1.1" 200 262148 "http://neo.dmcs.pl/~kgrabowski/wyklad/" "Mozilla/5.0 (Windows; U; Windows NT 5.1; pl; rv:1.9.0.8) Gecko/2009032609 Firefox/3.0.8" "-"
10.0.2.40 - - [11/Oct/2009:10:28:05 +0200] "GET /~kgrabowski/wyklad/Wyklad%201.pdf HTTP/1.1" 206 4312 "-" "Mozilla/5.0 (Windows; U; Windows NT 5.1; pl; rv:1.9.0.8) Gecko/2009032609 Firefox/3.0.8" "-"
10.0.2.40 - - [11/Oct/2009:10:28:05 +0200] "GET /~kgrabowski/wyklad/Wyklad%201.pdf HTTP/1.1" 206 4312 "-" "Mozilla/5.0 (Windows; U; Windows NT 5.1; pl; rv:1.9.0.8) Gecko/2009032609 Firefox/3.0.8" "-"
10.0.2.40 - - [11/Oct/2009:10:28:05 +0200] "GET /~kgrabowski/wyklad/Wyklad%201.pdf HTTP/1.1" 206 7168660 "-" "Mozilla/5.0 (Windows; U; Windows NT 5.1; pl; rv:1.9.0.8) Gecko/2009032609 Firefox/3.0.8" "-"
192.168.16.92 - - [11/Oct/2009:10:28:16 +0200] "GET /~kgrabowski/ HTTP/1.1" 200 1299 "http://neo.dmcs.pl/~kgrabowski/wyklad/" "Mozilla/5.0 (Windows; U; Windows NT 5.1; pl; rv:1.9.0.14) Gecko/2009082707 Firefox/3.0.14" "-"
192.168.16.92 - - [11/Oct/2009:10:28:18 +0200] "GET /~kgrabowski/laboratorium/ HTTP/1.1" 200 1218 "http://neo.dmcs.pl/~kgrabowski/" "Mozilla/5.0 (Windows; U; Windows NT 5.1; pl; rv:1.9.0.14) Gecko/2009082707 Firefox/3.0.14" "-"
10.0.2.2 - - [11/Oct/2009:10:28:25 +0200] "GET /podyplomowe_smtm/ HTTP/1.1" 200 2919 "http://kapitalludzki.p.lodz.pl/studia-podyplomowe/5-studia-podyplomowe/46-studia-podyplomowe-5" "Mozilla/5.0 (X11; U; Linux i686; pl-PL; rv:1.9.0.7) Gecko/2009030422 Ubuntu/8.10 (intrepid) Firefox/3.0.7" "-"
10.0.2.2 - - [11/Oct/2009:10:28:25 +0200] "GET /style.css HTTP/1.1" 200 2000 "http://neo.dmcs.pl/podyplomowe_smtm/" "Mozilla/5.0 (X11; U; Linux i686; pl-PL; rv:1.9.0.7) Gecko/2009030422 Ubuntu/8.10 (intrepid) Firefox/3.0.7" "-"
10.0.2.2 - - [11/Oct/2009:10:28:25 +0200] "GET /images/back.jpg HTTP/1.1" 404 289 "http://neo.dmcs.pl/podyplomowe_smtm/" "Mozilla/5.0 (X11; U; Linux i686; pl-PL; rv:1.9.0.7) Gecko/2009030422 Ubuntu/8.10 (intrepid) Firefox/3.0.7" "-"
10.0.2.2 - - [11/Oct/2009:10:28:25 +0200] "GET /favicon.ico HTTP/1.1" 404 285 "-" "Mozilla/5.0 (X11; U; Linux i686; pl-PL; rv:1.9.0.7) Gecko/2009030422 Ubuntu/8.10 (intrepid) Firefox/3.0.7" "-"
10.0.2.2 - - [11/Oct/2009:10:28:28 +0200] "GET /favicon.ico HTTP/1.1" 404 285 "-" "Mozilla/5.0 (X11; U; Linux i686; pl-PL; rv:1.9.0.7) Gecko/2009030422 Ubuntu/8.10 (intrepid) Firefox/3.0.7" "-"
10.0.2.12 - - [11/Oct/2009:10:28:30 +0200] "GET /images/back.jpg HTTP/1.1" 404 289 "http://neo.dmcs.pl/" "Mozilla/5.0 (X11; U; Linux i686; pl-PL; rv:1.9.0.7) Gecko/2009030422 Ubuntu/8.10 (intrepid) Firefox/3.0.7" "-"
10.0.2.7 - - [11/Oct/2009:10:28:30 +0200] "GET / HTTP/1.1" 200 8370 "-" "Mozilla/5.0 (X11; U; Linux i686; pl-PL; rv:1.9.0.7) Gecko/2009030422 Ubuntu/8.10 (intrepid) Firefox/3.0.7" "-"
10.0.2.7 - - [11/Oct/2009:10:28:30 +0200] "GET /style.css HTTP/1.1" 200 2000 "http://neo.dmcs.pl/" "Mozilla/5.0 (X11; U; Linux i686; pl-PL; rv:1.9.0.7) Gecko/2009030422 Ubuntu/8.10 (intrepid) Firefox/3.0.7" "-"
10.0.2.7 - - [11/Oct/2009:10:28:30 +0200] "GET /images/back.jpg HTTP/1.1" 404 289 "http://neo.dmcs.pl/" "Mozilla/5.0 (X11; U; Linux i686; pl-PL; rv:1.9.0.7) Gecko/2009030422 Ubuntu/8.10 (intrepid) Firefox/3.0.7" "-"
10.0.2.7 - - [11/Oct/2009:10:28:31 +0200] "GET /favicon.ico HTTP/1.1" 404 285 "-" "Mozilla/5.0 (X11; U; Linux i686; pl-PL; rv:1.9.0.7) Gecko/2009030422 Ubuntu/8.10 (intrepid) Firefox/3.0.7" "-"
10.0.2.7 - - [11/Oct/2009:10:28:34 +0200] "GET /favicon.ico HTTP/1.1" 404 285 "-" "Mozilla/5.0 (X11; U; Linux i686; pl-PL; rv:1.9.0.7) Gecko/2009030422 Ubuntu/8.10 (intrepid) Firefox/3.0.7" "-"
10.0.2.12 - - [11/Oct/2009:10:28:36 +0200] "GET /images/back.jpg HTTP/1.1" 404 289 "http://neo.dmcs.pl/podyplomowe_smtm/index.html" "Mozilla/5.0 (X11; U; Linux i686; pl-PL; rv:1.9.0.7) Gecko/2009030422 Ubuntu/8.10 (intrepid) Firefox/3.0.7" "-"
10.0.2.12 - - [11/Oct/2009:10:28:39 +0200] "GET /podyplomowe_smtm/smob2 HTTP/1.1" 301 326 "http://neo.dmcs.pl/podyplomowe_smtm/index.html" "Mozilla/5.0 (X11; U; Linux i686; pl-PL; rv:1.9.0.7) Gecko/2009030422 Ubuntu/8.10 (intrepid) Firefox/3.0.7" "-"
10.0.2.12 - - [11/Oct/2009:10:28:39 +0200] "GET /podyplomowe_smtm/images/back.jpg HTTP/1.1" 404 306 "http://neo.dmcs.pl/podyplomowe_smtm/smob2/" "Mozilla/5.0 (X11; U; Linux i686; pl-PL; rv:1.9.0.7) Gecko/2009030422 Ubuntu/8.10 (intrepid) Firefox/3.0.7" "-"
10.0.2.2 - - [11/Oct/2009:10:28:41 +0200] "GET /podyplomowe_smtm/smob2 HTTP/1.1" 301 326 "http://neo.dmcs.pl/podyplomowe_smtm/" "Mozilla/5.0 (X11; U; Linux i686; pl-PL; rv:1.9.0.7) Gecko/2009030422 Ubuntu/8.10 (intrepid) Firefox/3.0.7" "-"
10.0.2.2 - - [11/Oct/2009:10:28:41 +0200] "GET /podyplomowe_smtm/smob2/ HTTP/1.1" 200 3632 "http://neo.dmcs.pl/podyplomowe_smtm/" "Mozilla/5.0 (X11; U; Linux i686; pl-PL; rv:1.9.0.7) Gecko/2009030422 Ubuntu/8.10 (intrepid) Firefox/3.0.7" "-"
10.0.2.2 - - [11/Oct/2009:10:28:41 +0200] "GET /podyplomowe_smtm/images/back.jpg HTTP/1.1" 404 306 "http://neo.dmcs.pl/podyplomowe_smtm/smob2/" "Mozilla/5.0 (X11; U; Linux i686; pl-PL; rv:1.9.0.7) Gecko/2009030422 Ubuntu/8.10 (intrepid) Firefox/3.0.7" "-"
192.168.16.92 - - [11/Oct/2009:10:28:41 +0200] "GET /~kgrabowski/laboratorium/ HTTP/1.1" 200 1218 "http://neo.dmcs.pl/~kgrabowski/" "Mozilla/5.0 (Windows; U; Windows NT 5.1; pl; rv:1.9.0.14) Gecko/2009082707 Firefox/3.0.14" "-"
89.174.83.190 - - [11/Oct/2009:10:28:41 +0200] "GET /arm/slajdy/slajdy1.pdf HTTP/1.1" 200 19699 "http://neo.dmcs.p.lodz.pl/arm/index.html" "Mozilla/5.0 (Windows; U; Windows NT 5.1; pl; rv:1.9.1.3) Gecko/20090824 Firefox/3.5.3 (.NET CLR 3.5.30729)" "-"
