83.175.151.134 - - [11/Oct/2009:09:28:29 +0200] "GET /tpp/10_Testowanie.pdf HTTP/1.0" 200 241071 "http://www.google.pl/search?hl=pl&source=hp&q=uszkodzony+ppt&lr=&aq=f&oq=" "Mozilla/4.0 (compatible; MSIE 8.0; Windows NT 5.1; Trident/4.0; .NET CLR 2.0.50727; .NET CLR 3.0.4506.2152; .NET CLR 3.5.30729)" "-"
10.0.8.6 - - [11/Oct/2009:09:28:50 +0200] "GET /~sakowicz/podyplomowe HTTP/1.1" 301 325 "-" "Mozilla/5.0 (Windows; U; Windows NT 5.1; en-US; rv:1.9.0.10) Gecko/2009042316 Firefox/3.0.10" "-"
10.0.8.6 - - [11/Oct/2009:09:28:50 +0200] "GET /~sakowicz/podyplomowe/ HTTP/1.1" 200 959 "-" "Mozilla/5.0 (Windows; U; Windows NT 5.1; en-US; rv:1.9.0.10) Gecko/2009042316 Firefox/3.0.10" "-"
10.0.8.6 - - [11/Oct/2009:09:28:50 +0200] "GET /favicon.ico HTTP/1.1" 404 285 "-" "Mozilla/5.0 (Windows; U; Windows NT 5.1; en-US; rv:1.9.0.10) Gecko/2009042316 Firefox/3.0.10" "-"
10.0.8.6 - - [11/Oct/2009:09:28:53 +0200] "GET /favicon.ico HTTP/1.1" 404 285 "-" "Mozilla/5.0 (Windows; U; Windows NT 5.1; en-US; rv:1.9.0.10) Gecko/2009042316 Firefox/3.0.10" "-"
10.0.8.6 - - [11/Oct/2009:09:29:28 +0200] "GET /~sakowicz/podyplomowe/pokl_www_cwiczenie_1_czcionki_i_listy.doc HTTP/1.1" 200 120320 "http://lux.dmcs.pl/~sakowicz/podyplomowe/" "Mozilla/5.0 (Windows; U; Windows NT 5.1; en-US; rv:1.9.0.10) Gecko/2009042316 Firefox/3.0.10" "-"
10.0.8.5 - - [11/Oct/2009:09:29:34 +0200] "GET /~sakowicz/podyplomowe/ HTTP/1.1" 200 959 "-" "Mozilla/4.0 (compatible; MSIE 6.0; Windows NT 5.1; SV1; .NET CLR 1.1.4322)" "-"
10.0.8.5 - - [11/Oct/2009:09:29:37 +0200] "PROPFIND /%7Esakowicz HTTP/1.1" 301 313 "-" "Microsoft-WebDAV-MiniRedir/5.1.2600" "-"
10.0.8.5 - - [11/Oct/2009:09:29:37 +0200] "PROPFIND /~sakowicz/ HTTP/1.1" 404 284 "-" "Microsoft-WebDAV-MiniRedir/5.1.2600" "-"
10.0.8.5 - - [11/Oct/2009:09:29:37 +0200] "PROPFIND /%7Esakowicz HTTP/1.1" 301 313 "-" "Microsoft-WebDAV-MiniRedir/5.1.2600" "-"
10.0.8.5 - - [11/Oct/2009:09:29:37 +0200] "PROPFIND /~sakowicz/ HTTP/1.1" 404 284 "-" "Microsoft-WebDAV-MiniRedir/5.1.2600" "-"
10.0.8.5 - - [11/Oct/2009:09:29:37 +0200] "OPTIONS / HTTP/1.1" 200 - "-" "Microsoft-WebDAV-MiniRedir/5.1.2600" "-"
10.0.8.5 - - [11/Oct/2009:09:29:37 +0200] "PROPFIND /%7Esakowicz HTTP/1.1" 301 313 "-" "Microsoft-WebDAV-MiniRedir/5.1.2600" "-"
10.0.8.5 - - [11/Oct/2009:09:29:37 +0200] "PROPFIND /~sakowicz/ HTTP/1.1" 404 284 "-" "Microsoft-WebDAV-MiniRedir/5.1.2600" "-"
10.0.8.13 - - [11/Oct/2009:09:30:32 +0200] "GET /~sakowicz/podyplomowe/ HTTP/1.1" 200 959 "-" "Mozilla/5.0 (Windows; U; Windows NT 5.1; en-US; rv:1.9.0.10) Gecko/2009042316 Firefox/3.0.10" "-"
65.55.106.157 - - [11/Oct/2009:09:30:45 +0200] "GET /~swroble/tk_wyklady_02.pdf HTTP/1.1" 304 - "-" "msnbot/2.0b (+http://search.msn.com/msnbot.htm)" "-"
10.0.8.13 - - [11/Oct/2009:09:31:14 +0200] "GET /~sakowicz/podyplomowe/pokl_www_wymagania_projektowe.doc HTTP/1.1" 200 121856 "http://lux.dmcs.pl/~sakowicz/podyplomowe/" "Mozilla/5.0 (Windows; U; Windows NT 5.1; en-US; rv:1.9.0.10) Gecko/2009042316 Firefox/3.0.10" "-"
10.0.8.20 - - [11/Oct/2009:09:31:18 +0200] "PROPFIND /idn-16 HTTP/1.1" 404 272 "-" "Microsoft-WebDAV-MiniRedir/5.1.2600" "-"
10.0.8.20 - - [11/Oct/2009:09:31:21 +0200] "OPTIONS / HTTP/1.1" 200 - "-" "Microsoft-WebDAV-MiniRedir/5.1.2600" "-"
10.0.8.20 - - [11/Oct/2009:09:31:21 +0200] "PROPFIND /idn-16 HTTP/1.1" 404 272 "-" "Microsoft-WebDAV-MiniRedir/5.1.2600" "-"
10.0.8.15 - - [11/Oct/2009:09:31:32 +0200] "GET /~sakowicz/podyplomowe HTTP/1.1" 301 325 "-" "Mozilla/4.0 (compatible; MSIE 7.0; Windows NT 5.1; .NET CLR 1.1.4322)" "-"
10.0.8.15 - - [11/Oct/2009:09:31:32 +0200] "GET /~sakowicz/podyplomowe/ HTTP/1.1" 200 959 "-" "Mozilla/4.0 (compatible; MSIE 7.0; Windows NT 5.1; .NET CLR 1.1.4322)" "-"
10.0.8.13 - - [11/Oct/2009:09:32:06 +0200] "GET /~sakowicz/podyplomowe/pokl_www_cwiczenie_4_ramki.doc HTTP/1.1" 200 122880 "http://lux.dmcs.pl/~sakowicz/podyplomowe/" "Mozilla/5.0 (Windows; U; Windows NT 5.1; en-US; rv:1.9.0.10) Gecko/2009042316 Firefox/3.0.10" "-"
10.0.8.15 - - [11/Oct/2009:09:32:07 +0200] "GET /~sakowicz/podyplomowe/pokl_www_cwiczenie_2_linki.doc HTTP/1.1" 200 119296 "http://lux.dmcs.pl/~sakowicz/podyplomowe/" "Mozilla/4.0 (compatible; MSIE 7.0; Windows NT 5.1; .NET CLR 1.1.4322)" "-"
10.0.8.240 - - [11/Oct/2009:09:32:33 +0200] "GET /~sakowicz/podyplomowe/ HTTP/1.1" 200 959 "-" "Mozilla/4.0 (compatible; MSIE 6.0; Windows NT 5.1; .NET CLR 1.0.3705)" "-"
153.19.210.159 - - [11/Oct/2009:09:32:40 +0200] "HEAD /favicon.ico HTTP/1.1" 404 0 "-" "Mozilla/5.0 (X11; U; Linux i686; pl; rv:1.9.1.3) Gecko/20090824 Firefox/3.5.3" "-"
92.241.169.175 - - [11/Oct/2009:09:32:43 +0200] "GET /%7Espcsym/phorum/post.php?f=4 HTTP/1.0" 200 3135 "http://lux.dmcs.p.lodz.pl/%7Espcsym/phorum/post.php?f=4" "Mozilla/4.0 (compatible; MSIE 6.0; Windows NT 5.1; SV1; FunWebProducts; MRA 4.6 (build 01425); .NET CLR 1.1.4322; .NET CLR 2.0.50727)" "-"
92.241.168.99 - - [11/Oct/2009:09:32:43 +0200] "GET /%7Espcsym/phorum/post.php?f=4 HTTP/1.0" 200 3135 "http://lux.dmcs.p.lodz.pl/%7Espcsym/phorum/post.php?f=4" "Mozilla/4.0 (compatible; MSIE 6.0; Windows NT 5.1; Q312461)" "-"
92.241.169.175 - - [11/Oct/2009:09:32:46 +0200] "POST /%7Espcsym/phorum/post.php HTTP/1.0" 200 9243 "http://lux.dmcs.p.lodz.pl/%7Espcsym/phorum/post.php?f=4" "Mozilla/4.0 (compatible; MSIE 6.0; Windows NT 5.1; SV1; FunWebProducts; MRA 4.6 (build 01425); .NET CLR 1.1.4322; .NET CLR 2.0.50727)" "-"
92.241.168.99 - - [11/Oct/2009:09:32:46 +0200] "POST /%7Espcsym/phorum/post.php HTTP/1.0" 200 9054 "http://lux.dmcs.p.lodz.pl/%7Espcsym/phorum/post.php?f=4" "Mozilla/4.0 (compatible; MSIE 6.0; Windows NT 5.1; Q312461)" "-"
66.249.65.212 - - [11/Oct/2009:09:32:51 +0200] "GET /tk/UNIXhelp1.3/Pages/concepts/sysvbsd.html HTTP/1.1" 200 1362 "-" "Mozilla/5.0 (compatible; Googlebot/2.1; +http://www.google.com/bot.html)" "-"
10.0.8.15 - - [11/Oct/2009:09:32:58 +0200] "PROPFIND /%7Esakowicz HTTP/1.1" 301 313 "-" "Microsoft-WebDAV-MiniRedir/5.1.2600" "-"
10.0.8.15 - - [11/Oct/2009:09:32:58 +0200] "PROPFIND /~sakowicz/ HTTP/1.1" 404 284 "-" "Microsoft-WebDAV-MiniRedir/5.1.2600" "-"
10.0.8.15 - - [11/Oct/2009:09:32:58 +0200] "PROPFIND /%7Esakowicz HTTP/1.1" 301 313 "-" "Microsoft-WebDAV-MiniRedir/5.1.2600" "-"
10.0.8.15 - - [11/Oct/2009:09:32:58 +0200] "PROPFIND /~sakowicz/ HTTP/1.1" 404 284 "-" "Microsoft-WebDAV-MiniRedir/5.1.2600" "-"
10.0.8.15 - - [11/Oct/2009:09:32:58 +0200] "OPTIONS / HTTP/1.1" 200 - "-" "Microsoft-WebDAV-MiniRedir/5.1.2600" "-"
10.0.8.15 - - [11/Oct/2009:09:32:58 +0200] "PROPFIND /%7Esakowicz HTTP/1.1" 301 313 "-" "Microsoft-WebDAV-MiniRedir/5.1.2600" "-"
10.0.8.15 - - [11/Oct/2009:09:32:58 +0200] "PROPFIND /~sakowicz/ HTTP/1.1" 404 284 "-" "Microsoft-WebDAV-MiniRedir/5.1.2600" "-"
10.0.8.2 - - [11/Oct/2009:09:33:08 +0200] "GET /~sakowicz/podyplomowe/ HTTP/1.1" 200 959 "-" "Mozilla/5.0 (Windows; U; Windows NT 5.1; en-US; rv:1.9.0.10) Gecko/2009042316 Firefox/3.0.10" "-"
10.0.8.13 - - [11/Oct/2009:09:33:09 +0200] "GET /~sakowicz/podyplomowe/pokl_www_cwiczenie_2_linki.doc HTTP/1.1" 200 119296 "http://lux.dmcs.pl/~sakowicz/podyplomowe/" "Mozilla/5.0 (Windows; U; Windows NT 5.1; en-US; rv:1.9.0.10) Gecko/2009042316 Firefox/3.0.10" "-"
10.0.8.240 - - [11/Oct/2009:09:33:19 +0200] "GET /~sakowicz/podyplomowe/ HTTP/1.1" 304 - "-" "Mozilla/4.0 (compatible; MSIE 6.0; Windows NT 5.1; .NET CLR 1.0.3705)" "-"
10.0.8.240 - - [11/Oct/2009:09:33:20 +0200] "GET /~sakowicz/podyplomowe/ HTTP/1.1" 304 - "-" "Mozilla/4.0 (compatible; MSIE 6.0; Windows NT 5.1; .NET CLR 1.0.3705)" "-"
10.0.8.240 - - [11/Oct/2009:09:33:22 +0200] "GET /~sakowicz/podyplomowe/ HTTP/1.1" 304 - "-" "Mozilla/4.0 (compatible; MSIE 6.0; Windows NT 5.1; .NET CLR 1.0.3705)" "-"
10.0.8.15 - - [11/Oct/2009:09:33:24 +0200] "GET /~sakowicz/podyplomowe/pokl_www_cwiczenie_1_czcionki_i_listy.doc HTTP/1.1" 304 - "http://lux.dmcs.pl/~sakowicz/podyplomowe/" "Mozilla/4.0 (compatible; MSIE 7.0; Windows NT 5.1; .NET CLR 1.1.4322)" "-"
10.0.8.6 - - [11/Oct/2009:09:33:36 +0200] "GET /~sakowicz/podyplomowe/pokl_www_cwiczenie_1_czcionki_i_listy.doc HTTP/1.1" 200 120320 "http://lux.dmcs.pl/~sakowicz/podyplomowe/" "Mozilla/5.0 (Windows; U; Windows NT 5.1; en-US; rv:1.9.0.10) Gecko/2009042316 Firefox/3.0.10" "-"
66.249.65.212 - - [11/Oct/2009:09:33:43 +0200] "GET /sk2/sk2_wyklad_02_wstep.pdf HTTP/1.1" 304 - "-" "Mozilla/5.0 (compatible; Googlebot/2.1; +http://www.google.com/bot.html)" "-"
10.0.8.15 - - [11/Oct/2009:09:33:44 +0200] "PROPFIND /%7Esakowicz HTTP/1.1" 301 313 "-" "Microsoft-WebDAV-MiniRedir/5.1.2600" "-"
10.0.8.15 - - [11/Oct/2009:09:33:44 +0200] "PROPFIND /~sakowicz/ HTTP/1.1" 404 284 "-" "Microsoft-WebDAV-MiniRedir/5.1.2600" "-"
10.0.8.15 - - [11/Oct/2009:09:33:44 +0200] "PROPFIND /%7Esakowicz HTTP/1.1" 301 313 "-" "Microsoft-WebDAV-MiniRedir/5.1.2600" "-"
10.0.8.15 - - [11/Oct/2009:09:33:44 +0200] "PROPFIND /~sakowicz/ HTTP/1.1" 404 284 "-" "Microsoft-WebDAV-MiniRedir/5.1.2600" "-"
10.0.8.5 - - [11/Oct/2009:09:33:59 +0200] "GET /~sakowicz/podyplomowe/pokl_www_wymagania_projektowe.doc HTTP/1.1" 200 121856 "http://lux.dmcs.pl/~sakowicz/podyplomowe/" "Mozilla/4.0 (compatible; MSIE 6.0; Windows NT 5.1; SV1; .NET CLR 1.1.4322)" "-"
92.151.141.155 - - [11/Oct/2009:09:34:07 +0200] "GET /inf5/06_07/4/indeks.html HTTP/1.1" 200 2910 "http://www.google.fr/imgres?imgurl=http://neo.dmcs.p.lodz.pl/inf5/06_07/4/sayuri.jpg&imgrefurl=http://neo.dmcs.p.lodz.pl/inf5/06_07/4/indeks.html&h=457&w=296&sz=123&tbnid=TZVb8nW5dZMXTM:&tbnh=128&tbnw=83&prev=/images%3Fq%3Dgeisha%2Bsayuri&hl=fr&usg=__OHq-klcTkLEyV06U9V-BqLnvnj4=&ei=aYrRSuX4A9Ct4QaNgZ2hAw&sa=X&oi=image_result&resnum=1&ct=image&ved=0CAkQ9QEwAA" "Mozilla/4.0 (compatible; MSIE 7.0; Windows NT 6.0; Trident/4.0; GTB6; SLCC1; .NET CLR 2.0.50727; Media Center PC 5.0; eSobiSubscriber 2.0.4.16; OfficeLiveConnector.1.3; OfficeLivePatch.0.0; .NET CLR 3.5.30729; .NET CLR 3.0.30618; Orange 8.0)" "-"
92.151.141.155 - - [11/Oct/2009:09:34:07 +0200] "GET /inf5/06_07/4/2t.jpg HTTP/1.1" 200 3674 "http://neo.dmcs.p.lodz.pl/inf5/06_07/4/indeks.html" "Mozilla/4.0 (compatible; MSIE 7.0; Windows NT 6.0; Trident/4.0; GTB6; SLCC1; .NET CLR 2.0.50727; Media Center PC 5.0; eSobiSubscriber 2.0.4.16; OfficeLiveConnector.1.3; OfficeLivePatch.0.0; .NET CLR 3.5.30729; .NET CLR 3.0.30618; Orange 8.0)" "-"
92.151.141.155 - - [11/Oct/2009:09:34:08 +0200] "GET /inf5/06_07/4/geisha.jpg HTTP/1.1" 200 1552 "http://neo.dmcs.p.lodz.pl/inf5/06_07/4/indeks.html" "Mozilla/4.0 (compatible; MSIE 7.0; Windows NT 6.0; Trident/4.0; GTB6; SLCC1; .NET CLR 2.0.50727; Media Center PC 5.0; eSobiSubscriber 2.0.4.16; OfficeLiveConnector.1.3; OfficeLivePatch.0.0; .NET CLR 3.5.30729; .NET CLR 3.0.30618; Orange 8.0)" "-"
92.151.141.155 - - [11/Oct/2009:09:34:08 +0200] "GET /inf5/06_07/4/obi.jpg HTTP/1.1" 200 1056 "http://neo.dmcs.p.lodz.pl/inf5/06_07/4/indeks.html" "Mozilla/4.0 (compatible; MSIE 7.0; Windows NT 6.0; Trident/4.0; GTB6; SLCC1; .NET CLR 2.0.50727; Media Center PC 5.0; eSobiSubscriber 2.0.4.16; OfficeLiveConnector.1.3; OfficeLivePatch.0.0; .NET CLR 3.5.30729; .NET CLR 3.0.30618; Orange 8.0)" "-"
92.151.141.155 - - [11/Oct/2009:09:34:08 +0200] "GET /inf5/06_07/4/chaussures.jpg HTTP/1.1" 200 2209 "http://neo.dmcs.p.lodz.pl/inf5/06_07/4/indeks.html" "Mozilla/4.0 (compatible; MSIE 7.0; Windows NT 6.0; Trident/4.0; GTB6; SLCC1; .NET CLR 2.0.50727; Media Center PC 5.0; eSobiSubscriber 2.0.4.16; OfficeLiveConnector.1.3; OfficeLivePatch.0.0; .NET CLR 3.5.30729; .NET CLR 3.0.30618; Orange 8.0)" "-"
92.151.141.155 - - [11/Oct/2009:09:34:08 +0200] "GET /inf5/06_07/4/index.jpg HTTP/1.1" 200 1588 "http://neo.dmcs.p.lodz.pl/inf5/06_07/4/indeks.html" "Mozilla/4.0 (compatible; MSIE 7.0; Windows NT 6.0; Trident/4.0; GTB6; SLCC1; .NET CLR 2.0.50727; Media Center PC 5.0; eSobiSubscriber 2.0.4.16; OfficeLiveConnector.1.3; OfficeLivePatch.0.0; .NET CLR 3.5.30729; .NET CLR 3.0.30618; Orange 8.0)" "-"
92.151.141.155 - - [11/Oct/2009:09:34:08 +0200] "GET /inf5/06_07/4/accessoires.jpg HTTP/1.1" 200 2302 "http://neo.dmcs.p.lodz.pl/inf5/06_07/4/indeks.html" "Mozilla/4.0 (compatible; MSIE 7.0; Windows NT 6.0; Trident/4.0; GTB6; SLCC1; .NET CLR 2.0.50727; Media Center PC 5.0; eSobiSubscriber 2.0.4.16; OfficeLiveConnector.1.3; OfficeLivePatch.0.0; .NET CLR 3.5.30729; .NET CLR 3.0.30618; Orange 8.0)" "-"
92.151.141.155 - - [11/Oct/2009:09:34:08 +0200] "GET /inf5/06_07/4/role.jpg HTTP/1.1" 200 1254 "http://neo.dmcs.p.lodz.pl/inf5/06_07/4/indeks.html" "Mozilla/4.0 (compatible; MSIE 7.0; Windows NT 6.0; Trident/4.0; GTB6; SLCC1; .NET CLR 2.0.50727; Media Center PC 5.0; eSobiSubscriber 2.0.4.16; OfficeLiveConnector.1.3; OfficeLivePatch.0.0; .NET CLR 3.5.30729; .NET CLR 3.0.30618; Orange 8.0)" "-"
92.151.141.155 - - [11/Oct/2009:09:34:08 +0200] "GET /inf5/06_07/4/maquillage.jpg HTTP/1.1" 200 2238 "http://neo.dmcs.p.lodz.pl/inf5/06_07/4/indeks.html" "Mozilla/4.0 (compatible; MSIE 7.0; Windows NT 6.0; Trident/4.0; GTB6; SLCC1; .NET CLR 2.0.50727; Media Center PC 5.0; eSobiSubscriber 2.0.4.16; OfficeLiveConnector.1.3; OfficeLivePatch.0.0; .NET CLR 3.5.30729; .NET CLR 3.0.30618; Orange 8.0)" "-"
92.151.141.155 - - [11/Oct/2009:09:34:08 +0200] "GET /inf5/06_07/4/danse.jpg HTTP/1.1" 200 1437 "http://neo.dmcs.p.lodz.pl/inf5/06_07/4/indeks.html" "Mozilla/4.0 (compatible; MSIE 7.0; Windows NT 6.0; Trident/4.0; GTB6; SLCC1; .NET CLR 2.0.50727; Media Center PC 5.0; eSobiSubscriber 2.0.4.16; OfficeLiveConnector.1.3; OfficeLivePatch.0.0; .NET CLR 3.5.30729; .NET CLR 3.0.30618; Orange 8.0)" "-"
92.151.141.155 - - [11/Oct/2009:09:34:08 +0200] "GET /inf5/06_07/4/musique.jpg HTTP/1.1" 200 1786 "http://neo.dmcs.p.lodz.pl/inf5/06_07/4/indeks.html" "Mozilla/4.0 (compatible; MSIE 7.0; Windows NT 6.0; Trident/4.0; GTB6; SLCC1; .NET CLR 2.0.50727; Media Center PC 5.0; eSobiSubscriber 2.0.4.16; OfficeLiveConnector.1.3; OfficeLivePatch.0.0; .NET CLR 3.5.30729; .NET CLR 3.0.30618; Orange 8.0)" "-"
92.151.141.155 - - [11/Oct/2009:09:34:08 +0200] "GET /inf5/06_07/4/grande%20soeur.jpg HTTP/1.1" 200 2540 "http://neo.dmcs.p.lodz.pl/inf5/06_07/4/indeks.html" "Mozilla/4.0 (compatible; MSIE 7.0; Windows NT 6.0; Trident/4.0; GTB6; SLCC1; .NET CLR 2.0.50727; Media Center PC 5.0; eSobiSubscriber 2.0.4.16; OfficeLiveConnector.1.3; OfficeLivePatch.0.0; .NET CLR 3.5.30729; .NET CLR 3.0.30618; Orange 8.0)" "-"
92.151.141.155 - - [11/Oct/2009:09:34:08 +0200] "GET /inf5/06_07/4/danna.jpg HTTP/1.1" 200 1432 "http://neo.dmcs.p.lodz.pl/inf5/06_07/4/indeks.html" "Mozilla/4.0 (compatible; MSIE 7.0; Windows NT 6.0; Trident/4.0; GTB6; SLCC1; .NET CLR 2.0.50727; Media Center PC 5.0; eSobiSubscriber 2.0.4.16; OfficeLiveConnector.1.3; OfficeLivePatch.0.0; .NET CLR 3.5.30729; .NET CLR 3.0.30618; Orange 8.0)" "-"
92.151.141.155 - - [11/Oct/2009:09:34:08 +0200] "GET /inf5/06_07/4/curiosites.jpg HTTP/1.1" 200 2131 "http://neo.dmcs.p.lodz.pl/inf5/06_07/4/indeks.html" "Mozilla/4.0 (compatible; MSIE 7.0; Windows NT 6.0; Trident/4.0; GTB6; SLCC1; .NET CLR 2.0.50727; Media Center PC 5.0; eSobiSubscriber 2.0.4.16; OfficeLiveConnector.1.3; OfficeLivePatch.0.0; .NET CLR 3.5.30729; .NET CLR 3.0.30618; Orange 8.0)" "-"
92.151.141.155 - - [11/Oct/2009:09:34:08 +0200] "GET /inf5/06_07/4/coiffure.jpg HTTP/1.1" 200 1822 "http://neo.dmcs.p.lodz.pl/inf5/06_07/4/indeks.html" "Mozilla/4.0 (compatible; MSIE 7.0; Windows NT 6.0; Trident/4.0; GTB6; SLCC1; .NET CLR 2.0.50727; Media Center PC 5.0; eSobiSubscriber 2.0.4.16; OfficeLiveConnector.1.3; OfficeLivePatch.0.0; .NET CLR 3.5.30729; .NET CLR 3.0.30618; Orange 8.0)" "-"
92.151.141.155 - - [11/Oct/2009:09:34:08 +0200] "GET /inf5/06_07/4/liens.jpg HTTP/1.1" 200 1269 "http://neo.dmcs.p.lodz.pl/inf5/06_07/4/indeks.html" "Mozilla/4.0 (compatible; MSIE 7.0; Windows NT 6.0; Trident/4.0; GTB6; SLCC1; .NET CLR 2.0.50727; Media Center PC 5.0; eSobiSubscriber 2.0.4.16; OfficeLiveConnector.1.3; OfficeLivePatch.0.0; .NET CLR 3.5.30729; .NET CLR 3.0.30618; Orange 8.0)" "-"
92.151.141.155 - - [11/Oct/2009:09:34:08 +0200] "GET /inf5/06_07/4/bienvenu.jpg HTTP/1.1" 200 3369 "http://neo.dmcs.p.lodz.pl/inf5/06_07/4/indeks.html" "Mozilla/4.0 (compatible; MSIE 7.0; Windows NT 6.0; Trident/4.0; GTB6; SLCC1; .NET CLR 2.0.50727; Media Center PC 5.0; eSobiSubscriber 2.0.4.16; OfficeLiveConnector.1.3; OfficeLivePatch.0.0; .NET CLR 3.5.30729; .NET CLR 3.0.30618; Orange 8.0)" "-"
92.151.141.155 - - [11/Oct/2009:09:34:08 +0200] "GET /inf5/06_07/4/panoplie.jpg HTTP/1.1" 200 1745 "http://neo.dmcs.p.lodz.pl/inf5/06_07/4/indeks.html" "Mozilla/4.0 (compatible; MSIE 7.0; Windows NT 6.0; Trident/4.0; GTB6; SLCC1; .NET CLR 2.0.50727; Media Center PC 5.0; eSobiSubscriber 2.0.4.16; OfficeLiveConnector.1.3; OfficeLivePatch.0.0; .NET CLR 3.5.30729; .NET CLR 3.0.30618; Orange 8.0)" "-"
92.151.141.155 - - [11/Oct/2009:09:34:08 +0200] "GET /inf5/06_07/4/kimono.jpg HTTP/1.1" 200 1534 "http://neo.dmcs.p.lodz.pl/inf5/06_07/4/indeks.html" "Mozilla/4.0 (compatible; MSIE 7.0; Windows NT 6.0; Trident/4.0; GTB6; SLCC1; .NET CLR 2.0.50727; Media Center PC 5.0; eSobiSubscriber 2.0.4.16; OfficeLiveConnector.1.3; OfficeLivePatch.0.0; .NET CLR 3.5.30729; .NET CLR 3.0.30618; Orange 8.0)" "-"
92.151.141.155 - - [11/Oct/2009:09:34:09 +0200] "GET /inf5/06_07/4/tapetka1.jpg HTTP/1.1" 200 64245 "http://neo.dmcs.p.lodz.pl/inf5/06_07/4/indeks.html" "Mozilla/4.0 (compatible; MSIE 7.0; Windows NT 6.0; Trident/4.0; GTB6; SLCC1; .NET CLR 2.0.50727; Media Center PC 5.0; eSobiSubscriber 2.0.4.16; OfficeLiveConnector.1.3; OfficeLivePatch.0.0; .NET CLR 3.5.30729; .NET CLR 3.0.30618; Orange 8.0)" "-"
92.151.141.155 - - [11/Oct/2009:09:34:09 +0200] "GET /inf5/06_07/4/sayuri.jpg HTTP/1.1" 200 125430 "http://neo.dmcs.p.lodz.pl/inf5/06_07/4/indeks.html" "Mozilla/4.0 (compatible; MSIE 7.0; Windows NT 6.0; Trident/4.0; GTB6; SLCC1; .NET CLR 2.0.50727; Media Center PC 5.0; eSobiSubscriber 2.0.4.16; OfficeLiveConnector.1.3; OfficeLivePatch.0.0; .NET CLR 3.5.30729; .NET CLR 3.0.30618; Orange 8.0)" "-"
10.0.8.20 - - [11/Oct/2009:09:34:10 +0200] "GET /~sakowicz/podyplomowe/ HTTP/1.1" 200 959 "-" "Mozilla/5.0 (Windows; U; Windows NT 5.1; en-US; rv:1.9.0.10) Gecko/2009042316 Firefox/3.0.10" "-"
10.0.8.6 - - [11/Oct/2009:09:34:11 +0200] "GET /~sakowicz/podyplomowe/pokl_www_cwiczenie_2_linki.doc HTTP/1.1" 200 119296 "http://lux.dmcs.pl/~sakowicz/podyplomowe/" "Mozilla/5.0 (Windows; U; Windows NT 5.1; en-US; rv:1.9.0.10) Gecko/2009042316 Firefox/3.0.10" "-"
10.0.8.20 - - [11/Oct/2009:09:34:13 +0200] "GET /favicon.ico HTTP/1.1" 404 285 "-" "Mozilla/5.0 (Windows; U; Windows NT 5.1; en-US; rv:1.9.0.10) Gecko/2009042316 Firefox/3.0.10" "-"
10.0.8.5 - - [11/Oct/2009:09:34:24 +0200] "PROPFIND /%7Esakowicz HTTP/1.1" 301 313 "-" "Microsoft-WebDAV-MiniRedir/5.1.2600" "-"
10.0.8.5 - - [11/Oct/2009:09:34:24 +0200] "PROPFIND /~sakowicz/ HTTP/1.1" 404 284 "-" "Microsoft-WebDAV-MiniRedir/5.1.2600" "-"
10.0.8.5 - - [11/Oct/2009:09:34:24 +0200] "PROPFIND /%7Esakowicz HTTP/1.1" 301 313 "-" "Microsoft-WebDAV-MiniRedir/5.1.2600" "-"
10.0.8.5 - - [11/Oct/2009:09:34:24 +0200] "PROPFIND /~sakowicz/ HTTP/1.1" 404 284 "-" "Microsoft-WebDAV-MiniRedir/5.1.2600" "-"
10.0.8.5 - - [11/Oct/2009:09:34:24 +0200] "OPTIONS / HTTP/1.1" 200 - "-" "Microsoft-WebDAV-MiniRedir/5.1.2600" "-"
10.0.8.5 - - [11/Oct/2009:09:34:24 +0200] "PROPFIND /%7Esakowicz HTTP/1.1" 301 313 "-" "Microsoft-WebDAV-MiniRedir/5.1.2600" "-"
10.0.8.5 - - [11/Oct/2009:09:34:24 +0200] "PROPFIND /~sakowicz/ HTTP/1.1" 404 284 "-" "Microsoft-WebDAV-MiniRedir/5.1.2600" "-"
10.0.8.6 - - [11/Oct/2009:09:34:24 +0200] "GET /~sakowicz/podyplomowe/pokl_www_cwiczenie_3_tabele.doc HTTP/1.1" 200 496640 "http://lux.dmcs.pl/~sakowicz/podyplomowe/" "Mozilla/5.0 (Windows; U; Windows NT 5.1; en-US; rv:1.9.0.10) Gecko/2009042316 Firefox/3.0.10" "-"
10.0.8.6 - - [11/Oct/2009:09:34:33 +0200] "GET /~sakowicz/podyplomowe/pokl_www_cwiczenie_4_ramki.doc HTTP/1.1" 200 122880 "http://lux.dmcs.pl/~sakowicz/podyplomowe/" "Mozilla/5.0 (Windows; U; Windows NT 5.1; en-US; rv:1.9.0.10) Gecko/2009042316 Firefox/3.0.10" "-"
10.0.8.5 - - [11/Oct/2009:09:34:33 +0200] "GET /~sakowicz/podyplomowe/pokl_www_cwiczenie_1_czcionki_i_listy.doc HTTP/1.1" 304 - "http://lux.dmcs.pl/~sakowicz/podyplomowe/" "Mozilla/4.0 (compatible; MSIE 6.0; Windows NT 5.1; SV1; .NET CLR 1.1.4322)" "-"
10.0.8.20 - - [11/Oct/2009:09:34:34 +0200] "GET /~sakowicz/podyplomowe/pokl_www_cwiczenie_1_czcionki_i_listy.doc HTTP/1.1" 304 - "http://lux.dmcs.pl/~sakowicz/podyplomowe/" "Mozilla/5.0 (Windows; U; Windows NT 5.1; en-US; rv:1.9.0.10) Gecko/2009042316 Firefox/3.0.10" "-"
10.0.8.6 - - [11/Oct/2009:09:34:42 +0200] "GET /~sakowicz/podyplomowe/pokl_www_cwiczenie_5_style.doc HTTP/1.1" 200 129536 "http://lux.dmcs.pl/~sakowicz/podyplomowe/" "Mozilla/5.0 (Windows; U; Windows NT 5.1; en-US; rv:1.9.0.10) Gecko/2009042316 Firefox/3.0.10" "-"
10.0.8.20 - - [11/Oct/2009:09:34:53 +0200] "GET /~sakowicz/podyplomowe/pokl_www_cwiczenie_2_linki.doc HTTP/1.1" 200 119296 "http://lux.dmcs.pl/~sakowicz/podyplomowe/" "Mozilla/5.0 (Windows; U; Windows NT 5.1; en-US; rv:1.9.0.10) Gecko/2009042316 Firefox/3.0.10" "-"
10.0.8.6 - - [11/Oct/2009:09:34:53 +0200] "GET /~sakowicz/podyplomowe/pokl_www_wymagania_projektowe.doc HTTP/1.1" 200 121856 "http://lux.dmcs.pl/~sakowicz/podyplomowe/" "Mozilla/5.0 (Windows; U; Windows NT 5.1; en-US; rv:1.9.0.10) Gecko/2009042316 Firefox/3.0.10" "-"
192.168.17.131 - - [11/Oct/2009:09:34:54 +0200] "GET /podyplomowe_smtm/smob2/kursbasha/vars.html HTTP/1.1" 200 2724 "http://neo.dmcs.pl/podyplomowe_smtm/smob2/kursbasha/main.html" "Mozilla/5.0 (X11; U; Linux i686; pl; rv:1.9) Gecko/2008052912 Firefox/3.0" "-"
10.0.8.240 - - [11/Oct/2009:09:35:11 +0200] "GET /~sakowicz/podyplomowe/pokl_www_cwiczenie_1_czcionki_i_listy.doc HTTP/1.1" 304 - "-" "Mozilla/4.0 (compatible; MSIE 6.0; Windows NT 5.1; .NET CLR 1.0.3705)" "-"
10.0.8.15 - - [11/Oct/2009:09:35:13 +0200] "PROPFIND /%7Esakowicz HTTP/1.1" 301 313 "-" "Microsoft-WebDAV-MiniRedir/5.1.2600" "-"
10.0.8.15 - - [11/Oct/2009:09:35:13 +0200] "PROPFIND /~sakowicz/ HTTP/1.1" 404 284 "-" "Microsoft-WebDAV-MiniRedir/5.1.2600" "-"
10.0.8.15 - - [11/Oct/2009:09:35:13 +0200] "PROPFIND /%7Esakowicz HTTP/1.1" 301 313 "-" "Microsoft-WebDAV-MiniRedir/5.1.2600" "-"
10.0.8.15 - - [11/Oct/2009:09:35:13 +0200] "PROPFIND /~sakowicz/ HTTP/1.1" 404 284 "-" "Microsoft-WebDAV-MiniRedir/5.1.2600" "-"
10.0.8.15 - - [11/Oct/2009:09:35:13 +0200] "OPTIONS / HTTP/1.1" 200 - "-" "Microsoft-WebDAV-MiniRedir/5.1.2600" "-"
10.0.8.15 - - [11/Oct/2009:09:35:13 +0200] "PROPFIND /%7Esakowicz HTTP/1.1" 301 313 "-" "Microsoft-WebDAV-MiniRedir/5.1.2600" "-"
10.0.8.15 - - [11/Oct/2009:09:35:13 +0200] "PROPFIND /~sakowicz/ HTTP/1.1" 404 284 "-" "Microsoft-WebDAV-MiniRedir/5.1.2600" "-"
10.0.8.20 - - [11/Oct/2009:09:35:34 +0200] "GET /~sakowicz/podyplomowe/pokl_www_cwiczenie_3_tabele.doc HTTP/1.1" 200 496640 "http://lux.dmcs.pl/~sakowicz/podyplomowe/" "Mozilla/5.0 (Windows; U; Windows NT 5.1; en-US; rv:1.9.0.10) Gecko/2009042316 Firefox/3.0.10" "-"
10.0.8.240 - - [11/Oct/2009:09:35:40 +0200] "PROPFIND /%7Esakowicz HTTP/1.1" 301 313 "-" "Microsoft-WebDAV-MiniRedir/5.1.2600" "-"
10.0.8.240 - - [11/Oct/2009:09:35:40 +0200] "PROPFIND /~sakowicz/ HTTP/1.1" 404 284 "-" "Microsoft-WebDAV-MiniRedir/5.1.2600" "-"
10.0.8.240 - - [11/Oct/2009:09:35:40 +0200] "PROPFIND /%7Esakowicz HTTP/1.1" 301 313 "-" "Microsoft-WebDAV-MiniRedir/5.1.2600" "-"
10.0.8.240 - - [11/Oct/2009:09:35:40 +0200] "PROPFIND /~sakowicz/ HTTP/1.1" 404 284 "-" "Microsoft-WebDAV-MiniRedir/5.1.2600" "-"
10.0.8.240 - - [11/Oct/2009:09:35:40 +0200] "OPTIONS / HTTP/1.1" 200 - "-" "Microsoft-WebDAV-MiniRedir/5.1.2600" "-"
10.0.8.240 - - [11/Oct/2009:09:35:40 +0200] "PROPFIND /%7Esakowicz HTTP/1.1" 301 313 "-" "Microsoft-WebDAV-MiniRedir/5.1.2600" "-"
10.0.8.240 - - [11/Oct/2009:09:35:40 +0200] "PROPFIND /~sakowicz/ HTTP/1.1" 404 284 "-" "Microsoft-WebDAV-MiniRedir/5.1.2600" "-"
10.0.8.20 - - [11/Oct/2009:09:35:49 +0200] "GET /~sakowicz/podyplomowe/pokl_www_cwiczenie_4_ramki.doc HTTP/1.1" 200 122880 "http://lux.dmcs.pl/~sakowicz/podyplomowe/" "Mozilla/5.0 (Windows; U; Windows NT 5.1; en-US; rv:1.9.0.10) Gecko/2009042316 Firefox/3.0.10" "-"
10.0.8.20 - - [11/Oct/2009:09:36:04 +0200] "GET /~sakowicz/podyplomowe/pokl_www_cwiczenie_5_style.doc HTTP/1.1" 200 129536 "http://lux.dmcs.pl/~sakowicz/podyplomowe/" "Mozilla/5.0 (Windows; U; Windows NT 5.1; en-US; rv:1.9.0.10) Gecko/2009042316 Firefox/3.0.10" "-"
10.0.8.20 - - [11/Oct/2009:09:36:14 +0200] "GET /~sakowicz/podyplomowe/pokl_www_wymagania_projektowe.doc HTTP/1.1" 200 121856 "http://lux.dmcs.pl/~sakowicz/podyplomowe/" "Mozilla/5.0 (Windows; U; Windows NT 5.1; en-US; rv:1.9.0.10) Gecko/2009042316 Firefox/3.0.10" "-"
10.0.8.240 - - [11/Oct/2009:09:36:19 +0200] "PROPFIND /%7Esakowicz HTTP/1.1" 301 313 "-" "Microsoft-WebDAV-MiniRedir/5.1.2600" "-"
10.0.8.240 - - [11/Oct/2009:09:36:19 +0200] "PROPFIND /~sakowicz/ HTTP/1.1" 404 284 "-" "Microsoft-WebDAV-MiniRedir/5.1.2600" "-"
10.0.8.240 - - [11/Oct/2009:09:36:19 +0200] "PROPFIND /%7Esakowicz HTTP/1.1" 301 313 "-" "Microsoft-WebDAV-MiniRedir/5.1.2600" "-"
10.0.8.240 - - [11/Oct/2009:09:36:19 +0200] "PROPFIND /~sakowicz/ HTTP/1.1" 404 284 "-" "Microsoft-WebDAV-MiniRedir/5.1.2600" "-"
83.14.192.115 - - [11/Oct/2009:09:36:50 +0200] "GET /pps/..%5Cback.gif HTTP/1.1" 404 296 "http://lux.dmcs.p.lodz.pl/pps/index.html" "Mozilla/5.0 (X11; U; Linux i686; pl-PL; rv:1.9.0.14) Gecko/2009090216 Ubuntu/9.04 (jaunty) Firefox/3.0.14" "-"
83.14.192.115 - - [11/Oct/2009:09:36:53 +0200] "GET /favicon.ico HTTP/1.1" 404 292 "-" "Mozilla/5.0 (X11; U; Linux i686; pl-PL; rv:1.9.0.14) Gecko/2009090216 Ubuntu/9.04 (jaunty) Firefox/3.0.14" "-"
10.0.8.240 - - [11/Oct/2009:09:36:55 +0200] "GET /~sakowicz/podyplomowe/pokl_www_cwiczenie_1_czcionki_i_listy.doc HTTP/1.1" 304 - "-" "Mozilla/4.0 (compatible; MSIE 6.0; Windows NT 5.1; .NET CLR 1.0.3705)" "-"
91.210.51.12 - - [11/Oct/2009:09:37:07 +0200] "GET /rso/dcom13.pdf HTTP/1.1" 200 185723 "http://www.google.pl/search?hl=pl&lr=&safe=active&as_qdr=all&ei=CIvRStXXAqCYmAOMx6GJAw&sa=X&oi=spell&resnum=0&ct=result&cd=1&ved=0CAUQBSgA&q=politechnika+%22ala+ma+kota%22+-warszawa&spell=1" "Mozilla/4.0 (compatible; MSIE 6.0; Windows NT 5.0)" "-"
10.0.8.13 - - [11/Oct/2009:09:37:08 +0200] "GET /~sakowicz/podyplomowe/ HTTP/1.1" 304 - "-" "Mozilla/5.0 (Windows; U; Windows NT 5.1; en-US; rv:1.9.0.10) Gecko/2009042316 Firefox/3.0.10" "-"
10.0.8.4 - - [11/Oct/2009:09:37:19 +0200] "PROPFIND /idn-4 HTTP/1.1" 404 271 "-" "Microsoft-WebDAV-MiniRedir/5.1.2600" "-"
10.0.8.20 - - [11/Oct/2009:09:37:34 +0200] "PROPFIND /idn-16 HTTP/1.1" 404 272 "-" "Microsoft-WebDAV-MiniRedir/5.1.2600" "-"
10.0.8.20 - - [11/Oct/2009:09:37:35 +0200] "PROPFIND /idn-16 HTTP/1.1" 404 272 "-" "Microsoft-WebDAV-MiniRedir/5.1.2600" "-"
10.0.8.20 - - [11/Oct/2009:09:37:35 +0200] "PROPFIND /idn-16 HTTP/1.1" 404 272 "-" "Microsoft-WebDAV-MiniRedir/5.1.2600" "-"
10.0.8.20 - - [11/Oct/2009:09:37:36 +0200] "PROPFIND /idn-16 HTTP/1.1" 404 272 "-" "Microsoft-WebDAV-MiniRedir/5.1.2600" "-"
10.0.8.4 - - [11/Oct/2009:09:37:37 +0200] "OPTIONS / HTTP/1.1" 200 - "-" "Microsoft-WebDAV-MiniRedir/5.1.2600" "-"
10.0.8.4 - - [11/Oct/2009:09:37:37 +0200] "PROPFIND /idn-4 HTTP/1.1" 404 271 "-" "Microsoft-WebDAV-MiniRedir/5.1.2600" "-"
66.249.65.212 - - [11/Oct/2009:09:37:47 +0200] "GET /pvlsi/html/lab1.htm HTTP/1.1" 200 43531 "-" "Mozilla/5.0 (compatible; Googlebot/2.1; +http://www.google.com/bot.html)" "-"
192.168.17.131 - - [11/Oct/2009:09:40:06 +0200] "GET /podyplomowe_smtm/smob2/kursbasha/vart.html HTTP/1.1" 200 5266 "http://neo.dmcs.pl/podyplomowe_smtm/smob2/kursbasha/main.html" "Mozilla/5.0 (X11; U; Linux i686; pl; rv:1.9) Gecko/2008052912 Firefox/3.0" "-"
66.249.65.212 - - [11/Oct/2009:09:40:57 +0200] "GET /tk/UNIXhelp1.3/Pages/scrpt/scrpt1.2.html HTTP/1.1" 200 1766 "-" "Mozilla/5.0 (compatible; Googlebot/2.1; +http://www.google.com/bot.html)" "-"
192.168.17.131 - - [11/Oct/2009:09:40:57 +0200] "GET /podyplomowe_smtm/smob2/kursbasha/for.html HTTP/1.1" 200 2533 "http://neo.dmcs.pl/podyplomowe_smtm/smob2/kursbasha/main.html" "Mozilla/5.0 (X11; U; Linux i686; pl; rv:1.9) Gecko/2008052912 Firefox/3.0" "-"
66.249.65.212 - - [11/Oct/2009:09:42:03 +0200] "GET /sk2/sk2_wyklad_05_rozglaszanie.pdf HTTP/1.1" 304 - "-" "Mozilla/5.0 (compatible; Googlebot/2.1; +http://www.google.com/bot.html)" "-"
10.0.8.20 - - [11/Oct/2009:09:42:22 +0200] "GET /~sakowicz/podyplomowe/pokl_www_cwiczenie_2_linki.doc HTTP/1.1" 304 - "http://lux.dmcs.pl/~sakowicz/podyplomowe/" "Mozilla/5.0 (Windows; U; Windows NT 5.1; en-US; rv:1.9.0.10) Gecko/2009042316 Firefox/3.0.10" "-"
153.19.210.159 - - [11/Oct/2009:09:42:43 +0200] "HEAD /favicon.ico HTTP/1.1" 404 0 "-" "Mozilla/5.0 (X11; U; Linux i686; pl; rv:1.9.1.3) Gecko/20090824 Firefox/3.5.3" "-"
10.0.8.240 - - [11/Oct/2009:09:42:44 +0200] "PROPFIND /%7Esakowicz HTTP/1.1" 301 313 "-" "Microsoft-WebDAV-MiniRedir/5.1.2600" "-"
10.0.8.240 - - [11/Oct/2009:09:42:44 +0200] "PROPFIND /~sakowicz/ HTTP/1.1" 404 284 "-" "Microsoft-WebDAV-MiniRedir/5.1.2600" "-"
10.0.8.240 - - [11/Oct/2009:09:42:44 +0200] "PROPFIND /%7Esakowicz HTTP/1.1" 301 313 "-" "Microsoft-WebDAV-MiniRedir/5.1.2600" "-"
10.0.8.240 - - [11/Oct/2009:09:42:44 +0200] "PROPFIND /~sakowicz/ HTTP/1.1" 404 284 "-" "Microsoft-WebDAV-MiniRedir/5.1.2600" "-"
10.0.8.240 - - [11/Oct/2009:09:42:44 +0200] "OPTIONS / HTTP/1.1" 200 - "-" "Microsoft-WebDAV-MiniRedir/5.1.2600" "-"
10.0.8.240 - - [11/Oct/2009:09:42:44 +0200] "PROPFIND /%7Esakowicz HTTP/1.1" 301 313 "-" "Microsoft-WebDAV-MiniRedir/5.1.2600" "-"
10.0.8.240 - - [11/Oct/2009:09:42:44 +0200] "PROPFIND /~sakowicz/ HTTP/1.1" 404 284 "-" "Microsoft-WebDAV-MiniRedir/5.1.2600" "-"
10.0.8.20 - - [11/Oct/2009:09:42:50 +0200] "GET /~sakowicz/podyplomowe/pokl_www_cwiczenie_3_tabele.doc HTTP/1.1" 304 - "http://lux.dmcs.pl/~sakowicz/podyplomowe/" "Mozilla/5.0 (Windows; U; Windows NT 5.1; en-US; rv:1.9.0.10) Gecko/2009042316 Firefox/3.0.10" "-"
10.0.8.20 - - [11/Oct/2009:09:43:12 +0200] "GET /~sakowicz/podyplomowe/pokl_www_cwiczenie_4_ramki.doc HTTP/1.1" 304 - "http://lux.dmcs.pl/~sakowicz/podyplomowe/" "Mozilla/5.0 (Windows; U; Windows NT 5.1; en-US; rv:1.9.0.10) Gecko/2009042316 Firefox/3.0.10" "-"
10.0.8.240 - - [11/Oct/2009:09:43:24 +0200] "GET /~sakowicz/podyplomowe/pokl_www_cwiczenie_1_czcionki_i_listy.doc HTTP/1.1" 304 - "http://lux.dmcs.pl/~sakowicz/podyplomowe/" "Mozilla/4.0 (compatible; MSIE 6.0; Windows NT 5.1; .NET CLR 1.0.3705)" "-"
10.0.8.20 - - [11/Oct/2009:09:43:43 +0200] "GET /~sakowicz/podyplomowe/pokl_www_cwiczenie_5_style.doc HTTP/1.1" 304 - "http://lux.dmcs.pl/~sakowicz/podyplomowe/" "Mozilla/5.0 (Windows; U; Windows NT 5.1; en-US; rv:1.9.0.10) Gecko/2009042316 Firefox/3.0.10" "-"
83.3.250.195 - - [11/Oct/2009:09:43:48 +0200] "GET /~spcsym/html/PSPICE_opis_files/image001.gif HTTP/1.1" 200 2851 "http://neo.dmcs.p.lodz.pl/~spcsym/html/PSPICE_opis.html" "Mozilla/4.0 (compatible; MSIE 8.0; Windows NT 5.1; Trident/4.0; .NET CLR 1.1.4322; .NET CLR 2.0.50727; .NET CLR 3.0.4506.2152; .NET CLR 3.5.30729)" "-"
83.3.250.195 - - [11/Oct/2009:09:43:48 +0200] "GET /~spcsym/html/PSPICE_opis.html HTTP/1.1" 200 93896 "-" "Mozilla/4.0 (compatible; MSIE 8.0; Windows NT 5.1; Trident/4.0; .NET CLR 1.1.4322; .NET CLR 2.0.50727; .NET CLR 3.0.4506.2152; .NET CLR 3.5.30729)" "-"
83.3.250.195 - - [11/Oct/2009:09:43:48 +0200] "GET /~spcsym/html/PSPICE_opis_files/image002.gif HTTP/1.1" 200 520 "http://neo.dmcs.p.lodz.pl/~spcsym/html/PSPICE_opis.html" "Mozilla/4.0 (compatible; MSIE 8.0; Windows NT 5.1; Trident/4.0; .NET CLR 1.1.4322; .NET CLR 2.0.50727; .NET CLR 3.0.4506.2152; .NET CLR 3.5.30729)" "-"
83.3.250.195 - - [11/Oct/2009:09:43:48 +0200] "GET /~spcsym/html/PSPICE_opis_files/image003.gif HTTP/1.1" 200 447 "http://neo.dmcs.p.lodz.pl/~spcsym/html/PSPICE_opis.html" "Mozilla/4.0 (compatible; MSIE 8.0; Windows NT 5.1; Trident/4.0; .NET CLR 1.1.4322; .NET CLR 2.0.50727; .NET CLR 3.0.4506.2152; .NET CLR 3.5.30729)" "-"
83.3.250.195 - - [11/Oct/2009:09:43:48 +0200] "GET /~spcsym/html/PSPICE_opis_files/image004.gif HTTP/1.1" 200 435 "http://neo.dmcs.p.lodz.pl/~spcsym/html/PSPICE_opis.html" "Mozilla/4.0 (compatible; MSIE 8.0; Windows NT 5.1; Trident/4.0; .NET CLR 1.1.4322; .NET CLR 2.0.50727; .NET CLR 3.0.4506.2152; .NET CLR 3.5.30729)" "-"
83.3.250.195 - - [11/Oct/2009:09:43:48 +0200] "GET /~spcsym/html/PSPICE_opis_files/image006.gif HTTP/1.1" 200 512 "http://neo.dmcs.p.lodz.pl/~spcsym/html/PSPICE_opis.html" "Mozilla/4.0 (compatible; MSIE 8.0; Windows NT 5.1; Trident/4.0; .NET CLR 1.1.4322; .NET CLR 2.0.50727; .NET CLR 3.0.4506.2152; .NET CLR 3.5.30729)" "-"
83.3.250.195 - - [11/Oct/2009:09:43:48 +0200] "GET /~spcsym/html/PSPICE_opis_files/image005.gif HTTP/1.1" 200 620 "http://neo.dmcs.p.lodz.pl/~spcsym/html/PSPICE_opis.html" "Mozilla/4.0 (compatible; MSIE 8.0; Windows NT 5.1; Trident/4.0; .NET CLR 1.1.4322; .NET CLR 2.0.50727; .NET CLR 3.0.4506.2152; .NET CLR 3.5.30729)" "-"
83.3.250.195 - - [11/Oct/2009:09:43:48 +0200] "GET /~spcsym/html/PSPICE_opis_files/image007.gif HTTP/1.1" 200 618 "http://neo.dmcs.p.lodz.pl/~spcsym/html/PSPICE_opis.html" "Mozilla/4.0 (compatible; MSIE 8.0; Windows NT 5.1; Trident/4.0; .NET CLR 1.1.4322; .NET CLR 2.0.50727; .NET CLR 3.0.4506.2152; .NET CLR 3.5.30729)" "-"
83.3.250.195 - - [11/Oct/2009:09:43:48 +0200] "GET /~spcsym/html/PSPICE_opis_files/image008.gif HTTP/1.1" 200 597 "http://neo.dmcs.p.lodz.pl/~spcsym/html/PSPICE_opis.html" "Mozilla/4.0 (compatible; MSIE 8.0; Windows NT 5.1; Trident/4.0; .NET CLR 1.1.4322; .NET CLR 2.0.50727; .NET CLR 3.0.4506.2152; .NET CLR 3.5.30729)" "-"
83.3.250.195 - - [11/Oct/2009:09:43:48 +0200] "GET /~spcsym/html/PSPICE_opis_files/image009.gif HTTP/1.1" 200 643 "http://neo.dmcs.p.lodz.pl/~spcsym/html/PSPICE_opis.html" "Mozilla/4.0 (compatible; MSIE 8.0; Windows NT 5.1; Trident/4.0; .NET CLR 1.1.4322; .NET CLR 2.0.50727; .NET CLR 3.0.4506.2152; .NET CLR 3.5.30729)" "-"
83.3.250.195 - - [11/Oct/2009:09:43:49 +0200] "GET /~spcsym/html/PSPICE_opis_files/image010.gif HTTP/1.1" 200 622 "http://neo.dmcs.p.lodz.pl/~spcsym/html/PSPICE_opis.html" "Mozilla/4.0 (compatible; MSIE 8.0; Windows NT 5.1; Trident/4.0; .NET CLR 1.1.4322; .NET CLR 2.0.50727; .NET CLR 3.0.4506.2152; .NET CLR 3.5.30729)" "-"
83.3.250.195 - - [11/Oct/2009:09:43:50 +0200] "GET /~spcsym/html/PSPICE_opis_files/image011.gif HTTP/1.1" 200 468 "http://neo.dmcs.p.lodz.pl/~spcsym/html/PSPICE_opis.html" "Mozilla/4.0 (compatible; MSIE 8.0; Windows NT 5.1; Trident/4.0; .NET CLR 1.1.4322; .NET CLR 2.0.50727; .NET CLR 3.0.4506.2152; .NET CLR 3.5.30729)" "-"
83.3.250.195 - - [11/Oct/2009:09:43:50 +0200] "GET /~spcsym/html/PSPICE_opis_files/image012.gif HTTP/1.1" 200 293 "http://neo.dmcs.p.lodz.pl/~spcsym/html/PSPICE_opis.html" "Mozilla/4.0 (compatible; MSIE 8.0; Windows NT 5.1; Trident/4.0; .NET CLR 1.1.4322; .NET CLR 2.0.50727; .NET CLR 3.0.4506.2152; .NET CLR 3.5.30729)" "-"
83.3.250.195 - - [11/Oct/2009:09:43:51 +0200] "GET /~spcsym/html/PSPICE_opis_files/image013.gif HTTP/1.1" 200 264 "http://neo.dmcs.p.lodz.pl/~spcsym/html/PSPICE_opis.html" "Mozilla/4.0 (compatible; MSIE 8.0; Windows NT 5.1; Trident/4.0; .NET CLR 1.1.4322; .NET CLR 2.0.50727; .NET CLR 3.0.4506.2152; .NET CLR 3.5.30729)" "-"
83.3.250.195 - - [11/Oct/2009:09:43:51 +0200] "GET /~spcsym/html/PSPICE_opis_files/image015.gif HTTP/1.1" 200 341 "http://neo.dmcs.p.lodz.pl/~spcsym/html/PSPICE_opis.html" "Mozilla/4.0 (compatible; MSIE 8.0; Windows NT 5.1; Trident/4.0; .NET CLR 1.1.4322; .NET CLR 2.0.50727; .NET CLR 3.0.4506.2152; .NET CLR 3.5.30729)" "-"
83.3.250.195 - - [11/Oct/2009:09:43:51 +0200] "GET /~spcsym/html/PSPICE_opis_files/image016.gif HTTP/1.1" 200 2093 "http://neo.dmcs.p.lodz.pl/~spcsym/html/PSPICE_opis.html" "Mozilla/4.0 (compatible; MSIE 8.0; Windows NT 5.1; Trident/4.0; .NET CLR 1.1.4322; .NET CLR 2.0.50727; .NET CLR 3.0.4506.2152; .NET CLR 3.5.30729)" "-"
83.3.250.195 - - [11/Oct/2009:09:43:51 +0200] "GET /~spcsym/html/PSPICE_opis_files/image014.gif HTTP/1.1" 200 334 "http://neo.dmcs.p.lodz.pl/~spcsym/html/PSPICE_opis.html" "Mozilla/4.0 (compatible; MSIE 8.0; Windows NT 5.1; Trident/4.0; .NET CLR 1.1.4322; .NET CLR 2.0.50727; .NET CLR 3.0.4506.2152; .NET CLR 3.5.30729)" "-"
83.3.250.195 - - [11/Oct/2009:09:43:52 +0200] "GET /~spcsym/html/PSPICE_opis_files/image017.gif HTTP/1.1" 200 2786 "http://neo.dmcs.p.lodz.pl/~spcsym/html/PSPICE_opis.html" "Mozilla/4.0 (compatible; MSIE 8.0; Windows NT 5.1; Trident/4.0; .NET CLR 1.1.4322; .NET CLR 2.0.50727; .NET CLR 3.0.4506.2152; .NET CLR 3.5.30729)" "-"
83.3.250.195 - - [11/Oct/2009:09:43:52 +0200] "GET /favicon.ico HTTP/1.1" 404 292 "-" "Mozilla/4.0 (compatible; MSIE 8.0; Windows NT 5.1; Trident/4.0; .NET CLR 1.1.4322; .NET CLR 2.0.50727; .NET CLR 3.0.4506.2152; .NET CLR 3.5.30729)" "-"
10.0.8.20 - - [11/Oct/2009:09:44:11 +0200] "GET /~sakowicz/podyplomowe/pokl_www_wymagania_projektowe.doc HTTP/1.1" 304 - "http://lux.dmcs.pl/~sakowicz/podyplomowe/" "Mozilla/5.0 (Windows; U; Windows NT 5.1; en-US; rv:1.9.0.10) Gecko/2009042316 Firefox/3.0.10" "-"
10.0.8.4 - - [11/Oct/2009:09:44:33 +0200] "GET /~sakowicz/podyplomowe/ HTTP/1.1" 200 959 "-" "Mozilla/4.0 (compatible; MSIE 6.0; Windows NT 5.1; .NET CLR 1.0.3705)" "-"
10.0.8.4 - - [11/Oct/2009:09:45:02 +0200] "GET /~sakowicz/podyplomowe/pokl_www_cwiczenie_1_czcionki_i_listy.doc HTTP/1.1" 200 120320 "http://lux.dmcs.pl/~sakowicz/podyplomowe/" "Mozilla/4.0 (compatible; MSIE 6.0; Windows NT 5.1; .NET CLR 1.0.3705)" "-"
65.55.106.232 - - [11/Oct/2009:09:45:57 +0200] "GET /robots.txt HTTP/1.1" 200 67 "-" "msnbot/2.0b (+http://search.msn.com/msnbot.htm)" "-"
85.128.44.3 - - [11/Oct/2009:09:46:23 +0200] "GET /pium/ HTTP/1.1" 200 12743 "-" "Mozilla/5.0 (Windows; U; Windows NT 6.0; pl; rv:1.9.1.3) Gecko/20090824 Firefox/3.5.3 (.NET CLR 3.5.30729)" "-"
85.128.44.3 - - [11/Oct/2009:09:46:23 +0200] "GET /pium/style.css HTTP/1.1" 200 3084 "http://neo.dmcs.pl/pium/" "Mozilla/5.0 (Windows; U; Windows NT 6.0; pl; rv:1.9.1.3) Gecko/20090824 Firefox/3.5.3 (.NET CLR 3.5.30729)" "-"
85.128.44.3 - - [11/Oct/2009:09:46:23 +0200] "GET /favicon.ico HTTP/1.1" 404 285 "-" "Mozilla/5.0 (Windows; U; Windows NT 6.0; pl; rv:1.9.1.3) Gecko/20090824 Firefox/3.5.3 (.NET CLR 3.5.30729)" "-"
85.128.44.3 - - [11/Oct/2009:09:46:26 +0200] "GET /favicon.ico HTTP/1.1" 404 285 "-" "Mozilla/5.0 (Windows; U; Windows NT 6.0; pl; rv:1.9.1.3) Gecko/20090824 Firefox/3.5.3 (.NET CLR 3.5.30729)" "-"
85.128.44.3 - - [11/Oct/2009:09:46:27 +0200] "GET /pium/index.php?strona=9&jezyk=0 HTTP/1.1" 200 14461 "http://neo.dmcs.pl/pium/" "Mozilla/5.0 (Windows; U; Windows NT 6.0; pl; rv:1.9.1.3) Gecko/20090824 Firefox/3.5.3 (.NET CLR 3.5.30729)" "-"
85.128.44.3 - - [11/Oct/2009:09:46:29 +0200] "GET /pium/index.php?strona=10&jezyk=0 HTTP/1.1" 200 6285 "http://neo.dmcs.pl/pium/index.php?strona=9&jezyk=0" "Mozilla/5.0 (Windows; U; Windows NT 6.0; pl; rv:1.9.1.3) Gecko/20090824 Firefox/3.5.3 (.NET CLR 3.5.30729)" "-"
85.128.44.3 - - [11/Oct/2009:09:46:30 +0200] "GET /pium/index.php?strona=9&jezyk=0 HTTP/1.1" 200 14461 "http://neo.dmcs.pl/pium/index.php?strona=10&jezyk=0" "Mozilla/5.0 (Windows; U; Windows NT 6.0; pl; rv:1.9.1.3) Gecko/20090824 Firefox/3.5.3 (.NET CLR 3.5.30729)" "-"
85.128.44.3 - - [11/Oct/2009:09:46:34 +0200] "GET /pium/pium/zagadnienia_kolokwium_lab_456.pdf HTTP/1.1" 200 82061 "http://neo.dmcs.pl/pium/index.php?strona=9&jezyk=0" "Mozilla/5.0 (Windows; U; Windows NT 6.0; pl; rv:1.9.1.3) Gecko/20090824 Firefox/3.5.3 (.NET CLR 3.5.30729)" "-"
85.128.44.3 - - [11/Oct/2009:09:46:36 +0200] "GET /pium/pium/zagadnienia_kolokwium_lab_456.pdf HTTP/1.1" 206 65881 "-" "Mozilla/5.0 (Windows; U; Windows NT 6.0; pl; rv:1.9.1.3) Gecko/20090824 Firefox/3.5.3 (.NET CLR 3.5.30729)" "-"
65.55.106.232 - - [11/Oct/2009:09:46:45 +0200] "GET /pme6/mater_wyklad2.pdf HTTP/1.1" 304 - "-" "msnbot/2.0b (+http://search.msn.com/msnbot.htm)" "-"
10.0.8.13 - - [11/Oct/2009:09:46:54 +0200] "GET /~sakowicz/podyplomowe/ HTTP/1.1" 304 - "-" "Mozilla/5.0 (Windows; U; Windows NT 5.1; en-US; rv:1.9.0.10) Gecko/2009042316 Firefox/3.0.10" "-"
85.128.44.3 - - [11/Oct/2009:09:47:01 +0200] "GET /pium/index.php?strona=10&jezyk=0 HTTP/1.1" 200 6279 "http://neo.dmcs.pl/pium/index.php?strona=9&jezyk=0" "Mozilla/5.0 (Windows; U; Windows NT 6.0; pl; rv:1.9.1.3) Gecko/20090824 Firefox/3.5.3 (.NET CLR 3.5.30729)" "-"
10.0.8.13 - - [11/Oct/2009:09:47:02 +0200] "GET /~sakowicz/podyplomowe/pokl_www_cwiczenie_5_style.doc HTTP/1.1" 200 129536 "http://lux.dmcs.pl/~sakowicz/podyplomowe/" "Mozilla/5.0 (Windows; U; Windows NT 5.1; en-US; rv:1.9.0.10) Gecko/2009042316 Firefox/3.0.10" "-"
85.128.44.3 - - [11/Oct/2009:09:47:09 +0200] "GET /pium/instrukcje/pium_0_1-1.pdf HTTP/1.1" 200 17175 "http://neo.dmcs.pl/pium/index.php?strona=10&jezyk=0" "Mozilla/5.0 (Windows; U; Windows NT 6.0; pl; rv:1.9.1.3) Gecko/20090824 Firefox/3.5.3 (.NET CLR 3.5.30729)" "-"
85.128.44.3 - - [11/Oct/2009:09:47:20 +0200] "GET /pium/instrukcje/pium_0_1-1.pdf HTTP/1.1" 206 951250 "-" "Mozilla/5.0 (Windows; U; Windows NT 6.0; pl; rv:1.9.1.3) Gecko/20090824 Firefox/3.5.3 (.NET CLR 3.5.30729)" "-"
10.0.8.240 - - [11/Oct/2009:09:47:45 +0200] "GET /~sakowicz/podyplomowe/ HTTP/1.1" 304 - "-" "Mozilla/4.0 (compatible; MSIE 6.0; Windows NT 5.1; .NET CLR 1.0.3705)" "-"
122.227.164.96 - - [11/Oct/2009:09:47:45 +0200] "GET http://proxyjudge2.proxyfire.net/fastenv HTTP/1.1" 404 295 "-" "Mozilla/4.0 (compatible; MSIE 6.0; Windows NT 5.1)" "-"
10.0.8.240 - - [11/Oct/2009:09:47:51 +0200] "GET /~sakowicz/podyplomowe/pokl_www_cwiczenie_2_linki.doc HTTP/1.1" 200 119296 "http://lux.dmcs.pl/~sakowicz/podyplomowe/" "Mozilla/4.0 (compatible; MSIE 6.0; Windows NT 5.1; .NET CLR 1.0.3705)" "-"
10.0.8.240 - - [11/Oct/2009:09:47:55 +0200] "PROPFIND /%7Esakowicz HTTP/1.1" 301 313 "-" "Microsoft-WebDAV-MiniRedir/5.1.2600" "-"
10.0.8.240 - - [11/Oct/2009:09:47:55 +0200] "PROPFIND /~sakowicz/ HTTP/1.1" 404 284 "-" "Microsoft-WebDAV-MiniRedir/5.1.2600" "-"
10.0.8.240 - - [11/Oct/2009:09:47:55 +0200] "PROPFIND /%7Esakowicz HTTP/1.1" 301 313 "-" "Microsoft-WebDAV-MiniRedir/5.1.2600" "-"
10.0.8.240 - - [11/Oct/2009:09:47:55 +0200] "PROPFIND /~sakowicz/ HTTP/1.1" 404 284 "-" "Microsoft-WebDAV-MiniRedir/5.1.2600" "-"
10.0.8.240 - - [11/Oct/2009:09:47:55 +0200] "OPTIONS / HTTP/1.1" 200 - "-" "Microsoft-WebDAV-MiniRedir/5.1.2600" "-"
10.0.8.240 - - [11/Oct/2009:09:47:55 +0200] "PROPFIND /%7Esakowicz HTTP/1.1" 301 313 "-" "Microsoft-WebDAV-MiniRedir/5.1.2600" "-"
10.0.8.240 - - [11/Oct/2009:09:47:55 +0200] "PROPFIND /~sakowicz/ HTTP/1.1" 404 284 "-" "Microsoft-WebDAV-MiniRedir/5.1.2600" "-"
10.0.8.240 - - [11/Oct/2009:09:47:57 +0200] "GET /~sakowicz/podyplomowe/pokl_www_cwiczenie_3_tabele.doc HTTP/1.1" 200 496640 "http://lux.dmcs.pl/~sakowicz/podyplomowe/" "Mozilla/4.0 (compatible; MSIE 6.0; Windows NT 5.1; .NET CLR 1.0.3705)" "-"
10.0.8.240 - - [11/Oct/2009:09:47:59 +0200] "PROPFIND /%7Esakowicz HTTP/1.1" 301 313 "-" "Microsoft-WebDAV-MiniRedir/5.1.2600" "-"
10.0.8.240 - - [11/Oct/2009:09:47:59 +0200] "PROPFIND /~sakowicz/ HTTP/1.1" 404 284 "-" "Microsoft-WebDAV-MiniRedir/5.1.2600" "-"
10.0.8.240 - - [11/Oct/2009:09:47:59 +0200] "PROPFIND /%7Esakowicz HTTP/1.1" 301 313 "-" "Microsoft-WebDAV-MiniRedir/5.1.2600" "-"
10.0.8.240 - - [11/Oct/2009:09:47:59 +0200] "PROPFIND /~sakowicz/ HTTP/1.1" 404 284 "-" "Microsoft-WebDAV-MiniRedir/5.1.2600" "-"
10.0.8.240 - - [11/Oct/2009:09:48:01 +0200] "GET /~sakowicz/podyplomowe/pokl_www_cwiczenie_4_ramki.doc HTTP/1.1" 200 122880 "http://lux.dmcs.pl/~sakowicz/podyplomowe/" "Mozilla/4.0 (compatible; MSIE 6.0; Windows NT 5.1; .NET CLR 1.0.3705)" "-"
10.0.8.240 - - [11/Oct/2009:09:48:02 +0200] "PROPFIND /%7Esakowicz HTTP/1.1" 301 313 "-" "Microsoft-WebDAV-MiniRedir/5.1.2600" "-"
10.0.8.240 - - [11/Oct/2009:09:48:02 +0200] "PROPFIND /~sakowicz/ HTTP/1.1" 404 284 "-" "Microsoft-WebDAV-MiniRedir/5.1.2600" "-"
10.0.8.240 - - [11/Oct/2009:09:48:02 +0200] "PROPFIND /%7Esakowicz HTTP/1.1" 301 313 "-" "Microsoft-WebDAV-MiniRedir/5.1.2600" "-"
10.0.8.240 - - [11/Oct/2009:09:48:02 +0200] "PROPFIND /~sakowicz/ HTTP/1.1" 404 284 "-" "Microsoft-WebDAV-MiniRedir/5.1.2600" "-"
10.0.8.240 - - [11/Oct/2009:09:48:04 +0200] "GET /~sakowicz/podyplomowe/pokl_www_cwiczenie_5_style.doc HTTP/1.1" 200 129536 "http://lux.dmcs.pl/~sakowicz/podyplomowe/" "Mozilla/4.0 (compatible; MSIE 6.0; Windows NT 5.1; .NET CLR 1.0.3705)" "-"
10.0.8.240 - - [11/Oct/2009:09:48:07 +0200] "PROPFIND /%7Esakowicz HTTP/1.1" 301 313 "-" "Microsoft-WebDAV-MiniRedir/5.1.2600" "-"
10.0.8.240 - - [11/Oct/2009:09:48:07 +0200] "PROPFIND /~sakowicz/ HTTP/1.1" 404 284 "-" "Microsoft-WebDAV-MiniRedir/5.1.2600" "-"
10.0.8.240 - - [11/Oct/2009:09:48:07 +0200] "PROPFIND /%7Esakowicz HTTP/1.1" 301 313 "-" "Microsoft-WebDAV-MiniRedir/5.1.2600" "-"
10.0.8.240 - - [11/Oct/2009:09:48:07 +0200] "PROPFIND /~sakowicz/ HTTP/1.1" 404 284 "-" "Microsoft-WebDAV-MiniRedir/5.1.2600" "-"
10.0.8.240 - - [11/Oct/2009:09:48:08 +0200] "GET /~sakowicz/podyplomowe/pokl_www_wymagania_projektowe.doc HTTP/1.1" 200 121856 "http://lux.dmcs.pl/~sakowicz/podyplomowe/" "Mozilla/4.0 (compatible; MSIE 6.0; Windows NT 5.1; .NET CLR 1.0.3705)" "-"
10.0.8.240 - - [11/Oct/2009:09:48:10 +0200] "PROPFIND /%7Esakowicz HTTP/1.1" 301 313 "-" "Microsoft-WebDAV-MiniRedir/5.1.2600" "-"
10.0.8.240 - - [11/Oct/2009:09:48:10 +0200] "PROPFIND /~sakowicz/ HTTP/1.1" 404 284 "-" "Microsoft-WebDAV-MiniRedir/5.1.2600" "-"
10.0.8.240 - - [11/Oct/2009:09:48:10 +0200] "PROPFIND /%7Esakowicz HTTP/1.1" 301 313 "-" "Microsoft-WebDAV-MiniRedir/5.1.2600" "-"
10.0.8.240 - - [11/Oct/2009:09:48:10 +0200] "PROPFIND /~sakowicz/ HTTP/1.1" 404 284 "-" "Microsoft-WebDAV-MiniRedir/5.1.2600" "-"
66.249.65.212 - - [11/Oct/2009:09:49:02 +0200] "GET /tk/UNIXhelp1.3/Pages/scrpt/scrpt1.1.html HTTP/1.1" 200 886 "-" "Mozilla/5.0 (compatible; Googlebot/2.1; +http://www.google.com/bot.html)" "-"
192.168.17.131 - - [11/Oct/2009:09:50:11 +0200] "GET /podyplomowe_smtm/smob2/kursbasha/if.html HTTP/1.1" 200 5441 "http://neo.dmcs.pl/podyplomowe_smtm/smob2/kursbasha/main.html" "Mozilla/5.0 (X11; U; Linux i686; pl; rv:1.9) Gecko/2008052912 Firefox/3.0" "-"
66.249.65.214 - - [11/Oct/2009:09:50:24 +0200] "GET /podyplomowe_smtm/ HTTP/1.1" 200 2919 "-" "Mozilla/5.0 (compatible; Googlebot/2.1; +http://www.google.com/bot.html)" "-"
81.219.72.243 - - [11/Oct/2009:09:50:29 +0200] "GET / HTTP/1.1" 200 8370 "-" "Mozilla/5.0 (Windows; U; Windows NT 5.1; pl; rv:1.9.1.3) Gecko/20090824 Firefox/3.5.3 (.NET CLR 3.5.30729)" "-"
81.219.72.243 - - [11/Oct/2009:09:50:29 +0200] "GET /style.css HTTP/1.1" 200 2000 "http://neo.dmcs.pl/" "Mozilla/5.0 (Windows; U; Windows NT 5.1; pl; rv:1.9.1.3) Gecko/20090824 Firefox/3.5.3 (.NET CLR 3.5.30729)" "-"
81.219.72.243 - - [11/Oct/2009:09:50:29 +0200] "GET /images/back.jpg HTTP/1.1" 404 289 "http://neo.dmcs.pl/" "Mozilla/5.0 (Windows; U; Windows NT 5.1; pl; rv:1.9.1.3) Gecko/20090824 Firefox/3.5.3 (.NET CLR 3.5.30729)" "-"
81.219.72.243 - - [11/Oct/2009:09:50:30 +0200] "GET /favicon.ico HTTP/1.1" 404 285 "-" "Mozilla/5.0 (Windows; U; Windows NT 5.1; pl; rv:1.9.1.3) Gecko/20090824 Firefox/3.5.3 (.NET CLR 3.5.30729)" "-"
81.219.72.243 - - [11/Oct/2009:09:50:33 +0200] "GET /favicon.ico HTTP/1.1" 404 285 "-" "Mozilla/5.0 (Windows; U; Windows NT 5.1; pl; rv:1.9.1.3) Gecko/20090824 Firefox/3.5.3 (.NET CLR 3.5.30729)" "-"
92.241.169.168 - - [11/Oct/2009:09:50:39 +0200] "GET /%7Espcsym/phorum/post.php?f=4 HTTP/1.0" 200 3135 "http://lux.dmcs.p.lodz.pl/%7Espcsym/phorum/post.php?f=4" "Mozilla/5.0 (Windows NT 5.1; U; en) Opera 8.00" "-"
92.241.169.168 - - [11/Oct/2009:09:50:42 +0200] "POST /%7Espcsym/phorum/post.php HTTP/1.0" 200 9458 "http://lux.dmcs.p.lodz.pl/%7Espcsym/phorum/post.php?f=4" "Mozilla/5.0 (Windows NT 5.1; U; en) Opera 8.00" "-"
74.6.17.160 - - [11/Oct/2009:09:50:46 +0200] "GET /specjalnosci/karty/uep/4520l8.pdf HTTP/1.0" 200 84738 "-" "Mozilla/5.0 (compatible; Yahoo! Slurp/3.0; http://help.yahoo.com/help/us/ysearch/slurp)" "-"
81.219.72.243 - - [11/Oct/2009:09:50:50 +0200] "GET /podyplomowe_smtm/index.html HTTP/1.1" 200 2919 "http://neo.dmcs.pl/" "Mozilla/5.0 (Windows; U; Windows NT 5.1; pl; rv:1.9.1.3) Gecko/20090824 Firefox/3.5.3 (.NET CLR 3.5.30729)" "-"
81.219.72.243 - - [11/Oct/2009:09:50:50 +0200] "GET /images/back.jpg HTTP/1.1" 404 289 "http://neo.dmcs.pl/podyplomowe_smtm/index.html" "Mozilla/5.0 (Windows; U; Windows NT 5.1; pl; rv:1.9.1.3) Gecko/20090824 Firefox/3.5.3 (.NET CLR 3.5.30729)" "-"
125.24.214.38 - - [11/Oct/2009:09:50:51 +0200] "GET /pium/materialy/t5/MJE13001.pdf HTTP/1.1" 200 205185 "http://www.google.co.th/search?hl=th&q=mje13001+to-92+pdf&start=20&sa=N" "Mozilla/4.0 (compatible; MSIE 7.0; Windows NT 5.1)" "-"
195.225.69.238 - - [11/Oct/2009:09:51:15 +0200] "GET /mn3/index.html HTTP/1.1" 200 3231 "http://www.google.com/search?hl=pl&client=safari&rls=en&q=metody+numeryczne+neo+dmcs&btnG=Szukaj&lr=" "Mozilla/5.0 (Macintosh; U; Intel Mac OS X 10_6_1; pl-pl) AppleWebKit/531.9 (KHTML, like Gecko) Version/4.0.3 Safari/531.9" "-"
195.225.69.238 - - [11/Oct/2009:09:51:15 +0200] "GET /mn3/images/back.jpg HTTP/1.1" 404 300 "http://neo.dmcs.p.lodz.pl/mn3/index.html" "Mozilla/5.0 (Macintosh; U; Intel Mac OS X 10_6_1; pl-pl) AppleWebKit/531.9 (KHTML, like Gecko) Version/4.0.3 Safari/531.9" "-"
195.225.69.238 - - [11/Oct/2009:09:51:21 +0200] "GET / HTTP/1.1" 304 - "-" "Mozilla/5.0 (Macintosh; U; Intel Mac OS X 10_6_1; pl-pl) AppleWebKit/531.9 (KHTML, like Gecko) Version/4.0.3 Safari/531.9" "-"
195.225.69.238 - - [11/Oct/2009:09:51:22 +0200] "GET /images/back.jpg HTTP/1.1" 404 296 "http://neo.dmcs.p.lodz.pl/" "Mozilla/5.0 (Macintosh; U; Intel Mac OS X 10_6_1; pl-pl) AppleWebKit/531.9 (KHTML, like Gecko) Version/4.0.3 Safari/531.9" "-"
81.219.72.243 - - [11/Oct/2009:09:51:22 +0200] "GET /podyplomowe_smtm/smob2 HTTP/1.1" 301 326 "http://neo.dmcs.pl/podyplomowe_smtm/index.html" "Mozilla/5.0 (Windows; U; Windows NT 5.1; pl; rv:1.9.1.3) Gecko/20090824 Firefox/3.5.3 (.NET CLR 3.5.30729)" "-"
81.219.72.243 - - [11/Oct/2009:09:51:22 +0200] "GET /podyplomowe_smtm/smob2/ HTTP/1.1" 200 3632 "http://neo.dmcs.pl/podyplomowe_smtm/index.html" "Mozilla/5.0 (Windows; U; Windows NT 5.1; pl; rv:1.9.1.3) Gecko/20090824 Firefox/3.5.3 (.NET CLR 3.5.30729)" "-"
