83.31.216.17 - - [11/Oct/2009:07:16:01 +0200] "GET /robots.txt HTTP/1.1" 200 67 "-" "Szukacz/1.5 (robot; www.szukacz.pl/html/jak_dziala_robot.html; info@szukacz.pl)" "-"
83.31.216.17 - - [11/Oct/2009:07:16:04 +0200] "GET /specjalnosci/index.php?strona=41 HTTP/1.1" 200 12644 "-" "Szukacz/1.5 (robot; www.szukacz.pl/html/jak_dziala_robot.html; info@szukacz.pl)" "-"
66.249.65.212 - - [11/Oct/2009:07:20:22 +0200] "GET /mins/07_aktuatory_pop.pdf HTTP/1.1" 304 - "-" "Mozilla/5.0 (compatible; Googlebot/2.1; +http://www.google.com/bot.html)" "-"
65.55.106.136 - - [11/Oct/2009:07:20:37 +0200] "GET /robots.txt HTTP/1.1" 200 67 "-" "msnbot/2.0b (+http://search.msn.com/msnbot.htm)" "-"
74.6.17.160 - - [11/Oct/2009:07:20:42 +0200] "GET /the/wyklady/THE_5.pdf HTTP/1.0" 401 472 "-" "Mozilla/5.0 (compatible; Yahoo! Slurp/3.0; http://help.yahoo.com/help/us/ysearch/slurp)" "-"
65.55.106.136 - - [11/Oct/2009:07:21:15 +0200] "GET /sk2/sk2_wyklad_02_wstep.pdf HTTP/1.1" 304 - "-" "msnbot/2.0b (+http://search.msn.com/msnbot.htm)" "-"
78.8.119.51 - - [11/Oct/2009:07:22:37 +0200] "GET /podyplomowe_smtm/ HTTP/1.1" 200 2919 "-" "Mozilla/5.0 (Windows; U; Windows NT 5.1; pl; rv:1.9.0.14) Gecko/2009082707 Firefox/3.0.14 (.NET CLR 3.5.30729)" "-"
78.8.119.51 - - [11/Oct/2009:07:22:37 +0200] "GET /style.css HTTP/1.1" 200 2000 "http://neo.dmcs.pl/podyplomowe_smtm/" "Mozilla/5.0 (Windows; U; Windows NT 5.1; pl; rv:1.9.0.14) Gecko/2009082707 Firefox/3.0.14 (.NET CLR 3.5.30729)" "-"
78.8.119.51 - - [11/Oct/2009:07:22:38 +0200] "GET /images/back.jpg HTTP/1.1" 404 289 "http://neo.dmcs.pl/podyplomowe_smtm/" "Mozilla/5.0 (Windows; U; Windows NT 5.1; pl; rv:1.9.0.14) Gecko/2009082707 Firefox/3.0.14 (.NET CLR 3.5.30729)" "-"
78.8.119.51 - - [11/Oct/2009:07:22:38 +0200] "GET /favicon.ico HTTP/1.1" 404 285 "-" "Mozilla/5.0 (Windows; U; Windows NT 5.1; pl; rv:1.9.0.14) Gecko/2009082707 Firefox/3.0.14 (.NET CLR 3.5.30729)" "-"
78.8.119.51 - - [11/Oct/2009:07:22:40 +0200] "GET /images/back.jpg HTTP/1.1" 404 289 "http://neo.dmcs.pl/podyplomowe_smtm/" "Mozilla/5.0 (Windows; U; Windows NT 5.1; pl; rv:1.9.0.14) Gecko/2009082707 Firefox/3.0.14 (.NET CLR 3.5.30729)" "-"
78.8.119.51 - - [11/Oct/2009:07:22:41 +0200] "GET /favicon.ico HTTP/1.1" 404 285 "-" "Mozilla/5.0 (Windows; U; Windows NT 5.1; pl; rv:1.9.0.14) Gecko/2009082707 Firefox/3.0.14 (.NET CLR 3.5.30729)" "-"
78.8.119.51 - - [11/Oct/2009:07:22:41 +0200] "GET /favicon.ico HTTP/1.1" 404 285 "-" "Mozilla/5.0 (Windows; U; Windows NT 5.1; pl; rv:1.9.0.14) Gecko/2009082707 Firefox/3.0.14 (.NET CLR 3.5.30729)" "-"
153.19.210.159 - - [11/Oct/2009:07:22:42 +0200] "HEAD /favicon.ico HTTP/1.1" 404 0 "-" "Mozilla/5.0 (X11; U; Linux i686; pl; rv:1.9.1.3) Gecko/20090824 Firefox/3.5.3" "-"
78.8.119.51 - - [11/Oct/2009:07:22:46 +0200] "GET /images/back.jpg HTTP/1.1" 404 289 "http://neo.dmcs.pl/podyplomowe_smtm/" "Mozilla/5.0 (Windows; U; Windows NT 5.1; pl; rv:1.9.0.14) Gecko/2009082707 Firefox/3.0.14 (.NET CLR 3.5.30729)" "-"
78.8.119.51 - - [11/Oct/2009:07:22:49 +0200] "GET /podyplomowe_smtm/cpp_prj HTTP/1.1" 301 328 "http://neo.dmcs.pl/podyplomowe_smtm/" "Mozilla/5.0 (Windows; U; Windows NT 5.1; pl; rv:1.9.0.14) Gecko/2009082707 Firefox/3.0.14 (.NET CLR 3.5.30729)" "-"
78.8.119.51 - - [11/Oct/2009:07:22:49 +0200] "GET /podyplomowe_smtm/cpp_prj/ HTTP/1.1" 200 1748 "http://neo.dmcs.pl/podyplomowe_smtm/" "Mozilla/5.0 (Windows; U; Windows NT 5.1; pl; rv:1.9.0.14) Gecko/2009082707 Firefox/3.0.14 (.NET CLR 3.5.30729)" "-"
78.8.119.51 - - [11/Oct/2009:07:22:49 +0200] "GET /podyplomowe_smtm/images/back.jpg HTTP/1.1" 404 306 "http://neo.dmcs.pl/podyplomowe_smtm/cpp_prj/" "Mozilla/5.0 (Windows; U; Windows NT 5.1; pl; rv:1.9.0.14) Gecko/2009082707 Firefox/3.0.14 (.NET CLR 3.5.30729)" "-"
78.8.119.51 - - [11/Oct/2009:07:22:51 +0200] "GET /podyplomowe_smtm/smob2 HTTP/1.1" 301 326 "http://neo.dmcs.pl/podyplomowe_smtm/" "Mozilla/5.0 (Windows; U; Windows NT 5.1; pl; rv:1.9.0.14) Gecko/2009082707 Firefox/3.0.14 (.NET CLR 3.5.30729)" "-"
78.8.119.51 - - [11/Oct/2009:07:22:51 +0200] "GET /podyplomowe_smtm/smob2/ HTTP/1.1" 200 3632 "http://neo.dmcs.pl/podyplomowe_smtm/" "Mozilla/5.0 (Windows; U; Windows NT 5.1; pl; rv:1.9.0.14) Gecko/2009082707 Firefox/3.0.14 (.NET CLR 3.5.30729)" "-"
78.8.119.51 - - [11/Oct/2009:07:22:51 +0200] "GET /podyplomowe_smtm/images/back.jpg HTTP/1.1" 404 306 "http://neo.dmcs.pl/podyplomowe_smtm/smob2/" "Mozilla/5.0 (Windows; U; Windows NT 5.1; pl; rv:1.9.0.14) Gecko/2009082707 Firefox/3.0.14 (.NET CLR 3.5.30729)" "-"
78.8.119.51 - - [11/Oct/2009:07:22:55 +0200] "GET /images/back.jpg HTTP/1.1" 404 289 "http://neo.dmcs.pl/podyplomowe_smtm/" "Mozilla/5.0 (Windows; U; Windows NT 5.1; pl; rv:1.9.0.14) Gecko/2009082707 Firefox/3.0.14 (.NET CLR 3.5.30729)" "-"
78.8.119.51 - - [11/Oct/2009:07:22:57 +0200] "GET /images/back.jpg HTTP/1.1" 404 289 "http://neo.dmcs.pl/podyplomowe_smtm/" "Mozilla/5.0 (Windows; U; Windows NT 5.1; pl; rv:1.9.0.14) Gecko/2009082707 Firefox/3.0.14 (.NET CLR 3.5.30729)" "-"
78.8.119.51 - - [11/Oct/2009:07:23:03 +0200] "GET /arm/index.html HTTP/1.1" 200 7170 "http://neo.dmcs.pl/podyplomowe_smtm/" "Mozilla/5.0 (Windows; U; Windows NT 5.1; pl; rv:1.9.0.14) Gecko/2009082707 Firefox/3.0.14 (.NET CLR 3.5.30729)" "-"
78.8.119.51 - - [11/Oct/2009:07:23:03 +0200] "GET /images/back.jpg HTTP/1.1" 404 289 "http://neo.dmcs.pl/arm/index.html" "Mozilla/5.0 (Windows; U; Windows NT 5.1; pl; rv:1.9.0.14) Gecko/2009082707 Firefox/3.0.14 (.NET CLR 3.5.30729)" "-"
66.249.65.212 - - [11/Oct/2009:07:23:05 +0200] "GET /isbd/php/doc/polish_many/about.howtohelp.html HTTP/1.1" 200 3028 "-" "SAMSUNG-SGH-E250/1.0 Profile/MIDP-2.0 Configuration/CLDC-1.1 UP.Browser/6.2.3.3.c.1.101 (GUI) MMP/2.0 (compatible; Googlebot-Mobile/2.1; +http://www.google.com/bot.html)" "-"
66.249.65.212 - - [11/Oct/2009:07:23:29 +0200] "GET /tk/UNIXhelp1.3/Pages/glossary/gi.html HTTP/1.1" 200 1386 "-" "Mozilla/5.0 (compatible; Googlebot/2.1; +http://www.google.com/bot.html)" "-"
67.195.113.234 - - [11/Oct/2009:07:25:49 +0200] "GET /pn/opis_laboratorium/lab_opis.html HTTP/1.0" 200 19182 "-" "Mozilla/5.0 (compatible; Yahoo! Slurp/3.0; http://help.yahoo.com/help/us/ysearch/slurp)" "-"
115.117.200.248 - - [11/Oct/2009:07:27:54 +0200] "GET /padp/lecture/padp4.pdf HTTP/1.1" 200 70848 "http://www.pdf-search-engine.com/data-structures-in-c--pdf.html" "Mozilla/4.0 (compatible; MSIE 6.0; Windows NT 5.1; SV1; .NET CLR 2.0.50727)" "-"
115.117.200.248 - - [11/Oct/2009:07:27:54 +0200] "GET /padp/lecture/padp4.pdf HTTP/1.1" 206 4096 "-" "Mozilla/4.0 (compatible; MSIE 6.0; Windows NT 5.1; SV1; .NET CLR 2.0.50727)" "-"
115.117.200.248 - - [11/Oct/2009:07:27:55 +0200] "GET /padp/lecture/padp4.pdf HTTP/1.1" 206 4093 "-" "Mozilla/4.0 (compatible; MSIE 6.0; Windows NT 5.1; SV1; .NET CLR 2.0.50727)" "-"
115.117.200.248 - - [11/Oct/2009:07:28:00 +0200] "GET /padp/lecture/padp4.pdf HTTP/1.1" 206 607478 "-" "Mozilla/4.0 (compatible; MSIE 6.0; Windows NT 5.1; SV1; .NET CLR 2.0.50727)" "-"
65.55.207.25 - - [11/Oct/2009:07:28:15 +0200] "GET /smcr/Instrukcje%20ColdFire.doc HTTP/1.1" 304 - "-" "msnbot/2.0b (+http://search.msn.com/msnbot.htm)" "-"
66.249.65.212 - - [11/Oct/2009:07:28:40 +0200] "GET /mins/05_czujniki_optyczne_pop.pdf HTTP/1.1" 304 - "-" "Mozilla/5.0 (compatible; Googlebot/2.1; +http://www.google.com/bot.html)" "-"
66.249.65.212 - - [11/Oct/2009:07:31:34 +0200] "GET /tk/UNIXhelp1.3/Pages/glossary/gm.html HTTP/1.1" 200 1586 "-" "Mozilla/5.0 (compatible; Googlebot/2.1; +http://www.google.com/bot.html)" "-"
65.55.207.26 - - [11/Oct/2009:07:32:21 +0200] "GET /robots.txt HTTP/1.1" 200 67 "-" "msnbot/2.0b (+http://search.msn.com/msnbot.htm)" "-"
153.19.210.159 - - [11/Oct/2009:07:32:41 +0200] "HEAD /favicon.ico HTTP/1.1" 404 0 "-" "Mozilla/5.0 (X11; U; Linux i686; pl; rv:1.9.1.3) Gecko/20090824 Firefox/3.5.3" "-"
65.55.207.26 - - [11/Oct/2009:07:33:15 +0200] "GET /mikromaszyny/egzamin-1.html HTTP/1.1" 304 - "-" "msnbot/2.0b (+http://search.msn.com/msnbot.htm)" "-"
74.6.17.160 - - [11/Oct/2009:07:34:26 +0200] "GET /isbd/mysql/linux/mysqlgui-linux-static-1.7.5-1.tar.gz HTTP/1.0" 200 982417 "-" "Mozilla/5.0 (compatible; Yahoo! Slurp/3.0; http://help.yahoo.com/help/us/ysearch/slurp)" "-"
66.249.65.212 - - [11/Oct/2009:07:37:00 +0200] "GET /mikromaszyny/03_czujniki_chemiczne.pdf HTTP/1.1" 304 - "-" "Mozilla/5.0 (compatible; Googlebot/2.1; +http://www.google.com/bot.html)" "-"
66.249.65.212 - - [11/Oct/2009:07:39:38 +0200] "GET /tk/UNIXhelp1.3/Pages/glossary/ga.html HTTP/1.1" 200 2067 "-" "Mozilla/5.0 (compatible; Googlebot/2.1; +http://www.google.com/bot.html)" "-"
67.195.113.234 - - [11/Oct/2009:07:39:40 +0200] "GET /sk2/rfc768.txt HTTP/1.0" 200 5896 "-" "Mozilla/5.0 (compatible; Yahoo! Slurp/3.0; http://help.yahoo.com/help/us/ysearch/slurp)" "-"
79.191.181.32 - - [11/Oct/2009:07:41:22 +0200] "GET /%7Espcsym/html/PSPICE_opis_files/image001.gif HTTP/1.1" 200 2851 "http://neo.dmcs.p.lodz.pl/%7Espcsym/html/PSPICE_opis.html" "Mozilla/5.0 (Windows; U; Windows NT 5.1; pl; rv:1.9.0.14) Gecko/2009082707 Firefox/3.0.14" "-"
79.191.181.32 - - [11/Oct/2009:07:41:22 +0200] "GET /%7Espcsym/html/PSPICE_opis_files/image002.gif HTTP/1.1" 200 520 "http://neo.dmcs.p.lodz.pl/%7Espcsym/html/PSPICE_opis.html" "Mozilla/5.0 (Windows; U; Windows NT 5.1; pl; rv:1.9.0.14) Gecko/2009082707 Firefox/3.0.14" "-"
79.191.181.32 - - [11/Oct/2009:07:41:22 +0200] "GET /%7Espcsym/html/PSPICE_opis_files/image003.gif HTTP/1.1" 200 447 "http://neo.dmcs.p.lodz.pl/%7Espcsym/html/PSPICE_opis.html" "Mozilla/5.0 (Windows; U; Windows NT 5.1; pl; rv:1.9.0.14) Gecko/2009082707 Firefox/3.0.14" "-"
79.191.181.32 - - [11/Oct/2009:07:41:22 +0200] "GET /%7Espcsym/html/PSPICE_opis_files/image004.gif HTTP/1.1" 200 435 "http://neo.dmcs.p.lodz.pl/%7Espcsym/html/PSPICE_opis.html" "Mozilla/5.0 (Windows; U; Windows NT 5.1; pl; rv:1.9.0.14) Gecko/2009082707 Firefox/3.0.14" "-"
79.191.181.32 - - [11/Oct/2009:07:41:22 +0200] "GET /%7Espcsym/html/PSPICE_opis_files/image005.gif HTTP/1.1" 200 620 "http://neo.dmcs.p.lodz.pl/%7Espcsym/html/PSPICE_opis.html" "Mozilla/5.0 (Windows; U; Windows NT 5.1; pl; rv:1.9.0.14) Gecko/2009082707 Firefox/3.0.14" "-"
79.191.181.32 - - [11/Oct/2009:07:41:22 +0200] "GET /%7Espcsym/html/PSPICE_opis.html HTTP/1.1" 200 93896 "-" "Mozilla/5.0 (Windows; U; Windows NT 5.1; pl; rv:1.9.0.14) Gecko/2009082707 Firefox/3.0.14" "-"
79.191.181.32 - - [11/Oct/2009:07:41:22 +0200] "GET /%7Espcsym/html/PSPICE_opis_files/image006.gif HTTP/1.1" 200 512 "http://neo.dmcs.p.lodz.pl/%7Espcsym/html/PSPICE_opis.html" "Mozilla/5.0 (Windows; U; Windows NT 5.1; pl; rv:1.9.0.14) Gecko/2009082707 Firefox/3.0.14" "-"
79.191.181.32 - - [11/Oct/2009:07:41:22 +0200] "GET /%7Espcsym/html/PSPICE_opis_files/image007.gif HTTP/1.1" 200 618 "http://neo.dmcs.p.lodz.pl/%7Espcsym/html/PSPICE_opis.html" "Mozilla/5.0 (Windows; U; Windows NT 5.1; pl; rv:1.9.0.14) Gecko/2009082707 Firefox/3.0.14" "-"
79.191.181.32 - - [11/Oct/2009:07:41:22 +0200] "GET /%7Espcsym/html/PSPICE_opis_files/image008.gif HTTP/1.1" 200 597 "http://neo.dmcs.p.lodz.pl/%7Espcsym/html/PSPICE_opis.html" "Mozilla/5.0 (Windows; U; Windows NT 5.1; pl; rv:1.9.0.14) Gecko/2009082707 Firefox/3.0.14" "-"
79.191.181.32 - - [11/Oct/2009:07:41:22 +0200] "GET /%7Espcsym/html/PSPICE_opis_files/image009.gif HTTP/1.1" 200 643 "http://neo.dmcs.p.lodz.pl/%7Espcsym/html/PSPICE_opis.html" "Mozilla/5.0 (Windows; U; Windows NT 5.1; pl; rv:1.9.0.14) Gecko/2009082707 Firefox/3.0.14" "-"
79.191.181.32 - - [11/Oct/2009:07:41:22 +0200] "GET /%7Espcsym/html/PSPICE_opis_files/image010.gif HTTP/1.1" 200 622 "http://neo.dmcs.p.lodz.pl/%7Espcsym/html/PSPICE_opis.html" "Mozilla/5.0 (Windows; U; Windows NT 5.1; pl; rv:1.9.0.14) Gecko/2009082707 Firefox/3.0.14" "-"
79.191.181.32 - - [11/Oct/2009:07:41:23 +0200] "GET /%7Espcsym/html/PSPICE_opis_files/image011.gif HTTP/1.1" 200 468 "http://neo.dmcs.p.lodz.pl/%7Espcsym/html/PSPICE_opis.html" "Mozilla/5.0 (Windows; U; Windows NT 5.1; pl; rv:1.9.0.14) Gecko/2009082707 Firefox/3.0.14" "-"
79.191.181.32 - - [11/Oct/2009:07:41:23 +0200] "GET /%7Espcsym/html/PSPICE_opis_files/image012.gif HTTP/1.1" 200 293 "http://neo.dmcs.p.lodz.pl/%7Espcsym/html/PSPICE_opis.html" "Mozilla/5.0 (Windows; U; Windows NT 5.1; pl; rv:1.9.0.14) Gecko/2009082707 Firefox/3.0.14" "-"
79.191.181.32 - - [11/Oct/2009:07:41:23 +0200] "GET /%7Espcsym/html/PSPICE_opis_files/image013.gif HTTP/1.1" 200 264 "http://neo.dmcs.p.lodz.pl/%7Espcsym/html/PSPICE_opis.html" "Mozilla/5.0 (Windows; U; Windows NT 5.1; pl; rv:1.9.0.14) Gecko/2009082707 Firefox/3.0.14" "-"
79.191.181.32 - - [11/Oct/2009:07:41:23 +0200] "GET /%7Espcsym/html/PSPICE_opis_files/image014.gif HTTP/1.1" 200 334 "http://neo.dmcs.p.lodz.pl/%7Espcsym/html/PSPICE_opis.html" "Mozilla/5.0 (Windows; U; Windows NT 5.1; pl; rv:1.9.0.14) Gecko/2009082707 Firefox/3.0.14" "-"
79.191.181.32 - - [11/Oct/2009:07:41:23 +0200] "GET /%7Espcsym/html/PSPICE_opis_files/image015.gif HTTP/1.1" 200 341 "http://neo.dmcs.p.lodz.pl/%7Espcsym/html/PSPICE_opis.html" "Mozilla/5.0 (Windows; U; Windows NT 5.1; pl; rv:1.9.0.14) Gecko/2009082707 Firefox/3.0.14" "-"
79.191.181.32 - - [11/Oct/2009:07:41:23 +0200] "GET /%7Espcsym/html/PSPICE_opis_files/image016.gif HTTP/1.1" 200 2093 "http://neo.dmcs.p.lodz.pl/%7Espcsym/html/PSPICE_opis.html" "Mozilla/5.0 (Windows; U; Windows NT 5.1; pl; rv:1.9.0.14) Gecko/2009082707 Firefox/3.0.14" "-"
79.191.181.32 - - [11/Oct/2009:07:41:23 +0200] "GET /%7Espcsym/html/PSPICE_opis_files/image017.gif HTTP/1.1" 200 2786 "http://neo.dmcs.p.lodz.pl/%7Espcsym/html/PSPICE_opis.html" "Mozilla/5.0 (Windows; U; Windows NT 5.1; pl; rv:1.9.0.14) Gecko/2009082707 Firefox/3.0.14" "-"
79.191.181.32 - - [11/Oct/2009:07:41:25 +0200] "GET /favicon.ico HTTP/1.1" 404 292 "-" "Mozilla/5.0 (Windows; U; Windows NT 5.1; pl; rv:1.9.0.14) Gecko/2009082707 Firefox/3.0.14" "-"
153.19.210.159 - - [11/Oct/2009:07:42:41 +0200] "HEAD /favicon.ico HTTP/1.1" 404 0 "-" "Mozilla/5.0 (X11; U; Linux i686; pl; rv:1.9.1.3) Gecko/20090824 Firefox/3.5.3" "-"
222.65.66.171 - - [11/Oct/2009:07:43:11 +0200] "GET /%7Espcsym/phorum/post.php?f=4 HTTP/1.0" 200 3135 "http://lux.dmcs.p.lodz.pl/%7Espcsym/phorum/post.php?f=4" "Mozilla/4.0 (compatible; MSIE 6.0; Windows NT 5.1)" "-"
65.55.207.76 - - [11/Oct/2009:07:44:15 +0200] "GET /downloads/index.html HTTP/1.1" 404 301 "-" "msnbot/2.0b (+http://search.msn.com/msnbot.htm)" "-"
66.249.65.212 - - [11/Oct/2009:07:45:21 +0200] "GET /mijp4z/mijp4z_lab_zal.pdf HTTP/1.1" 304 - "-" "Mozilla/5.0 (compatible; Googlebot/2.1; +http://www.google.com/bot.html)" "-"
66.249.65.212 - - [11/Oct/2009:07:47:44 +0200] "GET /tk/UNIXhelp1.3/Pages/glossary/ge.html HTTP/1.1" 200 1338 "-" "Mozilla/5.0 (compatible; Googlebot/2.1; +http://www.google.com/bot.html)" "-"
72.232.167.73 - - [11/Oct/2009:07:49:26 +0200] "GET //components/com_videodb/core/videodb.class.xml.php HTTP/1.1" 404 324 "-" "-" "-"
65.55.207.122 - - [11/Oct/2009:07:50:45 +0200] "GET /Downloads/Contrib/ HTTP/1.1" 404 299 "-" "msnbot/2.0b (+http://search.msn.com/msnbot.htm)" "-"
65.55.51.112 - - [11/Oct/2009:07:51:27 +0200] "GET /robots.txt HTTP/1.1" 200 67 "-" "msnbot/2.0b (+http://search.msn.com/msnbot.htm)" "-"
66.249.65.209 - - [11/Oct/2009:07:52:02 +0200] "GET /isbd/php/doc/polish_many/function.include.html HTTP/1.1" 200 11269 "-" "SAMSUNG-SGH-E250/1.0 Profile/MIDP-2.0 Configuration/CLDC-1.1 UP.Browser/6.2.3.3.c.1.101 (GUI) MMP/2.0 (compatible; Googlebot-Mobile/2.1; +http://www.google.com/bot.html)" "-"
65.55.51.112 - - [11/Oct/2009:07:52:08 +0200] "GET /pee/index.html HTTP/1.1" 304 - "-" "msnbot/2.0b (+http://search.msn.com/msnbot.htm)" "-"
153.19.210.159 - - [11/Oct/2009:07:52:41 +0200] "HEAD /favicon.ico HTTP/1.1" 404 0 "-" "Mozilla/5.0 (X11; U; Linux i686; pl; rv:1.9.1.3) Gecko/20090824 Firefox/3.5.3" "-"
66.249.65.212 - - [11/Oct/2009:07:53:41 +0200] "GET /mijp4z/mijp4z_lab.doc HTTP/1.1" 304 - "-" "Mozilla/5.0 (compatible; Googlebot/2.1; +http://www.google.com/bot.html)" "-"
92.241.168.99 - - [11/Oct/2009:07:55:33 +0200] "GET /%7Espcsym/phorum/post.php?f=4 HTTP/1.0" 200 3135 "http://lux.dmcs.p.lodz.pl/%7Espcsym/phorum/post.php?f=4" "Mozilla/4.0 (compatible; MSIE 6.0; Windows NT 5.2; WOW64; SV1; .NET CLR 2.0.50727)" "-"
92.241.168.99 - - [11/Oct/2009:07:55:37 +0200] "POST /%7Espcsym/phorum/post.php HTTP/1.0" 200 8889 "http://lux.dmcs.p.lodz.pl/%7Espcsym/phorum/post.php?f=4" "Mozilla/4.0 (compatible; MSIE 6.0; Windows NT 5.2; WOW64; SV1; .NET CLR 2.0.50727)" "-"
66.249.65.212 - - [11/Oct/2009:07:55:49 +0200] "GET /tk/UNIXhelp1.3/Pages/glossary/gd.html HTTP/1.1" 200 2455 "-" "Mozilla/5.0 (compatible; Googlebot/2.1; +http://www.google.com/bot.html)" "-"
74.6.17.160 - - [11/Oct/2009:07:56:10 +0200] "GET /pium/wavestar_calka.sce HTTP/1.0" 404 292 "-" "Mozilla/5.0 (compatible; Yahoo! Slurp/3.0; http://help.yahoo.com/help/us/ysearch/slurp)" "-"
117.193.35.28 - - [11/Oct/2009:07:56:13 +0200] "GET /oopc/index.html HTTP/1.1" 200 7069 "http://www.google.co.in/search?hl=en&q=object+oriented+programming+with+c%2B%2B&start=160&sa=N" "Mozilla/4.0 (compatible; MSIE 6.0; Windows NT 5.1; SV1)" "-"
117.193.35.28 - - [11/Oct/2009:07:56:14 +0200] "GET /images/back.jpg HTTP/1.1" 404 296 "http://neo.dmcs.p.lodz.pl/oopc/index.html" "Mozilla/4.0 (compatible; MSIE 6.0; Windows NT 5.1; SV1)" "-"
117.193.35.28 - - [11/Oct/2009:07:56:14 +0200] "GET /style.css HTTP/1.1" 200 2000 "http://neo.dmcs.p.lodz.pl/oopc/index.html" "Mozilla/4.0 (compatible; MSIE 6.0; Windows NT 5.1; SV1)" "-"
83.20.16.116 - - [11/Oct/2009:08:00:15 +0200] "GET / HTTP/1.1" 200 8370 "-" "Mozilla/5.0 (Macintosh; U; Intel Mac OS X 10_6_1; en-us) AppleWebKit/531.9 (KHTML, like Gecko) Version/4.0.3 Safari/531.9" "-"
83.20.16.116 - - [11/Oct/2009:08:00:15 +0200] "GET /images/back.jpg HTTP/1.1" 404 289 "http://neo.dmcs.pl/" "Mozilla/5.0 (Macintosh; U; Intel Mac OS X 10_6_1; en-us) AppleWebKit/531.9 (KHTML, like Gecko) Version/4.0.3 Safari/531.9" "-"
65.55.207.136 - - [11/Oct/2009:08:01:16 +0200] "GET /pium/pium/materialy_cw7/raport_7c_1-3.pdf HTTP/1.1" 200 41037 "-" "msnbot/2.0b (+http://search.msn.com/msnbot.htm)" "-"
66.249.65.214 - - [11/Oct/2009:08:02:03 +0200] "GET /robots.txt HTTP/1.1" 200 67 "-" "Mozilla/5.0 (compatible; Googlebot/2.1; +http://www.google.com/bot.html)" "-"
66.249.65.214 - - [11/Oct/2009:08:02:03 +0200] "GET /tk/UNIXhelp1.3/Pages/tasks/ftp2.3.html HTTP/1.1" 304 - "-" "Mozilla/5.0 (compatible; Googlebot/2.1; +http://www.google.com/bot.html)" "-"
59.96.23.90 - - [11/Oct/2009:08:02:12 +0200] "GET /oom/ex7.pdf HTTP/1.1" 200 49101 "-" "Mozilla/5.0 (Windows; U; Windows NT 6.0; en-US) AppleWebKit/525.18 (KHTML, like Gecko) Version/3.1.1 Safari/525.17" "-"
59.96.23.90 - - [11/Oct/2009:08:02:13 +0200] "GET /favicon.ico HTTP/1.1" 404 292 "http://neo.dmcs.p.lodz.pl/oom/ex7.pdf" "Mozilla/5.0 (Windows; U; Windows NT 6.0; en-US) AppleWebKit/525.18 (KHTML, like Gecko) Version/3.1.1 Safari/525.17" "-"
212.109.130.47 - - [11/Oct/2009:08:02:27 +0200] "GET /~piotrowi/mpw/wyklad1.pdf HTTP/1.1" 200 192853 "http://www.google.pl/search?hl=pl&q=problemy+programowania+wspolbiezne+i+rozproszone+pdf&btnG=Szukaj&lr=" "Mozilla/4.0 (compatible; MSIE 8.0; Windows NT 5.1; Trident/4.0; .NET CLR 2.0.50727; .NET CLR 3.0.4506.2152; .NET CLR 3.5.30729)" "-"
212.109.130.47 - - [11/Oct/2009:08:02:27 +0200] "GET /~piotrowi/mpw/wyklad1.pdf HTTP/1.1" 206 4096 "-" "Mozilla/4.0 (compatible; MSIE 8.0; Windows NT 5.1; Trident/4.0; .NET CLR 2.0.50727; .NET CLR 3.0.4506.2152; .NET CLR 3.5.30729)" "-"
212.109.130.47 - - [11/Oct/2009:08:02:28 +0200] "GET /~piotrowi/mpw/wyklad1.pdf HTTP/1.1" 206 380489 "-" "Mozilla/4.0 (compatible; MSIE 8.0; Windows NT 5.1; Trident/4.0; .NET CLR 2.0.50727; .NET CLR 3.0.4506.2152; .NET CLR 3.5.30729)" "-"
153.19.210.159 - - [11/Oct/2009:08:02:41 +0200] "HEAD /favicon.ico HTTP/1.1" 404 0 "-" "Mozilla/5.0 (X11; U; Linux i686; pl; rv:1.9.1.3) Gecko/20090824 Firefox/3.5.3" "-"
66.249.65.212 - - [11/Oct/2009:08:03:54 +0200] "GET /tk/UNIXhelp1.3/Pages/index/io.html HTTP/1.1" 200 1924 "-" "Mozilla/5.0 (compatible; Googlebot/2.1; +http://www.google.com/bot.html)" "-"
92.241.169.175 - - [11/Oct/2009:08:04:16 +0200] "GET /%7Espcsym/phorum/post.php?f=4 HTTP/1.0" 200 3135 "http://lux.dmcs.p.lodz.pl/%7Espcsym/phorum/post.php?f=4" "Opera/7.11 (Windows NT 5.1; U) [en]" "-"
92.241.169.175 - - [11/Oct/2009:08:04:19 +0200] "POST /%7Espcsym/phorum/post.php HTTP/1.0" 200 9244 "http://lux.dmcs.p.lodz.pl/%7Espcsym/phorum/post.php?f=4" "Opera/7.11 (Windows NT 5.1; U) [en]" "-"
65.55.209.159 - - [11/Oct/2009:08:05:40 +0200] "GET /robots.txt HTTP/1.1" 200 67 "-" "msnbot/1.1 (+http://search.msn.com/msnbot.htm)" "-"
65.55.209.159 - - [11/Oct/2009:08:05:52 +0200] "GET /pium/instrukcje/ppm_6b_w50.pdf HTTP/1.1" 200 1328527 "-" "msnbot/1.1 (+http://search.msn.com/msnbot.htm)" "-"
66.249.65.212 - - [11/Oct/2009:08:09:46 +0200] "GET /inf5/07_08/1/raysse.jpg HTTP/1.1" 304 - "-" "Googlebot-Image/1.0" "-"
66.249.65.212 - - [11/Oct/2009:08:10:22 +0200] "GET /ak/kodowanie_liczb_calkowitych.pdf HTTP/1.1" 304 - "-" "Mozilla/5.0 (compatible; Googlebot/2.1; +http://www.google.com/bot.html)" "-"
67.195.113.234 - - [11/Oct/2009:08:11:22 +0200] "GET /pium/index.php?strona=4&jezyk=0 HTTP/1.0" 200 15184 "-" "Mozilla/5.0 (compatible; Yahoo! Slurp/3.0; http://help.yahoo.com/help/us/ysearch/slurp)" "-"
67.195.113.234 - - [11/Oct/2009:08:11:25 +0200] "GET /pium/style.css HTTP/1.0" 304 - "http://neo.dmcs.p.lodz.pl/pium/index.php?strona=4&jezyk=0" "Mozilla/5.0 (compatible; Yahoo! Slurp/3.0; http://help.yahoo.com/help/us/ysearch/slurp)" "-"
66.249.65.212 - - [11/Oct/2009:08:11:59 +0200] "GET /tk/UNIXhelp1.3/Pages/index/it.html HTTP/1.1" 200 3077 "-" "Mozilla/5.0 (compatible; Googlebot/2.1; +http://www.google.com/bot.html)" "-"
153.19.210.159 - - [11/Oct/2009:08:12:41 +0200] "HEAD /favicon.ico HTTP/1.1" 404 0 "-" "Mozilla/5.0 (X11; U; Linux i686; pl; rv:1.9.1.3) Gecko/20090824 Firefox/3.5.3" "-"
188.33.4.133 - - [11/Oct/2009:08:12:56 +0200] "GET /style.css HTTP/1.1" 200 2000 "http://neo.dmcs.p.lodz.pl/rso/" "Opera/9.80 (Windows NT 5.1; U; en) Presto/2.2.15 Version/10.00" "-"
188.33.4.133 - - [11/Oct/2009:08:12:57 +0200] "GET /images/back.jpg HTTP/1.1" 404 296 "http://neo.dmcs.p.lodz.pl/rso/" "Opera/9.80 (Windows NT 5.1; U; en) Presto/2.2.15 Version/10.00" "-"
188.33.4.133 - - [11/Oct/2009:08:12:58 +0200] "GET /favicon.ico HTTP/1.1" 404 292 "http://neo.dmcs.p.lodz.pl/rso/" "Opera/9.80 (Windows NT 5.1; U; en) Presto/2.2.15 Version/10.00" "-"
74.6.17.160 - - [11/Oct/2009:08:13:01 +0200] "GET /padp/lecture/padp-corba-3.pdf HTTP/1.0" 200 173140 "-" "Mozilla/5.0 (compatible; Yahoo! Slurp/3.0; http://help.yahoo.com/help/us/ysearch/slurp)" "-"
67.195.113.234 - - [11/Oct/2009:08:13:19 +0200] "GET /tpp/athena.pdf HTTP/1.0" 200 4068136 "-" "Mozilla/5.0 (compatible; Yahoo! Slurp/3.0; http://help.yahoo.com/help/us/ysearch/slurp)" "-"
81.52.143.15 - - [11/Oct/2009:08:14:09 +0200] "GET /~swierczu/ HTTP/1.1" 200 743 "-" "Mozilla/5.0 (Windows; U; Windows NT 5.1; fr; rv:1.8.1) VoilaBot BETA 1.2 (support.voilabot@orange-ftgroup.com)" "-"
72.232.167.73 - - [11/Oct/2009:08:15:14 +0200] "GET /CVS HTTP/1.1" 404 277 "-" "-" "-"
59.99.137.106 - - [11/Oct/2009:08:16:25 +0200] "GET /favicon.ico HTTP/1.1" 404 292 "-" "Mozilla/4.0 (compatible; MSIE 7.0; Windows NT 5.1; GTB6; .NET CLR 2.0.50727)" "-"
59.99.137.106 - - [11/Oct/2009:08:16:27 +0200] "GET /csII/ca2_FastAdders.pdf HTTP/1.1" 200 186796 "http://www.google.co.in/search?q=design+of+fast+adders&btnG=Search&hl=en&rlz=1R2SHCN_enIN330&sa=2" "Mozilla/4.0 (compatible; MSIE 7.0; Windows NT 5.1; GTB6; .NET CLR 2.0.50727)" "-"
66.249.65.212 - - [11/Oct/2009:08:18:42 +0200] "GET /nppm/zastosowanie_000.doc HTTP/1.1" 304 - "-" "Mozilla/5.0 (compatible; Googlebot/2.1; +http://www.google.com/bot.html)" "-"
92.241.169.168 - - [11/Oct/2009:08:19:22 +0200] "GET /%7Espcsym/phorum/post.php?f=4 HTTP/1.0" 200 3135 "http://lux.dmcs.p.lodz.pl/%7Espcsym/phorum/post.php?f=4" "Mozilla/4.0 (compatible; MSIE 6.0; Windows NT 5.1; .NET CLR 1.1.4322; Alexa Toolbar; (R1 1.5))" "-"
92.241.169.168 - - [11/Oct/2009:08:19:25 +0200] "POST /%7Espcsym/phorum/post.php HTTP/1.0" 200 9591 "http://lux.dmcs.p.lodz.pl/%7Espcsym/phorum/post.php?f=4" "Mozilla/4.0 (compatible; MSIE 6.0; Windows NT 5.1; .NET CLR 1.1.4322; Alexa Toolbar; (R1 1.5))" "-"
66.249.65.212 - - [11/Oct/2009:08:20:04 +0200] "GET /tk/UNIXhelp1.3/Pages/index/iq.html HTTP/1.1" 200 1654 "-" "Mozilla/5.0 (compatible; Googlebot/2.1; +http://www.google.com/bot.html)" "-"
65.55.106.232 - - [11/Oct/2009:08:22:25 +0200] "GET /robots.txt HTTP/1.1" 200 67 "-" "msnbot/2.0b (+http://search.msn.com/msnbot.htm)" "-"
66.249.65.209 - - [11/Oct/2009:08:22:26 +0200] "GET /isbd/php/doc/polish_many/function.require.html HTTP/1.1" 200 5843 "-" "SAMSUNG-SGH-E250/1.0 Profile/MIDP-2.0 Configuration/CLDC-1.1 UP.Browser/6.2.3.3.c.1.101 (GUI) MMP/2.0 (compatible; Googlebot-Mobile/2.1; +http://www.google.com/bot.html)" "-"
153.19.210.159 - - [11/Oct/2009:08:22:41 +0200] "HEAD /favicon.ico HTTP/1.1" 404 0 "-" "Mozilla/5.0 (X11; U; Linux i686; pl; rv:1.9.1.3) Gecko/20090824 Firefox/3.5.3" "-"
65.55.106.232 - - [11/Oct/2009:08:23:15 +0200] "GET /~swroble/tk_laboratorium_04.pdf HTTP/1.1" 304 - "-" "msnbot/2.0b (+http://search.msn.com/msnbot.htm)" "-"
125.230.149.25 - - [11/Oct/2009:08:23:29 +0200] "\x05\x01" 501 - "-" "-" "-"
125.230.149.25 - - [11/Oct/2009:08:23:30 +0200] "CONNECT 203.188.201.253:25 HTTP/1.1" 405 315 "-" "-" "-"
65.55.106.160 - - [11/Oct/2009:08:24:03 +0200] "GET /robots.txt HTTP/1.1" 200 67 "-" "msnbot/2.0b (+http://search.msn.com/msnbot.htm)" "-"
83.26.87.240 - - [11/Oct/2009:08:24:40 +0200] "GET /tm/dm/TM1._v6.pdf HTTP/1.1" 200 409448 "http://www.google.pl/search?client=firefox-a&rls=org.mozilla%3Apl-PL%3Aofficial&channel=s&hl=pl&source=hp&q=kalkulator+mikroprocesorow&lr=&btnG=Szukaj+w+Google" "Mozilla/5.0 (Windows; U; Windows NT 5.1; pl-PL; rv:1.7.12) Gecko/20050919 Firefox/1.0.7" "-"
83.26.87.240 - - [11/Oct/2009:08:24:41 +0200] "GET /tm/dm/TM1._v6.pdf HTTP/1.1" 206 4312 "-" "Mozilla/5.0 (Windows; U; Windows NT 5.1; pl-PL; rv:1.7.12) Gecko/20050919 Firefox/1.0.7" "-"
83.26.87.240 - - [11/Oct/2009:08:24:41 +0200] "GET /tm/dm/TM1._v6.pdf HTTP/1.1" 206 4312 "-" "Mozilla/5.0 (Windows; U; Windows NT 5.1; pl-PL; rv:1.7.12) Gecko/20050919 Firefox/1.0.7" "-"
65.55.106.160 - - [11/Oct/2009:08:25:15 +0200] "GET /soc-pod/soc-wyk10.pdf HTTP/1.1" 304 - "-" "msnbot/2.0b (+http://search.msn.com/msnbot.htm)" "-"
83.26.87.240 - - [11/Oct/2009:08:25:18 +0200] "GET /tm/dm/TM1._v6.pdf HTTP/1.1" 206 2510811 "-" "Mozilla/5.0 (Windows; U; Windows NT 5.1; pl-PL; rv:1.7.12) Gecko/20050919 Firefox/1.0.7" "-"
78.8.40.44 - - [11/Oct/2009:08:27:01 +0200] "GET /sk2/sk2_wyklad_07_surowe_gniazda.pdf HTTP/1.1" 200 504715 "-" "Mozilla/5.0 (Windows; U; Windows NT 6.1; pl; rv:1.9.1.3) Gecko/20090824 Firefox/3.5.3 (.NET CLR 4.0.20506)" "-"
66.249.65.212 - - [11/Oct/2009:08:27:02 +0200] "GET /wdm/mater_wyklad5.pdf HTTP/1.1" 304 - "-" "Mozilla/5.0 (compatible; Googlebot/2.1; +http://www.google.com/bot.html)" "-"
78.8.40.44 - - [11/Oct/2009:08:27:09 +0200] "GET /sk2/sk2_wyklad_07_surowe_gniazda.pdf HTTP/1.1" 206 4306 "-" "Mozilla/5.0 (Windows; U; Windows NT 6.1; pl; rv:1.9.1.3) Gecko/20090824 Firefox/3.5.3 (.NET CLR 4.0.20506)" "-"
78.8.40.44 - - [11/Oct/2009:08:27:20 +0200] "GET /sk2/sk2_wyklad_07_surowe_gniazda.pdf HTTP/1.1" 206 439179 "-" "Mozilla/5.0 (Windows; U; Windows NT 6.1; pl; rv:1.9.1.3) Gecko/20090824 Firefox/3.5.3 (.NET CLR 4.0.20506)" "-"
83.238.218.87 - - [11/Oct/2009:08:27:23 +0200] "GET /favicon.ico HTTP/1.1" 404 292 "-" "Mozilla/4.0 (compatible; MSIE 7.0; Windows NT 6.0; GTB6; SLCC1; .NET CLR 2.0.50727; InfoPath.2; .NET CLR 3.5.21022; .NET CLR 3.5.30729; .NET CLR 3.0.30618)" "-"
83.238.218.87 - - [11/Oct/2009:08:27:26 +0200] "GET /kpuesz/kpue-sz_wykl-1_notatki.pdf HTTP/1.1" 200 382417 "http://www.google.pl/search?sourceid=navclient&ie=UTF-8&rlz=1T4HPND_enPL272PL320&q=komputerowa+analiza+obwod%c3%b3w+elektrycznych+sprawozdanie" "Mozilla/4.0 (compatible; MSIE 7.0; Windows NT 6.0; GTB6; SLCC1; .NET CLR 2.0.50727; InfoPath.2; .NET CLR 3.5.21022; .NET CLR 3.5.30729; .NET CLR 3.0.30618)" "-"
78.8.40.44 - - [11/Oct/2009:08:27:31 +0200] "GET /sk2/sk2_wyklad_07_surowe_gniazda.pdf HTTP/1.1" 206 4306 "-" "Mozilla/5.0 (Windows; U; Windows NT 6.1; pl; rv:1.9.1.3) Gecko/20090824 Firefox/3.5.3 (.NET CLR 4.0.20506)" "-"
78.8.40.44 - - [11/Oct/2009:08:27:32 +0200] "GET /favicon.ico HTTP/1.1" 404 292 "-" "Mozilla/5.0 (Windows; U; Windows NT 6.1; pl; rv:1.9.1.3) Gecko/20090824 Firefox/3.5.3 (.NET CLR 4.0.20506)" "-"
78.8.40.44 - - [11/Oct/2009:08:27:37 +0200] "GET /favicon.ico HTTP/1.1" 404 292 "-" "Mozilla/5.0 (Windows; U; Windows NT 6.1; pl; rv:1.9.1.3) Gecko/20090824 Firefox/3.5.3 (.NET CLR 4.0.20506)" "-"
192.168.17.131 - - [11/Oct/2009:08:27:42 +0200] "GET /podyplomowe_smtm/smob2 HTTP/1.1" 301 326 "-" "Mozilla/5.0 (X11; U; Linux i686; pl; rv:1.9) Gecko/2008052912 Firefox/3.0" "-"
192.168.17.131 - - [11/Oct/2009:08:27:42 +0200] "GET /podyplomowe_smtm/smob2/ HTTP/1.1" 304 - "-" "Mozilla/5.0 (X11; U; Linux i686; pl; rv:1.9) Gecko/2008052912 Firefox/3.0" "-"
78.8.40.44 - - [11/Oct/2009:08:27:43 +0200] "GET /sk2/sk2_wyklad_07_surowe_gniazda.pdf HTTP/1.1" 206 431194 "-" "Mozilla/5.0 (Windows; U; Windows NT 6.1; pl; rv:1.9.1.3) Gecko/20090824 Firefox/3.5.3 (.NET CLR 4.0.20506)" "-"
192.168.17.131 - - [11/Oct/2009:08:27:43 +0200] "GET /podyplomowe_smtm/images/back.jpg HTTP/1.1" 404 306 "http://neo.dmcs.pl/podyplomowe_smtm/smob2/" "Mozilla/5.0 (X11; U; Linux i686; pl; rv:1.9) Gecko/2008052912 Firefox/3.0" "-"
78.8.40.44 - - [11/Oct/2009:08:27:44 +0200] "GET /favicon.ico HTTP/1.1" 404 292 "-" "Mozilla/5.0 (Windows; U; Windows NT 6.1; pl; rv:1.9.1.3) Gecko/20090824 Firefox/3.5.3 (.NET CLR 4.0.20506)" "-"
192.168.17.131 - - [11/Oct/2009:08:27:46 +0200] "GET /favicon.ico HTTP/1.1" 404 285 "-" "Mozilla/5.0 (X11; U; Linux i686; pl; rv:1.9) Gecko/2008052912 Firefox/3.0" "-"
192.168.17.131 - - [11/Oct/2009:08:27:55 +0200] "GET /podyplomowe_smtm/smob2/smob2_2_shell.pdf HTTP/1.1" 200 202560 "http://neo.dmcs.pl/podyplomowe_smtm/smob2/" "Mozilla/5.0 (X11; U; Linux i686; pl; rv:1.9) Gecko/2008052912 Firefox/3.0" "-"
192.168.17.131 - - [11/Oct/2009:08:27:57 +0200] "GET /podyplomowe_smtm/smob2/smob2_2_shell.pdf HTTP/1.1" 200 250842 "http://neo.dmcs.pl/podyplomowe_smtm/smob2/smob2_2_shell.pdf" "Mozilla/5.0 (X11; U; Linux i686; pl; rv:1.9) Gecko/2008052912 Firefox/3.0" "-"
66.249.65.212 - - [11/Oct/2009:08:28:09 +0200] "GET /tk/UNIXhelp1.3/Pages/index/ih.html HTTP/1.1" 200 1928 "-" "Mozilla/5.0 (compatible; Googlebot/2.1; +http://www.google.com/bot.html)" "-"
65.55.207.46 - - [11/Oct/2009:08:28:48 +0200] "GET /pium/pium/materialy_cw7/STP36NF06L.pdf HTTP/1.1" 200 445300 "-" "msnbot/2.0b (+http://search.msn.com/msnbot.htm)" "-"
67.195.113.234 - - [11/Oct/2009:08:29:45 +0200] "GET /tpp/05_Epitaksja.pdf HTTP/1.0" 200 115931 "-" "Mozilla/5.0 (compatible; Yahoo! Slurp/3.0; http://help.yahoo.com/help/us/ysearch/slurp)" "-"
74.6.17.160 - - [11/Oct/2009:08:32:32 +0200] "GET /graphics/animals/animals_02.htm HTTP/1.0" 200 5652 "-" "Mozilla/5.0 (compatible; Yahoo! Slurp/3.0; http://help.yahoo.com/help/us/ysearch/slurp)" "-"
153.19.210.159 - - [11/Oct/2009:08:32:41 +0200] "HEAD /favicon.ico HTTP/1.1" 404 0 "-" "Mozilla/5.0 (X11; U; Linux i686; pl; rv:1.9.1.3) Gecko/20090824 Firefox/3.5.3" "-"
74.6.17.160 - - [11/Oct/2009:08:35:11 +0200] "GET /csI/ HTTP/1.0" 200 2971 "-" "Mozilla/5.0 (compatible; Yahoo! Slurp/3.0; http://help.yahoo.com/help/us/ysearch/slurp)" "-"
74.6.17.160 - - [11/Oct/2009:08:35:16 +0200] "GET /style.css HTTP/1.0" 304 - "http://lux.dmcs.p.lodz.pl/csI/" "Mozilla/5.0 (compatible; Yahoo! Slurp/3.0; http://help.yahoo.com/help/us/ysearch/slurp)" "-"
66.249.65.212 - - [11/Oct/2009:08:35:22 +0200] "GET /pee/instrukcje/pee-2-stare-pee5.pdf HTTP/1.1" 304 - "-" "Mozilla/5.0 (compatible; Googlebot/2.1; +http://www.google.com/bot.html)" "-"
66.249.65.212 - - [11/Oct/2009:08:36:14 +0200] "GET /tk/UNIXhelp1.3/Pages/index/iu.html HTTP/1.1" 200 1562 "-" "Mozilla/5.0 (compatible; Googlebot/2.1; +http://www.google.com/bot.html)" "-"
193.238.95.3 - - [11/Oct/2009:08:37:11 +0200] "GET /podyplomowe_smtm/ HTTP/1.1" 200 2919 "-" "Mozilla/5.0 (Windows; U; Windows NT 5.1; pl; rv:1.9.1.3) Gecko/20090824 Firefox/3.5.3" "-"
193.238.95.3 - - [11/Oct/2009:08:37:11 +0200] "GET /style.css HTTP/1.1" 200 2000 "http://neo.dmcs.pl/podyplomowe_smtm/" "Mozilla/5.0 (Windows; U; Windows NT 5.1; pl; rv:1.9.1.3) Gecko/20090824 Firefox/3.5.3" "-"
193.238.95.3 - - [11/Oct/2009:08:37:11 +0200] "GET /images/back.jpg HTTP/1.1" 404 289 "http://neo.dmcs.pl/podyplomowe_smtm/" "Mozilla/5.0 (Windows; U; Windows NT 5.1; pl; rv:1.9.1.3) Gecko/20090824 Firefox/3.5.3" "-"
193.238.95.3 - - [11/Oct/2009:08:37:11 +0200] "GET /favicon.ico HTTP/1.1" 404 285 "-" "Mozilla/5.0 (Windows; U; Windows NT 5.1; pl; rv:1.9.1.3) Gecko/20090824 Firefox/3.5.3" "-"
193.238.95.3 - - [11/Oct/2009:08:37:14 +0200] "GET /favicon.ico HTTP/1.1" 404 285 "-" "Mozilla/5.0 (Windows; U; Windows NT 5.1; pl; rv:1.9.1.3) Gecko/20090824 Firefox/3.5.3" "-"
193.238.95.3 - - [11/Oct/2009:08:37:15 +0200] "GET /podyplomowe_smtm/plan_zad5_semestr2_23.09.2009.pdf HTTP/1.1" 200 1060342 "http://neo.dmcs.pl/podyplomowe_smtm/" "Mozilla/5.0 (Windows; U; Windows NT 5.1; pl; rv:1.9.1.3) Gecko/20090824 Firefox/3.5.3" "-"
83.18.100.204 - - [11/Oct/2009:08:38:32 +0200] "GET /ak/AK_wstep.pdf HTTP/1.1" 200 1837020 "http://szukaj.onet.pl/query.html?qt=elektryczna+implementacja+zapisu+binarnego" "Mozilla/4.0 (compatible; MSIE 6.0; Windows NT 5.1; SV1; .NET CLR 1.1.4322)" "-"
117.193.174.69 - - [11/Oct/2009:08:41:22 +0200] "GET /pdsc/pdsc7.pdf HTTP/1.1" 200 236320 "http://www.pdf-search-engine.com/data-structures-in-c--pdf.html" "Mozilla/5.0 (Windows; U; Windows NT 5.1; en-US; rv:1.9.1.3) Gecko/20090824 Firefox/3.5.3" "-"
117.193.174.69 - - [11/Oct/2009:08:41:24 +0200] "GET /favicon.ico HTTP/1.1" 404 292 "-" "Mozilla/5.0 (Windows; U; Windows NT 5.1; en-US; rv:1.9.1.3) Gecko/20090824 Firefox/3.5.3" "-"
10.0.8.15 - - [11/Oct/2009:08:41:26 +0200] "PROPFIND /idn-1 HTTP/1.1" 404 271 "-" "Microsoft-WebDAV-MiniRedir/5.1.2600" "-"
117.193.174.69 - - [11/Oct/2009:08:41:28 +0200] "GET /favicon.ico HTTP/1.1" 404 292 "-" "Mozilla/5.0 (Windows; U; Windows NT 5.1; en-US; rv:1.9.1.3) Gecko/20090824 Firefox/3.5.3" "-"
10.0.8.13 - - [11/Oct/2009:08:41:32 +0200] "PROPFIND /idn-13 HTTP/1.1" 404 272 "-" "Microsoft-WebDAV-MiniRedir/5.1.2600" "-"
10.0.8.15 - - [11/Oct/2009:08:41:33 +0200] "OPTIONS / HTTP/1.1" 200 - "-" "Microsoft-WebDAV-MiniRedir/5.1.2600" "-"
10.0.8.15 - - [11/Oct/2009:08:41:33 +0200] "PROPFIND /idn-1 HTTP/1.1" 404 271 "-" "Microsoft-WebDAV-MiniRedir/5.1.2600" "-"
10.0.8.13 - - [11/Oct/2009:08:41:35 +0200] "OPTIONS / HTTP/1.1" 200 - "-" "Microsoft-WebDAV-MiniRedir/5.1.2600" "-"
10.0.8.13 - - [11/Oct/2009:08:41:35 +0200] "PROPFIND /idn-13 HTTP/1.1" 404 272 "-" "Microsoft-WebDAV-MiniRedir/5.1.2600" "-"
10.0.8.240 - - [11/Oct/2009:08:41:58 +0200] "PROPFIND /idn-15 HTTP/1.1" 404 272 "-" "Microsoft-WebDAV-MiniRedir/5.1.2600" "-"
10.0.8.240 - - [11/Oct/2009:08:42:10 +0200] "OPTIONS / HTTP/1.1" 200 - "-" "Microsoft-WebDAV-MiniRedir/5.1.2600" "-"
10.0.8.240 - - [11/Oct/2009:08:42:10 +0200] "PROPFIND /idn-15 HTTP/1.1" 404 272 "-" "Microsoft-WebDAV-MiniRedir/5.1.2600" "-"
85.89.189.116 - - [11/Oct/2009:08:42:12 +0200] "GET /~mariuszz/SelPublications/IFE_ComputerGraphics_Ex1Ex2_ver1_01.pdf HTTP/1.1" 200 230743 "http://pisek2.cjb.net/forum/viewtopic.php?p=5312&sid=1f60f4c582d07efbe566aa48f617b0e5" "Mozilla/5.0 (Windows; U; Windows NT 6.1; en-US) AppleWebKit/532.0 (KHTML, like Gecko) Chrome/3.0.195.25 Safari/532.0" "-"
10.0.8.17 - - [11/Oct/2009:08:42:18 +0200] "PROPFIND /idn-6 HTTP/1.1" 404 271 "-" "Microsoft-WebDAV-MiniRedir/5.1.2600" "-"
10.0.8.17 - - [11/Oct/2009:08:42:30 +0200] "OPTIONS / HTTP/1.1" 200 - "-" "Microsoft-WebDAV-MiniRedir/5.1.2600" "-"
10.0.8.17 - - [11/Oct/2009:08:42:30 +0200] "PROPFIND /idn-6 HTTP/1.1" 404 271 "-" "Microsoft-WebDAV-MiniRedir/5.1.2600" "-"
153.19.210.159 - - [11/Oct/2009:08:42:41 +0200] "HEAD /favicon.ico HTTP/1.1" 404 0 "-" "Mozilla/5.0 (X11; U; Linux i686; pl; rv:1.9.1.3) Gecko/20090824 Firefox/3.5.3" "-"
10.0.8.7 - - [11/Oct/2009:08:43:06 +0200] "PROPFIND /idn-14 HTTP/1.1" 404 272 "-" "Microsoft-WebDAV-MiniRedir/5.1.2600" "-"
10.0.8.7 - - [11/Oct/2009:08:43:38 +0200] "OPTIONS / HTTP/1.1" 200 - "-" "Microsoft-WebDAV-MiniRedir/5.1.2600" "-"
10.0.8.7 - - [11/Oct/2009:08:43:38 +0200] "PROPFIND /idn-14 HTTP/1.1" 404 272 "-" "Microsoft-WebDAV-MiniRedir/5.1.2600" "-"
66.249.65.212 - - [11/Oct/2009:08:43:41 +0200] "GET /pn/opis_laboratorium/lab_opis.html HTTP/1.1" 304 - "-" "Mozilla/5.0 (compatible; Googlebot/2.1; +http://www.google.com/bot.html)" "-"
94.23.18.133 - - [11/Oct/2009:08:43:46 +0200] "GET /%7Espcsym/phorum/post.php?f=4 HTTP/1.0" 200 3135 "http://lux.dmcs.p.lodz.pl/%7Espcsym/phorum/post.php?f=4" "Mozilla/4.0 (compatible; MSIE 5.5; Windows NT 4.0; .NET CLR 1.0.2914)" "-"
10.0.8.13 - - [11/Oct/2009:08:43:49 +0200] "GET /~sakowicz/podyplomowe/ HTTP/1.1" 200 109 "-" "Mozilla/5.0 (Windows; U; Windows NT 5.1; en-US; rv:1.9.0.10) Gecko/2009042316 Firefox/3.0.10" "-"
67.195.113.234 - - [11/Oct/2009:08:43:49 +0200] "GET /padp/lecture/padp_lecture_4.ppt HTTP/1.0" 200 631296 "-" "Mozilla/5.0 (compatible; Yahoo! Slurp/3.0; http://help.yahoo.com/help/us/ysearch/slurp)" "-"
10.0.8.13 - - [11/Oct/2009:08:43:49 +0200] "GET /favicon.ico HTTP/1.1" 404 285 "-" "Mozilla/5.0 (Windows; U; Windows NT 5.1; en-US; rv:1.9.0.10) Gecko/2009042316 Firefox/3.0.10" "-"
10.0.8.13 - - [11/Oct/2009:08:43:52 +0200] "GET /favicon.ico HTTP/1.1" 404 285 "-" "Mozilla/5.0 (Windows; U; Windows NT 5.1; en-US; rv:1.9.0.10) Gecko/2009042316 Firefox/3.0.10" "-"
10.0.8.13 - - [11/Oct/2009:08:43:53 +0200] "GET /~sakowicz/podyplomowe/pokl_www_cwiczenie_1_czcionki_i_listy.doc HTTP/1.1" 200 120320 "http://lux.dmcs.pl/~sakowicz/podyplomowe/" "Mozilla/5.0 (Windows; U; Windows NT 5.1; en-US; rv:1.9.0.10) Gecko/2009042316 Firefox/3.0.10" "-"
94.23.18.133 - - [11/Oct/2009:08:43:56 +0200] "POST /%7Espcsym/phorum/post.php HTTP/1.0" 200 8401 "http://lux.dmcs.p.lodz.pl/%7Espcsym/phorum/post.php?f=4" "Mozilla/4.0 (compatible; MSIE 5.5; Windows NT 4.0; .NET CLR 1.0.2914)" "-"
66.249.65.212 - - [11/Oct/2009:08:44:19 +0200] "GET /tk/UNIXhelp1.3/Pages/index/il.html HTTP/1.1" 200 2641 "-" "Mozilla/5.0 (compatible; Googlebot/2.1; +http://www.google.com/bot.html)" "-"
10.0.8.15 - - [11/Oct/2009:08:44:42 +0200] "GET /~komam HTTP/1.1" 301 310 "-" "Mozilla/4.0 (compatible; MSIE 7.0; Windows NT 5.1; .NET CLR 1.1.4322)" "-"
10.0.8.15 - - [11/Oct/2009:08:44:42 +0200] "GET /~komam/ HTTP/1.1" 200 897 "-" "Mozilla/4.0 (compatible; MSIE 7.0; Windows NT 5.1; .NET CLR 1.1.4322)" "-"
10.0.8.15 - - [11/Oct/2009:08:44:42 +0200] "GET /style.css HTTP/1.1" 200 2000 "http://lux.dmcs.pl/~komam/" "Mozilla/4.0 (compatible; MSIE 7.0; Windows NT 5.1; .NET CLR 1.1.4322)" "-"
10.0.8.15 - - [11/Oct/2009:08:44:42 +0200] "GET /~komam/back.jpg HTTP/1.1" 404 289 "http://lux.dmcs.pl/~komam/" "Mozilla/4.0 (compatible; MSIE 7.0; Windows NT 5.1; .NET CLR 1.1.4322)" "-"
10.0.8.15 - - [11/Oct/2009:08:44:43 +0200] "GET /favicon.ico HTTP/1.1" 404 285 "-" "Mozilla/4.0 (compatible; MSIE 7.0; Windows NT 5.1; .NET CLR 1.1.4322)" "-"
65.55.106.155 - - [11/Oct/2009:08:44:45 +0200] "GET /sw/doc/68331um.pdf HTTP/1.1" 304 - "-" "msnbot/2.0b (+http://search.msn.com/msnbot.htm)" "-"
10.0.8.15 - - [11/Oct/2009:08:45:00 +0200] "GET /~komam/podyplomowe/index.html HTTP/1.1" 200 471 "http://lux.dmcs.pl/~komam/" "Mozilla/4.0 (compatible; MSIE 7.0; Windows NT 5.1; .NET CLR 1.1.4322)" "-"
10.0.8.15 - - [11/Oct/2009:08:45:01 +0200] "GET /~komam/podyplomowe/back.jpg HTTP/1.1" 404 301 "http://lux.dmcs.pl/~komam/podyplomowe/index.html" "Mozilla/4.0 (compatible; MSIE 7.0; Windows NT 5.1; .NET CLR 1.1.4322)" "-"
10.0.8.15 - - [11/Oct/2009:08:45:19 +0200] "GET /~komam/back.jpg HTTP/1.1" 404 289 "http://lux.dmcs.pl/~komam/" "Mozilla/4.0 (compatible; MSIE 7.0; Windows NT 5.1; .NET CLR 1.1.4322)" "-"
10.0.8.18 - - [11/Oct/2009:08:45:20 +0200] "PROPFIND /idn-7 HTTP/1.1" 404 271 "-" "Microsoft-WebDAV-MiniRedir/5.1.2600" "-"
220.100.96.65 - - [11/Oct/2009:08:45:29 +0200] "GET /isbd/php/doc/polish/xmlrpc.php? HTTP/1.1" 404 311 "-" "libwww-perl/5.65" "-"
220.100.96.65 - - [11/Oct/2009:08:45:30 +0200] "GET /xmlrpc.php? HTTP/1.1" 404 291 "-" "libwww-perl/5.65" "-"
220.100.96.65 - - [11/Oct/2009:08:45:31 +0200] "GET /isbd/php/doc/xmlrpc.php? HTTP/1.1" 404 304 "-" "libwww-perl/5.65" "-"
10.0.8.18 - - [11/Oct/2009:08:45:36 +0200] "OPTIONS / HTTP/1.1" 200 - "-" "Microsoft-WebDAV-MiniRedir/5.1.2600" "-"
10.0.8.18 - - [11/Oct/2009:08:45:36 +0200] "PROPFIND /idn-7 HTTP/1.1" 404 271 "-" "Microsoft-WebDAV-MiniRedir/5.1.2600" "-"
10.0.8.15 - - [11/Oct/2009:08:45:48 +0200] "GET /~sakowicz/podyplomowe HTTP/1.1" 301 325 "-" "Mozilla/4.0 (compatible; MSIE 7.0; Windows NT 5.1; .NET CLR 1.1.4322)" "-"
10.0.8.15 - - [11/Oct/2009:08:45:48 +0200] "GET /~sakowicz/podyplomowe/ HTTP/1.1" 200 109 "-" "Mozilla/4.0 (compatible; MSIE 7.0; Windows NT 5.1; .NET CLR 1.1.4322)" "-"
10.0.8.15 - - [11/Oct/2009:08:45:59 +0200] "GET /~sakowicz/podyplomowe/pokl_www_cwiczenie_1_czcionki_i_listy.doc HTTP/1.1" 200 120320 "http://lux.dmcs.pl/~sakowicz/podyplomowe/" "Mozilla/4.0 (compatible; MSIE 7.0; Windows NT 5.1; .NET CLR 1.1.4322)" "-"
188.33.166.38 - - [11/Oct/2009:08:46:24 +0200] "GET /sk2/sk2_wyklad_08_ipv6.pdf HTTP/1.1" 200 68273 "http://www.google.pl/url?sa=t&source=web&ct=res&cd=4&ved=0CA4QFjAD&url=http%3A%2F%2Fneo.dmcs.p.lodz.pl%2Fsk2%2Fsk2_wyklad_08_ipv6.pdf&ei=M3_RSqD5MdDajQfYu93yAw&rct=j&q=protok%C3%B3%C5%82+ipv6&usg=AFQjCNE3vRE1dmQi-_xxnYTv8QsVdlsCbw" "Mozilla/5.0 (Windows; U; Windows NT 6.0; pl; rv:1.9.1.3) Gecko/20090824 Firefox/3.5.3 (.NET CLR 3.5.30729)" "-"
188.33.166.38 - - [11/Oct/2009:08:46:29 +0200] "GET /sk2/sk2_wyklad_08_ipv6.pdf HTTP/1.1" 206 508722 "-" "Mozilla/5.0 (Windows; U; Windows NT 6.0; pl; rv:1.9.1.3) Gecko/20090824 Firefox/3.5.3 (.NET CLR 3.5.30729)" "-"
188.33.166.38 - - [11/Oct/2009:08:46:30 +0200] "GET /favicon.ico HTTP/1.1" 404 292 "-" "Mozilla/5.0 (Windows; U; Windows NT 6.0; pl; rv:1.9.1.3) Gecko/20090824 Firefox/3.5.3 (.NET CLR 3.5.30729)" "-"
188.33.166.38 - - [11/Oct/2009:08:46:34 +0200] "GET /favicon.ico HTTP/1.1" 404 292 "-" "Mozilla/5.0 (Windows; U; Windows NT 6.0; pl; rv:1.9.1.3) Gecko/20090824 Firefox/3.5.3 (.NET CLR 3.5.30729)" "-"
10.0.8.7 - - [11/Oct/2009:08:47:16 +0200] "GET /~sakowicz/podyplomowe/ HTTP/1.1" 200 109 "-" "Mozilla/5.0 (Windows; U; Windows NT 5.1; en-US; rv:1.9.0.10) Gecko/2009042316 Firefox/3.0.10" "-"
10.0.8.7 - - [11/Oct/2009:08:47:17 +0200] "GET /favicon.ico HTTP/1.1" 404 285 "-" "Mozilla/5.0 (Windows; U; Windows NT 5.1; en-US; rv:1.9.0.10) Gecko/2009042316 Firefox/3.0.10" "-"
10.0.8.7 - - [11/Oct/2009:08:47:19 +0200] "GET /~sakowicz/podyplomowe/pokl_www_cwiczenie_1_czcionki_i_listy.doc HTTP/1.1" 200 120320 "http://lux.dmcs.pl/~sakowicz/podyplomowe/" "Mozilla/5.0 (Windows; U; Windows NT 5.1; en-US; rv:1.9.0.10) Gecko/2009042316 Firefox/3.0.10" "-"
10.0.8.7 - - [11/Oct/2009:08:47:20 +0200] "GET /favicon.ico HTTP/1.1" 404 285 "-" "Mozilla/5.0 (Windows; U; Windows NT 5.1; en-US; rv:1.9.0.10) Gecko/2009042316 Firefox/3.0.10" "-"
10.0.8.7 - - [11/Oct/2009:08:48:00 +0200] "PROPFIND /idn-14 HTTP/1.1" 404 272 "-" "Microsoft-WebDAV-MiniRedir/5.1.2600" "-"
10.0.8.7 - - [11/Oct/2009:08:48:02 +0200] "PROPFIND /idn-14 HTTP/1.1" 404 272 "-" "Microsoft-WebDAV-MiniRedir/5.1.2600" "-"
10.0.8.7 - - [11/Oct/2009:08:48:03 +0200] "PROPFIND /idn-14 HTTP/1.1" 404 272 "-" "Microsoft-WebDAV-MiniRedir/5.1.2600" "-"
10.0.8.7 - - [11/Oct/2009:08:48:03 +0200] "PROPFIND /idn-14 HTTP/1.1" 404 272 "-" "Microsoft-WebDAV-MiniRedir/5.1.2600" "-"
10.0.8.7 - - [11/Oct/2009:08:48:04 +0200] "PROPFIND /idn-14 HTTP/1.1" 404 272 "-" "Microsoft-WebDAV-MiniRedir/5.1.2600" "-"
10.0.8.11 - - [11/Oct/2009:08:48:10 +0200] "PROPFIND /idn-11 HTTP/1.1" 404 272 "-" "Microsoft-WebDAV-MiniRedir/5.1.2600" "-"
78.8.40.2 - - [11/Oct/2009:08:48:41 +0200] "GET /sk2/sk2_wyklad_07_surowe_gniazda.pdf HTTP/1.1" 200 504715 "-" "Mozilla/5.0 (Windows; U; Windows NT 6.1; pl; rv:1.9.1.3) Gecko/20090824 Firefox/3.5.3 (.NET CLR 4.0.20506)" "-"
10.0.8.11 - - [11/Oct/2009:08:48:47 +0200] "OPTIONS / HTTP/1.1" 200 - "-" "Microsoft-WebDAV-MiniRedir/5.1.2600" "-"
10.0.8.11 - - [11/Oct/2009:08:48:47 +0200] "PROPFIND /idn-11 HTTP/1.1" 404 272 "-" "Microsoft-WebDAV-MiniRedir/5.1.2600" "-"
78.8.40.2 - - [11/Oct/2009:08:48:48 +0200] "GET /sk2/sk2_wyklad_07_surowe_gniazda.pdf HTTP/1.1" 206 4306 "-" "Mozilla/5.0 (Windows; U; Windows NT 6.1; pl; rv:1.9.1.3) Gecko/20090824 Firefox/3.5.3 (.NET CLR 4.0.20506)" "-"
78.8.40.2 - - [11/Oct/2009:08:48:56 +0200] "GET /sk2/sk2_wyklad_07_surowe_gniazda.pdf HTTP/1.1" 206 4306 "-" "Mozilla/5.0 (Windows; U; Windows NT 6.1; pl; rv:1.9.1.3) Gecko/20090824 Firefox/3.5.3 (.NET CLR 4.0.20506)" "-"
78.8.40.2 - - [11/Oct/2009:08:48:57 +0200] "GET /favicon.ico HTTP/1.1" 404 292 "-" "Mozilla/5.0 (Windows; U; Windows NT 6.1; pl; rv:1.9.1.3) Gecko/20090824 Firefox/3.5.3 (.NET CLR 4.0.20506)" "-"
78.8.40.2 - - [11/Oct/2009:08:49:00 +0200] "GET /sk2/sk2_wyklad_07_surowe_gniazda.pdf HTTP/1.1" 206 439179 "-" "Mozilla/5.0 (Windows; U; Windows NT 6.1; pl; rv:1.9.1.3) Gecko/20090824 Firefox/3.5.3 (.NET CLR 4.0.20506)" "-"
78.8.40.2 - - [11/Oct/2009:08:49:10 +0200] "GET /favicon.ico HTTP/1.1" 404 292 "-" "Mozilla/5.0 (Windows; U; Windows NT 6.1; pl; rv:1.9.1.3) Gecko/20090824 Firefox/3.5.3 (.NET CLR 4.0.20506)" "-"
78.8.40.2 - - [11/Oct/2009:08:49:14 +0200] "GET /sk2/sk2_wyklad_07_surowe_gniazda.pdf HTTP/1.1" 206 431194 "-" "Mozilla/5.0 (Windows; U; Windows NT 6.1; pl; rv:1.9.1.3) Gecko/20090824 Firefox/3.5.3 (.NET CLR 4.0.20506)" "-"
78.8.40.2 - - [11/Oct/2009:08:49:17 +0200] "GET /sk2/sk2_wyklad_07_surowe_gniazda.pdf HTTP/1.1" 206 4306 "-" "Mozilla/5.0 (Windows; U; Windows NT 6.1; pl; rv:1.9.1.3) Gecko/20090824 Firefox/3.5.3 (.NET CLR 4.0.20506)" "-"
78.8.40.2 - - [11/Oct/2009:08:49:19 +0200] "GET /sk2/sk2_wyklad_07_surowe_gniazda.pdf HTTP/1.1" 206 4306 "-" "Mozilla/5.0 (Windows; U; Windows NT 6.1; pl; rv:1.9.1.3) Gecko/20090824 Firefox/3.5.3 (.NET CLR 4.0.20506)" "-"
78.8.40.2 - - [11/Oct/2009:08:49:23 +0200] "GET /sk2/sk2_wyklad_07_surowe_gniazda.pdf HTTP/1.1" 206 431194 "-" "Mozilla/5.0 (Windows; U; Windows NT 6.1; pl; rv:1.9.1.3) Gecko/20090824 Firefox/3.5.3 (.NET CLR 4.0.20506)" "-"
83.175.181.254 - - [11/Oct/2009:08:51:11 +0200] "GET /~spcsym/html/PSPICE_opis_files/image001.gif HTTP/1.1" 200 2851 "http://neo.dmcs.p.lodz.pl/~spcsym/html/PSPICE_opis.html" "Mozilla/5.0 (Windows; U; Windows NT 5.1; pl; rv:1.9.1.3) Gecko/20090824 Firefox/3.5.3" "-"
83.175.181.254 - - [11/Oct/2009:08:51:12 +0200] "GET /~spcsym/html/PSPICE_opis_files/image002.gif HTTP/1.1" 200 520 "http://neo.dmcs.p.lodz.pl/~spcsym/html/PSPICE_opis.html" "Mozilla/5.0 (Windows; U; Windows NT 5.1; pl; rv:1.9.1.3) Gecko/20090824 Firefox/3.5.3" "-"
83.175.181.254 - - [11/Oct/2009:08:51:12 +0200] "GET /~spcsym/html/PSPICE_opis_files/image003.gif HTTP/1.1" 200 447 "http://neo.dmcs.p.lodz.pl/~spcsym/html/PSPICE_opis.html" "Mozilla/5.0 (Windows; U; Windows NT 5.1; pl; rv:1.9.1.3) Gecko/20090824 Firefox/3.5.3" "-"
83.175.181.254 - - [11/Oct/2009:08:51:12 +0200] "GET /~spcsym/html/PSPICE_opis_files/image005.gif HTTP/1.1" 200 620 "http://neo.dmcs.p.lodz.pl/~spcsym/html/PSPICE_opis.html" "Mozilla/5.0 (Windows; U; Windows NT 5.1; pl; rv:1.9.1.3) Gecko/20090824 Firefox/3.5.3" "-"
83.175.181.254 - - [11/Oct/2009:08:51:12 +0200] "GET /~spcsym/html/PSPICE_opis_files/image004.gif HTTP/1.1" 200 435 "http://neo.dmcs.p.lodz.pl/~spcsym/html/PSPICE_opis.html" "Mozilla/5.0 (Windows; U; Windows NT 5.1; pl; rv:1.9.1.3) Gecko/20090824 Firefox/3.5.3" "-"
83.175.181.254 - - [11/Oct/2009:08:51:12 +0200] "GET /~spcsym/html/PSPICE_opis_files/image007.gif HTTP/1.1" 200 618 "http://neo.dmcs.p.lodz.pl/~spcsym/html/PSPICE_opis.html" "Mozilla/5.0 (Windows; U; Windows NT 5.1; pl; rv:1.9.1.3) Gecko/20090824 Firefox/3.5.3" "-"
83.175.181.254 - - [11/Oct/2009:08:51:12 +0200] "GET /~spcsym/html/PSPICE_opis_files/image006.gif HTTP/1.1" 200 512 "http://neo.dmcs.p.lodz.pl/~spcsym/html/PSPICE_opis.html" "Mozilla/5.0 (Windows; U; Windows NT 5.1; pl; rv:1.9.1.3) Gecko/20090824 Firefox/3.5.3" "-"
83.175.181.254 - - [11/Oct/2009:08:51:12 +0200] "GET /~spcsym/html/PSPICE_opis_files/image010.gif HTTP/1.1" 200 622 "http://neo.dmcs.p.lodz.pl/~spcsym/html/PSPICE_opis.html" "Mozilla/5.0 (Windows; U; Windows NT 5.1; pl; rv:1.9.1.3) Gecko/20090824 Firefox/3.5.3" "-"
83.175.181.254 - - [11/Oct/2009:08:51:12 +0200] "GET /~spcsym/html/PSPICE_opis_files/image009.gif HTTP/1.1" 200 643 "http://neo.dmcs.p.lodz.pl/~spcsym/html/PSPICE_opis.html" "Mozilla/5.0 (Windows; U; Windows NT 5.1; pl; rv:1.9.1.3) Gecko/20090824 Firefox/3.5.3" "-"
83.175.181.254 - - [11/Oct/2009:08:51:12 +0200] "GET /~spcsym/html/PSPICE_opis_files/image008.gif HTTP/1.1" 200 597 "http://neo.dmcs.p.lodz.pl/~spcsym/html/PSPICE_opis.html" "Mozilla/5.0 (Windows; U; Windows NT 5.1; pl; rv:1.9.1.3) Gecko/20090824 Firefox/3.5.3" "-"
83.175.181.254 - - [11/Oct/2009:08:51:12 +0200] "GET /~spcsym/html/PSPICE_opis_files/image011.gif HTTP/1.1" 200 468 "http://neo.dmcs.p.lodz.pl/~spcsym/html/PSPICE_opis.html" "Mozilla/5.0 (Windows; U; Windows NT 5.1; pl; rv:1.9.1.3) Gecko/20090824 Firefox/3.5.3" "-"
83.175.181.254 - - [11/Oct/2009:08:51:12 +0200] "GET /~spcsym/html/PSPICE_opis_files/image012.gif HTTP/1.1" 200 293 "http://neo.dmcs.p.lodz.pl/~spcsym/html/PSPICE_opis.html" "Mozilla/5.0 (Windows; U; Windows NT 5.1; pl; rv:1.9.1.3) Gecko/20090824 Firefox/3.5.3" "-"
83.175.181.254 - - [11/Oct/2009:08:51:12 +0200] "GET /~spcsym/html/PSPICE_opis_files/image013.gif HTTP/1.1" 200 264 "http://neo.dmcs.p.lodz.pl/~spcsym/html/PSPICE_opis.html" "Mozilla/5.0 (Windows; U; Windows NT 5.1; pl; rv:1.9.1.3) Gecko/20090824 Firefox/3.5.3" "-"
