79.163.166.170 - - [11/Oct/2009:17:13:15 +0200] "GET /favicon.ico HTTP/1.1" 404 292 "-" "Mozilla/5.0 (Windows; U; Windows NT 5.1; en-US) AppleWebKit/532.0 (KHTML, like Gecko) Chrome/3.0.195.21 Safari/532.0" "-"
62.69.206.80 - - [11/Oct/2009:17:13:27 +0200] "GET /~komam/zaoczne/po/files/po-11.ppt HTTP/1.1" 200 387584 "http://www.google.pl/search?sourceid=chrome&ie=UTF-8&q=programowanie+obiektowe+kolekcje+obiekt%C3%B3w" "Mozilla/5.0 (Windows; U; Windows NT 6.0; en-US) AppleWebKit/532.0 (KHTML, like Gecko) Chrome/3.0.195.25 Safari/532.0" "-"
81.52.143.29 - - [11/Oct/2009:17:13:31 +0200] "GET /pn/index.html HTTP/1.1" 200 5091 "-" "Mozilla/5.0 (Windows; U; Windows NT 5.1; fr; rv:1.8.1) VoilaBot BETA 1.2 (support.voilabot@orange-ftgroup.com)" "-"
217.113.228.96 - - [11/Oct/2009:17:13:33 +0200] "GET /~rkielbik HTTP/1.1" 301 313 "-" "Mozilla/5.0 (X11; U; Linux i686; fr; rv:1.9.0.14) Gecko/2009090216 Ubuntu/9.04 (jaunty) Firefox/3.0.14" "-"
217.113.228.96 - - [11/Oct/2009:17:13:33 +0200] "GET /~rkielbik/ HTTP/1.1" 200 4942 "-" "Mozilla/5.0 (X11; U; Linux i686; fr; rv:1.9.0.14) Gecko/2009090216 Ubuntu/9.04 (jaunty) Firefox/3.0.14" "-"
217.113.228.96 - - [11/Oct/2009:17:13:33 +0200] "GET /~rkielbik/graphics/icon.gif HTTP/1.1" 404 301 "-" "Mozilla/5.0 (X11; U; Linux i686; fr; rv:1.9.0.14) Gecko/2009090216 Ubuntu/9.04 (jaunty) Firefox/3.0.14" "-"
217.113.228.96 - - [11/Oct/2009:17:13:33 +0200] "GET /~rkielbik/css/structure.css HTTP/1.1" 200 2695 "http://lux.dmcs.pl/~rkielbik/" "Mozilla/5.0 (X11; U; Linux i686; fr; rv:1.9.0.14) Gecko/2009090216 Ubuntu/9.04 (jaunty) Firefox/3.0.14" "-"
217.113.228.96 - - [11/Oct/2009:17:13:33 +0200] "GET /~rkielbik/css/forms.css HTTP/1.1" 200 728 "http://lux.dmcs.pl/~rkielbik/" "Mozilla/5.0 (X11; U; Linux i686; fr; rv:1.9.0.14) Gecko/2009090216 Ubuntu/9.04 (jaunty) Firefox/3.0.14" "-"
217.113.228.96 - - [11/Oct/2009:17:13:33 +0200] "GET /~rkielbik/css/text.css HTTP/1.1" 200 1987 "http://lux.dmcs.pl/~rkielbik/" "Mozilla/5.0 (X11; U; Linux i686; fr; rv:1.9.0.14) Gecko/2009090216 Ubuntu/9.04 (jaunty) Firefox/3.0.14" "-"
217.113.228.96 - - [11/Oct/2009:17:13:33 +0200] "GET /~rkielbik/css/menu.css HTTP/1.1" 200 2677 "http://lux.dmcs.pl/~rkielbik/" "Mozilla/5.0 (X11; U; Linux i686; fr; rv:1.9.0.14) Gecko/2009090216 Ubuntu/9.04 (jaunty) Firefox/3.0.14" "-"
217.113.228.96 - - [11/Oct/2009:17:13:33 +0200] "GET /~rkielbik/css/tables.css HTTP/1.1" 200 971 "http://lux.dmcs.pl/~rkielbik/" "Mozilla/5.0 (X11; U; Linux i686; fr; rv:1.9.0.14) Gecko/2009090216 Ubuntu/9.04 (jaunty) Firefox/3.0.14" "-"
217.113.228.96 - - [11/Oct/2009:17:13:34 +0200] "GET /~rkielbik/graphics/icon.gif HTTP/1.1" 404 301 "-" "Mozilla/5.0 (X11; U; Linux i686; fr; rv:1.9.0.14) Gecko/2009090216 Ubuntu/9.04 (jaunty) Firefox/3.0.14" "-"
217.113.228.96 - - [11/Oct/2009:17:13:37 +0200] "GET /~rkielbik/oopc.htm HTTP/1.1" 200 10486 "http://lux.dmcs.pl/~rkielbik/" "Mozilla/5.0 (X11; U; Linux i686; fr; rv:1.9.0.14) Gecko/2009090216 Ubuntu/9.04 (jaunty) Firefox/3.0.14" "-"
217.113.228.96 - - [11/Oct/2009:17:13:37 +0200] "GET /~rkielbik/graphics/icon.gif HTTP/1.1" 404 301 "-" "Mozilla/5.0 (X11; U; Linux i686; fr; rv:1.9.0.14) Gecko/2009090216 Ubuntu/9.04 (jaunty) Firefox/3.0.14" "-"
66.249.65.213 - - [11/Oct/2009:17:13:47 +0200] "GET /inf5/06_07/2/koniec.html HTTP/1.1" 200 531 "-" "Mozilla/5.0 (compatible; Googlebot/2.1; +http://www.google.com/bot.html)" "-"
81.190.233.149 - - [11/Oct/2009:17:13:49 +0200] "GET /webservices/websrv_wyklad1.pdf HTTP/1.1" 206 4306 "-" "Mozilla/5.0 (Windows; U; Windows NT 5.1; pl; rv:1.9.0.10) Gecko/2009042316 Firefox/3.0.10 (.NET CLR 3.5.30729)" "-"
81.190.233.149 - - [11/Oct/2009:17:14:08 +0200] "GET /webservices/websrv_wyklad1.pdf HTTP/1.1" 206 4306 "-" "Mozilla/5.0 (Windows; U; Windows NT 5.1; pl; rv:1.9.0.10) Gecko/2009042316 Firefox/3.0.10 (.NET CLR 3.5.30729)" "-"
81.190.233.149 - - [11/Oct/2009:17:14:08 +0200] "GET /favicon.ico HTTP/1.1" 404 292 "-" "Mozilla/5.0 (Windows; U; Windows NT 5.1; pl; rv:1.9.0.10) Gecko/2009042316 Firefox/3.0.10 (.NET CLR 3.5.30729)" "-"
85.89.183.170 - - [11/Oct/2009:17:14:15 +0200] "GET /podyplomowe_smtm/ HTTP/1.1" 200 2919 "http://kapitalludzki.p.lodz.pl/studia-podyplomowe/5-studia-podyplomowe/46-studia-podyplomowe-5" "Mozilla/5.0 (Windows; U; Windows NT 5.1; en-US; rv:1.9.0.14) Gecko/2009082707 Firefox/3.0.14" "-"
85.89.183.170 - - [11/Oct/2009:17:14:15 +0200] "GET /style.css HTTP/1.1" 200 2000 "http://neo.dmcs.pl/podyplomowe_smtm/" "Mozilla/5.0 (Windows; U; Windows NT 5.1; en-US; rv:1.9.0.14) Gecko/2009082707 Firefox/3.0.14" "-"
85.89.183.170 - - [11/Oct/2009:17:14:15 +0200] "GET /images/back.jpg HTTP/1.1" 404 289 "http://neo.dmcs.pl/podyplomowe_smtm/" "Mozilla/5.0 (Windows; U; Windows NT 5.1; en-US; rv:1.9.0.14) Gecko/2009082707 Firefox/3.0.14" "-"
85.89.183.170 - - [11/Oct/2009:17:14:15 +0200] "GET /favicon.ico HTTP/1.1" 404 285 "-" "Mozilla/5.0 (Windows; U; Windows NT 5.1; en-US; rv:1.9.0.14) Gecko/2009082707 Firefox/3.0.14" "-"
81.190.233.149 - - [11/Oct/2009:17:14:17 +0200] "GET /favicon.ico HTTP/1.1" 404 292 "-" "Mozilla/5.0 (Windows; U; Windows NT 5.1; pl; rv:1.9.0.10) Gecko/2009042316 Firefox/3.0.10 (.NET CLR 3.5.30729)" "-"
85.89.183.170 - - [11/Oct/2009:17:14:18 +0200] "GET /favicon.ico HTTP/1.1" 404 285 "-" "Mozilla/5.0 (Windows; U; Windows NT 5.1; en-US; rv:1.9.0.14) Gecko/2009082707 Firefox/3.0.14" "-"
85.89.183.170 - - [11/Oct/2009:17:14:21 +0200] "GET /podyplomowe_smtm/plan_zad5_semestr2_23.09.2009.pdf HTTP/1.1" 206 4312 "-" "Mozilla/5.0 (Windows; U; Windows NT 5.1; en-US; rv:1.9.0.14) Gecko/2009082707 Firefox/3.0.14" "-"
85.89.183.170 - - [11/Oct/2009:17:14:21 +0200] "GET /podyplomowe_smtm/plan_zad5_semestr2_23.09.2009.pdf HTTP/1.1" 200 129592 "http://neo.dmcs.pl/podyplomowe_smtm/" "Mozilla/5.0 (Windows; U; Windows NT 5.1; en-US; rv:1.9.0.14) Gecko/2009082707 Firefox/3.0.14" "-"
85.89.183.170 - - [11/Oct/2009:17:14:21 +0200] "GET /podyplomowe_smtm/plan_zad5_semestr2_23.09.2009.pdf HTTP/1.1" 206 4308 "-" "Mozilla/5.0 (Windows; U; Windows NT 5.1; en-US; rv:1.9.0.14) Gecko/2009082707 Firefox/3.0.14" "-"
85.89.183.170 - - [11/Oct/2009:17:14:31 +0200] "GET /podyplomowe_smtm/plan_zad5_semestr2_23.09.2009.pdf HTTP/1.1" 206 986921 "-" "Mozilla/5.0 (Windows; U; Windows NT 5.1; en-US; rv:1.9.0.14) Gecko/2009082707 Firefox/3.0.14" "-"
81.190.233.149 - - [11/Oct/2009:17:14:38 +0200] "GET /webservices/websrv_wyklad1.pdf HTTP/1.1" 206 893791 "-" "Mozilla/5.0 (Windows; U; Windows NT 5.1; pl; rv:1.9.0.10) Gecko/2009042316 Firefox/3.0.10 (.NET CLR 3.5.30729)" "-"
81.190.233.149 - - [11/Oct/2009:17:14:48 +0200] "GET /webservices/websrv_wyklad1.pdf HTTP/1.1" 200 491856 "-" "Mozilla/5.0 (Windows; U; Windows NT 5.1; pl; rv:1.9.0.10) Gecko/2009042316 Firefox/3.0.10 (.NET CLR 3.5.30729)" "-"
74.6.17.160 - - [11/Oct/2009:17:14:57 +0200] "GET /robots.txt HTTP/1.0" 200 67 "-" "Mozilla/5.0 (compatible; Yahoo! Slurp; http://help.yahoo.com/help/us/ysearch/slurp)" "-"
74.6.17.160 - - [11/Oct/2009:17:14:58 +0200] "GET /epjc/Laboratorium/Planes.pdf HTTP/1.0" 200 103638 "-" "Mozilla/5.0 (compatible; Yahoo! Slurp/3.0; http://help.yahoo.com/help/us/ysearch/slurp)" "-"
78.115.25.119 - - [11/Oct/2009:17:15:08 +0200] "GET /inf5/06_07/4/indeks.html HTTP/1.1" 304 - "http://images.google.fr/imgres?imgurl=http://neo.dmcs.p.lodz.pl/inf5/06_07/4/sayuri.jpg&imgrefurl=http://neo.dmcs.p.lodz.pl/inf5/06_07/4/indeks.html&usg=__l2OaYC4piNhy69FR49f7MAzALnc=&h=457&w=296&sz=123&hl=fr&start=29&um=1&tbnid=TZVb8nW5dZMXTM:&tbnh=128&tbnw=83&prev=/images%3Fq%3Dgeisha%2Bphotos%26ndsp%3D20%26hl%3Dfr%26rlz%3D1T4ADBS_frFR323FR323%26sa%3DN%26start%3D20%26um%3D1" "Mozilla/4.0 (compatible; MSIE 6.0; Windows NT 5.1; SV1; GTB6; .NET CLR 2.0.50727; .NET CLR 1.1.4322; .NET CLR 3.0.4506.2152; .NET CLR 3.5.30729)" "-"
78.115.25.119 - - [11/Oct/2009:17:15:08 +0200] "GET /inf5/06_07/4/2t.jpg HTTP/1.1" 304 - "http://neo.dmcs.p.lodz.pl/inf5/06_07/4/indeks.html" "Mozilla/4.0 (compatible; MSIE 6.0; Windows NT 5.1; SV1; GTB6; .NET CLR 2.0.50727; .NET CLR 1.1.4322; .NET CLR 3.0.4506.2152; .NET CLR 3.5.30729)" "-"
78.115.25.119 - - [11/Oct/2009:17:15:08 +0200] "GET /inf5/06_07/4/index.jpg HTTP/1.1" 304 - "http://neo.dmcs.p.lodz.pl/inf5/06_07/4/indeks.html" "Mozilla/4.0 (compatible; MSIE 6.0; Windows NT 5.1; SV1; GTB6; .NET CLR 2.0.50727; .NET CLR 1.1.4322; .NET CLR 3.0.4506.2152; .NET CLR 3.5.30729)" "-"
78.115.25.119 - - [11/Oct/2009:17:15:08 +0200] "GET /inf5/06_07/4/geisha.jpg HTTP/1.1" 304 - "http://neo.dmcs.p.lodz.pl/inf5/06_07/4/indeks.html" "Mozilla/4.0 (compatible; MSIE 6.0; Windows NT 5.1; SV1; GTB6; .NET CLR 2.0.50727; .NET CLR 1.1.4322; .NET CLR 3.0.4506.2152; .NET CLR 3.5.30729)" "-"
78.115.25.119 - - [11/Oct/2009:17:15:08 +0200] "GET /inf5/06_07/4/panoplie.jpg HTTP/1.1" 304 - "http://neo.dmcs.p.lodz.pl/inf5/06_07/4/indeks.html" "Mozilla/4.0 (compatible; MSIE 6.0; Windows NT 5.1; SV1; GTB6; .NET CLR 2.0.50727; .NET CLR 1.1.4322; .NET CLR 3.0.4506.2152; .NET CLR 3.5.30729)" "-"
78.115.25.119 - - [11/Oct/2009:17:15:09 +0200] "GET /inf5/06_07/4/maquillage.jpg HTTP/1.1" 304 - "http://neo.dmcs.p.lodz.pl/inf5/06_07/4/indeks.html" "Mozilla/4.0 (compatible; MSIE 6.0; Windows NT 5.1; SV1; GTB6; .NET CLR 2.0.50727; .NET CLR 1.1.4322; .NET CLR 3.0.4506.2152; .NET CLR 3.5.30729)" "-"
78.115.25.119 - - [11/Oct/2009:17:15:09 +0200] "GET /inf5/06_07/4/coiffure.jpg HTTP/1.1" 304 - "http://neo.dmcs.p.lodz.pl/inf5/06_07/4/indeks.html" "Mozilla/4.0 (compatible; MSIE 6.0; Windows NT 5.1; SV1; GTB6; .NET CLR 2.0.50727; .NET CLR 1.1.4322; .NET CLR 3.0.4506.2152; .NET CLR 3.5.30729)" "-"
78.115.25.119 - - [11/Oct/2009:17:15:09 +0200] "GET /inf5/06_07/4/kimono.jpg HTTP/1.1" 304 - "http://neo.dmcs.p.lodz.pl/inf5/06_07/4/indeks.html" "Mozilla/4.0 (compatible; MSIE 6.0; Windows NT 5.1; SV1; GTB6; .NET CLR 2.0.50727; .NET CLR 1.1.4322; .NET CLR 3.0.4506.2152; .NET CLR 3.5.30729)" "-"
78.115.25.119 - - [11/Oct/2009:17:15:09 +0200] "GET /inf5/06_07/4/obi.jpg HTTP/1.1" 304 - "http://neo.dmcs.p.lodz.pl/inf5/06_07/4/indeks.html" "Mozilla/4.0 (compatible; MSIE 6.0; Windows NT 5.1; SV1; GTB6; .NET CLR 2.0.50727; .NET CLR 1.1.4322; .NET CLR 3.0.4506.2152; .NET CLR 3.5.30729)" "-"
78.115.25.119 - - [11/Oct/2009:17:15:09 +0200] "GET /inf5/06_07/4/chaussures.jpg HTTP/1.1" 304 - "http://neo.dmcs.p.lodz.pl/inf5/06_07/4/indeks.html" "Mozilla/4.0 (compatible; MSIE 6.0; Windows NT 5.1; SV1; GTB6; .NET CLR 2.0.50727; .NET CLR 1.1.4322; .NET CLR 3.0.4506.2152; .NET CLR 3.5.30729)" "-"
78.115.25.119 - - [11/Oct/2009:17:15:09 +0200] "GET /inf5/06_07/4/accessoires.jpg HTTP/1.1" 304 - "http://neo.dmcs.p.lodz.pl/inf5/06_07/4/indeks.html" "Mozilla/4.0 (compatible; MSIE 6.0; Windows NT 5.1; SV1; GTB6; .NET CLR 2.0.50727; .NET CLR 1.1.4322; .NET CLR 3.0.4506.2152; .NET CLR 3.5.30729)" "-"
78.115.25.119 - - [11/Oct/2009:17:15:09 +0200] "GET /inf5/06_07/4/role.jpg HTTP/1.1" 304 - "http://neo.dmcs.p.lodz.pl/inf5/06_07/4/indeks.html" "Mozilla/4.0 (compatible; MSIE 6.0; Windows NT 5.1; SV1; GTB6; .NET CLR 2.0.50727; .NET CLR 1.1.4322; .NET CLR 3.0.4506.2152; .NET CLR 3.5.30729)" "-"
78.115.25.119 - - [11/Oct/2009:17:15:09 +0200] "GET /inf5/06_07/4/danse.jpg HTTP/1.1" 304 - "http://neo.dmcs.p.lodz.pl/inf5/06_07/4/indeks.html" "Mozilla/4.0 (compatible; MSIE 6.0; Windows NT 5.1; SV1; GTB6; .NET CLR 2.0.50727; .NET CLR 1.1.4322; .NET CLR 3.0.4506.2152; .NET CLR 3.5.30729)" "-"
78.115.25.119 - - [11/Oct/2009:17:15:09 +0200] "GET /inf5/06_07/4/musique.jpg HTTP/1.1" 304 - "http://neo.dmcs.p.lodz.pl/inf5/06_07/4/indeks.html" "Mozilla/4.0 (compatible; MSIE 6.0; Windows NT 5.1; SV1; GTB6; .NET CLR 2.0.50727; .NET CLR 1.1.4322; .NET CLR 3.0.4506.2152; .NET CLR 3.5.30729)" "-"
78.115.25.119 - - [11/Oct/2009:17:15:09 +0200] "GET /inf5/06_07/4/grande%20soeur.jpg HTTP/1.1" 304 - "http://neo.dmcs.p.lodz.pl/inf5/06_07/4/indeks.html" "Mozilla/4.0 (compatible; MSIE 6.0; Windows NT 5.1; SV1; GTB6; .NET CLR 2.0.50727; .NET CLR 1.1.4322; .NET CLR 3.0.4506.2152; .NET CLR 3.5.30729)" "-"
78.115.25.119 - - [11/Oct/2009:17:15:09 +0200] "GET /inf5/06_07/4/danna.jpg HTTP/1.1" 304 - "http://neo.dmcs.p.lodz.pl/inf5/06_07/4/indeks.html" "Mozilla/4.0 (compatible; MSIE 6.0; Windows NT 5.1; SV1; GTB6; .NET CLR 2.0.50727; .NET CLR 1.1.4322; .NET CLR 3.0.4506.2152; .NET CLR 3.5.30729)" "-"
78.115.25.119 - - [11/Oct/2009:17:15:09 +0200] "GET /inf5/06_07/4/curiosites.jpg HTTP/1.1" 304 - "http://neo.dmcs.p.lodz.pl/inf5/06_07/4/indeks.html" "Mozilla/4.0 (compatible; MSIE 6.0; Windows NT 5.1; SV1; GTB6; .NET CLR 2.0.50727; .NET CLR 1.1.4322; .NET CLR 3.0.4506.2152; .NET CLR 3.5.30729)" "-"
78.115.25.119 - - [11/Oct/2009:17:15:09 +0200] "GET /inf5/06_07/4/liens.jpg HTTP/1.1" 304 - "http://neo.dmcs.p.lodz.pl/inf5/06_07/4/indeks.html" "Mozilla/4.0 (compatible; MSIE 6.0; Windows NT 5.1; SV1; GTB6; .NET CLR 2.0.50727; .NET CLR 1.1.4322; .NET CLR 3.0.4506.2152; .NET CLR 3.5.30729)" "-"
78.115.25.119 - - [11/Oct/2009:17:15:09 +0200] "GET /inf5/06_07/4/bienvenu.jpg HTTP/1.1" 304 - "http://neo.dmcs.p.lodz.pl/inf5/06_07/4/indeks.html" "Mozilla/4.0 (compatible; MSIE 6.0; Windows NT 5.1; SV1; GTB6; .NET CLR 2.0.50727; .NET CLR 1.1.4322; .NET CLR 3.0.4506.2152; .NET CLR 3.5.30729)" "-"
78.115.25.119 - - [11/Oct/2009:17:15:09 +0200] "GET /inf5/06_07/4/sayuri.jpg HTTP/1.1" 304 - "http://neo.dmcs.p.lodz.pl/inf5/06_07/4/indeks.html" "Mozilla/4.0 (compatible; MSIE 6.0; Windows NT 5.1; SV1; GTB6; .NET CLR 2.0.50727; .NET CLR 1.1.4322; .NET CLR 3.0.4506.2152; .NET CLR 3.5.30729)" "-"
78.115.25.119 - - [11/Oct/2009:17:15:09 +0200] "GET /inf5/06_07/4/tapetka1.jpg HTTP/1.1" 304 - "http://neo.dmcs.p.lodz.pl/inf5/06_07/4/indeks.html" "Mozilla/4.0 (compatible; MSIE 6.0; Windows NT 5.1; SV1; GTB6; .NET CLR 2.0.50727; .NET CLR 1.1.4322; .NET CLR 3.0.4506.2152; .NET CLR 3.5.30729)" "-"
83.20.12.19 - - [11/Oct/2009:17:15:34 +0200] "GET /mn/MNcw4.pdf HTTP/1.1" 200 106471 "http://www.google.pl/search?hl=pl&lr=&client=firefox-a&channel=s&rls=org.mozilla:pl:official&hs=QAL&q=funkcja+nieliniowa+pierwiastkowa&start=10&sa=N" "Mozilla/5.0 (Windows; U; Windows NT 5.1; pl; rv:1.9.1.3) Gecko/20090824 Firefox/3.5.3" "-"
217.113.228.96 - - [11/Oct/2009:17:15:39 +0200] "GET /images/back.jpg HTTP/1.1" 404 296 "http://lux.dmcs.p.lodz.pl/oopc/index.html" "Mozilla/5.0 (X11; U; Linux i686; fr; rv:1.9.0.14) Gecko/2009090216 Ubuntu/9.04 (jaunty) Firefox/3.0.14" "-"
65.55.220.25 - - [11/Oct/2009:17:15:45 +0200] "GET /inf5/05_06/4/c-s-5.jpg HTTP/1.1" 200 12839 "-" "WinHttp" "-"
65.55.220.25 - - [11/Oct/2009:17:15:45 +0200] "GET /inf5/05_06/4/TATRY.HTML HTTP/1.1" 200 6420 "-" "WinHttp" "-"
65.55.207.23 - - [11/Oct/2009:17:15:45 +0200] "GET /sk2/sk2_wyklad_03_zwielokrotnianie.pdf HTTP/1.1" 304 - "-" "msnbot/2.0b (+http://search.msn.com/msnbot.htm)" "-"
217.113.228.96 - - [11/Oct/2009:17:15:46 +0200] "GET /oopc/oopc-1.odp HTTP/1.1" 200 37635 "http://lux.dmcs.p.lodz.pl/oopc/index.html" "Mozilla/5.0 (X11; U; Linux i686; fr; rv:1.9.0.14) Gecko/2009090216 Ubuntu/9.04 (jaunty) Firefox/3.0.14" "-"
194.199.76.222 - - [11/Oct/2009:17:15:51 +0200] "GET /inf5/07_08/4/peinture.html HTTP/1.1" 200 3382 "http://images.google.fr/imgres?imgurl=http://neo.dmcs.p.lodz.pl/inf5/07_08/4/narcisse.jpg&imgrefurl=http://neo.dmcs.p.lodz.pl/inf5/07_08/4/peinture.html&usg=__A4iqis5tcrgdMVLcwVaSjThb6JI=&h=430&w=585&sz=44&hl=fr&start=1&um=1&tbnid=TUc4X8WKUTngqM:&tbnh=99&tbnw=135&prev=/images%3Fq%3Ddali%2Bnarcisse%26hl%3Dfr%26safe%3Dstrict%26sa%3DN%26um%3D1" "Mozilla/4.0 (compatible; MSIE 8.0; Windows NT 5.1; Trident/4.0)" "-"
194.199.76.222 - - [11/Oct/2009:17:15:52 +0200] "GET /inf5/07_08/4/freudescargot.JPG HTTP/1.1" 200 26632 "http://neo.dmcs.p.lodz.pl/inf5/07_08/4/peinture.html" "Mozilla/4.0 (compatible; MSIE 8.0; Windows NT 5.1; Trident/4.0)" "-"
194.199.76.222 - - [11/Oct/2009:17:15:52 +0200] "GET /inf5/07_08/4/cadaques.jpg HTTP/1.1" 200 41219 "http://neo.dmcs.p.lodz.pl/inf5/07_08/4/peinture.html" "Mozilla/4.0 (compatible; MSIE 8.0; Windows NT 5.1; Trident/4.0)" "-"
194.199.76.222 - - [11/Oct/2009:17:15:52 +0200] "GET /inf5/07_08/4/geopoliticus.jpg HTTP/1.1" 200 41936 "http://neo.dmcs.p.lodz.pl/inf5/07_08/4/peinture.html" "Mozilla/4.0 (compatible; MSIE 8.0; Windows NT 5.1; Trident/4.0)" "-"
194.199.76.222 - - [11/Oct/2009:17:15:52 +0200] "GET /inf5/07_08/4/freud.jpg HTTP/1.1" 200 57319 "http://neo.dmcs.p.lodz.pl/inf5/07_08/4/peinture.html" "Mozilla/4.0 (compatible; MSIE 8.0; Windows NT 5.1; Trident/4.0)" "-"
194.199.76.222 - - [11/Oct/2009:17:15:52 +0200] "GET /inf5/07_08/4/cubist_self-portrait.jpg HTTP/1.1" 200 55385 "http://neo.dmcs.p.lodz.pl/inf5/07_08/4/peinture.html" "Mozilla/4.0 (compatible; MSIE 8.0; Windows NT 5.1; Trident/4.0)" "-"
194.199.76.222 - - [11/Oct/2009:17:15:52 +0200] "GET /inf5/07_08/4/disintegration%20of%20the%20persistence.jpg HTTP/1.1" 200 48134 "http://neo.dmcs.p.lodz.pl/inf5/07_08/4/peinture.html" "Mozilla/4.0 (compatible; MSIE 8.0; Windows NT 5.1; Trident/4.0)" "-"
194.199.76.222 - - [11/Oct/2009:17:15:52 +0200] "GET /inf5/07_08/4/peinture.JPG HTTP/1.1" 200 62664 "http://neo.dmcs.p.lodz.pl/inf5/07_08/4/peinture.html" "Mozilla/4.0 (compatible; MSIE 8.0; Windows NT 5.1; Trident/4.0)" "-"
94.101.16.30 - - [11/Oct/2009:17:15:52 +0200] "GET /ak/mnozarki.pdf HTTP/1.1" 200 405912 "http://www.google.pl/search?hl=pl&source=hp&q=uk%C5%82ady+mno%C5%BC%C4%85ce&btnG=Szukaj+w+Google&lr=&aq=0&oq=uk%C5%82ady+mn" "Opera/9.64 (Windows NT 5.1; U; pl) Presto/2.1.1" "-"
194.199.76.222 - - [11/Oct/2009:17:15:54 +0200] "GET /inf5/07_08/4/tentation.jpg HTTP/1.1" 200 31713 "http://neo.dmcs.p.lodz.pl/inf5/07_08/4/peinture.html" "Mozilla/4.0 (compatible; MSIE 8.0; Windows NT 5.1; Trident/4.0)" "-"
194.199.76.222 - - [11/Oct/2009:17:15:54 +0200] "GET /inf5/07_08/4/giraffe.JPG HTTP/1.1" 404 305 "http://neo.dmcs.p.lodz.pl/inf5/07_08/4/peinture.html" "Mozilla/4.0 (compatible; MSIE 8.0; Windows NT 5.1; Trident/4.0)" "-"
194.199.76.222 - - [11/Oct/2009:17:15:54 +0200] "GET /inf5/07_08/4/zjezusem3.JPG HTTP/1.1" 200 28040 "http://neo.dmcs.p.lodz.pl/inf5/07_08/4/peinture.html" "Mozilla/4.0 (compatible; MSIE 8.0; Windows NT 5.1; Trident/4.0)" "-"
194.199.76.222 - - [11/Oct/2009:17:15:54 +0200] "GET /inf5/07_08/4/zgalaimadonna.JPG HTTP/1.1" 200 40064 "http://neo.dmcs.p.lodz.pl/inf5/07_08/4/peinture.html" "Mozilla/4.0 (compatible; MSIE 8.0; Windows NT 5.1; Trident/4.0)" "-"
194.199.76.222 - - [11/Oct/2009:17:15:54 +0200] "GET /inf5/07_08/4/narcisse.jpg HTTP/1.1" 200 44093 "http://neo.dmcs.p.lodz.pl/inf5/07_08/4/peinture.html" "Mozilla/4.0 (compatible; MSIE 8.0; Windows NT 5.1; Trident/4.0)" "-"
194.199.76.222 - - [11/Oct/2009:17:15:55 +0200] "GET /favicon.ico HTTP/1.1" 404 292 "-" "Mozilla/4.0 (compatible; MSIE 8.0; Windows NT 5.1; Trident/4.0)" "-"
89.76.82.121 - - [11/Oct/2009:17:16:29 +0200] "GET /~spcsym/html/PSPICE_opis.html HTTP/1.1" 200 93896 "-" "Mozilla/5.0 (X11; U; Linux i686; en-US; rv:1.9.1.3) Gecko/20090930 Sabayon Firefox/3.0.10, Ant.com Toolbar 1.3" "-"
89.76.82.121 - - [11/Oct/2009:17:16:29 +0200] "GET /~spcsym/html/PSPICE_opis_files/image001.gif HTTP/1.1" 200 2851 "http://neo.dmcs.p.lodz.pl/~spcsym/html/PSPICE_opis.html" "Mozilla/5.0 (X11; U; Linux i686; en-US; rv:1.9.1.3) Gecko/20090930 Sabayon Firefox/3.0.10, Ant.com Toolbar 1.3" "-"
89.76.82.121 - - [11/Oct/2009:17:16:29 +0200] "GET /~spcsym/html/PSPICE_opis_files/image002.gif HTTP/1.1" 200 520 "http://neo.dmcs.p.lodz.pl/~spcsym/html/PSPICE_opis.html" "Mozilla/5.0 (X11; U; Linux i686; en-US; rv:1.9.1.3) Gecko/20090930 Sabayon Firefox/3.0.10, Ant.com Toolbar 1.3" "-"
89.76.82.121 - - [11/Oct/2009:17:16:29 +0200] "GET /~spcsym/html/PSPICE_opis_files/image003.gif HTTP/1.1" 200 447 "http://neo.dmcs.p.lodz.pl/~spcsym/html/PSPICE_opis.html" "Mozilla/5.0 (X11; U; Linux i686; en-US; rv:1.9.1.3) Gecko/20090930 Sabayon Firefox/3.0.10, Ant.com Toolbar 1.3" "-"
89.76.82.121 - - [11/Oct/2009:17:16:29 +0200] "GET /~spcsym/html/PSPICE_opis_files/image004.gif HTTP/1.1" 200 435 "http://neo.dmcs.p.lodz.pl/~spcsym/html/PSPICE_opis.html" "Mozilla/5.0 (X11; U; Linux i686; en-US; rv:1.9.1.3) Gecko/20090930 Sabayon Firefox/3.0.10, Ant.com Toolbar 1.3" "-"
89.76.82.121 - - [11/Oct/2009:17:16:29 +0200] "GET /~spcsym/html/PSPICE_opis_files/image005.gif HTTP/1.1" 200 620 "http://neo.dmcs.p.lodz.pl/~spcsym/html/PSPICE_opis.html" "Mozilla/5.0 (X11; U; Linux i686; en-US; rv:1.9.1.3) Gecko/20090930 Sabayon Firefox/3.0.10, Ant.com Toolbar 1.3" "-"
89.76.82.121 - - [11/Oct/2009:17:16:29 +0200] "GET /~spcsym/html/PSPICE_opis_files/image006.gif HTTP/1.1" 200 512 "http://neo.dmcs.p.lodz.pl/~spcsym/html/PSPICE_opis.html" "Mozilla/5.0 (X11; U; Linux i686; en-US; rv:1.9.1.3) Gecko/20090930 Sabayon Firefox/3.0.10, Ant.com Toolbar 1.3" "-"
89.76.82.121 - - [11/Oct/2009:17:16:29 +0200] "GET /~spcsym/html/PSPICE_opis_files/image007.gif HTTP/1.1" 200 618 "http://neo.dmcs.p.lodz.pl/~spcsym/html/PSPICE_opis.html" "Mozilla/5.0 (X11; U; Linux i686; en-US; rv:1.9.1.3) Gecko/20090930 Sabayon Firefox/3.0.10, Ant.com Toolbar 1.3" "-"
89.76.82.121 - - [11/Oct/2009:17:16:29 +0200] "GET /~spcsym/html/PSPICE_opis_files/image008.gif HTTP/1.1" 200 597 "http://neo.dmcs.p.lodz.pl/~spcsym/html/PSPICE_opis.html" "Mozilla/5.0 (X11; U; Linux i686; en-US; rv:1.9.1.3) Gecko/20090930 Sabayon Firefox/3.0.10, Ant.com Toolbar 1.3" "-"
89.76.82.121 - - [11/Oct/2009:17:16:29 +0200] "GET /~spcsym/html/PSPICE_opis_files/image009.gif HTTP/1.1" 200 643 "http://neo.dmcs.p.lodz.pl/~spcsym/html/PSPICE_opis.html" "Mozilla/5.0 (X11; U; Linux i686; en-US; rv:1.9.1.3) Gecko/20090930 Sabayon Firefox/3.0.10, Ant.com Toolbar 1.3" "-"
89.76.82.121 - - [11/Oct/2009:17:16:30 +0200] "GET /~spcsym/html/PSPICE_opis_files/image010.gif HTTP/1.1" 200 622 "http://neo.dmcs.p.lodz.pl/~spcsym/html/PSPICE_opis.html" "Mozilla/5.0 (X11; U; Linux i686; en-US; rv:1.9.1.3) Gecko/20090930 Sabayon Firefox/3.0.10, Ant.com Toolbar 1.3" "-"
89.76.82.121 - - [11/Oct/2009:17:16:30 +0200] "GET /~spcsym/html/PSPICE_opis_files/image011.gif HTTP/1.1" 200 468 "http://neo.dmcs.p.lodz.pl/~spcsym/html/PSPICE_opis.html" "Mozilla/5.0 (X11; U; Linux i686; en-US; rv:1.9.1.3) Gecko/20090930 Sabayon Firefox/3.0.10, Ant.com Toolbar 1.3" "-"
89.76.82.121 - - [11/Oct/2009:17:16:30 +0200] "GET /~spcsym/html/PSPICE_opis_files/image012.gif HTTP/1.1" 200 293 "http://neo.dmcs.p.lodz.pl/~spcsym/html/PSPICE_opis.html" "Mozilla/5.0 (X11; U; Linux i686; en-US; rv:1.9.1.3) Gecko/20090930 Sabayon Firefox/3.0.10, Ant.com Toolbar 1.3" "-"
89.76.82.121 - - [11/Oct/2009:17:16:30 +0200] "GET /~spcsym/html/PSPICE_opis_files/image013.gif HTTP/1.1" 200 264 "http://neo.dmcs.p.lodz.pl/~spcsym/html/PSPICE_opis.html" "Mozilla/5.0 (X11; U; Linux i686; en-US; rv:1.9.1.3) Gecko/20090930 Sabayon Firefox/3.0.10, Ant.com Toolbar 1.3" "-"
89.76.82.121 - - [11/Oct/2009:17:16:30 +0200] "GET /~spcsym/html/PSPICE_opis_files/image014.gif HTTP/1.1" 200 334 "http://neo.dmcs.p.lodz.pl/~spcsym/html/PSPICE_opis.html" "Mozilla/5.0 (X11; U; Linux i686; en-US; rv:1.9.1.3) Gecko/20090930 Sabayon Firefox/3.0.10, Ant.com Toolbar 1.3" "-"
89.76.82.121 - - [11/Oct/2009:17:16:30 +0200] "GET /~spcsym/html/PSPICE_opis_files/image015.gif HTTP/1.1" 200 341 "http://neo.dmcs.p.lodz.pl/~spcsym/html/PSPICE_opis.html" "Mozilla/5.0 (X11; U; Linux i686; en-US; rv:1.9.1.3) Gecko/20090930 Sabayon Firefox/3.0.10, Ant.com Toolbar 1.3" "-"
83.31.243.36 - - [11/Oct/2009:17:16:30 +0200] "GET /mijp4z/mijp4z_lab.pdf HTTP/1.1" 200 18531 "http://www.google.pl/search?hl=pl&lr=lang_pl&q=programowanie+c+funkcja+kwadratowa&start=10&sa=N" "Mozilla/4.0 (compatible; MSIE 6.0; Windows 98; Neostrada TP 6.1)" "-"
89.76.82.121 - - [11/Oct/2009:17:16:30 +0200] "GET /~spcsym/html/PSPICE_opis_files/image016.gif HTTP/1.1" 200 2093 "http://neo.dmcs.p.lodz.pl/~spcsym/html/PSPICE_opis.html" "Mozilla/5.0 (X11; U; Linux i686; en-US; rv:1.9.1.3) Gecko/20090930 Sabayon Firefox/3.0.10, Ant.com Toolbar 1.3" "-"
89.76.82.121 - - [11/Oct/2009:17:16:30 +0200] "GET /~spcsym/html/PSPICE_opis_files/image017.gif HTTP/1.1" 200 2786 "http://neo.dmcs.p.lodz.pl/~spcsym/html/PSPICE_opis.html" "Mozilla/5.0 (X11; U; Linux i686; en-US; rv:1.9.1.3) Gecko/20090930 Sabayon Firefox/3.0.10, Ant.com Toolbar 1.3" "-"
89.76.82.121 - - [11/Oct/2009:17:16:31 +0200] "GET /favicon.ico HTTP/1.1" 404 292 "-" "Mozilla/5.0 (X11; U; Linux i686; en-US; rv:1.9.1.3) Gecko/20090930 Sabayon Firefox/3.0.10, Ant.com Toolbar 1.3" "-"
77.253.84.50 - - [11/Oct/2009:17:16:32 +0200] "GET /specjalnosci/index.php?strona=23 HTTP/1.1" 200 18134 "http://www.google.pl/search?q=informacje+o+uk%C5%82adach+scalonych&ie=utf-8&oe=utf-8&aq=t&rls=org.mozilla:pl:official&client=firefox-a" "Mozilla/5.0 (Windows; U; Windows NT 5.1; pl; rv:1.9.1.3) Gecko/20090824 Firefox/3.5.3" "-"
77.253.84.50 - - [11/Oct/2009:17:16:33 +0200] "GET /specjalnosci/style.css HTTP/1.1" 200 7142 "http://neo.dmcs.p.lodz.pl/specjalnosci/index.php?strona=23" "Mozilla/5.0 (Windows; U; Windows NT 5.1; pl; rv:1.9.1.3) Gecko/20090824 Firefox/3.5.3" "-"
77.253.84.50 - - [11/Oct/2009:17:16:33 +0200] "GET /specjalnosci/skrypty.js HTTP/1.1" 200 142 "http://neo.dmcs.p.lodz.pl/specjalnosci/index.php?strona=23" "Mozilla/5.0 (Windows; U; Windows NT 5.1; pl; rv:1.9.1.3) Gecko/20090824 Firefox/3.5.3" "-"
77.253.84.50 - - [11/Oct/2009:17:16:33 +0200] "GET /specjalnosci/grafika/naglowek.png HTTP/1.1" 200 4411 "http://neo.dmcs.p.lodz.pl/specjalnosci/index.php?strona=23" "Mozilla/5.0 (Windows; U; Windows NT 5.1; pl; rv:1.9.1.3) Gecko/20090824 Firefox/3.5.3" "-"
77.253.84.50 - - [11/Oct/2009:17:16:33 +0200] "GET /specjalnosci/grafika/blank.png HTTP/1.1" 200 142 "http://neo.dmcs.p.lodz.pl/specjalnosci/index.php?strona=23" "Mozilla/5.0 (Windows; U; Windows NT 5.1; pl; rv:1.9.1.3) Gecko/20090824 Firefox/3.5.3" "-"
77.253.84.50 - - [11/Oct/2009:17:16:33 +0200] "GET /specjalnosci/grafika/valid-html401.png HTTP/1.1" 200 2948 "http://neo.dmcs.p.lodz.pl/specjalnosci/index.php?strona=23" "Mozilla/5.0 (Windows; U; Windows NT 5.1; pl; rv:1.9.1.3) Gecko/20090824 Firefox/3.5.3" "-"
77.253.84.50 - - [11/Oct/2009:17:16:33 +0200] "GET /specjalnosci/grafika/typ_pdf.png HTTP/1.1" 200 338 "http://neo.dmcs.p.lodz.pl/specjalnosci/index.php?strona=23" "Mozilla/5.0 (Windows; U; Windows NT 5.1; pl; rv:1.9.1.3) Gecko/20090824 Firefox/3.5.3" "-"
77.253.84.50 - - [11/Oct/2009:17:16:33 +0200] "GET /specjalnosci/grafika/grzebienie.jpg HTTP/1.1" 200 31564 "http://neo.dmcs.p.lodz.pl/specjalnosci/index.php?strona=23" "Mozilla/5.0 (Windows; U; Windows NT 5.1; pl; rv:1.9.1.3) Gecko/20090824 Firefox/3.5.3" "-"
77.253.84.50 - - [11/Oct/2009:17:16:33 +0200] "GET /specjalnosci/grafika/layout_vlsi.jpg HTTP/1.1" 200 31957 "http://neo.dmcs.p.lodz.pl/specjalnosci/index.php?strona=23" "Mozilla/5.0 (Windows; U; Windows NT 5.1; pl; rv:1.9.1.3) Gecko/20090824 Firefox/3.5.3" "-"
77.253.84.50 - - [11/Oct/2009:17:16:34 +0200] "GET /specjalnosci/grafika/studenci_suny.jpg HTTP/1.1" 200 33316 "http://neo.dmcs.p.lodz.pl/specjalnosci/index.php?strona=23" "Mozilla/5.0 (Windows; U; Windows NT 5.1; pl; rv:1.9.1.3) Gecko/20090824 Firefox/3.5.3" "-"
89.76.82.121 - - [11/Oct/2009:17:16:34 +0200] "GET /favicon.ico HTTP/1.1" 404 292 "-" "Mozilla/5.0 (X11; U; Linux i686; en-US; rv:1.9.1.3) Gecko/20090930 Sabayon Firefox/3.0.10, Ant.com Toolbar 1.3" "-"
77.253.84.50 - - [11/Oct/2009:17:16:34 +0200] "GET /specjalnosci/grafika/athena_tranzystor.jpg HTTP/1.1" 200 32621 "http://neo.dmcs.p.lodz.pl/specjalnosci/index.php?strona=23" "Mozilla/5.0 (Windows; U; Windows NT 5.1; pl; rv:1.9.1.3) Gecko/20090824 Firefox/3.5.3" "-"
77.253.84.50 - - [11/Oct/2009:17:16:34 +0200] "GET /favicon.ico HTTP/1.1" 404 292 "-" "Mozilla/5.0 (Windows; U; Windows NT 5.1; pl; rv:1.9.1.3) Gecko/20090824 Firefox/3.5.3" "-"
77.253.84.50 - - [11/Oct/2009:17:16:37 +0200] "GET /favicon.ico HTTP/1.1" 404 292 "-" "Mozilla/5.0 (Windows; U; Windows NT 5.1; pl; rv:1.9.1.3) Gecko/20090824 Firefox/3.5.3" "-"
83.31.243.36 - - [11/Oct/2009:17:16:39 +0200] "GET /mijp4z/mijp4z_lab.pdf HTTP/1.1" 206 83925 "-" "Mozilla/4.0 (compatible; MSIE 6.0; Windows 98; Neostrada TP 6.1)" "-"
65.55.106.163 - - [11/Oct/2009:17:17:05 +0200] "GET /robots.txt HTTP/1.1" 200 67 "-" "msnbot/2.0b (+http://search.msn.com/msnbot.htm)" "-"
65.55.106.163 - - [11/Oct/2009:17:17:45 +0200] "GET /~swierczu/index.php HTTP/1.1" 200 5052 "-" "msnbot/2.0b (+http://search.msn.com/msnbot.htm)" "-"
83.26.200.195 - - [11/Oct/2009:17:17:52 +0200] "GET /favicon.ico HTTP/1.1" 404 292 "-" "Mozilla/5.0 (X11; U; Linux x86_64; en-US; rv:1.9.0.14) Gecko/2009091008 Iceweasel/3.0.6 (Debian-3.0.6-3)" "-"
83.26.192.47 - - [11/Oct/2009:17:17:58 +0200] "GET /oopc/ HTTP/1.1" 304 - "-" "Opera/9.80 (X11; Linux i686; U; pl) Presto/2.2.15 Version/10.10" "-"
83.26.192.47 - - [11/Oct/2009:17:17:59 +0200] "GET /style.css HTTP/1.1" 304 - "http://neo.dmcs.pl/oopc/" "Opera/9.80 (X11; Linux i686; U; pl) Presto/2.2.15 Version/10.10" "-"
83.26.192.47 - - [11/Oct/2009:17:17:59 +0200] "GET /images/back.jpg HTTP/1.1" 404 289 "http://neo.dmcs.pl/oopc/" "Opera/9.80 (X11; Linux i686; U; pl) Presto/2.2.15 Version/10.10" "-"
83.26.192.47 - - [11/Oct/2009:17:17:59 +0200] "GET /favicon.ico HTTP/1.1" 404 285 "http://neo.dmcs.pl/oopc/" "Opera/9.80 (X11; Linux i686; U; pl) Presto/2.2.15 Version/10.10" "-"
66.249.65.212 - - [11/Oct/2009:17:18:47 +0200] "GET /inf5/dictionnaires/dictionnaire_2/mp-glos_L.htm HTTP/1.1" 200 40416 "-" "Mozilla/5.0 (compatible; Googlebot/2.1; +http://www.google.com/bot.html)" "-"
83.26.192.47 - - [11/Oct/2009:17:19:05 +0200] "GET /oopc/lec1.tgz HTTP/1.1" 200 2168 "http://neo.dmcs.pl/oopc/" "Opera/9.80 (X11; Linux i686; U; pl) Presto/2.2.15 Version/10.10" "-"
86.210.253.79 - - [11/Oct/2009:17:19:58 +0200] "GET /inf5/07_08/1/page.html HTTP/1.1" 200 2265 "http://images.google.fr/imgres?imgurl=http://neo.dmcs.p.lodz.pl/inf5/07_08/1/raysse.jpg&imgrefurl=http://neo.dmcs.p.lodz.pl/inf5/07_08/1/page.html&usg=__4n--B1y82Z8JLUwbYI3COtAqLd0=&h=534&w=400&sz=28&hl=fr&start=23&um=1&tbnid=Ojm4totQFwof1M:&tbnh=132&tbnw=99&prev=/images%3Fq%3Dartiste%2Bcontemporain%26ndsp%3D18%26hl%3Dfr%26lr%3Dlang_fr%26sa%3DN%26start%3D18%26um%3D1" "Mozilla/5.0 (Windows; U; Windows NT 5.1; fr; rv:1.8.1.6) Gecko/20070725 Firefox/2.0.0.6 (.NET CLR 3.5.30729) Creative ZENcast v1.00.19" "-"
86.210.253.79 - - [11/Oct/2009:17:19:58 +0200] "GET /inf5/07_08/1/tlo2.gif HTTP/1.1" 200 7856 "http://neo.dmcs.p.lodz.pl/inf5/07_08/1/page.html" "Mozilla/5.0 (Windows; U; Windows NT 5.1; fr; rv:1.8.1.6) Gecko/20070725 Firefox/2.0.0.6 (.NET CLR 3.5.30729) Creative ZENcast v1.00.19" "-"
86.210.253.79 - - [11/Oct/2009:17:19:58 +0200] "GET /inf5/07_08/1/raysse.jpg HTTP/1.1" 200 27670 "http://neo.dmcs.p.lodz.pl/inf5/07_08/1/page.html" "Mozilla/5.0 (Windows; U; Windows NT 5.1; fr; rv:1.8.1.6) Gecko/20070725 Firefox/2.0.0.6 (.NET CLR 3.5.30729) Creative ZENcast v1.00.19" "-"
86.210.253.79 - - [11/Oct/2009:17:20:15 +0200] "GET /favicon.ico HTTP/1.1" 404 292 "-" "Mozilla/5.0 (Windows; U; Windows NT 5.1; fr; rv:1.8.1.6) Gecko/20070725 Firefox/2.0.0.6 (.NET CLR 3.5.30729) Creative ZENcast v1.00.19" "-"
65.55.106.232 - - [11/Oct/2009:17:20:15 +0200] "GET /csII/index.html HTTP/1.1" 200 936 "-" "msnbot/2.0b (+http://search.msn.com/msnbot.htm)" "-"
66.249.65.209 - - [11/Oct/2009:17:20:16 +0200] "GET /isbd/php/doc/polish_many/function.ircg-topic.html HTTP/1.1" 200 2525 "-" "SAMSUNG-SGH-E250/1.0 Profile/MIDP-2.0 Configuration/CLDC-1.1 UP.Browser/6.2.3.3.c.1.101 (GUI) MMP/2.0 (compatible; Googlebot-Mobile/2.1; +http://www.google.com/bot.html)" "-"
86.210.253.79 - - [11/Oct/2009:17:20:18 +0200] "GET /inf5/07_08/1/page1.html HTTP/1.1" 200 1282 "http://neo.dmcs.p.lodz.pl/inf5/07_08/1/page.html" "Mozilla/5.0 (Windows; U; Windows NT 5.1; fr; rv:1.8.1.6) Gecko/20070725 Firefox/2.0.0.6 (.NET CLR 3.5.30729) Creative ZENcast v1.00.19" "-"
86.210.253.79 - - [11/Oct/2009:17:20:18 +0200] "GET /inf5/07_08/1/images.jpg HTTP/1.1" 200 3274 "http://neo.dmcs.p.lodz.pl/inf5/07_08/1/page1.html" "Mozilla/5.0 (Windows; U; Windows NT 5.1; fr; rv:1.8.1.6) Gecko/20070725 Firefox/2.0.0.6 (.NET CLR 3.5.30729) Creative ZENcast v1.00.19" "-"
86.210.253.79 - - [11/Oct/2009:17:20:18 +0200] "GET /inf5/07_08/1/back2.gif HTTP/1.1" 200 4371 "http://neo.dmcs.p.lodz.pl/inf5/07_08/1/page1.html" "Mozilla/5.0 (Windows; U; Windows NT 5.1; fr; rv:1.8.1.6) Gecko/20070725 Firefox/2.0.0.6 (.NET CLR 3.5.30729) Creative ZENcast v1.00.19" "-"
86.210.253.79 - - [11/Oct/2009:17:20:21 +0200] "GET /inf5/07_08/1/page2.html HTTP/1.1" 200 1608 "http://neo.dmcs.p.lodz.pl/inf5/07_08/1/page1.html" "Mozilla/5.0 (Windows; U; Windows NT 5.1; fr; rv:1.8.1.6) Gecko/20070725 Firefox/2.0.0.6 (.NET CLR 3.5.30729) Creative ZENcast v1.00.19" "-"
86.210.253.79 - - [11/Oct/2009:17:20:21 +0200] "GET /inf5/07_08/1/page1b.html HTTP/1.1" 200 2610 "http://neo.dmcs.p.lodz.pl/inf5/07_08/1/page2.html" "Mozilla/5.0 (Windows; U; Windows NT 5.1; fr; rv:1.8.1.6) Gecko/20070725 Firefox/2.0.0.6 (.NET CLR 3.5.30729) Creative ZENcast v1.00.19" "-"
86.210.253.79 - - [11/Oct/2009:17:20:21 +0200] "GET /inf5/07_08/1/tlo4.gif HTTP/1.1" 200 7981 "http://neo.dmcs.p.lodz.pl/inf5/07_08/1/page2.html" "Mozilla/5.0 (Windows; U; Windows NT 5.1; fr; rv:1.8.1.6) Gecko/20070725 Firefox/2.0.0.6 (.NET CLR 3.5.30729) Creative ZENcast v1.00.19" "-"
77.253.115.166 - - [11/Oct/2009:17:20:23 +0200] "GET /inf5/06_07/9/strona5.html HTTP/1.1" 200 12642 "http://images.google.pl/imgres?imgurl=http://neo.dmcs.p.lodz.pl/inf5/06_07/9/ksiezy%2520mlyn.jpg&imgrefurl=http://neo.dmcs.p.lodz.pl/inf5/06_07/9/strona5.html&usg=__yAOujCDI6mRByq4Rv6TnL9XiOoc=&h=423&w=500&sz=61&hl=pl&start=1&um=1&tbnid=4XzbGUg-hbr24M:&tbnh=110&tbnw=130&prev=/images%3Fq%3DKsi%25C4%2599%25C5%25BCy%2BM%25C5%2582yn%26hl%3Dpl%26lr%3D%26sa%3DN%26um%3D1" "Mozilla/5.0 (Windows; U; Windows NT 5.1; pl; rv:1.9.1.3) Gecko/20090824 Firefox/3.5.3 FBSMTWB" "-"
77.253.115.166 - - [11/Oct/2009:17:20:24 +0200] "GET /inf5/06_07/9/Poznanski.jpg HTTP/1.1" 200 95088 "http://neo.dmcs.p.lodz.pl/inf5/06_07/9/strona5.html" "Mozilla/5.0 (Windows; U; Windows NT 5.1; pl; rv:1.9.1.3) Gecko/20090824 Firefox/3.5.3 FBSMTWB" "-"
77.253.115.166 - - [11/Oct/2009:17:20:24 +0200] "GET /inf5/06_07/9/geyer.jpg HTTP/1.1" 200 36106 "http://neo.dmcs.p.lodz.pl/inf5/06_07/9/strona5.html" "Mozilla/5.0 (Windows; U; Windows NT 5.1; pl; rv:1.9.1.3) Gecko/20090824 Firefox/3.5.3 FBSMTWB" "-"
86.210.253.79 - - [11/Oct/2009:17:20:25 +0200] "GET /inf5/07_08/1/page4.html HTTP/1.1" 200 3270 "http://neo.dmcs.p.lodz.pl/inf5/07_08/1/page1b.html" "Mozilla/5.0 (Windows; U; Windows NT 5.1; fr; rv:1.8.1.6) Gecko/20070725 Firefox/2.0.0.6 (.NET CLR 3.5.30729) Creative ZENcast v1.00.19" "-"
77.253.115.166 - - [11/Oct/2009:17:20:25 +0200] "GET /inf5/06_07/9/willa%20kindermana.jpg HTTP/1.1" 200 21954 "http://neo.dmcs.p.lodz.pl/inf5/06_07/9/strona5.html" "Mozilla/5.0 (Windows; U; Windows NT 5.1; pl; rv:1.9.1.3) Gecko/20090824 Firefox/3.5.3 FBSMTWB" "-"
77.253.115.166 - - [11/Oct/2009:17:20:25 +0200] "GET /inf5/06_07/9/rektorat1.jpg HTTP/1.1" 200 50477 "http://neo.dmcs.p.lodz.pl/inf5/06_07/9/strona5.html" "Mozilla/5.0 (Windows; U; Windows NT 5.1; pl; rv:1.9.1.3) Gecko/20090824 Firefox/3.5.3 FBSMTWB" "-"
77.253.115.166 - - [11/Oct/2009:17:20:25 +0200] "GET /inf5/06_07/9/scheibler.jpg HTTP/1.1" 200 64109 "http://neo.dmcs.p.lodz.pl/inf5/06_07/9/strona5.html" "Mozilla/5.0 (Windows; U; Windows NT 5.1; pl; rv:1.9.1.3) Gecko/20090824 Firefox/3.5.3 FBSMTWB" "-"
77.253.115.166 - - [11/Oct/2009:17:20:25 +0200] "GET /inf5/06_07/9/ksiezy%20mlyn.jpg HTTP/1.1" 200 62222 "http://neo.dmcs.p.lodz.pl/inf5/06_07/9/strona5.html" "Mozilla/5.0 (Windows; U; Windows NT 5.1; pl; rv:1.9.1.3) Gecko/20090824 Firefox/3.5.3 FBSMTWB" "-"
77.253.115.166 - - [11/Oct/2009:17:20:26 +0200] "GET /inf5/06_07/9/willa%20herbsta.jpg HTTP/1.1" 200 118869 "http://neo.dmcs.p.lodz.pl/inf5/06_07/9/strona5.html" "Mozilla/5.0 (Windows; U; Windows NT 5.1; pl; rv:1.9.1.3) Gecko/20090824 Firefox/3.5.3 FBSMTWB" "-"
77.253.115.166 - - [11/Oct/2009:17:20:27 +0200] "GET /inf5/06_07/9/willa%20kona.jpg HTTP/1.1" 200 96580 "http://neo.dmcs.p.lodz.pl/inf5/06_07/9/strona5.html" "Mozilla/5.0 (Windows; U; Windows NT 5.1; pl; rv:1.9.1.3) Gecko/20090824 Firefox/3.5.3 FBSMTWB" "-"
77.253.115.166 - - [11/Oct/2009:17:20:28 +0200] "GET /inf5/06_07/9/kosciol%20NMP.jpg HTTP/1.1" 200 29014 "http://neo.dmcs.p.lodz.pl/inf5/06_07/9/strona5.html" "Mozilla/5.0 (Windows; U; Windows NT 5.1; pl; rv:1.9.1.3) Gecko/20090824 Firefox/3.5.3 FBSMTWB" "-"
86.210.253.79 - - [11/Oct/2009:17:20:28 +0200] "GET /inf5/07_08/1/page5.html HTTP/1.1" 200 2770 "http://neo.dmcs.p.lodz.pl/inf5/07_08/1/page1b.html" "Mozilla/5.0 (Windows; U; Windows NT 5.1; fr; rv:1.8.1.6) Gecko/20070725 Firefox/2.0.0.6 (.NET CLR 3.5.30729) Creative ZENcast v1.00.19" "-"
77.253.115.166 - - [11/Oct/2009:17:20:28 +0200] "GET /inf5/06_07/9/stary%20rynek.jpg HTTP/1.1" 200 10810 "http://neo.dmcs.p.lodz.pl/inf5/06_07/9/strona5.html" "Mozilla/5.0 (Windows; U; Windows NT 5.1; pl; rv:1.9.1.3) Gecko/20090824 Firefox/3.5.3 FBSMTWB" "-"
77.253.115.166 - - [11/Oct/2009:17:20:29 +0200] "GET /inf5/06_07/9/plac%20wolnosci.jpg HTTP/1.1" 200 77352 "http://neo.dmcs.p.lodz.pl/inf5/06_07/9/strona5.html" "Mozilla/5.0 (Windows; U; Windows NT 5.1; pl; rv:1.9.1.3) Gecko/20090824 Firefox/3.5.3 FBSMTWB" "-"
77.253.115.166 - - [11/Oct/2009:17:20:30 +0200] "GET /inf5/06_07/9/Budynki%20na%20piotrkowskiej.jpg HTTP/1.1" 200 55066 "http://neo.dmcs.p.lodz.pl/inf5/06_07/9/strona5.html" "Mozilla/5.0 (Windows; U; Windows NT 5.1; pl; rv:1.9.1.3) Gecko/20090824 Firefox/3.5.3 FBSMTWB" "-"
77.253.115.166 - - [11/Oct/2009:17:20:31 +0200] "GET /inf5/06_07/9/katedra.jpg HTTP/1.1" 200 34547 "http://neo.dmcs.p.lodz.pl/inf5/06_07/9/strona5.html" "Mozilla/5.0 (Windows; U; Windows NT 5.1; pl; rv:1.9.1.3) Gecko/20090824 Firefox/3.5.3 FBSMTWB" "-"
77.253.115.166 - - [11/Oct/2009:17:20:31 +0200] "GET /inf5/06_07/9/cerkiew.jpg HTTP/1.1" 200 39653 "http://neo.dmcs.p.lodz.pl/inf5/06_07/9/strona5.html" "Mozilla/5.0 (Windows; U; Windows NT 5.1; pl; rv:1.9.1.3) Gecko/20090824 Firefox/3.5.3 FBSMTWB" "-"
66.235.124.55 - - [11/Oct/2009:17:20:32 +0200] "GET /robots.txt HTTP/1.0" 200 67 "-" "Mozilla/5.0 (compatible; Ask Jeeves/Teoma; +http://about.ask.com/en/docs/about/webmasters.shtml)" "-"
66.249.65.212 - - [11/Oct/2009:17:20:33 +0200] "GET /isbd/php/doc/polish_many/ref.filepro.html HTTP/1.1" 304 - "-" "Mozilla/5.0 (compatible; Googlebot/2.1; +http://www.google.com/bot.html)" "-"
77.253.115.166 - - [11/Oct/2009:17:20:33 +0200] "GET /inf5/06_07/9/cerkiew.jpg HTTP/1.1" 200 39653 "http://neo.dmcs.p.lodz.pl/inf5/06_07/9/strona5.html" "Mozilla/5.0 (Windows; U; Windows NT 5.1; pl; rv:1.9.1.3) Gecko/20090824 Firefox/3.5.3 FBSMTWB" "-"
66.235.124.55 - - [11/Oct/2009:17:20:50 +0200] "GET /pios/knowing-knoppix_2004-12-30.pdf HTTP/1.0" 200 4001888 "-" "Mozilla/5.0 (compatible; Ask Jeeves/Teoma; +http://about.ask.com/en/docs/about/webmasters.shtml)" "-"
87.105.190.129 - - [11/Oct/2009:17:20:57 +0200] "GET /tpp/02_Plyty_krzemowe.pdf HTTP/1.1" 200 18529 "http://www.google.pl/url?sa=t&source=web&ct=res&cd=1&ved=0CAYQFjAA&url=http%3A%2F%2Fneo.dmcs.p.lodz.pl%2Ftpp%2F02_Plyty_krzemowe.pdf&ei=w_fRSt7ZCY6QsAbl3YGPBA&rct=j&q=wytwarzanie+krzemu&usg=AFQjCNEkqOk_xuzJcwTs67n78U_vPfo8fA" "Mozilla/5.0 (Windows; U; Windows NT 5.1; pl; rv:1.9.0.14) Gecko/2009082707 Firefox/3.0.14 (.NET CLR 3.5.30729)" "-"
87.105.190.129 - - [11/Oct/2009:17:20:58 +0200] "GET /tpp/02_Plyty_krzemowe.pdf HTTP/1.1" 206 261136 "-" "Mozilla/5.0 (Windows; U; Windows NT 5.1; pl; rv:1.9.0.14) Gecko/2009082707 Firefox/3.0.14 (.NET CLR 3.5.30729)" "-"
87.105.190.129 - - [11/Oct/2009:17:20:59 +0200] "GET /favicon.ico HTTP/1.1" 404 292 "-" "Mozilla/5.0 (Windows; U; Windows NT 5.1; pl; rv:1.9.0.14) Gecko/2009082707 Firefox/3.0.14 (.NET CLR 3.5.30729)" "-"
66.249.65.213 - - [11/Oct/2009:17:21:52 +0200] "GET /inf5/06_07/2/le%20chat.html HTTP/1.1" 200 705 "-" "Mozilla/5.0 (compatible; Googlebot/2.1; +http://www.google.com/bot.html)" "-"
153.19.210.159 - - [11/Oct/2009:17:22:34 +0200] "HEAD /favicon.ico HTTP/1.1" 404 0 "-" "Mozilla/5.0 (X11; U; Linux i686; pl; rv:1.9.1.3) Gecko/20090824 Firefox/3.5.3" "-"
87.88.92.132 - - [11/Oct/2009:17:22:35 +0200] "GET /inf5/06_07/4/sayuri.jpg HTTP/1.1" 200 125430 "http://www.myspace.com/carnalsoul" "Mozilla/4.0 (compatible; MSIE 7.0; Windows NT 5.1; (R1 1.6); .NET CLR 2.0.50727; OfficeLiveConnector.1.3; OfficeLivePatch.0.0)" "-"
65.55.106.136 - - [11/Oct/2009:17:22:45 +0200] "GET /pios/wyniki.htm HTTP/1.1" 304 - "-" "msnbot/2.0b (+http://search.msn.com/msnbot.htm)" "-"
86.211.128.138 - - [11/Oct/2009:17:23:45 +0200] "GET /inf5/06_07/4/indeks.html HTTP/1.1" 200 2910 "http://images.google.fr/imgres?imgurl=http://neo.dmcs.p.lodz.pl/inf5/06_07/4/sayuri.jpg&imgrefurl=http://neo.dmcs.p.lodz.pl/inf5/06_07/4/indeks.html&usg=__l2OaYC4piNhy69FR49f7MAzALnc=&h=457&w=296&sz=123&hl=fr&start=7&tbnid=TZVb8nW5dZMXTM:&tbnh=128&tbnw=83&prev=/images%3Fq%3Dgeisha%26gbv%3D2%26hl%3Dfr" "Mozilla/5.0 (Windows; U; Windows NT 6.0; fr; rv:1.9.0.14) Gecko/2009082707 Firefox/3.0.14 (.NET CLR 3.5.30729)" "-"
86.211.128.138 - - [11/Oct/2009:17:23:48 +0200] "GET /inf5/06_07/4/sayuri.jpg HTTP/1.1" 200 125430 "http://images.google.fr/imgres?imgurl=http://neo.dmcs.p.lodz.pl/inf5/06_07/4/sayuri.jpg&imgrefurl=http://neo.dmcs.p.lodz.pl/inf5/06_07/4/indeks.html&usg=__l2OaYC4piNhy69FR49f7MAzALnc=&h=457&w=296&sz=123&hl=fr&start=7&tbnid=TZVb8nW5dZMXTM:&tbnh=128&tbnw=83&prev=/images%3Fq%3Dgeisha%26gbv%3D2%26hl%3Dfr" "Mozilla/5.0 (Windows; U; Windows NT 6.0; fr; rv:1.9.0.14) Gecko/2009082707 Firefox/3.0.14 (.NET CLR 3.5.30729)" "-"
86.211.128.138 - - [11/Oct/2009:17:23:51 +0200] "GET /inf5/06_07/4/indeks.html HTTP/1.1" 200 2910 "http://images.google.fr/imgres?imgurl=http://neo.dmcs.p.lodz.pl/inf5/06_07/4/sayuri.jpg&imgrefurl=http://neo.dmcs.p.lodz.pl/inf5/06_07/4/indeks.html&usg=__l2OaYC4piNhy69FR49f7MAzALnc=&h=457&w=296&sz=123&hl=fr&start=7&tbnid=TZVb8nW5dZMXTM:&tbnh=128&tbnw=83&prev=/images%3Fq%3Dgeisha%26gbv%3D2%26hl%3Dfr" "Mozilla/5.0 (Windows; U; Windows NT 6.0; fr; rv:1.9.0.14) Gecko/2009082707 Firefox/3.0.14 (.NET CLR 3.5.30729)" "-"
86.211.128.138 - - [11/Oct/2009:17:23:51 +0200] "GET /inf5/06_07/4/2t.jpg HTTP/1.1" 200 3674 "http://neo.dmcs.p.lodz.pl/inf5/06_07/4/indeks.html" "Mozilla/5.0 (Windows; U; Windows NT 6.0; fr; rv:1.9.0.14) Gecko/2009082707 Firefox/3.0.14 (.NET CLR 3.5.30729)" "-"
86.211.128.138 - - [11/Oct/2009:17:23:52 +0200] "GET /inf5/06_07/4/index.jpg HTTP/1.1" 200 1588 "http://neo.dmcs.p.lodz.pl/inf5/06_07/4/indeks.html" "Mozilla/5.0 (Windows; U; Windows NT 6.0; fr; rv:1.9.0.14) Gecko/2009082707 Firefox/3.0.14 (.NET CLR 3.5.30729)" "-"
86.211.128.138 - - [11/Oct/2009:17:23:52 +0200] "GET /inf5/06_07/4/geisha.jpg HTTP/1.1" 200 1552 "http://neo.dmcs.p.lodz.pl/inf5/06_07/4/indeks.html" "Mozilla/5.0 (Windows; U; Windows NT 6.0; fr; rv:1.9.0.14) Gecko/2009082707 Firefox/3.0.14 (.NET CLR 3.5.30729)" "-"
86.211.128.138 - - [11/Oct/2009:17:23:52 +0200] "GET /inf5/06_07/4/panoplie.jpg HTTP/1.1" 200 1745 "http://neo.dmcs.p.lodz.pl/inf5/06_07/4/indeks.html" "Mozilla/5.0 (Windows; U; Windows NT 6.0; fr; rv:1.9.0.14) Gecko/2009082707 Firefox/3.0.14 (.NET CLR 3.5.30729)" "-"
86.211.128.138 - - [11/Oct/2009:17:23:52 +0200] "GET /inf5/06_07/4/maquillage.jpg HTTP/1.1" 200 2238 "http://neo.dmcs.p.lodz.pl/inf5/06_07/4/indeks.html" "Mozilla/5.0 (Windows; U; Windows NT 6.0; fr; rv:1.9.0.14) Gecko/2009082707 Firefox/3.0.14 (.NET CLR 3.5.30729)" "-"
86.211.128.138 - - [11/Oct/2009:17:23:52 +0200] "GET /inf5/06_07/4/kimono.jpg HTTP/1.1" 200 1534 "http://neo.dmcs.p.lodz.pl/inf5/06_07/4/indeks.html" "Mozilla/5.0 (Windows; U; Windows NT 6.0; fr; rv:1.9.0.14) Gecko/2009082707 Firefox/3.0.14 (.NET CLR 3.5.30729)" "-"
86.211.128.138 - - [11/Oct/2009:17:23:52 +0200] "GET /inf5/06_07/4/coiffure.jpg HTTP/1.1" 200 1822 "http://neo.dmcs.p.lodz.pl/inf5/06_07/4/indeks.html" "Mozilla/5.0 (Windows; U; Windows NT 6.0; fr; rv:1.9.0.14) Gecko/2009082707 Firefox/3.0.14 (.NET CLR 3.5.30729)" "-"
86.211.128.138 - - [11/Oct/2009:17:23:54 +0200] "GET /inf5/06_07/4/chaussures.jpg HTTP/1.1" 200 2209 "http://neo.dmcs.p.lodz.pl/inf5/06_07/4/indeks.html" "Mozilla/5.0 (Windows; U; Windows NT 6.0; fr; rv:1.9.0.14) Gecko/2009082707 Firefox/3.0.14 (.NET CLR 3.5.30729)" "-"
86.211.128.138 - - [11/Oct/2009:17:23:54 +0200] "GET /inf5/06_07/4/danse.jpg HTTP/1.1" 200 1437 "http://neo.dmcs.p.lodz.pl/inf5/06_07/4/indeks.html" "Mozilla/5.0 (Windows; U; Windows NT 6.0; fr; rv:1.9.0.14) Gecko/2009082707 Firefox/3.0.14 (.NET CLR 3.5.30729)" "-"
86.211.128.138 - - [11/Oct/2009:17:23:54 +0200] "GET /inf5/06_07/4/liens.jpg HTTP/1.1" 200 1269 "http://neo.dmcs.p.lodz.pl/inf5/06_07/4/indeks.html" "Mozilla/5.0 (Windows; U; Windows NT 6.0; fr; rv:1.9.0.14) Gecko/2009082707 Firefox/3.0.14 (.NET CLR 3.5.30729)" "-"
86.211.128.138 - - [11/Oct/2009:17:23:56 +0200] "GET /inf5/06_07/4/tapetka1.jpg HTTP/1.1" 200 22892 "http://neo.dmcs.p.lodz.pl/inf5/06_07/4/indeks.html" "Mozilla/5.0 (Windows; U; Windows NT 6.0; fr; rv:1.9.0.14) Gecko/2009082707 Firefox/3.0.14 (.NET CLR 3.5.30729)" "-"
149.156.157.66 - - [11/Oct/2009:17:25:25 +0200] "GET /modmikro/W5.pdf HTTP/1.1" 200 414925 "http://www.google.pl/search?hl=pl&client=firefox-a&rls=org.mozilla%3Apl%3Aofficial&q=aproksymacja+funkcji+przemieszczen+MES&btnG=Szukaj&lr=" "Mozilla/5.0 (Windows; U; Windows NT 5.1; pl; rv:1.9.0.14) Gecko/2009082707 Firefox/3.0.14 (.NET CLR 3.5.30729)" "-"
149.156.157.66 - - [11/Oct/2009:17:25:26 +0200] "GET /modmikro/W5.pdf HTTP/1.1" 206 402915 "-" "Mozilla/5.0 (Windows; U; Windows NT 5.1; pl; rv:1.9.0.14) Gecko/2009082707 Firefox/3.0.14 (.NET CLR 3.5.30729)" "-"
149.156.157.66 - - [11/Oct/2009:17:25:26 +0200] "GET /favicon.ico HTTP/1.1" 404 292 "-" "Mozilla/5.0 (Windows; U; Windows NT 5.1; pl; rv:1.9.0.14) Gecko/2009082707 Firefox/3.0.14 (.NET CLR 3.5.30729)" "-"
149.156.157.66 - - [11/Oct/2009:17:25:29 +0200] "GET /favicon.ico HTTP/1.1" 404 292 "-" "Mozilla/5.0 (Windows; U; Windows NT 5.1; pl; rv:1.9.0.14) Gecko/2009082707 Firefox/3.0.14 (.NET CLR 3.5.30729)" "-"
217.113.228.96 - - [11/Oct/2009:17:25:39 +0200] "GET /oopc/oopc-3.odp HTTP/1.1" 200 85724 "http://lux.dmcs.p.lodz.pl/oopc/index.html" "Mozilla/5.0 (X11; U; Linux i686; fr; rv:1.9.0.14) Gecko/2009090216 Ubuntu/9.04 (jaunty) Firefox/3.0.14" "-"
82.160.224.21 - - [11/Oct/2009:17:25:41 +0200] "GET / HTTP/1.1" 200 8370 "-" "Mozilla/5.0 (X11; U; Linux i686; pl-PL; rv:1.9.0.10) Gecko/2009042523 Ubuntu/9.04 (jaunty) Firefox/3.0.10" "-"
82.160.224.21 - - [11/Oct/2009:17:25:41 +0200] "GET /style.css HTTP/1.1" 200 2000 "http://neo.dmcs.p.lodz.pl/" "Mozilla/5.0 (X11; U; Linux i686; pl-PL; rv:1.9.0.10) Gecko/2009042523 Ubuntu/9.04 (jaunty) Firefox/3.0.10" "-"
82.160.224.21 - - [11/Oct/2009:17:25:41 +0200] "GET /images/back.jpg HTTP/1.1" 404 296 "http://neo.dmcs.p.lodz.pl/" "Mozilla/5.0 (X11; U; Linux i686; pl-PL; rv:1.9.0.10) Gecko/2009042523 Ubuntu/9.04 (jaunty) Firefox/3.0.10" "-"
82.160.224.21 - - [11/Oct/2009:17:25:41 +0200] "GET /favicon.ico HTTP/1.1" 404 292 "-" "Mozilla/5.0 (X11; U; Linux i686; pl-PL; rv:1.9.0.10) Gecko/2009042523 Ubuntu/9.04 (jaunty) Firefox/3.0.10" "-"
82.160.224.21 - - [11/Oct/2009:17:25:44 +0200] "GET /favicon.ico HTTP/1.1" 404 292 "-" "Mozilla/5.0 (X11; U; Linux i686; pl-PL; rv:1.9.0.10) Gecko/2009042523 Ubuntu/9.04 (jaunty) Firefox/3.0.10" "-"
83.11.166.197 - - [11/Oct/2009:17:25:48 +0200] "GET /tm/dm/TM1w_v5.pdf HTTP/1.1" 200 3335815 "http://www.google.com/search?client=opera&rls=pl&q=architektura+harwardzka&sourceid=opera&ie=utf-8&oe=utf-8" "Opera/9.25 (Windows NT 5.1; U; pl)" "-"
82.160.224.21 - - [11/Oct/2009:17:25:54 +0200] "GET /rso/index.html HTTP/1.1" 200 6449 "http://neo.dmcs.p.lodz.pl/" "Mozilla/5.0 (X11; U; Linux i686; pl-PL; rv:1.9.0.10) Gecko/2009042523 Ubuntu/9.04 (jaunty) Firefox/3.0.10" "-"
82.160.224.21 - - [11/Oct/2009:17:25:55 +0200] "GET /images/back.jpg HTTP/1.1" 404 296 "http://neo.dmcs.p.lodz.pl/rso/index.html" "Mozilla/5.0 (X11; U; Linux i686; pl-PL; rv:1.9.0.10) Gecko/2009042523 Ubuntu/9.04 (jaunty) Firefox/3.0.10" "-"
82.160.224.21 - - [11/Oct/2009:17:26:00 +0200] "GET /rso/socket.tgz HTTP/1.1" 200 3527 "http://neo.dmcs.p.lodz.pl/rso/index.html" "Mozilla/5.0 (X11; U; Linux i686; pl-PL; rv:1.9.0.10) Gecko/2009042523 Ubuntu/9.04 (jaunty) Firefox/3.0.10" "-"
83.10.179.228 - - [11/Oct/2009:17:26:00 +0200] "GET /images/back.jpg HTTP/1.1" 404 289 "http://neo.dmcs.pl/" "Mozilla/5.0 (Windows; U; Windows NT 5.1; en-US; rv:1.9.0.14) Gecko/2009082707 Firefox/3.0.14" "-"
83.10.179.228 - - [11/Oct/2009:17:26:04 +0200] "GET /favicon.ico HTTP/1.1" 404 285 "-" "Mozilla/5.0 (Windows; U; Windows NT 5.1; en-US; rv:1.9.0.14) Gecko/2009082707 Firefox/3.0.14" "-"
95.40.93.231 - - [11/Oct/2009:17:26:12 +0200] "GET / HTTP/1.0" 200 8370 "-" "Mozilla/4.0 (compatible; MSIE 5.00; Windows 98)" "-"
95.40.93.231 - - [11/Oct/2009:17:26:16 +0200] "GET /%7Eswierczu/aga_a2/left2.png HTTP/1.1" 200 4921 "http://www.allegro.pl/item774181893_bizuteria_slubna_naszyjnik_kolczyki_srebro.html" "Mozilla/5.0 (Windows; U; Windows NT 5.1; pl; rv:1.9.0.14) Gecko/2009082707 Firefox/3.0.14" "-"
95.40.93.231 - - [11/Oct/2009:17:26:16 +0200] "GET /%7Eswierczu/aga_a2/left3.png HTTP/1.1" 200 3657 "http://www.allegro.pl/item774181893_bizuteria_slubna_naszyjnik_kolczyki_srebro.html" "Mozilla/5.0 (Windows; U; Windows NT 5.1; pl; rv:1.9.0.14) Gecko/2009082707 Firefox/3.0.14" "-"
95.40.93.231 - - [11/Oct/2009:17:26:16 +0200] "GET /%7Eswierczu/aga_a2/left1.png HTTP/1.1" 200 5912 "http://www.allegro.pl/item774181893_bizuteria_slubna_naszyjnik_kolczyki_srebro.html" "Mozilla/5.0 (Windows; U; Windows NT 5.1; pl; rv:1.9.0.14) Gecko/2009082707 Firefox/3.0.14" "-"
95.40.93.231 - - [11/Oct/2009:17:26:18 +0200] "GET /%7Eswierczu/aga_a2/left7.png HTTP/1.1" 200 7206 "http://www.allegro.pl/item774181893_bizuteria_slubna_naszyjnik_kolczyki_srebro.html" "Mozilla/5.0 (Windows; U; Windows NT 5.1; pl; rv:1.9.0.14) Gecko/2009082707 Firefox/3.0.14" "-"
95.40.93.231 - - [11/Oct/2009:17:26:18 +0200] "GET /%7Eswierczu/aga_a2/left8.png HTTP/1.1" 200 4406 "http://www.allegro.pl/item774181893_bizuteria_slubna_naszyjnik_kolczyki_srebro.html" "Mozilla/5.0 (Windows; U; Windows NT 5.1; pl; rv:1.9.0.14) Gecko/2009082707 Firefox/3.0.14" "-"
