83.175.181.254 - - [11/Oct/2009:08:51:12 +0200] "GET /~spcsym/html/PSPICE_opis_files/image014.gif HTTP/1.1" 200 334 "http://neo.dmcs.p.lodz.pl/~spcsym/html/PSPICE_opis.html" "Mozilla/5.0 (Windows; U; Windows NT 5.1; pl; rv:1.9.1.3) Gecko/20090824 Firefox/3.5.3" "-"
83.175.181.254 - - [11/Oct/2009:08:51:12 +0200] "GET /~spcsym/html/PSPICE_opis_files/image015.gif HTTP/1.1" 200 341 "http://neo.dmcs.p.lodz.pl/~spcsym/html/PSPICE_opis.html" "Mozilla/5.0 (Windows; U; Windows NT 5.1; pl; rv:1.9.1.3) Gecko/20090824 Firefox/3.5.3" "-"
83.175.181.254 - - [11/Oct/2009:08:51:12 +0200] "GET /~spcsym/html/PSPICE_opis_files/image016.gif HTTP/1.1" 200 2093 "http://neo.dmcs.p.lodz.pl/~spcsym/html/PSPICE_opis.html" "Mozilla/5.0 (Windows; U; Windows NT 5.1; pl; rv:1.9.1.3) Gecko/20090824 Firefox/3.5.3" "-"
83.175.181.254 - - [11/Oct/2009:08:51:12 +0200] "GET /~spcsym/html/PSPICE_opis_files/image017.gif HTTP/1.1" 200 2786 "http://neo.dmcs.p.lodz.pl/~spcsym/html/PSPICE_opis.html" "Mozilla/5.0 (Windows; U; Windows NT 5.1; pl; rv:1.9.1.3) Gecko/20090824 Firefox/3.5.3" "-"
83.175.181.254 - - [11/Oct/2009:08:51:12 +0200] "GET /~spcsym/html/PSPICE_opis.html HTTP/1.1" 200 93896 "http://www.google.pl/search?q=spice+kr%C3%B3tki+opis&ie=utf-8&oe=utf-8&aq=t&rls=org.mozilla:pl:official&client=firefox-a" "Mozilla/5.0 (Windows; U; Windows NT 5.1; pl; rv:1.9.1.3) Gecko/20090824 Firefox/3.5.3" "-"
83.175.181.254 - - [11/Oct/2009:08:51:12 +0200] "GET /favicon.ico HTTP/1.1" 404 292 "-" "Mozilla/5.0 (Windows; U; Windows NT 5.1; pl; rv:1.9.1.3) Gecko/20090824 Firefox/3.5.3" "-"
10.0.8.5 - - [11/Oct/2009:08:51:13 +0200] "PROPFIND /idn-8 HTTP/1.1" 404 271 "-" "Microsoft-WebDAV-MiniRedir/5.1.2600" "-"
83.175.181.254 - - [11/Oct/2009:08:51:15 +0200] "GET /favicon.ico HTTP/1.1" 404 292 "-" "Mozilla/5.0 (Windows; U; Windows NT 5.1; pl; rv:1.9.1.3) Gecko/20090824 Firefox/3.5.3" "-"
10.0.8.5 - - [11/Oct/2009:08:51:34 +0200] "OPTIONS / HTTP/1.1" 200 - "-" "Microsoft-WebDAV-MiniRedir/5.1.2600" "-"
10.0.8.5 - - [11/Oct/2009:08:51:34 +0200] "PROPFIND /idn-8 HTTP/1.1" 404 271 "-" "Microsoft-WebDAV-MiniRedir/5.1.2600" "-"
10.0.8.8 - - [11/Oct/2009:08:51:38 +0200] "PROPFIND /idn-10 HTTP/1.1" 404 272 "-" "Microsoft-WebDAV-MiniRedir/5.1.2600" "-"
66.249.65.212 - - [11/Oct/2009:08:51:42 +0200] "GET /isbd/php/doc/polish_many/migration.errors.html HTTP/1.1" 200 2334 "-" "SAMSUNG-SGH-E250/1.0 Profile/MIDP-2.0 Configuration/CLDC-1.1 UP.Browser/6.2.3.3.c.1.101 (GUI) MMP/2.0 (compatible; Googlebot-Mobile/2.1; +http://www.google.com/bot.html)" "-"
66.249.65.212 - - [11/Oct/2009:08:52:03 +0200] "GET /pn/mnemoniki/mnemonic.ps HTTP/1.1" 304 - "-" "Mozilla/5.0 (compatible; Googlebot/2.1; +http://www.google.com/bot.html)" "-"
10.0.8.8 - - [11/Oct/2009:08:52:13 +0200] "OPTIONS / HTTP/1.1" 200 - "-" "Microsoft-WebDAV-MiniRedir/5.1.2600" "-"
10.0.8.8 - - [11/Oct/2009:08:52:13 +0200] "PROPFIND /idn-10 HTTP/1.1" 404 272 "-" "Microsoft-WebDAV-MiniRedir/5.1.2600" "-"
66.249.65.212 - - [11/Oct/2009:08:52:25 +0200] "GET /tk/UNIXhelp1.3/Pages/index/iv.html HTTP/1.1" 200 3089 "-" "Mozilla/5.0 (compatible; Googlebot/2.1; +http://www.google.com/bot.html)" "-"
10.0.8.8 - - [11/Oct/2009:08:52:26 +0200] "OPTIONS / HTTP/1.1" 200 - "-" "Microsoft-WebDAV-MiniRedir/5.1.2600" "-"
10.0.8.8 - - [11/Oct/2009:08:52:26 +0200] "PROPFIND /idn-10 HTTP/1.1" 404 272 "-" "Microsoft-WebDAV-MiniRedir/5.1.2600" "-"
153.19.210.159 - - [11/Oct/2009:08:52:40 +0200] "HEAD /favicon.ico HTTP/1.1" 404 0 "-" "Mozilla/5.0 (X11; U; Linux i686; pl; rv:1.9.1.3) Gecko/20090824 Firefox/3.5.3" "-"
10.0.8.18 - - [11/Oct/2009:08:53:40 +0200] "GET /~sakowicz/podyplomowe/ HTTP/1.1" 200 109 "-" "Mozilla/5.0 (Windows; U; Windows NT 5.1; en-US; rv:1.9.0.10) Gecko/2009042316 Firefox/3.0.10" "-"
10.0.8.18 - - [11/Oct/2009:08:53:40 +0200] "GET /favicon.ico HTTP/1.1" 404 285 "-" "Mozilla/5.0 (Windows; U; Windows NT 5.1; en-US; rv:1.9.0.10) Gecko/2009042316 Firefox/3.0.10" "-"
10.0.8.18 - - [11/Oct/2009:08:53:43 +0200] "GET /favicon.ico HTTP/1.1" 404 285 "-" "Mozilla/5.0 (Windows; U; Windows NT 5.1; en-US; rv:1.9.0.10) Gecko/2009042316 Firefox/3.0.10" "-"
10.0.8.18 - - [11/Oct/2009:08:53:54 +0200] "GET /~sakowicz/podyplomowe/pokl_www_cwiczenie_1_czcionki_i_listy.doc HTTP/1.1" 200 120320 "http://lux.dmcs.pl/~sakowicz/podyplomowe/" "Mozilla/5.0 (Windows; U; Windows NT 5.1; en-US; rv:1.9.0.10) Gecko/2009042316 Firefox/3.0.10" "-"
10.0.8.18 - - [11/Oct/2009:08:53:55 +0200] "GET /~sakowicz/podyplomowe/pokl_www_cwiczenie_1_czcionki_i_listy.doc HTTP/1.1" 304 - "http://lux.dmcs.pl/~sakowicz/podyplomowe/" "Mozilla/5.0 (Windows; U; Windows NT 5.1; en-US; rv:1.9.0.10) Gecko/2009042316 Firefox/3.0.10" "-"
89.227.6.11 - - [11/Oct/2009:08:54:09 +0200] "GET /inf5/06_07/4/sayuri.jpg HTTP/1.1" 200 125430 "http://www.ohmydollz.com/?p=fiche&pseudo=sophiestication" "Mozilla/5.0 (Windows; U; Windows NT 6.0; fr; rv:1.9.0.14) Gecko/2009082707 Firefox/3.0.14 (.NET CLR 3.5.30729)" "-"
10.0.8.18 - - [11/Oct/2009:08:54:13 +0200] "GET /~sakowicz/podyplomowe/pokl_www_cwiczenie_1_czcionki_i_listy.doc HTTP/1.1" 304 - "http://lux.dmcs.pl/~sakowicz/podyplomowe/" "Mozilla/5.0 (Windows; U; Windows NT 5.1; en-US; rv:1.9.0.10) Gecko/2009042316 Firefox/3.0.10" "-"
83.28.29.118 - - [11/Oct/2009:08:57:13 +0200] "GET /rso/ HTTP/1.1" 200 6449 "-" "Mozilla/5.0 (X11; U; Linux i686; pl-PL; rv:1.9.0.14) Gecko/2009090905 Fedora/3.0.14-1.fc10 Firefox/3.0.14" "-"
83.28.29.118 - - [11/Oct/2009:08:57:24 +0200] "GET /style.css HTTP/1.1" 200 2000 "http://neo.dmcs.p.lodz.pl/rso/" "Mozilla/5.0 (X11; U; Linux i686; pl-PL; rv:1.9.0.14) Gecko/2009090905 Fedora/3.0.14-1.fc10 Firefox/3.0.14" "-"
83.28.29.118 - - [11/Oct/2009:08:57:32 +0200] "GET /images/back.jpg HTTP/1.1" 404 296 "http://neo.dmcs.p.lodz.pl/rso/" "Mozilla/5.0 (X11; U; Linux i686; pl-PL; rv:1.9.0.14) Gecko/2009090905 Fedora/3.0.14-1.fc10 Firefox/3.0.14" "-"
83.28.29.118 - - [11/Oct/2009:08:57:35 +0200] "GET /favicon.ico HTTP/1.1" 404 292 "-" "Mozilla/5.0 (X11; U; Linux i686; pl-PL; rv:1.9.0.14) Gecko/2009090905 Fedora/3.0.14-1.fc10 Firefox/3.0.14" "-"
83.28.29.118 - - [11/Oct/2009:08:57:38 +0200] "GET /favicon.ico HTTP/1.1" 404 292 "-" "Mozilla/5.0 (X11; U; Linux i686; pl-PL; rv:1.9.0.14) Gecko/2009090905 Fedora/3.0.14-1.fc10 Firefox/3.0.14" "-"
10.0.8.8 - - [11/Oct/2009:08:59:20 +0200] "GET /~sakowicz/podyplomowe HTTP/1.1" 301 325 "-" "Mozilla/5.0 (Windows; U; Windows NT 5.1; en-US; rv:1.9.0.10) Gecko/2009042316 Firefox/3.0.10" "-"
10.0.8.8 - - [11/Oct/2009:08:59:20 +0200] "GET /~sakowicz/podyplomowe/ HTTP/1.1" 200 109 "-" "Mozilla/5.0 (Windows; U; Windows NT 5.1; en-US; rv:1.9.0.10) Gecko/2009042316 Firefox/3.0.10" "-"
10.0.8.8 - - [11/Oct/2009:08:59:23 +0200] "GET /favicon.ico HTTP/1.1" 404 285 "-" "Mozilla/5.0 (Windows; U; Windows NT 5.1; en-US; rv:1.9.0.10) Gecko/2009042316 Firefox/3.0.10" "-"
10.0.8.8 - - [11/Oct/2009:08:59:27 +0200] "GET /favicon.ico HTTP/1.1" 404 285 "-" "Mozilla/5.0 (Windows; U; Windows NT 5.1; en-US; rv:1.9.0.10) Gecko/2009042316 Firefox/3.0.10" "-"
10.0.8.8 - - [11/Oct/2009:08:59:32 +0200] "GET /~sakowicz/podyplomowe/pokl_www_cwiczenie_1_czcionki_i_listy.doc HTTP/1.1" 200 120320 "http://lux.dmcs.pl/~sakowicz/podyplomowe/" "Mozilla/5.0 (Windows; U; Windows NT 5.1; en-US; rv:1.9.0.10) Gecko/2009042316 Firefox/3.0.10" "-"
66.249.65.212 - - [11/Oct/2009:09:00:23 +0200] "GET /smcr/wyklady_dm/SMCR7_2009.pdf HTTP/1.1" 304 - "-" "Mozilla/5.0 (compatible; Googlebot/2.1; +http://www.google.com/bot.html)" "-"
66.249.65.212 - - [11/Oct/2009:09:00:30 +0200] "GET /tk/UNIXhelp1.3/Pages/networks/telnet.html HTTP/1.1" 200 1337 "-" "Mozilla/5.0 (compatible; Googlebot/2.1; +http://www.google.com/bot.html)" "-"
10.0.8.11 - - [11/Oct/2009:09:01:04 +0200] "GET /~sakowicz/podyplomowe/ HTTP/1.1" 200 109 "-" "Mozilla/4.0 (compatible; MSIE 6.0; Windows NT 5.1; SV1)" "-"
109.113.8.225 - - [11/Oct/2009:09:01:08 +0200] "GET /inf5/06_07/4/indeks.html HTTP/1.1" 200 2910 "http://images.google.fr/imgres?imgurl=http://neo.dmcs.p.lodz.pl/inf5/06_07/4/sayuri.jpg&imgrefurl=http://neo.dmcs.p.lodz.pl/inf5/06_07/4/indeks.html&usg=__l2OaYC4piNhy69FR49f7MAzALnc=&h=457&w=296&sz=123&hl=fr&start=1&um=1&tbnid=TZVb8nW5dZMXTM:&tbnh=128&tbnw=83&prev=/images%3Fq%3Dgeishas%26hl%3Dfr%26rlz%3D1T4RNWI_enFR258FR259%26sa%3DN%26um%3D1" "Mozilla/4.0 (compatible; MSIE 8.0; Windows NT 6.0; Trident/4.0; GTB6; SLCC1; .NET CLR 2.0.50727; Media Center PC 5.0; .NET CLR 3.5.30729; .NET CLR 3.0.30618)" "-"
109.113.8.225 - - [11/Oct/2009:09:01:08 +0200] "GET /inf5/06_07/4/2t.jpg HTTP/1.1" 200 3674 "http://neo.dmcs.p.lodz.pl/inf5/06_07/4/indeks.html" "Mozilla/4.0 (compatible; MSIE 8.0; Windows NT 6.0; Trident/4.0; GTB6; SLCC1; .NET CLR 2.0.50727; Media Center PC 5.0; .NET CLR 3.5.30729; .NET CLR 3.0.30618)" "-"
109.113.8.225 - - [11/Oct/2009:09:01:08 +0200] "GET /inf5/06_07/4/index.jpg HTTP/1.1" 200 1588 "http://neo.dmcs.p.lodz.pl/inf5/06_07/4/indeks.html" "Mozilla/4.0 (compatible; MSIE 8.0; Windows NT 6.0; Trident/4.0; GTB6; SLCC1; .NET CLR 2.0.50727; Media Center PC 5.0; .NET CLR 3.5.30729; .NET CLR 3.0.30618)" "-"
109.113.8.225 - - [11/Oct/2009:09:01:08 +0200] "GET /inf5/06_07/4/geisha.jpg HTTP/1.1" 200 1552 "http://neo.dmcs.p.lodz.pl/inf5/06_07/4/indeks.html" "Mozilla/4.0 (compatible; MSIE 8.0; Windows NT 6.0; Trident/4.0; GTB6; SLCC1; .NET CLR 2.0.50727; Media Center PC 5.0; .NET CLR 3.5.30729; .NET CLR 3.0.30618)" "-"
109.113.8.225 - - [11/Oct/2009:09:01:08 +0200] "GET /inf5/06_07/4/panoplie.jpg HTTP/1.1" 200 1745 "http://neo.dmcs.p.lodz.pl/inf5/06_07/4/indeks.html" "Mozilla/4.0 (compatible; MSIE 8.0; Windows NT 6.0; Trident/4.0; GTB6; SLCC1; .NET CLR 2.0.50727; Media Center PC 5.0; .NET CLR 3.5.30729; .NET CLR 3.0.30618)" "-"
109.113.8.225 - - [11/Oct/2009:09:01:09 +0200] "GET /inf5/06_07/4/maquillage.jpg HTTP/1.1" 200 2238 "http://neo.dmcs.p.lodz.pl/inf5/06_07/4/indeks.html" "Mozilla/4.0 (compatible; MSIE 8.0; Windows NT 6.0; Trident/4.0; GTB6; SLCC1; .NET CLR 2.0.50727; Media Center PC 5.0; .NET CLR 3.5.30729; .NET CLR 3.0.30618)" "-"
109.113.8.225 - - [11/Oct/2009:09:01:09 +0200] "GET /inf5/06_07/4/coiffure.jpg HTTP/1.1" 200 1822 "http://neo.dmcs.p.lodz.pl/inf5/06_07/4/indeks.html" "Mozilla/4.0 (compatible; MSIE 8.0; Windows NT 6.0; Trident/4.0; GTB6; SLCC1; .NET CLR 2.0.50727; Media Center PC 5.0; .NET CLR 3.5.30729; .NET CLR 3.0.30618)" "-"
109.113.8.225 - - [11/Oct/2009:09:01:09 +0200] "GET /inf5/06_07/4/kimono.jpg HTTP/1.1" 200 1534 "http://neo.dmcs.p.lodz.pl/inf5/06_07/4/indeks.html" "Mozilla/4.0 (compatible; MSIE 8.0; Windows NT 6.0; Trident/4.0; GTB6; SLCC1; .NET CLR 2.0.50727; Media Center PC 5.0; .NET CLR 3.5.30729; .NET CLR 3.0.30618)" "-"
109.113.8.225 - - [11/Oct/2009:09:01:09 +0200] "GET /inf5/06_07/4/obi.jpg HTTP/1.1" 200 1056 "http://neo.dmcs.p.lodz.pl/inf5/06_07/4/indeks.html" "Mozilla/4.0 (compatible; MSIE 8.0; Windows NT 6.0; Trident/4.0; GTB6; SLCC1; .NET CLR 2.0.50727; Media Center PC 5.0; .NET CLR 3.5.30729; .NET CLR 3.0.30618)" "-"
109.113.8.225 - - [11/Oct/2009:09:01:09 +0200] "GET /inf5/06_07/4/chaussures.jpg HTTP/1.1" 200 2209 "http://neo.dmcs.p.lodz.pl/inf5/06_07/4/indeks.html" "Mozilla/4.0 (compatible; MSIE 8.0; Windows NT 6.0; Trident/4.0; GTB6; SLCC1; .NET CLR 2.0.50727; Media Center PC 5.0; .NET CLR 3.5.30729; .NET CLR 3.0.30618)" "-"
109.113.8.225 - - [11/Oct/2009:09:01:09 +0200] "GET /inf5/06_07/4/accessoires.jpg HTTP/1.1" 200 2302 "http://neo.dmcs.p.lodz.pl/inf5/06_07/4/indeks.html" "Mozilla/4.0 (compatible; MSIE 8.0; Windows NT 6.0; Trident/4.0; GTB6; SLCC1; .NET CLR 2.0.50727; Media Center PC 5.0; .NET CLR 3.5.30729; .NET CLR 3.0.30618)" "-"
109.113.8.225 - - [11/Oct/2009:09:01:09 +0200] "GET /inf5/06_07/4/role.jpg HTTP/1.1" 200 1254 "http://neo.dmcs.p.lodz.pl/inf5/06_07/4/indeks.html" "Mozilla/4.0 (compatible; MSIE 8.0; Windows NT 6.0; Trident/4.0; GTB6; SLCC1; .NET CLR 2.0.50727; Media Center PC 5.0; .NET CLR 3.5.30729; .NET CLR 3.0.30618)" "-"
109.113.8.225 - - [11/Oct/2009:09:01:09 +0200] "GET /inf5/06_07/4/danse.jpg HTTP/1.1" 200 1437 "http://neo.dmcs.p.lodz.pl/inf5/06_07/4/indeks.html" "Mozilla/4.0 (compatible; MSIE 8.0; Windows NT 6.0; Trident/4.0; GTB6; SLCC1; .NET CLR 2.0.50727; Media Center PC 5.0; .NET CLR 3.5.30729; .NET CLR 3.0.30618)" "-"
109.113.8.225 - - [11/Oct/2009:09:01:09 +0200] "GET /inf5/06_07/4/musique.jpg HTTP/1.1" 200 1786 "http://neo.dmcs.p.lodz.pl/inf5/06_07/4/indeks.html" "Mozilla/4.0 (compatible; MSIE 8.0; Windows NT 6.0; Trident/4.0; GTB6; SLCC1; .NET CLR 2.0.50727; Media Center PC 5.0; .NET CLR 3.5.30729; .NET CLR 3.0.30618)" "-"
109.113.8.225 - - [11/Oct/2009:09:01:09 +0200] "GET /inf5/06_07/4/grande%20soeur.jpg HTTP/1.1" 200 2540 "http://neo.dmcs.p.lodz.pl/inf5/06_07/4/indeks.html" "Mozilla/4.0 (compatible; MSIE 8.0; Windows NT 6.0; Trident/4.0; GTB6; SLCC1; .NET CLR 2.0.50727; Media Center PC 5.0; .NET CLR 3.5.30729; .NET CLR 3.0.30618)" "-"
109.113.8.225 - - [11/Oct/2009:09:01:09 +0200] "GET /inf5/06_07/4/danna.jpg HTTP/1.1" 200 1432 "http://neo.dmcs.p.lodz.pl/inf5/06_07/4/indeks.html" "Mozilla/4.0 (compatible; MSIE 8.0; Windows NT 6.0; Trident/4.0; GTB6; SLCC1; .NET CLR 2.0.50727; Media Center PC 5.0; .NET CLR 3.5.30729; .NET CLR 3.0.30618)" "-"
109.113.8.225 - - [11/Oct/2009:09:01:10 +0200] "GET /inf5/06_07/4/curiosites.jpg HTTP/1.1" 200 2131 "http://neo.dmcs.p.lodz.pl/inf5/06_07/4/indeks.html" "Mozilla/4.0 (compatible; MSIE 8.0; Windows NT 6.0; Trident/4.0; GTB6; SLCC1; .NET CLR 2.0.50727; Media Center PC 5.0; .NET CLR 3.5.30729; .NET CLR 3.0.30618)" "-"
109.113.8.225 - - [11/Oct/2009:09:01:10 +0200] "GET /inf5/06_07/4/liens.jpg HTTP/1.1" 200 1269 "http://neo.dmcs.p.lodz.pl/inf5/06_07/4/indeks.html" "Mozilla/4.0 (compatible; MSIE 8.0; Windows NT 6.0; Trident/4.0; GTB6; SLCC1; .NET CLR 2.0.50727; Media Center PC 5.0; .NET CLR 3.5.30729; .NET CLR 3.0.30618)" "-"
109.113.8.225 - - [11/Oct/2009:09:01:10 +0200] "GET /inf5/06_07/4/bienvenu.jpg HTTP/1.1" 200 3369 "http://neo.dmcs.p.lodz.pl/inf5/06_07/4/indeks.html" "Mozilla/4.0 (compatible; MSIE 8.0; Windows NT 6.0; Trident/4.0; GTB6; SLCC1; .NET CLR 2.0.50727; Media Center PC 5.0; .NET CLR 3.5.30729; .NET CLR 3.0.30618)" "-"
109.113.8.225 - - [11/Oct/2009:09:01:12 +0200] "GET /inf5/06_07/4/tapetka1.jpg HTTP/1.1" 200 64245 "http://neo.dmcs.p.lodz.pl/inf5/06_07/4/indeks.html" "Mozilla/4.0 (compatible; MSIE 8.0; Windows NT 6.0; Trident/4.0; GTB6; SLCC1; .NET CLR 2.0.50727; Media Center PC 5.0; .NET CLR 3.5.30729; .NET CLR 3.0.30618)" "-"
109.113.8.225 - - [11/Oct/2009:09:01:12 +0200] "GET /inf5/06_07/4/sayuri.jpg HTTP/1.1" 200 125430 "http://neo.dmcs.p.lodz.pl/inf5/06_07/4/indeks.html" "Mozilla/4.0 (compatible; MSIE 8.0; Windows NT 6.0; Trident/4.0; GTB6; SLCC1; .NET CLR 2.0.50727; Media Center PC 5.0; .NET CLR 3.5.30729; .NET CLR 3.0.30618)" "-"
109.113.8.225 - - [11/Oct/2009:09:01:21 +0200] "GET /favicon.ico HTTP/1.1" 404 292 "-" "Mozilla/4.0 (compatible; MSIE 8.0; Windows NT 6.0; Trident/4.0; GTB6; SLCC1; .NET CLR 2.0.50727; Media Center PC 5.0; .NET CLR 3.5.30729; .NET CLR 3.0.30618)" "-"
192.168.17.215 - - [11/Oct/2009:09:02:14 +0200] "GET /podyplomowe_java/ HTTP/1.1" 200 1549 "-" "Mozilla/5.0 (Windows; U; Windows NT 5.1; en-GB; rv:1.9.0.6) Gecko/2009011913 Firefox/3.0.6 (.NET CLR 3.5.30729)" "-"
192.168.17.215 - - [11/Oct/2009:09:02:14 +0200] "GET /icons/folder.gif HTTP/1.1" 200 225 "http://lux.dmcs.pl/podyplomowe_java/" "Mozilla/5.0 (Windows; U; Windows NT 5.1; en-GB; rv:1.9.0.6) Gecko/2009011913 Firefox/3.0.6 (.NET CLR 3.5.30729)" "-"
192.168.17.215 - - [11/Oct/2009:09:02:16 +0200] "GET /podyplomowe_java/pwkai/ HTTP/1.1" 200 2702 "http://lux.dmcs.pl/podyplomowe_java/" "Mozilla/5.0 (Windows; U; Windows NT 5.1; en-GB; rv:1.9.0.6) Gecko/2009011913 Firefox/3.0.6 (.NET CLR 3.5.30729)" "-"
192.168.17.215 - - [11/Oct/2009:09:02:22 +0200] "GET /podyplomowe_java/pwkai/pokl_pwkai_cwiczenie_2_linki.doc HTTP/1.1" 200 119296 "http://lux.dmcs.pl/podyplomowe_java/pwkai/" "Mozilla/5.0 (Windows; U; Windows NT 5.1; en-GB; rv:1.9.0.6) Gecko/2009011913 Firefox/3.0.6 (.NET CLR 3.5.30729)" "-"
65.55.106.156 - - [11/Oct/2009:09:02:24 +0200] "GET /rso/idl2javamapping.pdf HTTP/1.1" 304 - "-" "msnbot/2.0b (+http://search.msn.com/msnbot.htm)" "-"
153.19.210.159 - - [11/Oct/2009:09:02:40 +0200] "HEAD /favicon.ico HTTP/1.1" 404 0 "-" "Mozilla/5.0 (X11; U; Linux i686; pl; rv:1.9.1.3) Gecko/20090824 Firefox/3.5.3" "-"
10.0.8.11 - - [11/Oct/2009:09:02:57 +0200] "GET /~sakowicz/podyplomowe/pokl_www_cwiczenie_1_czcionki_i_listy.doc HTTP/1.1" 200 120320 "http://lux.dmcs.pl/~sakowicz/podyplomowe/" "Mozilla/4.0 (compatible; MSIE 6.0; Windows NT 5.1; SV1)" "-"
10.0.8.2 - - [11/Oct/2009:09:03:48 +0200] "GET /~sakowicz/podyplomowe HTTP/1.1" 301 325 "-" "Mozilla/5.0 (Windows; U; Windows NT 5.1; en-US; rv:1.9.0.10) Gecko/2009042316 Firefox/3.0.10" "-"
10.0.8.2 - - [11/Oct/2009:09:03:48 +0200] "GET /~sakowicz/podyplomowe/ HTTP/1.1" 200 109 "-" "Mozilla/5.0 (Windows; U; Windows NT 5.1; en-US; rv:1.9.0.10) Gecko/2009042316 Firefox/3.0.10" "-"
10.0.8.2 - - [11/Oct/2009:09:03:48 +0200] "GET /favicon.ico HTTP/1.1" 404 285 "-" "Mozilla/5.0 (Windows; U; Windows NT 5.1; en-US; rv:1.9.0.10) Gecko/2009042316 Firefox/3.0.10" "-"
10.0.8.2 - - [11/Oct/2009:09:03:51 +0200] "GET /~sakowicz/podyplomowe/pokl_www_cwiczenie_1_czcionki_i_listy.doc HTTP/1.1" 200 120320 "http://lux.dmcs.pl/~sakowicz/podyplomowe/" "Mozilla/5.0 (Windows; U; Windows NT 5.1; en-US; rv:1.9.0.10) Gecko/2009042316 Firefox/3.0.10" "-"
10.0.8.2 - - [11/Oct/2009:09:03:51 +0200] "GET /favicon.ico HTTP/1.1" 404 285 "-" "Mozilla/5.0 (Windows; U; Windows NT 5.1; en-US; rv:1.9.0.10) Gecko/2009042316 Firefox/3.0.10" "-"
192.168.17.215 - - [11/Oct/2009:09:04:17 +0200] "GET /podyplomowe_java/pwkai/pokl_pwkai_cwiczenie_3_tabele.doc HTTP/1.1" 200 496640 "http://lux.dmcs.pl/podyplomowe_java/pwkai/" "Mozilla/5.0 (Windows; U; Windows NT 5.1; en-GB; rv:1.9.0.6) Gecko/2009011913 Firefox/3.0.6 (.NET CLR 3.5.30729)" "-"
10.0.8.17 - - [11/Oct/2009:09:04:33 +0200] "GET /~sakowicz/podyplomowe/ HTTP/1.1" 304 - "-" "Mozilla/5.0 (Windows; U; Windows NT 5.1; en-US; rv:1.9.0.10) Gecko/2009042316 Firefox/3.0.10" "-"
10.0.8.17 - - [11/Oct/2009:09:04:36 +0200] "GET /~sakowicz/podyplomowe/pokl_www_cwiczenie_1_czcionki_i_listy.doc HTTP/1.1" 304 - "http://lux.dmcs.pl/~sakowicz/podyplomowe/" "Mozilla/5.0 (Windows; U; Windows NT 5.1; en-US; rv:1.9.0.10) Gecko/2009042316 Firefox/3.0.10" "-"
10.0.8.17 - - [11/Oct/2009:09:04:37 +0200] "GET /favicon.ico HTTP/1.1" 404 285 "-" "Mozilla/5.0 (Windows; U; Windows NT 5.1; en-US; rv:1.9.0.10) Gecko/2009042316 Firefox/3.0.10" "-"
66.249.65.212 - - [11/Oct/2009:09:04:47 +0200] "GET /specjalnosci/karty/uep/bloki/ep4_imp_ukl_mocy__2_modelowanie_przeksztaltnikow.pdf HTTP/1.1" 200 40769 "-" "Mozilla/5.0 (compatible; Googlebot/2.1; +http://www.google.com/bot.html)" "-"
59.92.118.79 - - [11/Oct/2009:09:05:14 +0200] "GET /pios/knowing-knoppix_2004-12-30.pdf HTTP/1.1" 200 4001888 "http://www.google.co.in/url?sa=t&source=web&ct=res&cd=20&ved=0CB8QFjAJOAo&url=http%3A%2F%2Fneo.dmcs.p.lodz.pl%2Fpios%2Fknowing-knoppix_2004-12-30.pdf&ei=jYLRSo_cI5y-swPTotHvCw&rct=j&q=knoppix+6+user+guide&usg=AFQjCNH4fRuBZAf_iu34bocfV45Lq5QwTw" "Mozilla/5.0 (X11; U; Linux i686; en-US; rv:1.9.0.6) Gecko/2009020409 Iceweasel/3.0.6 (Debian-3.0.6-1)" "-"
65.55.207.51 - - [11/Oct/2009:09:05:16 +0200] "GET /pdsc/ HTTP/1.1" 304 - "-" "msnbot/2.0b (+http://search.msn.com/msnbot.htm)" "-"
192.168.17.215 - - [11/Oct/2009:09:05:43 +0200] "GET /podyplomowe_java/pwkai/pokl_pwkai_cwiczenie_4_ramki.doc HTTP/1.1" 200 122880 "http://lux.dmcs.pl/podyplomowe_java/pwkai/" "Mozilla/5.0 (Windows; U; Windows NT 5.1; en-GB; rv:1.9.0.6) Gecko/2009011913 Firefox/3.0.6 (.NET CLR 3.5.30729)" "-"
10.0.8.18 - - [11/Oct/2009:09:06:31 +0200] "GET /favicon.ico HTTP/1.1" 404 285 "-" "Mozilla/5.0 (Windows; U; Windows NT 5.1; en-US; rv:1.9.0.10) Gecko/2009042316 Firefox/3.0.10" "-"
65.55.207.29 - - [11/Oct/2009:09:06:33 +0200] "GET /robots.txt HTTP/1.1" 200 67 "-" "msnbot/2.0b (+http://search.msn.com/msnbot.htm)" "-"
91.121.106.59 - - [11/Oct/2009:09:06:52 +0200] "GET /specjalnosci/index.php?strona=13 HTTP/1.1" 200 12740 "-" "Mozilla/4.0 (compatible; MSIE 5.01; Windows NT 5.0)" "-"
192.168.17.215 - - [11/Oct/2009:09:06:52 +0200] "GET /podyplomowe_java/pwkai/pokl_pwkai_cwiczenie_5_style.doc HTTP/1.1" 200 129536 "http://lux.dmcs.pl/podyplomowe_java/pwkai/" "Mozilla/5.0 (Windows; U; Windows NT 5.1; en-GB; rv:1.9.0.6) Gecko/2009011913 Firefox/3.0.6 (.NET CLR 3.5.30729)" "-"
10.0.8.18 - - [11/Oct/2009:09:07:06 +0200] "GET /favicon.ico HTTP/1.1" 404 285 "-" "Mozilla/5.0 (Windows; U; Windows NT 5.1; en-US; rv:1.9.0.10) Gecko/2009042316 Firefox/3.0.10" "-"
65.55.207.29 - - [11/Oct/2009:09:07:16 +0200] "GET /~swierczu/index.php HTTP/1.1" 200 5052 "-" "msnbot/2.0b (+http://search.msn.com/msnbot.htm)" "-"
10.0.8.18 - - [11/Oct/2009:09:08:34 +0200] "GET /favicon.ico HTTP/1.1" 404 285 "-" "Mozilla/5.0 (Windows; U; Windows NT 5.1; en-US; rv:1.9.0.10) Gecko/2009042316 Firefox/3.0.10" "-"
66.249.65.212 - - [11/Oct/2009:09:08:36 +0200] "GET /tk/UNIXhelp1.3/Pages/basics/basic1.3.4.html HTTP/1.1" 200 1056 "-" "Mozilla/5.0 (compatible; Googlebot/2.1; +http://www.google.com/bot.html)" "-"
66.249.65.212 - - [11/Oct/2009:09:08:42 +0200] "GET /pp/graphmanual-pl.html HTTP/1.1" 304 - "-" "Mozilla/5.0 (compatible; Googlebot/2.1; +http://www.google.com/bot.html)" "-"
65.55.106.111 - - [11/Oct/2009:09:08:46 +0200] "GET /specjalnosci/karty/uep/4520l8.pdf HTTP/1.1" 304 - "-" "msnbot/2.0b (+http://search.msn.com/msnbot.htm)" "-"
10.0.8.18 - - [11/Oct/2009:09:08:56 +0200] "GET /favicon.ico HTTP/1.1" 404 285 "-" "Mozilla/5.0 (Windows; U; Windows NT 5.1; en-US; rv:1.9.0.10) Gecko/2009042316 Firefox/3.0.10" "-"
10.0.8.18 - - [11/Oct/2009:09:10:16 +0200] "GET /favicon.ico HTTP/1.1" 404 285 "-" "Mozilla/5.0 (Windows; U; Windows NT 5.1; en-US; rv:1.9.0.10) Gecko/2009042316 Firefox/3.0.10" "-"
10.0.8.18 - - [11/Oct/2009:09:11:09 +0200] "GET /favicon.ico HTTP/1.1" 404 285 "-" "Mozilla/5.0 (Windows; U; Windows NT 5.1; en-US; rv:1.9.0.10) Gecko/2009042316 Firefox/3.0.10" "-"
66.249.65.212 - - [11/Oct/2009:09:11:18 +0200] "GET /pvlsi/html/Image143.gif HTTP/1.1" 304 - "-" "Googlebot-Image/1.0" "-"
192.168.17.215 - - [11/Oct/2009:09:11:34 +0200] "GET /~sakowicz/podyplomowe/ HTTP/1.1" 200 436 "-" "Mozilla/5.0 (Windows; U; Windows NT 5.1; en-GB; rv:1.9.0.6) Gecko/2009011913 Firefox/3.0.6 (.NET CLR 3.5.30729)" "-"
10.0.8.18 - - [11/Oct/2009:09:12:12 +0200] "GET /favicon.ico HTTP/1.1" 404 285 "-" "Mozilla/5.0 (Windows; U; Windows NT 5.1; en-US; rv:1.9.0.10) Gecko/2009042316 Firefox/3.0.10" "-"
65.55.106.186 - - [11/Oct/2009:09:12:16 +0200] "GET /pium/materialy/t4/BA159.pdf HTTP/1.1" 200 68828 "-" "msnbot/2.0b (+http://search.msn.com/msnbot.htm)" "-"
153.19.210.159 - - [11/Oct/2009:09:12:40 +0200] "HEAD /favicon.ico HTTP/1.1" 404 0 "-" "Mozilla/5.0 (X11; U; Linux i686; pl; rv:1.9.1.3) Gecko/20090824 Firefox/3.5.3" "-"
67.195.113.234 - - [11/Oct/2009:09:13:04 +0200] "GET /archkomp/egzamin/wyniki_ak2_lato2009.htm HTTP/1.0" 200 13254 "-" "Mozilla/5.0 (compatible; Yahoo! Slurp/3.0; http://help.yahoo.com/help/us/ysearch/slurp)" "-"
10.0.8.18 - - [11/Oct/2009:09:13:06 +0200] "GET /favicon.ico HTTP/1.1" 404 285 "-" "Mozilla/5.0 (Windows; U; Windows NT 5.1; en-US; rv:1.9.0.10) Gecko/2009042316 Firefox/3.0.10" "-"
192.168.17.215 - - [11/Oct/2009:09:13:41 +0200] "GET /~sakowicz/podyplomowe/ HTTP/1.1" 200 485 "-" "Mozilla/5.0 (Windows; U; Windows NT 5.1; en-GB; rv:1.9.0.6) Gecko/2009011913 Firefox/3.0.6 (.NET CLR 3.5.30729)" "-"
192.168.17.215 - - [11/Oct/2009:09:14:33 +0200] "GET /~sakowicz/podyplomowe/ HTTP/1.1" 200 528 "-" "Mozilla/5.0 (Windows; U; Windows NT 5.1; en-GB; rv:1.9.0.6) Gecko/2009011913 Firefox/3.0.6 (.NET CLR 3.5.30729)" "-"
67.195.113.234 - - [11/Oct/2009:09:14:53 +0200] "GET /archkomp/egzamin/wyniki_ak2_lato2009_files/editdata.mso HTTP/1.0" 403 328 "-" "Mozilla/5.0 (compatible; Yahoo! Slurp/3.0; http://help.yahoo.com/help/us/ysearch/slurp)" "-"
83.26.246.144 - - [11/Oct/2009:09:16:05 +0200] "GET /mu HTTP/1.1" 404 283 "-" "Mozilla/5.0 (X11; U; Linux i686; pl-PL; rv:1.9.0.14) Gecko/2009090216 Ubuntu/9.04 (jaunty) Firefox/3.0.14" "-"
83.26.246.144 - - [11/Oct/2009:09:16:08 +0200] "GET /favicon.ico HTTP/1.1" 404 292 "-" "Mozilla/5.0 (X11; U; Linux i686; pl-PL; rv:1.9.0.14) Gecko/2009090216 Ubuntu/9.04 (jaunty) Firefox/3.0.14" "-"
83.26.246.144 - - [11/Oct/2009:09:16:09 +0200] "GET /mn HTTP/1.1" 301 320 "-" "Mozilla/5.0 (X11; U; Linux i686; pl-PL; rv:1.9.0.14) Gecko/2009090216 Ubuntu/9.04 (jaunty) Firefox/3.0.14" "-"
83.26.246.144 - - [11/Oct/2009:09:16:09 +0200] "GET /mn/ HTTP/1.1" 200 758 "-" "Mozilla/5.0 (X11; U; Linux i686; pl-PL; rv:1.9.0.14) Gecko/2009090216 Ubuntu/9.04 (jaunty) Firefox/3.0.14" "-"
83.26.246.144 - - [11/Oct/2009:09:16:09 +0200] "GET /style.css HTTP/1.1" 200 2000 "http://neo.dmcs.p.lodz.pl/mn/" "Mozilla/5.0 (X11; U; Linux i686; pl-PL; rv:1.9.0.14) Gecko/2009090216 Ubuntu/9.04 (jaunty) Firefox/3.0.14" "-"
83.26.246.144 - - [11/Oct/2009:09:16:09 +0200] "GET /images/back.jpg HTTP/1.1" 404 296 "http://neo.dmcs.p.lodz.pl/mn/" "Mozilla/5.0 (X11; U; Linux i686; pl-PL; rv:1.9.0.14) Gecko/2009090216 Ubuntu/9.04 (jaunty) Firefox/3.0.14" "-"
83.26.246.144 - - [11/Oct/2009:09:16:20 +0200] "GET /mn/MNcw1.pdf HTTP/1.1" 200 79915 "http://neo.dmcs.p.lodz.pl/mn/" "Mozilla/5.0 (X11; U; Linux i686; pl-PL; rv:1.9.0.14) Gecko/2009090216 Ubuntu/9.04 (jaunty) Firefox/3.0.14" "-"
192.168.17.215 - - [11/Oct/2009:09:16:35 +0200] "GET /~sakowicz/podyplomowe/ HTTP/1.1" 200 564 "-" "Mozilla/5.0 (Windows; U; Windows NT 5.1; en-GB; rv:1.9.0.6) Gecko/2009011913 Firefox/3.0.6 (.NET CLR 3.5.30729)" "-"
66.249.65.213 - - [11/Oct/2009:09:16:42 +0200] "GET /robots.txt HTTP/1.1" 200 67 "-" "Mozilla/5.0 (compatible; Googlebot/2.1; +http://www.google.com/bot.html)" "-"
66.249.65.213 - - [11/Oct/2009:09:16:42 +0200] "GET /inf5/dictionnaires/dictionnaire_2/mp-glos_O.htm HTTP/1.1" 200 21423 "-" "Mozilla/5.0 (compatible; Googlebot/2.1; +http://www.google.com/bot.html)" "-"
217.113.228.86 - - [11/Oct/2009:09:16:55 +0200] "GET /~rkielbik/graphics/icon.gif HTTP/1.1" 404 308 "-" "Mozilla/5.0 (X11; U; Linux i686; en-US; rv:1.9.0.14) Gecko/2009091010 Iceweasel/3.0.14 (Debian-3.0.14-1)" "-"
10.0.8.15 - - [11/Oct/2009:09:16:56 +0200] "PROPFIND /%7Esakowicz HTTP/1.1" 301 313 "-" "Microsoft-WebDAV-MiniRedir/5.1.2600" "-"
10.0.8.15 - - [11/Oct/2009:09:16:56 +0200] "PROPFIND /~sakowicz/ HTTP/1.1" 404 284 "-" "Microsoft-WebDAV-MiniRedir/5.1.2600" "-"
10.0.8.15 - - [11/Oct/2009:09:16:56 +0200] "PROPFIND /%7Esakowicz HTTP/1.1" 301 313 "-" "Microsoft-WebDAV-MiniRedir/5.1.2600" "-"
10.0.8.15 - - [11/Oct/2009:09:16:56 +0200] "PROPFIND /~sakowicz/ HTTP/1.1" 404 284 "-" "Microsoft-WebDAV-MiniRedir/5.1.2600" "-"
10.0.8.15 - - [11/Oct/2009:09:16:56 +0200] "OPTIONS / HTTP/1.1" 200 - "-" "Microsoft-WebDAV-MiniRedir/5.1.2600" "-"
10.0.8.15 - - [11/Oct/2009:09:16:56 +0200] "PROPFIND /%7Esakowicz HTTP/1.1" 301 313 "-" "Microsoft-WebDAV-MiniRedir/5.1.2600" "-"
10.0.8.15 - - [11/Oct/2009:09:16:56 +0200] "PROPFIND /~sakowicz/ HTTP/1.1" 404 284 "-" "Microsoft-WebDAV-MiniRedir/5.1.2600" "-"
87.174.205.46 - - [11/Oct/2009:09:16:58 +0200] "GET /10lat/10_lat.pdf HTTP/1.1" 200 471684 "http://www.google.de/search?hl=de&source=hp&q=aparate+elektronice+de+casino&meta=&aq=f&oq=" "Mozilla/4.0 (compatible; MSIE 8.0; Windows NT 6.0; Trident/4.0; SLCC1; .NET CLR 2.0.50727; .NET CLR 1.1.4322; .NET CLR 3.5.30729; .NET CLR 3.0.30618)" "-"
87.174.205.46 - - [11/Oct/2009:09:16:59 +0200] "GET /10lat/10_lat.pdf HTTP/1.1" 206 68 "-" "Mozilla/4.0 (compatible; MSIE 8.0; Windows NT 6.0; Trident/4.0; SLCC1; .NET CLR 2.0.50727; .NET CLR 1.1.4322; .NET CLR 3.5.30729; .NET CLR 3.0.30618)" "-"
87.174.205.46 - - [11/Oct/2009:09:16:59 +0200] "GET /10lat/10_lat.pdf HTTP/1.1" 206 4096 "-" "Mozilla/4.0 (compatible; MSIE 8.0; Windows NT 6.0; Trident/4.0; SLCC1; .NET CLR 2.0.50727; .NET CLR 1.1.4322; .NET CLR 3.5.30729; .NET CLR 3.0.30618)" "-"
10.0.8.240 - - [11/Oct/2009:09:16:59 +0200] "GET /~sakowicz/podyplomowe/ HTTP/1.1" 200 564 "-" "Mozilla/4.0 (compatible; MSIE 6.0; Windows NT 5.1; .NET CLR 1.0.3705)" "-"
87.174.205.46 - - [11/Oct/2009:09:16:59 +0200] "GET /10lat/10_lat.pdf HTTP/1.1" 206 3707 "-" "Mozilla/4.0 (compatible; MSIE 8.0; Windows NT 6.0; Trident/4.0; SLCC1; .NET CLR 2.0.50727; .NET CLR 1.1.4322; .NET CLR 3.5.30729; .NET CLR 3.0.30618)" "-"
87.174.205.46 - - [11/Oct/2009:09:16:59 +0200] "GET /10lat/10_lat.pdf HTTP/1.1" 206 338068 "-" "Mozilla/4.0 (compatible; MSIE 8.0; Windows NT 6.0; Trident/4.0; SLCC1; .NET CLR 2.0.50727; .NET CLR 1.1.4322; .NET CLR 3.5.30729; .NET CLR 3.0.30618)" "-"
87.174.205.46 - - [11/Oct/2009:09:17:02 +0200] "GET /10lat/10_lat.pdf HTTP/1.1" 206 380069 "-" "Mozilla/4.0 (compatible; MSIE 8.0; Windows NT 6.0; Trident/4.0; SLCC1; .NET CLR 2.0.50727; .NET CLR 1.1.4322; .NET CLR 3.5.30729; .NET CLR 3.0.30618)" "-"
87.174.205.46 - - [11/Oct/2009:09:17:02 +0200] "GET /10lat/10_lat.pdf HTTP/1.1" 206 80223 "-" "Mozilla/4.0 (compatible; MSIE 8.0; Windows NT 6.0; Trident/4.0; SLCC1; .NET CLR 2.0.50727; .NET CLR 1.1.4322; .NET CLR 3.5.30729; .NET CLR 3.0.30618)" "-"
10.0.8.5 - - [11/Oct/2009:09:17:02 +0200] "GET /~sakowicz/podyplomowe/ HTTP/1.1" 200 564 "-" "Mozilla/4.0 (compatible; MSIE 6.0; Windows NT 5.1; SV1; .NET CLR 1.1.4322)" "-"
66.249.65.212 - - [11/Oct/2009:09:17:02 +0200] "GET /soc-pod/soc-wyk9.pdf HTTP/1.1" 304 - "-" "Mozilla/5.0 (compatible; Googlebot/2.1; +http://www.google.com/bot.html)" "-"
87.174.205.46 - - [11/Oct/2009:09:17:05 +0200] "GET /10lat/10_lat.pdf HTTP/1.1" 206 398619 "-" "Mozilla/4.0 (compatible; MSIE 8.0; Windows NT 6.0; Trident/4.0; SLCC1; .NET CLR 2.0.50727; .NET CLR 1.1.4322; .NET CLR 3.5.30729; .NET CLR 3.0.30618)" "-"
87.174.205.46 - - [11/Oct/2009:09:17:05 +0200] "GET /10lat/10_lat.pdf HTTP/1.1" 206 70629 "-" "Mozilla/4.0 (compatible; MSIE 8.0; Windows NT 6.0; Trident/4.0; SLCC1; .NET CLR 2.0.50727; .NET CLR 1.1.4322; .NET CLR 3.5.30729; .NET CLR 3.0.30618)" "-"
87.174.205.46 - - [11/Oct/2009:09:17:06 +0200] "GET /10lat/10_lat.pdf HTTP/1.1" 206 80025 "-" "Mozilla/4.0 (compatible; MSIE 8.0; Windows NT 6.0; Trident/4.0; SLCC1; .NET CLR 2.0.50727; .NET CLR 1.1.4322; .NET CLR 3.5.30729; .NET CLR 3.0.30618)" "-"
87.174.205.46 - - [11/Oct/2009:09:17:07 +0200] "GET /10lat/10_lat.pdf HTTP/1.1" 206 73069 "-" "Mozilla/4.0 (compatible; MSIE 8.0; Windows NT 6.0; Trident/4.0; SLCC1; .NET CLR 2.0.50727; .NET CLR 1.1.4322; .NET CLR 3.5.30729; .NET CLR 3.0.30618)" "-"
87.174.205.46 - - [11/Oct/2009:09:17:08 +0200] "GET /10lat/10_lat.pdf HTTP/1.1" 206 72817 "-" "Mozilla/4.0 (compatible; MSIE 8.0; Windows NT 6.0; Trident/4.0; SLCC1; .NET CLR 2.0.50727; .NET CLR 1.1.4322; .NET CLR 3.5.30729; .NET CLR 3.0.30618)" "-"
87.174.205.46 - - [11/Oct/2009:09:17:08 +0200] "GET /10lat/10_lat.pdf HTTP/1.1" 206 63227 "-" "Mozilla/4.0 (compatible; MSIE 8.0; Windows NT 6.0; Trident/4.0; SLCC1; .NET CLR 2.0.50727; .NET CLR 1.1.4322; .NET CLR 3.5.30729; .NET CLR 3.0.30618)" "-"
192.168.17.215 - - [11/Oct/2009:09:17:08 +0200] "GET /~sakowicz/podyplomowe/ HTTP/1.1" 304 - "-" "Mozilla/5.0 (Windows; U; Windows NT 5.1; en-GB; rv:1.9.0.6) Gecko/2009011913 Firefox/3.0.6 (.NET CLR 3.5.30729)" "-"
87.174.205.46 - - [11/Oct/2009:09:17:10 +0200] "GET /10lat/10_lat.pdf HTTP/1.1" 206 132048 "-" "Mozilla/4.0 (compatible; MSIE 8.0; Windows NT 6.0; Trident/4.0; SLCC1; .NET CLR 2.0.50727; .NET CLR 1.1.4322; .NET CLR 3.5.30729; .NET CLR 3.0.30618)" "-"
87.174.205.46 - - [11/Oct/2009:09:17:11 +0200] "GET /10lat/10_lat.pdf HTTP/1.1" 206 169355 "-" "Mozilla/4.0 (compatible; MSIE 8.0; Windows NT 6.0; Trident/4.0; SLCC1; .NET CLR 2.0.50727; .NET CLR 1.1.4322; .NET CLR 3.5.30729; .NET CLR 3.0.30618)" "-"
87.174.205.46 - - [11/Oct/2009:09:17:13 +0200] "GET /10lat/10_lat.pdf HTTP/1.1" 206 165697 "-" "Mozilla/4.0 (compatible; MSIE 8.0; Windows NT 6.0; Trident/4.0; SLCC1; .NET CLR 2.0.50727; .NET CLR 1.1.4322; .NET CLR 3.5.30729; .NET CLR 3.0.30618)" "-"
87.174.205.46 - - [11/Oct/2009:09:17:13 +0200] "GET /10lat/10_lat.pdf HTTP/1.1" 206 67616 "-" "Mozilla/4.0 (compatible; MSIE 8.0; Windows NT 6.0; Trident/4.0; SLCC1; .NET CLR 2.0.50727; .NET CLR 1.1.4322; .NET CLR 3.5.30729; .NET CLR 3.0.30618)" "-"
87.174.205.46 - - [11/Oct/2009:09:17:16 +0200] "GET /10lat/10_lat.pdf HTTP/1.1" 206 431724 "-" "Mozilla/4.0 (compatible; MSIE 8.0; Windows NT 6.0; Trident/4.0; SLCC1; .NET CLR 2.0.50727; .NET CLR 1.1.4322; .NET CLR 3.5.30729; .NET CLR 3.0.30618)" "-"
87.174.205.46 - - [11/Oct/2009:09:17:18 +0200] "GET /10lat/10_lat.pdf HTTP/1.1" 206 542677 "-" "Mozilla/4.0 (compatible; MSIE 8.0; Windows NT 6.0; Trident/4.0; SLCC1; .NET CLR 2.0.50727; .NET CLR 1.1.4322; .NET CLR 3.5.30729; .NET CLR 3.0.30618)" "-"
10.0.8.18 - - [11/Oct/2009:09:17:19 +0200] "GET /favicon.ico HTTP/1.1" 404 285 "-" "Mozilla/5.0 (Windows; U; Windows NT 5.1; en-US; rv:1.9.0.10) Gecko/2009042316 Firefox/3.0.10" "-"
87.174.205.46 - - [11/Oct/2009:09:17:20 +0200] "GET /10lat/10_lat.pdf HTTP/1.1" 206 587674 "-" "Mozilla/4.0 (compatible; MSIE 8.0; Windows NT 6.0; Trident/4.0; SLCC1; .NET CLR 2.0.50727; .NET CLR 1.1.4322; .NET CLR 3.5.30729; .NET CLR 3.0.30618)" "-"
87.174.205.46 - - [11/Oct/2009:09:17:20 +0200] "GET /10lat/10_lat.pdf HTTP/1.1" 206 95630 "-" "Mozilla/4.0 (compatible; MSIE 8.0; Windows NT 6.0; Trident/4.0; SLCC1; .NET CLR 2.0.50727; .NET CLR 1.1.4322; .NET CLR 3.5.30729; .NET CLR 3.0.30618)" "-"
87.174.205.46 - - [11/Oct/2009:09:17:21 +0200] "GET /10lat/10_lat.pdf HTTP/1.1" 206 16037 "-" "Mozilla/4.0 (compatible; MSIE 8.0; Windows NT 6.0; Trident/4.0; SLCC1; .NET CLR 2.0.50727; .NET CLR 1.1.4322; .NET CLR 3.5.30729; .NET CLR 3.0.30618)" "-"
87.174.205.46 - - [11/Oct/2009:09:17:21 +0200] "GET /10lat/10_lat.pdf HTTP/1.1" 206 53424 "-" "Mozilla/4.0 (compatible; MSIE 8.0; Windows NT 6.0; Trident/4.0; SLCC1; .NET CLR 2.0.50727; .NET CLR 1.1.4322; .NET CLR 3.5.30729; .NET CLR 3.0.30618)" "-"
87.174.205.46 - - [11/Oct/2009:09:17:22 +0200] "GET /10lat/10_lat.pdf HTTP/1.1" 206 139219 "-" "Mozilla/4.0 (compatible; MSIE 8.0; Windows NT 6.0; Trident/4.0; SLCC1; .NET CLR 2.0.50727; .NET CLR 1.1.4322; .NET CLR 3.5.30729; .NET CLR 3.0.30618)" "-"
87.174.205.46 - - [11/Oct/2009:09:17:23 +0200] "GET /10lat/10_lat.pdf HTTP/1.1" 206 19185 "-" "Mozilla/4.0 (compatible; MSIE 8.0; Windows NT 6.0; Trident/4.0; SLCC1; .NET CLR 2.0.50727; .NET CLR 1.1.4322; .NET CLR 3.5.30729; .NET CLR 3.0.30618)" "-"
87.174.205.46 - - [11/Oct/2009:09:17:23 +0200] "GET /10lat/10_lat.pdf HTTP/1.1" 206 12692 "-" "Mozilla/4.0 (compatible; MSIE 8.0; Windows NT 6.0; Trident/4.0; SLCC1; .NET CLR 2.0.50727; .NET CLR 1.1.4322; .NET CLR 3.5.30729; .NET CLR 3.0.30618)" "-"
87.174.205.46 - - [11/Oct/2009:09:17:24 +0200] "GET /10lat/10_lat.pdf HTTP/1.1" 206 47842 "-" "Mozilla/4.0 (compatible; MSIE 8.0; Windows NT 6.0; Trident/4.0; SLCC1; .NET CLR 2.0.50727; .NET CLR 1.1.4322; .NET CLR 3.5.30729; .NET CLR 3.0.30618)" "-"
87.174.205.46 - - [11/Oct/2009:09:17:25 +0200] "GET /10lat/10_lat.pdf HTTP/1.1" 206 153412 "-" "Mozilla/4.0 (compatible; MSIE 8.0; Windows NT 6.0; Trident/4.0; SLCC1; .NET CLR 2.0.50727; .NET CLR 1.1.4322; .NET CLR 3.5.30729; .NET CLR 3.0.30618)" "-"
87.174.205.46 - - [11/Oct/2009:09:17:25 +0200] "GET /10lat/10_lat.pdf HTTP/1.1" 206 17402 "-" "Mozilla/4.0 (compatible; MSIE 8.0; Windows NT 6.0; Trident/4.0; SLCC1; .NET CLR 2.0.50727; .NET CLR 1.1.4322; .NET CLR 3.5.30729; .NET CLR 3.0.30618)" "-"
87.174.205.46 - - [11/Oct/2009:09:17:26 +0200] "GET /10lat/10_lat.pdf HTTP/1.1" 206 6122 "-" "Mozilla/4.0 (compatible; MSIE 8.0; Windows NT 6.0; Trident/4.0; SLCC1; .NET CLR 2.0.50727; .NET CLR 1.1.4322; .NET CLR 3.5.30729; .NET CLR 3.0.30618)" "-"
87.174.205.46 - - [11/Oct/2009:09:17:26 +0200] "GET /10lat/10_lat.pdf HTTP/1.1" 206 36905 "-" "Mozilla/4.0 (compatible; MSIE 8.0; Windows NT 6.0; Trident/4.0; SLCC1; .NET CLR 2.0.50727; .NET CLR 1.1.4322; .NET CLR 3.5.30729; .NET CLR 3.0.30618)" "-"
87.174.205.46 - - [11/Oct/2009:09:17:28 +0200] "GET /10lat/10_lat.pdf HTTP/1.1" 206 602515 "-" "Mozilla/4.0 (compatible; MSIE 8.0; Windows NT 6.0; Trident/4.0; SLCC1; .NET CLR 2.0.50727; .NET CLR 1.1.4322; .NET CLR 3.5.30729; .NET CLR 3.0.30618)" "-"
87.174.205.46 - - [11/Oct/2009:09:17:29 +0200] "GET /10lat/10_lat.pdf HTTP/1.1" 206 392676 "-" "Mozilla/4.0 (compatible; MSIE 8.0; Windows NT 6.0; Trident/4.0; SLCC1; .NET CLR 2.0.50727; .NET CLR 1.1.4322; .NET CLR 3.5.30729; .NET CLR 3.0.30618)" "-"
87.174.205.46 - - [11/Oct/2009:09:17:30 +0200] "GET /10lat/10_lat.pdf HTTP/1.1" 206 29835 "-" "Mozilla/4.0 (compatible; MSIE 8.0; Windows NT 6.0; Trident/4.0; SLCC1; .NET CLR 2.0.50727; .NET CLR 1.1.4322; .NET CLR 3.5.30729; .NET CLR 3.0.30618)" "-"
87.174.205.46 - - [11/Oct/2009:09:17:30 +0200] "GET /10lat/10_lat.pdf HTTP/1.1" 206 28503 "-" "Mozilla/4.0 (compatible; MSIE 8.0; Windows NT 6.0; Trident/4.0; SLCC1; .NET CLR 2.0.50727; .NET CLR 1.1.4322; .NET CLR 3.5.30729; .NET CLR 3.0.30618)" "-"
87.174.205.46 - - [11/Oct/2009:09:17:31 +0200] "GET /10lat/10_lat.pdf HTTP/1.1" 206 28661 "-" "Mozilla/4.0 (compatible; MSIE 8.0; Windows NT 6.0; Trident/4.0; SLCC1; .NET CLR 2.0.50727; .NET CLR 1.1.4322; .NET CLR 3.5.30729; .NET CLR 3.0.30618)" "-"
87.174.205.46 - - [11/Oct/2009:09:17:31 +0200] "GET /10lat/10_lat.pdf HTTP/1.1" 206 27560 "-" "Mozilla/4.0 (compatible; MSIE 8.0; Windows NT 6.0; Trident/4.0; SLCC1; .NET CLR 2.0.50727; .NET CLR 1.1.4322; .NET CLR 3.5.30729; .NET CLR 3.0.30618)" "-"
87.174.205.46 - - [11/Oct/2009:09:17:32 +0200] "GET /10lat/10_lat.pdf HTTP/1.1" 206 27321 "-" "Mozilla/4.0 (compatible; MSIE 8.0; Windows NT 6.0; Trident/4.0; SLCC1; .NET CLR 2.0.50727; .NET CLR 1.1.4322; .NET CLR 3.5.30729; .NET CLR 3.0.30618)" "-"
87.174.205.46 - - [11/Oct/2009:09:17:32 +0200] "GET /10lat/10_lat.pdf HTTP/1.1" 206 29545 "-" "Mozilla/4.0 (compatible; MSIE 8.0; Windows NT 6.0; Trident/4.0; SLCC1; .NET CLR 2.0.50727; .NET CLR 1.1.4322; .NET CLR 3.5.30729; .NET CLR 3.0.30618)" "-"
87.174.205.46 - - [11/Oct/2009:09:17:33 +0200] "GET /10lat/10_lat.pdf HTTP/1.1" 206 29565 "-" "Mozilla/4.0 (compatible; MSIE 8.0; Windows NT 6.0; Trident/4.0; SLCC1; .NET CLR 2.0.50727; .NET CLR 1.1.4322; .NET CLR 3.5.30729; .NET CLR 3.0.30618)" "-"
87.174.205.46 - - [11/Oct/2009:09:17:33 +0200] "GET /10lat/10_lat.pdf HTTP/1.1" 206 27809 "-" "Mozilla/4.0 (compatible; MSIE 8.0; Windows NT 6.0; Trident/4.0; SLCC1; .NET CLR 2.0.50727; .NET CLR 1.1.4322; .NET CLR 3.5.30729; .NET CLR 3.0.30618)" "-"
87.174.205.46 - - [11/Oct/2009:09:17:34 +0200] "GET /10lat/10_lat.pdf HTTP/1.1" 206 26066 "-" "Mozilla/4.0 (compatible; MSIE 8.0; Windows NT 6.0; Trident/4.0; SLCC1; .NET CLR 2.0.50727; .NET CLR 1.1.4322; .NET CLR 3.5.30729; .NET CLR 3.0.30618)" "-"
87.174.205.46 - - [11/Oct/2009:09:17:34 +0200] "GET /10lat/10_lat.pdf HTTP/1.1" 206 29214 "-" "Mozilla/4.0 (compatible; MSIE 8.0; Windows NT 6.0; Trident/4.0; SLCC1; .NET CLR 2.0.50727; .NET CLR 1.1.4322; .NET CLR 3.5.30729; .NET CLR 3.0.30618)" "-"
87.174.205.46 - - [11/Oct/2009:09:17:35 +0200] "GET /10lat/10_lat.pdf HTTP/1.1" 206 12997 "-" "Mozilla/4.0 (compatible; MSIE 8.0; Windows NT 6.0; Trident/4.0; SLCC1; .NET CLR 2.0.50727; .NET CLR 1.1.4322; .NET CLR 3.5.30729; .NET CLR 3.0.30618)" "-"
87.174.205.46 - - [11/Oct/2009:09:17:35 +0200] "GET /10lat/10_lat.pdf HTTP/1.1" 206 34270 "-" "Mozilla/4.0 (compatible; MSIE 8.0; Windows NT 6.0; Trident/4.0; SLCC1; .NET CLR 2.0.50727; .NET CLR 1.1.4322; .NET CLR 3.5.30729; .NET CLR 3.0.30618)" "-"
87.174.205.46 - - [11/Oct/2009:09:17:36 +0200] "GET /10lat/10_lat.pdf HTTP/1.1" 206 80426 "-" "Mozilla/4.0 (compatible; MSIE 8.0; Windows NT 6.0; Trident/4.0; SLCC1; .NET CLR 2.0.50727; .NET CLR 1.1.4322; .NET CLR 3.5.30729; .NET CLR 3.0.30618)" "-"
10.0.8.15 - - [11/Oct/2009:09:17:47 +0200] "GET /~sakowicz/podyplomowe/ HTTP/1.1" 200 564 "-" "Mozilla/4.0 (compatible; MSIE 7.0; Windows NT 5.1; .NET CLR 1.1.4322)" "-"
10.0.8.7 - - [11/Oct/2009:09:17:56 +0200] "GET /~sakowicz/podyplomowe HTTP/1.1" 301 325 "-" "Mozilla/5.0 (Windows; U; Windows NT 5.1; en-US; rv:1.9.0.10) Gecko/2009042316 Firefox/3.0.10" "-"
10.0.8.5 - - [11/Oct/2009:09:17:57 +0200] "GET /~sakowicz/podyplomowe/pokl_www_cwiczenie_1_czcionki_i_listy.doc HTTP/1.1" 200 120320 "http://lux.dmcs.pl/~sakowicz/podyplomowe/" "Mozilla/4.0 (compatible; MSIE 6.0; Windows NT 5.1; SV1; .NET CLR 1.1.4322)" "-"
10.0.8.7 - - [11/Oct/2009:09:18:05 +0200] "GET /~sakowicz/podyplomowe/ HTTP/1.1" 200 564 "-" "Mozilla/5.0 (Windows; U; Windows NT 5.1; en-US; rv:1.9.0.10) Gecko/2009042316 Firefox/3.0.10" "-"
10.0.8.18 - - [11/Oct/2009:09:18:09 +0200] "GET /favicon.ico HTTP/1.1" 404 285 "-" "Mozilla/5.0 (Windows; U; Windows NT 5.1; en-US; rv:1.9.0.10) Gecko/2009042316 Firefox/3.0.10" "-"
89.72.3.2 - - [11/Oct/2009:09:19:54 +0200] "GET /~swroble/01_wstep.pdf HTTP/1.1" 404 295 "http://www.google.pl/search?hl=pl&source=hp&q=znaczek+systemu+operacyjnego+linux&btnG=Szukaj+w+Google&lr=&aq=f&oq=" "Mozilla/5.0 (Windows; U; Windows NT 5.1; en-US) AppleWebKit/532.0 (KHTML, like Gecko) Chrome/3.0.195.25 Safari/532.0" "-"
89.72.3.2 - - [11/Oct/2009:09:19:54 +0200] "GET /favicon.ico HTTP/1.1" 404 285 "-" "Mozilla/5.0 (Windows; U; Windows NT 5.1; en-US) AppleWebKit/532.0 (KHTML, like Gecko) Chrome/3.0.195.25 Safari/532.0" "-"
89.72.3.2 - - [11/Oct/2009:09:19:59 +0200] "GET /favicon.ico HTTP/1.1" 404 285 "-" "Mozilla/5.0 (Windows; U; Windows NT 5.1; en-US) AppleWebKit/532.0 (KHTML, like Gecko) Chrome/3.0.195.25 Safari/532.0" "-"
122.169.178.139 - - [11/Oct/2009:09:20:04 +0200] "GET /pdsc/pdsc7.pdf HTTP/1.0" 200 236320 "http://www.pdf-search-engine.com/data-structures-in-c--pdf.html" "Mozilla/5.0 (Windows; U; Windows NT 5.1; en-US) AppleWebKit/530.5 (KHTML, like Gecko) Chrome/2.0.172.28 Safari/530.5" "-"
122.169.178.139 - - [11/Oct/2009:09:20:17 +0200] "GET /favicon.ico HTTP/1.0" 404 280 "-" "Mozilla/5.0 (Windows; U; Windows NT 5.1; en-US) AppleWebKit/530.5 (KHTML, like Gecko) Chrome/2.0.172.28 Safari/530.5" "-"
87.239.168.11 - - [11/Oct/2009:09:20:23 +0200] "GET /favicon.ico HTTP/1.1" 404 292 "http://neo.dmcs.p.lodz.pl/~spcsym/html/PSPICE_opis.html" "Opera/9.80 (Windows NT 5.1; U; pl) Presto/2.2.15 Version/10.00" "-"
192.168.17.215 - - [11/Oct/2009:09:20:52 +0200] "GET /podyplomowe_java/pwkai/pokl_pwkai_wymagania_projektowe.doc HTTP/1.1" 200 123392 "http://lux.dmcs.pl/podyplomowe_java/pwkai/" "Mozilla/5.0 (Windows; U; Windows NT 5.1; en-GB; rv:1.9.0.6) Gecko/2009011913 Firefox/3.0.6 (.NET CLR 3.5.30729)" "-"
66.249.65.212 - - [11/Oct/2009:09:22:06 +0200] "GET /isbd/php/doc/polish_many/function.include.html HTTP/1.1" 200 11269 "-" "SAMSUNG-SGH-E250/1.0 Profile/MIDP-2.0 Configuration/CLDC-1.1 UP.Browser/6.2.3.3.c.1.101 (GUI) MMP/2.0 (compatible; Googlebot-Mobile/2.1; +http://www.google.com/bot.html)" "-"
153.19.210.159 - - [11/Oct/2009:09:22:40 +0200] "HEAD /favicon.ico HTTP/1.1" 404 0 "-" "Mozilla/5.0 (X11; U; Linux i686; pl; rv:1.9.1.3) Gecko/20090824 Firefox/3.5.3" "-"
124.123.139.140 - - [11/Oct/2009:09:23:38 +0200] "GET /oopc/oopc-3.pdf HTTP/1.1" 200 116454 "-" "Mozilla/4.0 (compatible; MSIE 6.0; Windows NT 5.1; SV1; SaveWealth)" "-"
10.0.8.6 - - [11/Oct/2009:09:23:49 +0200] "PROPFIND /idn-20 HTTP/1.1" 404 272 "-" "Microsoft-WebDAV-MiniRedir/5.1.2600" "-"
10.0.8.6 - - [11/Oct/2009:09:24:08 +0200] "OPTIONS / HTTP/1.1" 200 - "-" "Microsoft-WebDAV-MiniRedir/5.1.2600" "-"
10.0.8.6 - - [11/Oct/2009:09:24:08 +0200] "PROPFIND /idn-20 HTTP/1.1" 404 272 "-" "Microsoft-WebDAV-MiniRedir/5.1.2600" "-"
65.55.207.25 - - [11/Oct/2009:09:24:16 +0200] "GET /pium/pium/pium_1b_a.pdf HTTP/1.1" 200 63379 "-" "msnbot/2.0b (+http://search.msn.com/msnbot.htm)" "-"
66.249.65.214 - - [11/Oct/2009:09:24:47 +0200] "GET /tk/UNIXhelp1.3/Pages/manual/man_org4.html HTTP/1.1" 200 1061 "-" "Mozilla/5.0 (compatible; Googlebot/2.1; +http://www.google.com/bot.html)" "-"
66.249.65.212 - - [11/Oct/2009:09:25:23 +0200] "GET /pvlsi/PLD/XC9500.pdf HTTP/1.1" 304 - "-" "Mozilla/5.0 (compatible; Googlebot/2.1; +http://www.google.com/bot.html)" "-"
10.0.8.15 - - [11/Oct/2009:09:26:32 +0200] "PROPFIND /idn-1 HTTP/1.1" 404 271 "-" "Microsoft-WebDAV-MiniRedir/5.1.2600" "-"
10.0.8.15 - - [11/Oct/2009:09:26:33 +0200] "PROPFIND /idn-1 HTTP/1.1" 404 271 "-" "Microsoft-WebDAV-MiniRedir/5.1.2600" "-"
10.0.8.15 - - [11/Oct/2009:09:26:33 +0200] "PROPFIND /idn-1 HTTP/1.1" 404 271 "-" "Microsoft-WebDAV-MiniRedir/5.1.2600" "-"
119.152.42.103 - - [11/Oct/2009:09:26:37 +0200] "GET /favicon.ico HTTP/1.1" 404 292 "-" "Mozilla/4.0 (compatible; MSIE 7.0; Windows NT 6.0; SLCC1; .NET CLR 2.0.50727; Media Center PC 5.0; .NET CLR 3.5.21022; .NET CLR 3.0.30618; .NET CLR 3.5.30729)" "-"
119.152.42.103 - - [11/Oct/2009:09:26:37 +0200] "GET /padp/lecture/padp4.pdf HTTP/1.1" 200 18530 "http://www.pdf-search-engine.com/data-structures-in-c--pdf.html" "Mozilla/4.0 (compatible; MSIE 7.0; Windows NT 6.0; SLCC1; .NET CLR 2.0.50727; Media Center PC 5.0; .NET CLR 3.5.21022; .NET CLR 3.0.30618; .NET CLR 3.5.30729)" "-"
119.152.42.103 - - [11/Oct/2009:09:26:37 +0200] "GET /padp/lecture/padp4.pdf HTTP/1.1" 206 4096 "-" "Mozilla/4.0 (compatible; MSIE 7.0; Windows NT 6.0; SLCC1; .NET CLR 2.0.50727; Media Center PC 5.0; .NET CLR 3.5.21022; .NET CLR 3.0.30618; .NET CLR 3.5.30729)" "-"
119.152.42.103 - - [11/Oct/2009:09:26:38 +0200] "GET /padp/lecture/padp4.pdf HTTP/1.1" 206 4093 "-" "Mozilla/4.0 (compatible; MSIE 7.0; Windows NT 6.0; SLCC1; .NET CLR 2.0.50727; Media Center PC 5.0; .NET CLR 3.5.21022; .NET CLR 3.0.30618; .NET CLR 3.5.30729)" "-"
83.20.16.116 - - [11/Oct/2009:09:26:38 +0200] "GET / HTTP/1.1" 200 8370 "-" "Mozilla/5.0 (Macintosh; U; Intel Mac OS X 10_6_1; en-us) AppleWebKit/531.9 (KHTML, like Gecko) Version/4.0.3 Safari/531.9" "-"
83.20.16.116 - - [11/Oct/2009:09:26:38 +0200] "GET /images/back.jpg HTTP/1.1" 404 289 "http://neo.dmcs.pl/" "Mozilla/5.0 (Macintosh; U; Intel Mac OS X 10_6_1; en-us) AppleWebKit/531.9 (KHTML, like Gecko) Version/4.0.3 Safari/531.9" "-"
192.168.17.215 - - [11/Oct/2009:09:26:39 +0200] "GET /~sakowicz/podyplomowe/ HTTP/1.1" 304 - "-" "Mozilla/5.0 (Windows; U; Windows NT 5.1; en-GB; rv:1.9.0.6) Gecko/2009011913 Firefox/3.0.6 (.NET CLR 3.5.30729)" "-"
192.168.17.215 - - [11/Oct/2009:09:26:41 +0200] "GET /~sakowicz/podyplomowe/ HTTP/1.1" 304 - "-" "Mozilla/5.0 (Windows; U; Windows NT 5.1; en-GB; rv:1.9.0.6) Gecko/2009011913 Firefox/3.0.6 (.NET CLR 3.5.30729)" "-"
192.168.17.215 - - [11/Oct/2009:09:26:41 +0200] "GET /~sakowicz/podyplomowe/ HTTP/1.1" 304 - "-" "Mozilla/5.0 (Windows; U; Windows NT 5.1; en-GB; rv:1.9.0.6) Gecko/2009011913 Firefox/3.0.6 (.NET CLR 3.5.30729)" "-"
192.168.17.215 - - [11/Oct/2009:09:26:41 +0200] "GET /~sakowicz/podyplomowe/ HTTP/1.1" 304 - "-" "Mozilla/5.0 (Windows; U; Windows NT 5.1; en-GB; rv:1.9.0.6) Gecko/2009011913 Firefox/3.0.6 (.NET CLR 3.5.30729)" "-"
119.152.42.103 - - [11/Oct/2009:09:26:47 +0200] "GET /padp/lecture/padp4.pdf HTTP/1.1" 206 627502 "-" "Mozilla/4.0 (compatible; MSIE 7.0; Windows NT 6.0; SLCC1; .NET CLR 2.0.50727; Media Center PC 5.0; .NET CLR 3.5.21022; .NET CLR 3.0.30618; .NET CLR 3.5.30729)" "-"
192.168.17.215 - - [11/Oct/2009:09:26:48 +0200] "GET /~sakowicz/podyplomowe/ HTTP/1.1" 200 934 "-" "Mozilla/5.0 (Windows; U; Windows NT 5.1; en-GB; rv:1.9.0.6) Gecko/2009011913 Firefox/3.0.6 (.NET CLR 3.5.30729)" "-"
192.168.17.215 - - [11/Oct/2009:09:26:52 +0200] "GET /~sakowicz/podyplomowe/pokl_www_cwiczenie_2_linki.doc HTTP/1.1" 200 119296 "http://lux.dmcs.pl/~sakowicz/podyplomowe/" "Mozilla/5.0 (Windows; U; Windows NT 5.1; en-GB; rv:1.9.0.6) Gecko/2009011913 Firefox/3.0.6 (.NET CLR 3.5.30729)" "-"
192.168.17.215 - - [11/Oct/2009:09:26:56 +0200] "GET /~sakowicz/podyplomowe/pokl_www_cwiczenie_3_tabele.doc HTTP/1.1" 200 496640 "http://lux.dmcs.pl/~sakowicz/podyplomowe/" "Mozilla/5.0 (Windows; U; Windows NT 5.1; en-GB; rv:1.9.0.6) Gecko/2009011913 Firefox/3.0.6 (.NET CLR 3.5.30729)" "-"
192.168.17.215 - - [11/Oct/2009:09:26:58 +0200] "GET /~sakowicz/podyplomowe/pokl_www_cwiczenie_4_ramki.doc HTTP/1.1" 200 122880 "http://lux.dmcs.pl/~sakowicz/podyplomowe/" "Mozilla/5.0 (Windows; U; Windows NT 5.1; en-GB; rv:1.9.0.6) Gecko/2009011913 Firefox/3.0.6 (.NET CLR 3.5.30729)" "-"
192.168.17.215 - - [11/Oct/2009:09:27:02 +0200] "GET /~sakowicz/podyplomowe/pokl_www_cwiczenie_5_style.doc HTTP/1.1" 200 129536 "http://lux.dmcs.pl/~sakowicz/podyplomowe/" "Mozilla/5.0 (Windows; U; Windows NT 5.1; en-GB; rv:1.9.0.6) Gecko/2009011913 Firefox/3.0.6 (.NET CLR 3.5.30729)" "-"
192.168.17.215 - - [11/Oct/2009:09:27:04 +0200] "GET /~sakowicz/podyplomowe/pokl_www_wymagania_projektowe.doc HTTP/1.1" 200 121856 "http://lux.dmcs.pl/~sakowicz/podyplomowe/" "Mozilla/5.0 (Windows; U; Windows NT 5.1; en-GB; rv:1.9.0.6) Gecko/2009011913 Firefox/3.0.6 (.NET CLR 3.5.30729)" "-"
192.168.17.215 - - [11/Oct/2009:09:27:24 +0200] "GET /~sakowicz/podyplomowe/ HTTP/1.1" 200 959 "-" "Mozilla/5.0 (Windows; U; Windows NT 5.1; en-GB; rv:1.9.0.6) Gecko/2009011913 Firefox/3.0.6 (.NET CLR 3.5.30729)" "-"
192.168.17.215 - - [11/Oct/2009:09:27:41 +0200] "GET /~sakowicz/podyplomowe/ HTTP/1.1" 200 959 "-" "Mozilla/5.0 (Windows; U; Windows NT 5.1; en-GB; rv:1.9.0.6) Gecko/2009011913 Firefox/3.0.6 (.NET CLR 3.5.30729)" "-"
10.0.8.15 - - [11/Oct/2009:09:28:09 +0200] "PROPFIND /%7Esakowicz HTTP/1.1" 301 313 "-" "Microsoft-WebDAV-MiniRedir/5.1.2600" "-"
10.0.8.15 - - [11/Oct/2009:09:28:09 +0200] "PROPFIND /~sakowicz/ HTTP/1.1" 404 284 "-" "Microsoft-WebDAV-MiniRedir/5.1.2600" "-"
10.0.8.15 - - [11/Oct/2009:09:28:09 +0200] "PROPFIND /%7Esakowicz HTTP/1.1" 301 313 "-" "Microsoft-WebDAV-MiniRedir/5.1.2600" "-"
10.0.8.15 - - [11/Oct/2009:09:28:09 +0200] "PROPFIND /~sakowicz/ HTTP/1.1" 404 284 "-" "Microsoft-WebDAV-MiniRedir/5.1.2600" "-"
10.0.8.15 - - [11/Oct/2009:09:28:09 +0200] "OPTIONS / HTTP/1.1" 200 - "-" "Microsoft-WebDAV-MiniRedir/5.1.2600" "-"
10.0.8.15 - - [11/Oct/2009:09:28:09 +0200] "PROPFIND /%7Esakowicz HTTP/1.1" 301 313 "-" "Microsoft-WebDAV-MiniRedir/5.1.2600" "-"
10.0.8.15 - - [11/Oct/2009:09:28:09 +0200] "PROPFIND /~sakowicz/ HTTP/1.1" 404 284 "-" "Microsoft-WebDAV-MiniRedir/5.1.2600" "-"
