79.139.87.113 - - [11/Oct/2009:18:35:44 +0200] "GET /tcm/polakmaly.jpg HTTP/1.1" 200 21363 "http://lux.dmcs.pl/tcm/index.html" "Mozilla/5.0 (Windows; U; Windows NT 5.1; pl-PL; rv:1.9.1.3) Gecko/20090824 Firefox/3.0.6;" "-"
79.139.87.113 - - [11/Oct/2009:18:35:44 +0200] "GET /style.css HTTP/1.1" 200 2000 "http://lux.dmcs.pl/tcm/index.html" "Mozilla/5.0 (Windows; U; Windows NT 5.1; pl-PL; rv:1.9.1.3) Gecko/20090824 Firefox/3.0.6;" "-"
79.139.87.113 - - [11/Oct/2009:18:35:45 +0200] "GET /images/back.jpg HTTP/1.1" 404 289 "http://lux.dmcs.pl/tcm/index.html" "Mozilla/5.0 (Windows; U; Windows NT 5.1; pl-PL; rv:1.9.1.3) Gecko/20090824 Firefox/3.0.6;" "-"
195.74.48.3 - - [11/Oct/2009:18:35:47 +0200] "GET /pium/pium/plan_wykonania_cwiczen_pium_0809.pdf HTTP/1.0" 200 20555 "http://neo.dmcs.pl/pium/index.php?strona=9&jezyk=0" "Opera/9.80 (Windows NT 6.1; U; pl) Presto/2.2.15 Version/10.00" "-"
217.113.225.9 - - [11/Oct/2009:18:35:50 +0200] "GET /smcr/instrukcja.pdf HTTP/1.1" 206 477266 "-" "Mozilla/5.0 (Windows; U; Windows NT 5.1; pl; rv:1.9.1.3) Gecko/20090824 Firefox/3.5.3" "-"
79.139.87.113 - - [11/Oct/2009:18:35:58 +0200] "GET /~piotrowi/wdtcim/wyklad5.pdf HTTP/1.1" 200 989078 "http://lux.dmcs.pl/~piotrowi/wdtcim.php" "Mozilla/5.0 (Windows; U; Windows NT 5.1; pl-PL; rv:1.9.1.3) Gecko/20090824 Firefox/3.0.6;" "-"
217.113.225.9 - - [11/Oct/2009:18:36:10 +0200] "GET /smcr/cfprm.pdf HTTP/1.1" 200 20091 "http://neo.dmcs.p.lodz.pl/smcr/" "Mozilla/5.0 (Windows; U; Windows NT 5.1; pl; rv:1.9.1.3) Gecko/20090824 Firefox/3.5.3" "-"
85.89.184.215 - - [11/Oct/2009:18:36:12 +0200] "GET /pdsc/pieces.inl HTTP/1.1" 200 2527 "http://neo.dmcs.p.lodz.pl/pdsc/" "Mozilla/5.0 (X11; U; Linux i686; en-US; rv:1.8.1.14) Gecko/20080404 Firefox/2.0.0.14" "-"
79.98.3.16 - - [11/Oct/2009:18:36:25 +0200] "GET /~swierczu/index.php HTTP/1.1" 200 5052 "http://www.flambda.com/circuit_analysis.html" "Mozilla/5.0 (Windows; U; Windows NT 5.1; it; rv:1.9.1.3) Gecko/20090824 Firefox/3.5.3 (.NET CLR 3.5.30729)" "-"
79.98.3.16 - - [11/Oct/2009:18:36:26 +0200] "GET /~swierczu/images/dmcs.gif HTTP/1.1" 200 3866 "http://lux.dmcs.p.lodz.pl/~swierczu/index.php" "Mozilla/5.0 (Windows; U; Windows NT 5.1; it; rv:1.9.1.3) Gecko/20090824 Firefox/3.5.3 (.NET CLR 3.5.30729)" "-"
79.98.3.16 - - [11/Oct/2009:18:36:26 +0200] "GET /~swierczu/images/back.png HTTP/1.1" 200 2643 "http://lux.dmcs.p.lodz.pl/~swierczu/index.php" "Mozilla/5.0 (Windows; U; Windows NT 5.1; it; rv:1.9.1.3) Gecko/20090824 Firefox/3.5.3 (.NET CLR 3.5.30729)" "-"
79.98.3.16 - - [11/Oct/2009:18:36:28 +0200] "GET /favicon.ico HTTP/1.1" 404 292 "-" "Mozilla/5.0 (Windows; U; Windows NT 5.1; it; rv:1.9.1.3) Gecko/20090824 Firefox/3.5.3 (.NET CLR 3.5.30729)" "-"
83.26.200.195 - - [11/Oct/2009:18:36:29 +0200] "GET /favicon.ico HTTP/1.1" 404 292 "-" "Mozilla/5.0 (X11; U; Linux x86_64; en-US; rv:1.9.0.14) Gecko/2009091008 Iceweasel/3.0.6 (Debian-3.0.6-3)" "-"
79.98.3.16 - - [11/Oct/2009:18:36:31 +0200] "GET /favicon.ico HTTP/1.1" 404 292 "-" "Mozilla/5.0 (Windows; U; Windows NT 5.1; it; rv:1.9.1.3) Gecko/20090824 Firefox/3.5.3 (.NET CLR 3.5.30729)" "-"
79.98.3.16 - - [11/Oct/2009:18:36:34 +0200] "POST /~swierczu/index.php HTTP/1.1" 200 6275 "http://lux.dmcs.p.lodz.pl/~swierczu/index.php" "Mozilla/5.0 (Windows; U; Windows NT 5.1; it; rv:1.9.1.3) Gecko/20090824 Firefox/3.5.3 (.NET CLR 3.5.30729)" "-"
217.113.225.9 - - [11/Oct/2009:18:36:37 +0200] "GET /smcr/cfprm.pdf HTTP/1.1" 200 1706302 "http://neo.dmcs.p.lodz.pl/smcr/" "Mozilla/5.0 (Windows; U; Windows NT 5.1; pl; rv:1.9.1.3) Gecko/20090824 Firefox/3.5.3" "-"
79.98.3.16 - - [11/Oct/2009:18:36:42 +0200] "POST /~swierczu/index.php HTTP/1.1" 200 6422 "http://lux.dmcs.p.lodz.pl/~swierczu/index.php" "Mozilla/5.0 (Windows; U; Windows NT 5.1; it; rv:1.9.1.3) Gecko/20090824 Firefox/3.5.3 (.NET CLR 3.5.30729)" "-"
85.89.184.215 - - [11/Oct/2009:18:36:44 +0200] "GET /favicon.ico HTTP/1.1" 404 292 "-" "Mozilla/5.0 (X11; U; Linux i686; en-US; rv:1.8.1.14) Gecko/20080404 Firefox/2.0.0.14" "-"
79.139.87.113 - - [11/Oct/2009:18:36:44 +0200] "GET /~rkielbik HTTP/1.1" 301 313 "-" "Mozilla/5.0 (Windows; U; Windows NT 5.1; pl-PL; rv:1.9.1.3) Gecko/20090824 Firefox/3.0.6;" "-"
79.139.87.113 - - [11/Oct/2009:18:36:45 +0200] "GET /~rkielbik/ HTTP/1.1" 200 4942 "-" "Mozilla/5.0 (Windows; U; Windows NT 5.1; pl-PL; rv:1.9.1.3) Gecko/20090824 Firefox/3.0.6;" "-"
79.139.87.113 - - [11/Oct/2009:18:36:46 +0200] "GET /~rkielbik/css/tables.css HTTP/1.1" 200 971 "http://lux.dmcs.pl/~rkielbik/" "Mozilla/5.0 (Windows; U; Windows NT 5.1; pl-PL; rv:1.9.1.3) Gecko/20090824 Firefox/3.0.6;" "-"
79.139.87.113 - - [11/Oct/2009:18:36:46 +0200] "GET /~rkielbik/css/text.css HTTP/1.1" 200 1987 "http://lux.dmcs.pl/~rkielbik/" "Mozilla/5.0 (Windows; U; Windows NT 5.1; pl-PL; rv:1.9.1.3) Gecko/20090824 Firefox/3.0.6;" "-"
79.139.87.113 - - [11/Oct/2009:18:36:46 +0200] "GET /~rkielbik/graphics/icon.gif HTTP/1.1" 404 301 "-" "Mozilla/5.0 (Windows; U; Windows NT 5.1; pl-PL; rv:1.9.1.3) Gecko/20090824 Firefox/3.0.6;" "-"
79.139.87.113 - - [11/Oct/2009:18:36:46 +0200] "GET /~rkielbik/css/menu.css HTTP/1.1" 200 2677 "http://lux.dmcs.pl/~rkielbik/" "Mozilla/5.0 (Windows; U; Windows NT 5.1; pl-PL; rv:1.9.1.3) Gecko/20090824 Firefox/3.0.6;" "-"
79.139.87.113 - - [11/Oct/2009:18:36:46 +0200] "GET /~rkielbik/css/structure.css HTTP/1.1" 200 2695 "http://lux.dmcs.pl/~rkielbik/" "Mozilla/5.0 (Windows; U; Windows NT 5.1; pl-PL; rv:1.9.1.3) Gecko/20090824 Firefox/3.0.6;" "-"
79.139.87.113 - - [11/Oct/2009:18:36:46 +0200] "GET /~rkielbik/css/forms.css HTTP/1.1" 200 728 "http://lux.dmcs.pl/~rkielbik/" "Mozilla/5.0 (Windows; U; Windows NT 5.1; pl-PL; rv:1.9.1.3) Gecko/20090824 Firefox/3.0.6;" "-"
79.98.3.16 - - [11/Oct/2009:18:36:47 +0200] "POST /~swierczu/index.php HTTP/1.1" 200 6867 "http://lux.dmcs.p.lodz.pl/~swierczu/index.php" "Mozilla/5.0 (Windows; U; Windows NT 5.1; it; rv:1.9.1.3) Gecko/20090824 Firefox/3.5.3 (.NET CLR 3.5.30729)" "-"
79.139.87.113 - - [11/Oct/2009:18:36:51 +0200] "GET /~rkielbik/graphics/icon.gif HTTP/1.1" 404 301 "-" "Mozilla/5.0 (Windows; U; Windows NT 5.1; pl-PL; rv:1.9.1.3) Gecko/20090824 Firefox/3.0.6;" "-"
79.98.3.16 - - [11/Oct/2009:18:36:54 +0200] "POST /~swierczu/index.php HTTP/1.1" 200 3948 "http://lux.dmcs.p.lodz.pl/~swierczu/index.php" "Mozilla/5.0 (Windows; U; Windows NT 5.1; it; rv:1.9.1.3) Gecko/20090824 Firefox/3.5.3 (.NET CLR 3.5.30729)" "-"
79.98.3.16 - - [11/Oct/2009:18:36:54 +0200] "GET /~swierczu/plot/55789430.png HTTP/1.1" 200 3535 "http://lux.dmcs.p.lodz.pl/~swierczu/index.php" "Mozilla/5.0 (Windows; U; Windows NT 5.1; it; rv:1.9.1.3) Gecko/20090824 Firefox/3.5.3 (.NET CLR 3.5.30729)" "-"
79.139.87.113 - - [11/Oct/2009:18:36:54 +0200] "GET /~rkielbik/po.htm HTTP/1.1" 200 7716 "http://lux.dmcs.pl/~rkielbik/" "Mozilla/5.0 (Windows; U; Windows NT 5.1; pl-PL; rv:1.9.1.3) Gecko/20090824 Firefox/3.0.6;" "-"
79.98.3.16 - - [11/Oct/2009:18:37:08 +0200] "POST /~swierczu/index.php HTTP/1.1" 200 6867 "http://lux.dmcs.p.lodz.pl/~swierczu/index.php" "Mozilla/5.0 (Windows; U; Windows NT 5.1; it; rv:1.9.1.3) Gecko/20090824 Firefox/3.5.3 (.NET CLR 3.5.30729)" "-"
79.98.3.16 - - [11/Oct/2009:18:37:09 +0200] "POST /~swierczu/index.php HTTP/1.1" 200 6422 "http://lux.dmcs.p.lodz.pl/~swierczu/index.php" "Mozilla/5.0 (Windows; U; Windows NT 5.1; it; rv:1.9.1.3) Gecko/20090824 Firefox/3.5.3 (.NET CLR 3.5.30729)" "-"
79.98.3.16 - - [11/Oct/2009:18:37:10 +0200] "POST /~swierczu/index.php HTTP/1.1" 200 3490 "http://lux.dmcs.p.lodz.pl/~swierczu/index.php" "Mozilla/5.0 (Windows; U; Windows NT 5.1; it; rv:1.9.1.3) Gecko/20090824 Firefox/3.5.3 (.NET CLR 3.5.30729)" "-"
79.98.3.16 - - [11/Oct/2009:18:37:10 +0200] "GET /~swierczu/plot/910616112.png HTTP/1.1" 200 3521 "http://lux.dmcs.p.lodz.pl/~swierczu/index.php" "Mozilla/5.0 (Windows; U; Windows NT 5.1; it; rv:1.9.1.3) Gecko/20090824 Firefox/3.5.3 (.NET CLR 3.5.30729)" "-"
79.139.87.113 - - [11/Oct/2009:18:37:15 +0200] "GET /~rkielbik/po/10_12.pdf HTTP/1.1" 200 45011 "http://lux.dmcs.pl/~rkielbik/po.htm" "Mozilla/5.0 (Windows; U; Windows NT 5.1; pl-PL; rv:1.9.1.3) Gecko/20090824 Firefox/3.0.6;" "-"
79.98.3.16 - - [11/Oct/2009:18:37:16 +0200] "POST /~swierczu/index.php HTTP/1.1" 200 6423 "http://lux.dmcs.p.lodz.pl/~swierczu/index.php" "Mozilla/5.0 (Windows; U; Windows NT 5.1; it; rv:1.9.1.3) Gecko/20090824 Firefox/3.5.3 (.NET CLR 3.5.30729)" "-"
85.89.184.215 - - [11/Oct/2009:18:37:24 +0200] "GET /favicon.ico HTTP/1.1" 404 292 "-" "Mozilla/5.0 (X11; U; Linux i686; en-US; rv:1.8.1.14) Gecko/20080404 Firefox/2.0.0.14" "-"
79.98.3.16 - - [11/Oct/2009:18:37:25 +0200] "POST /~swierczu/index.php HTTP/1.1" 200 3490 "http://lux.dmcs.p.lodz.pl/~swierczu/index.php" "Mozilla/5.0 (Windows; U; Windows NT 5.1; it; rv:1.9.1.3) Gecko/20090824 Firefox/3.5.3 (.NET CLR 3.5.30729)" "-"
79.98.3.16 - - [11/Oct/2009:18:37:25 +0200] "GET /~swierczu/images/back.png HTTP/1.1" 200 2643 "http://lux.dmcs.p.lodz.pl/~swierczu/index.php" "Mozilla/5.0 (Windows; U; Windows NT 5.1; it; rv:1.9.1.3) Gecko/20090824 Firefox/3.5.3 (.NET CLR 3.5.30729)" "-"
79.98.3.16 - - [11/Oct/2009:18:37:25 +0200] "GET /~swierczu/images/dmcs.gif HTTP/1.1" 200 3866 "http://lux.dmcs.p.lodz.pl/~swierczu/index.php" "Mozilla/5.0 (Windows; U; Windows NT 5.1; it; rv:1.9.1.3) Gecko/20090824 Firefox/3.5.3 (.NET CLR 3.5.30729)" "-"
79.98.3.16 - - [11/Oct/2009:18:37:25 +0200] "GET /~swierczu/plot/682584717.png HTTP/1.1" 200 3521 "http://lux.dmcs.p.lodz.pl/~swierczu/index.php" "Mozilla/5.0 (Windows; U; Windows NT 5.1; it; rv:1.9.1.3) Gecko/20090824 Firefox/3.5.3 (.NET CLR 3.5.30729)" "-"
79.98.3.16 - - [11/Oct/2009:18:37:27 +0200] "POST /~swierczu/index.php HTTP/1.1" 200 6423 "http://lux.dmcs.p.lodz.pl/~swierczu/index.php" "Mozilla/5.0 (Windows; U; Windows NT 5.1; it; rv:1.9.1.3) Gecko/20090824 Firefox/3.5.3 (.NET CLR 3.5.30729)" "-"
79.98.3.16 - - [11/Oct/2009:18:37:34 +0200] "GET /~swierczu/index.php HTTP/1.1" 200 4621 "http://www.flambda.com/circuit_analysis.html" "Mozilla/5.0 (Windows; U; Windows NT 5.1; it; rv:1.9.1.3) Gecko/20090824 Firefox/3.5.3 (.NET CLR 3.5.30729)" "-"
217.113.225.9 - - [11/Oct/2009:18:37:38 +0200] "GET /smcr/MCF5282UM.pdf HTTP/1.1" 200 20091 "http://neo.dmcs.p.lodz.pl/smcr/" "Mozilla/5.0 (Windows; U; Windows NT 5.1; pl; rv:1.9.1.3) Gecko/20090824 Firefox/3.5.3" "-"
85.89.184.215 - - [11/Oct/2009:18:37:46 +0200] "GET /pdsc/boundschecking-gcc.tgz HTTP/1.1" 200 5685965 "http://neo.dmcs.p.lodz.pl/pdsc/" "Mozilla/5.0 (X11; U; Linux i686; en-US; rv:1.8.1.14) Gecko/20080404 Firefox/2.0.0.14" "-"
195.74.48.3 - - [11/Oct/2009:18:37:49 +0200] "GET /pium/index.php?strona=10&jezyk=0 HTTP/1.0" 200 6260 "http://neo.dmcs.pl/pium/index.php?strona=9&jezyk=0" "Opera/9.80 (Windows NT 6.1; U; pl) Presto/2.2.15 Version/10.00" "-"
87.205.206.128 - - [11/Oct/2009:18:37:50 +0200] "GET /pium/index.php?strona=10&jezyk=0 HTTP/1.1" 200 6279 "http://neo.dmcs.p.lodz.pl/pium/index.php?strona=4&jezyk=0" "Opera/9.64 (Windows NT 5.1; U; pl) Presto/2.1.1" "-"
76.104.37.93 - - [11/Oct/2009:18:37:55 +0200] "GET /oom/petri_nets.pdf HTTP/1.1" 200 18634 "http://www.google.com/search?hl=en&source=hp&q=petri+nets+an+introduction&aq=4&oq=petri+nets++&aqi=g10" "Mozilla/4.0 (compatible; MSIE 8.0; Windows NT 5.1; Trident/4.0; Tablet PC 1.7; .NET CLR 1.0.3705; .NET CLR 2.0.50727; .NET CLR 3.0.4506.2152; .NET CLR 3.5.30729)" "-"
79.98.3.16 - - [11/Oct/2009:18:37:56 +0200] "POST /~swierczu/java_gui.php HTTP/1.1" 200 3409 "http://lux.dmcs.p.lodz.pl/~swierczu/index.php" "Mozilla/5.0 (Windows; U; Windows NT 5.1; it; rv:1.9.1.3) Gecko/20090824 Firefox/3.5.3 (.NET CLR 3.5.30729)" "-"
76.104.37.93 - - [11/Oct/2009:18:37:58 +0200] "GET /oom/petri_nets.pdf HTTP/1.1" 206 655293 "-" "Mozilla/4.0 (compatible; MSIE 7.0; Windows NT 5.1; Trident/4.0; Tablet PC 1.7; .NET CLR 1.0.3705; .NET CLR 2.0.50727; .NET CLR 3.0.4506.2152; .NET CLR 3.5.30729)" "-"
83.26.200.195 - - [11/Oct/2009:18:38:01 +0200] "GET /favicon.ico HTTP/1.1" 404 292 "-" "Mozilla/5.0 (X11; U; Linux x86_64; en-US; rv:1.9.0.14) Gecko/2009091008 Iceweasel/3.0.6 (Debian-3.0.6-3)" "-"
79.98.3.16 - - [11/Oct/2009:18:38:03 +0200] "GET /~swierczu/java_gui/editor/Editor.class HTTP/1.1" 200 12710 "-" "Mozilla/4.0 (Windows XP 5.1) Java/1.6.0_15" "-"
79.98.3.16 - - [11/Oct/2009:18:38:03 +0200] "GET /~swierczu/java_gui/editor/PlotFrame.class HTTP/1.1" 200 608 "-" "Mozilla/4.0 (Windows XP 5.1) Java/1.6.0_15" "-"
79.98.3.16 - - [11/Oct/2009:18:38:04 +0200] "GET /~swierczu/java_gui/lexer/SpiceEditor.class HTTP/1.1" 200 5054 "-" "Mozilla/4.0 (Windows XP 5.1) Java/1.6.0_15" "-"
79.98.3.16 - - [11/Oct/2009:18:38:04 +0200] "GET /~swierczu/java_gui/editor/Editor$1.class HTTP/1.1" 200 535 "-" "Mozilla/4.0 (Windows XP 5.1) Java/1.6.0_15" "-"
79.98.3.16 - - [11/Oct/2009:18:38:04 +0200] "GET /~swierczu/java_gui/editor/Editor$2.class HTTP/1.1" 200 535 "-" "Mozilla/4.0 (Windows XP 5.1) Java/1.6.0_15" "-"
74.6.17.160 - - [11/Oct/2009:18:38:06 +0200] "GET /tk/lattr.tgz HTTP/1.0" 200 1035 "-" "Mozilla/5.0 (compatible; Yahoo! Slurp/3.0; http://help.yahoo.com/help/us/ysearch/slurp)" "-"
79.98.3.16 - - [11/Oct/2009:18:38:08 +0200] "GET /~swierczu/java_gui/editor/Editor$3.class HTTP/1.1" 200 537 "-" "Mozilla/4.0 (Windows XP 5.1) Java/1.6.0_15" "-"
79.98.3.16 - - [11/Oct/2009:18:38:08 +0200] "GET /~swierczu/java_gui/editor/Editor$4.class HTTP/1.1" 200 634 "-" "Mozilla/4.0 (Windows XP 5.1) Java/1.6.0_15" "-"
79.98.3.16 - - [11/Oct/2009:18:38:08 +0200] "GET /~swierczu/java_gui/editor/Editor$5.class HTTP/1.1" 200 536 "-" "Mozilla/4.0 (Windows XP 5.1) Java/1.6.0_15" "-"
79.98.3.16 - - [11/Oct/2009:18:38:08 +0200] "GET /~swierczu/java_gui/editor/Editor$6.class HTTP/1.1" 200 612 "-" "Mozilla/4.0 (Windows XP 5.1) Java/1.6.0_15" "-"
79.98.3.16 - - [11/Oct/2009:18:38:08 +0200] "GET /~swierczu/java_gui/editor/Editor$7.class HTTP/1.1" 200 684 "-" "Mozilla/4.0 (Windows XP 5.1) Java/1.6.0_15" "-"
79.98.3.16 - - [11/Oct/2009:18:38:08 +0200] "GET /~swierczu/java_gui/editor/Editor$8.class HTTP/1.1" 200 612 "-" "Mozilla/4.0 (Windows XP 5.1) Java/1.6.0_15" "-"
79.98.3.16 - - [11/Oct/2009:18:38:09 +0200] "GET /~swierczu/java_gui/editor/Editor$9.class HTTP/1.1" 200 682 "-" "Mozilla/4.0 (Windows XP 5.1) Java/1.6.0_15" "-"
79.98.3.16 - - [11/Oct/2009:18:38:27 +0200] "GET /~swierczu/java_gui/editor/Editor$10.class HTTP/1.1" 200 1827 "-" "Mozilla/4.0 (Windows XP 5.1) Java/1.6.0_15" "-"
79.98.3.16 - - [11/Oct/2009:18:38:27 +0200] "GET /~swierczu/java_gui/editor/Editor$11.class HTTP/1.1" 200 575 "-" "Mozilla/4.0 (Windows XP 5.1) Java/1.6.0_15" "-"
79.98.3.16 - - [11/Oct/2009:18:38:42 +0200] "GET /~swierczu/java_gui/editor/Editor$17.class HTTP/1.1" 200 677 "-" "Mozilla/4.0 (Windows XP 5.1) Java/1.6.0_15" "-"
79.98.3.16 - - [11/Oct/2009:18:38:42 +0200] "GET /~swierczu/java_gui/editor/Editor$18.class HTTP/1.1" 200 677 "-" "Mozilla/4.0 (Windows XP 5.1) Java/1.6.0_15" "-"
79.98.3.16 - - [11/Oct/2009:18:38:42 +0200] "GET /~swierczu/java_gui/editor/Editor$19.class HTTP/1.1" 200 575 "-" "Mozilla/4.0 (Windows XP 5.1) Java/1.6.0_15" "-"
79.98.3.16 - - [11/Oct/2009:18:38:46 +0200] "GET /~swierczu/java_gui/example/Info.class HTTP/1.1" 200 1974 "-" "Mozilla/4.0 (Windows XP 5.1) Java/1.6.0_15" "-"
90.43.93.47 - - [11/Oct/2009:18:38:57 +0200] "GET /inf5/07_08/4/peinture.html HTTP/1.1" 200 3382 "http://images.google.com/imgres?imgurl=http://neo.dmcs.p.lodz.pl/inf5/07_08/4/narcisse.jpg&imgrefurl=http://neo.dmcs.p.lodz.pl/inf5/07_08/4/peinture.html&usg=__A4iqis5tcrgdMVLcwVaSjThb6JI=&h=430&w=585&sz=44&hl=fr&start=1&um=1&tbnid=TUc4X8WKUTngqM:&tbnh=99&tbnw=135&prev=/images%3Fq%3Dnarcice%2Bdali%26hl%3Dfr%26lr%3D%26client%3Dfirefox-a%26channel%3Ds%26rls%3Dorg.mozilla:fr:official%26sa%3DN%26um%3D1" "Mozilla/5.0 (Windows; U; Windows NT 5.1; fr; rv:1.9.0.11) Gecko/2009060215 Firefox/3.0.11" "-"
90.43.93.47 - - [11/Oct/2009:18:38:59 +0200] "GET /inf5/07_08/4/freudescargot.JPG HTTP/1.1" 200 26632 "http://neo.dmcs.p.lodz.pl/inf5/07_08/4/peinture.html" "Mozilla/5.0 (Windows; U; Windows NT 5.1; fr; rv:1.9.0.11) Gecko/2009060215 Firefox/3.0.11" "-"
90.43.93.47 - - [11/Oct/2009:18:38:59 +0200] "GET /inf5/07_08/4/cadaques.jpg HTTP/1.1" 200 41219 "http://neo.dmcs.p.lodz.pl/inf5/07_08/4/peinture.html" "Mozilla/5.0 (Windows; U; Windows NT 5.1; fr; rv:1.9.0.11) Gecko/2009060215 Firefox/3.0.11" "-"
90.43.93.47 - - [11/Oct/2009:18:39:00 +0200] "GET /inf5/07_08/4/disintegration%20of%20the%20persistence.jpg HTTP/1.1" 200 48134 "http://neo.dmcs.p.lodz.pl/inf5/07_08/4/peinture.html" "Mozilla/5.0 (Windows; U; Windows NT 5.1; fr; rv:1.9.0.11) Gecko/2009060215 Firefox/3.0.11" "-"
90.43.93.47 - - [11/Oct/2009:18:39:02 +0200] "GET /inf5/07_08/4/geopoliticus.jpg HTTP/1.1" 200 41936 "http://neo.dmcs.p.lodz.pl/inf5/07_08/4/peinture.html" "Mozilla/5.0 (Windows; U; Windows NT 5.1; fr; rv:1.9.0.11) Gecko/2009060215 Firefox/3.0.11" "-"
90.43.93.47 - - [11/Oct/2009:18:39:02 +0200] "GET /inf5/07_08/4/giraffe.JPG HTTP/1.1" 404 305 "http://neo.dmcs.p.lodz.pl/inf5/07_08/4/peinture.html" "Mozilla/5.0 (Windows; U; Windows NT 5.1; fr; rv:1.9.0.11) Gecko/2009060215 Firefox/3.0.11" "-"
90.43.93.47 - - [11/Oct/2009:18:39:03 +0200] "GET /inf5/07_08/4/cubist_self-portrait.jpg HTTP/1.1" 200 55385 "http://neo.dmcs.p.lodz.pl/inf5/07_08/4/peinture.html" "Mozilla/5.0 (Windows; U; Windows NT 5.1; fr; rv:1.9.0.11) Gecko/2009060215 Firefox/3.0.11" "-"
90.43.93.47 - - [11/Oct/2009:18:39:03 +0200] "GET /inf5/07_08/4/zjezusem3.JPG HTTP/1.1" 200 28040 "http://neo.dmcs.p.lodz.pl/inf5/07_08/4/peinture.html" "Mozilla/5.0 (Windows; U; Windows NT 5.1; fr; rv:1.9.0.11) Gecko/2009060215 Firefox/3.0.11" "-"
90.43.93.47 - - [11/Oct/2009:18:39:03 +0200] "GET /inf5/07_08/4/tentation.jpg HTTP/1.1" 200 31713 "http://neo.dmcs.p.lodz.pl/inf5/07_08/4/peinture.html" "Mozilla/5.0 (Windows; U; Windows NT 5.1; fr; rv:1.9.0.11) Gecko/2009060215 Firefox/3.0.11" "-"
90.43.93.47 - - [11/Oct/2009:18:39:04 +0200] "GET /inf5/07_08/4/narcisse.jpg HTTP/1.1" 200 44093 "http://neo.dmcs.p.lodz.pl/inf5/07_08/4/peinture.html" "Mozilla/5.0 (Windows; U; Windows NT 5.1; fr; rv:1.9.0.11) Gecko/2009060215 Firefox/3.0.11" "-"
90.43.93.47 - - [11/Oct/2009:18:39:06 +0200] "GET /inf5/07_08/4/zgalaimadonna.JPG HTTP/1.1" 200 40064 "http://neo.dmcs.p.lodz.pl/inf5/07_08/4/peinture.html" "Mozilla/5.0 (Windows; U; Windows NT 5.1; fr; rv:1.9.0.11) Gecko/2009060215 Firefox/3.0.11" "-"
90.43.93.47 - - [11/Oct/2009:18:39:07 +0200] "GET /inf5/07_08/4/peinture.JPG HTTP/1.1" 200 62664 "http://neo.dmcs.p.lodz.pl/inf5/07_08/4/peinture.html" "Mozilla/5.0 (Windows; U; Windows NT 5.1; fr; rv:1.9.0.11) Gecko/2009060215 Firefox/3.0.11" "-"
77.236.0.201 - - [11/Oct/2009:18:39:09 +0200] "GET /~spcsym/html/PSPICE_opis_files/image001.gif HTTP/1.1" 200 2851 "http://neo.dmcs.p.lodz.pl/~spcsym/html/PSPICE_opis.html" "Mozilla/5.0 (Windows; U; Windows NT 6.1; pl; rv:1.9.1.3) Gecko/20090824 Firefox/3.5.3" "-"
77.236.0.201 - - [11/Oct/2009:18:39:09 +0200] "GET /~spcsym/html/PSPICE_opis_files/image002.gif HTTP/1.1" 200 520 "http://neo.dmcs.p.lodz.pl/~spcsym/html/PSPICE_opis.html" "Mozilla/5.0 (Windows; U; Windows NT 6.1; pl; rv:1.9.1.3) Gecko/20090824 Firefox/3.5.3" "-"
77.236.0.201 - - [11/Oct/2009:18:39:09 +0200] "GET /~spcsym/html/PSPICE_opis_files/image003.gif HTTP/1.1" 200 447 "http://neo.dmcs.p.lodz.pl/~spcsym/html/PSPICE_opis.html" "Mozilla/5.0 (Windows; U; Windows NT 6.1; pl; rv:1.9.1.3) Gecko/20090824 Firefox/3.5.3" "-"
77.236.0.201 - - [11/Oct/2009:18:39:09 +0200] "GET /~spcsym/html/PSPICE_opis_files/image004.gif HTTP/1.1" 200 435 "http://neo.dmcs.p.lodz.pl/~spcsym/html/PSPICE_opis.html" "Mozilla/5.0 (Windows; U; Windows NT 6.1; pl; rv:1.9.1.3) Gecko/20090824 Firefox/3.5.3" "-"
77.236.0.201 - - [11/Oct/2009:18:39:09 +0200] "GET /~spcsym/html/PSPICE_opis_files/image006.gif HTTP/1.1" 200 512 "http://neo.dmcs.p.lodz.pl/~spcsym/html/PSPICE_opis.html" "Mozilla/5.0 (Windows; U; Windows NT 6.1; pl; rv:1.9.1.3) Gecko/20090824 Firefox/3.5.3" "-"
77.236.0.201 - - [11/Oct/2009:18:39:09 +0200] "GET /~spcsym/html/PSPICE_opis_files/image007.gif HTTP/1.1" 200 618 "http://neo.dmcs.p.lodz.pl/~spcsym/html/PSPICE_opis.html" "Mozilla/5.0 (Windows; U; Windows NT 6.1; pl; rv:1.9.1.3) Gecko/20090824 Firefox/3.5.3" "-"
77.236.0.201 - - [11/Oct/2009:18:39:09 +0200] "GET /~spcsym/html/PSPICE_opis_files/image008.gif HTTP/1.1" 200 597 "http://neo.dmcs.p.lodz.pl/~spcsym/html/PSPICE_opis.html" "Mozilla/5.0 (Windows; U; Windows NT 6.1; pl; rv:1.9.1.3) Gecko/20090824 Firefox/3.5.3" "-"
77.236.0.201 - - [11/Oct/2009:18:39:09 +0200] "GET /~spcsym/html/PSPICE_opis.html HTTP/1.1" 200 93896 "http://www.google.pl/search?q=PSPICE&ie=utf-8&oe=utf-8&aq=t&rls=org.mozilla:pl:official&client=firefox-a" "Mozilla/5.0 (Windows; U; Windows NT 6.1; pl; rv:1.9.1.3) Gecko/20090824 Firefox/3.5.3" "-"
77.236.0.201 - - [11/Oct/2009:18:39:09 +0200] "GET /~spcsym/html/PSPICE_opis_files/image010.gif HTTP/1.1" 200 622 "http://neo.dmcs.p.lodz.pl/~spcsym/html/PSPICE_opis.html" "Mozilla/5.0 (Windows; U; Windows NT 6.1; pl; rv:1.9.1.3) Gecko/20090824 Firefox/3.5.3" "-"
77.236.0.201 - - [11/Oct/2009:18:39:09 +0200] "GET /~spcsym/html/PSPICE_opis_files/image009.gif HTTP/1.1" 200 643 "http://neo.dmcs.p.lodz.pl/~spcsym/html/PSPICE_opis.html" "Mozilla/5.0 (Windows; U; Windows NT 6.1; pl; rv:1.9.1.3) Gecko/20090824 Firefox/3.5.3" "-"
77.236.0.201 - - [11/Oct/2009:18:39:09 +0200] "GET /~spcsym/html/PSPICE_opis_files/image005.gif HTTP/1.1" 200 620 "http://neo.dmcs.p.lodz.pl/~spcsym/html/PSPICE_opis.html" "Mozilla/5.0 (Windows; U; Windows NT 6.1; pl; rv:1.9.1.3) Gecko/20090824 Firefox/3.5.3" "-"
90.43.93.47 - - [11/Oct/2009:18:39:09 +0200] "GET /inf5/07_08/4/freud.jpg HTTP/1.1" 200 57319 "http://neo.dmcs.p.lodz.pl/inf5/07_08/4/peinture.html" "Mozilla/5.0 (Windows; U; Windows NT 5.1; fr; rv:1.9.0.11) Gecko/2009060215 Firefox/3.0.11" "-"
77.236.0.201 - - [11/Oct/2009:18:39:10 +0200] "GET /~spcsym/html/PSPICE_opis_files/image011.gif HTTP/1.1" 200 468 "http://neo.dmcs.p.lodz.pl/~spcsym/html/PSPICE_opis.html" "Mozilla/5.0 (Windows; U; Windows NT 6.1; pl; rv:1.9.1.3) Gecko/20090824 Firefox/3.5.3" "-"
77.236.0.201 - - [11/Oct/2009:18:39:10 +0200] "GET /~spcsym/html/PSPICE_opis_files/image012.gif HTTP/1.1" 200 293 "http://neo.dmcs.p.lodz.pl/~spcsym/html/PSPICE_opis.html" "Mozilla/5.0 (Windows; U; Windows NT 6.1; pl; rv:1.9.1.3) Gecko/20090824 Firefox/3.5.3" "-"
77.236.0.201 - - [11/Oct/2009:18:39:10 +0200] "GET /~spcsym/html/PSPICE_opis_files/image013.gif HTTP/1.1" 200 264 "http://neo.dmcs.p.lodz.pl/~spcsym/html/PSPICE_opis.html" "Mozilla/5.0 (Windows; U; Windows NT 6.1; pl; rv:1.9.1.3) Gecko/20090824 Firefox/3.5.3" "-"
77.236.0.201 - - [11/Oct/2009:18:39:10 +0200] "GET /~spcsym/html/PSPICE_opis_files/image014.gif HTTP/1.1" 200 334 "http://neo.dmcs.p.lodz.pl/~spcsym/html/PSPICE_opis.html" "Mozilla/5.0 (Windows; U; Windows NT 6.1; pl; rv:1.9.1.3) Gecko/20090824 Firefox/3.5.3" "-"
77.236.0.201 - - [11/Oct/2009:18:39:10 +0200] "GET /~spcsym/html/PSPICE_opis_files/image015.gif HTTP/1.1" 200 341 "http://neo.dmcs.p.lodz.pl/~spcsym/html/PSPICE_opis.html" "Mozilla/5.0 (Windows; U; Windows NT 6.1; pl; rv:1.9.1.3) Gecko/20090824 Firefox/3.5.3" "-"
77.236.0.201 - - [11/Oct/2009:18:39:10 +0200] "GET /~spcsym/html/PSPICE_opis_files/image016.gif HTTP/1.1" 200 2093 "http://neo.dmcs.p.lodz.pl/~spcsym/html/PSPICE_opis.html" "Mozilla/5.0 (Windows; U; Windows NT 6.1; pl; rv:1.9.1.3) Gecko/20090824 Firefox/3.5.3" "-"
77.236.0.201 - - [11/Oct/2009:18:39:10 +0200] "GET /~spcsym/html/PSPICE_opis_files/image017.gif HTTP/1.1" 200 2786 "http://neo.dmcs.p.lodz.pl/~spcsym/html/PSPICE_opis.html" "Mozilla/5.0 (Windows; U; Windows NT 6.1; pl; rv:1.9.1.3) Gecko/20090824 Firefox/3.5.3" "-"
77.236.0.201 - - [11/Oct/2009:18:39:10 +0200] "GET /favicon.ico HTTP/1.1" 404 292 "-" "Mozilla/5.0 (Windows; U; Windows NT 6.1; pl; rv:1.9.1.3) Gecko/20090824 Firefox/3.5.3" "-"
77.236.0.201 - - [11/Oct/2009:18:39:13 +0200] "GET /favicon.ico HTTP/1.1" 404 292 "-" "Mozilla/5.0 (Windows; U; Windows NT 6.1; pl; rv:1.9.1.3) Gecko/20090824 Firefox/3.5.3" "-"
82.177.238.215 - - [11/Oct/2009:18:39:33 +0200] "GET /%7Eswierczu/aga_a2/left3.png HTTP/1.1" 200 3657 "http://www.allegro.pl/item755369822_naturalne_perly_naszyjnik_kolczyki_srebro_slubna.html" "Mozilla/5.0 (Windows; U; Windows NT 6.0; pl; rv:1.9.1.3) Gecko/20090824 Firefox/3.5.3 (.NET CLR 3.5.30729)" "-"
82.177.238.215 - - [11/Oct/2009:18:39:33 +0200] "GET /%7Eswierczu/aga_a2/left2.png HTTP/1.1" 200 4921 "http://www.allegro.pl/item755369822_naturalne_perly_naszyjnik_kolczyki_srebro_slubna.html" "Mozilla/5.0 (Windows; U; Windows NT 6.0; pl; rv:1.9.1.3) Gecko/20090824 Firefox/3.5.3 (.NET CLR 3.5.30729)" "-"
82.177.238.215 - - [11/Oct/2009:18:39:33 +0200] "GET /%7Eswierczu/aga_a2/left1.png HTTP/1.1" 200 5912 "http://www.allegro.pl/item755369822_naturalne_perly_naszyjnik_kolczyki_srebro_slubna.html" "Mozilla/5.0 (Windows; U; Windows NT 6.0; pl; rv:1.9.1.3) Gecko/20090824 Firefox/3.5.3 (.NET CLR 3.5.30729)" "-"
82.177.238.215 - - [11/Oct/2009:18:39:33 +0200] "GET /%7Eswierczu/aga_a2/left7.png HTTP/1.1" 200 7206 "http://www.allegro.pl/item755369822_naturalne_perly_naszyjnik_kolczyki_srebro_slubna.html" "Mozilla/5.0 (Windows; U; Windows NT 6.0; pl; rv:1.9.1.3) Gecko/20090824 Firefox/3.5.3 (.NET CLR 3.5.30729)" "-"
82.177.238.215 - - [11/Oct/2009:18:39:33 +0200] "GET /%7Eswierczu/aga_a2/left8.png HTTP/1.1" 200 4406 "http://www.allegro.pl/item755369822_naturalne_perly_naszyjnik_kolczyki_srebro_slubna.html" "Mozilla/5.0 (Windows; U; Windows NT 6.0; pl; rv:1.9.1.3) Gecko/20090824 Firefox/3.5.3 (.NET CLR 3.5.30729)" "-"
82.177.238.215 - - [11/Oct/2009:18:39:33 +0200] "GET /%7Eswierczu/aga_a2/left4.png HTTP/1.1" 200 57810 "http://www.allegro.pl/item755369822_naturalne_perly_naszyjnik_kolczyki_srebro_slubna.html" "Mozilla/5.0 (Windows; U; Windows NT 6.0; pl; rv:1.9.1.3) Gecko/20090824 Firefox/3.5.3 (.NET CLR 3.5.30729)" "-"
82.177.238.215 - - [11/Oct/2009:18:39:33 +0200] "GET /%7Eswierczu/aga_a2/head.png HTTP/1.1" 200 133688 "http://www.allegro.pl/item755369822_naturalne_perly_naszyjnik_kolczyki_srebro_slubna.html" "Mozilla/5.0 (Windows; U; Windows NT 6.0; pl; rv:1.9.1.3) Gecko/20090824 Firefox/3.5.3 (.NET CLR 3.5.30729)" "-"
82.177.238.215 - - [11/Oct/2009:18:39:33 +0200] "GET /%7Eswierczu/aga_a2/right3.png HTTP/1.1" 200 662 "http://www.allegro.pl/item755369822_naturalne_perly_naszyjnik_kolczyki_srebro_slubna.html" "Mozilla/5.0 (Windows; U; Windows NT 6.0; pl; rv:1.9.1.3) Gecko/20090824 Firefox/3.5.3 (.NET CLR 3.5.30729)" "-"
82.177.238.215 - - [11/Oct/2009:18:39:33 +0200] "GET /%7Eswierczu/aga_a2/right5.png HTTP/1.1" 200 94525 "http://www.allegro.pl/item755369822_naturalne_perly_naszyjnik_kolczyki_srebro_slubna.html" "Mozilla/5.0 (Windows; U; Windows NT 6.0; pl; rv:1.9.1.3) Gecko/20090824 Firefox/3.5.3 (.NET CLR 3.5.30729)" "-"
82.177.238.215 - - [11/Oct/2009:18:39:33 +0200] "GET /~swierczu/aga_a2/left5.png HTTP/1.1" 200 3471 "http://www.allegro.pl/item755369822_naturalne_perly_naszyjnik_kolczyki_srebro_slubna.html" "Mozilla/5.0 (Windows; U; Windows NT 6.0; pl; rv:1.9.1.3) Gecko/20090824 Firefox/3.5.3 (.NET CLR 3.5.30729)" "-"
82.177.238.215 - - [11/Oct/2009:18:39:34 +0200] "GET /~swierczu/aga_a2/right2.png HTTP/1.1" 200 28637 "http://www.allegro.pl/item755369822_naturalne_perly_naszyjnik_kolczyki_srebro_slubna.html" "Mozilla/5.0 (Windows; U; Windows NT 6.0; pl; rv:1.9.1.3) Gecko/20090824 Firefox/3.5.3 (.NET CLR 3.5.30729)" "-"
82.177.238.215 - - [11/Oct/2009:18:39:34 +0200] "GET /%7Eswierczu/aga_a2/left6.png HTTP/1.1" 200 74941 "http://www.allegro.pl/item755369822_naturalne_perly_naszyjnik_kolczyki_srebro_slubna.html" "Mozilla/5.0 (Windows; U; Windows NT 6.0; pl; rv:1.9.1.3) Gecko/20090824 Firefox/3.5.3 (.NET CLR 3.5.30729)" "-"
82.177.238.215 - - [11/Oct/2009:18:39:34 +0200] "GET /~swierczu/aga_a2/right4.png HTTP/1.1" 200 3444 "http://www.allegro.pl/item755369822_naturalne_perly_naszyjnik_kolczyki_srebro_slubna.html" "Mozilla/5.0 (Windows; U; Windows NT 6.0; pl; rv:1.9.1.3) Gecko/20090824 Firefox/3.5.3 (.NET CLR 3.5.30729)" "-"
82.177.238.215 - - [11/Oct/2009:18:39:34 +0200] "GET /%7Eswierczu/aga_a2/right1.png HTTP/1.1" 200 50234 "http://www.allegro.pl/item755369822_naturalne_perly_naszyjnik_kolczyki_srebro_slubna.html" "Mozilla/5.0 (Windows; U; Windows NT 6.0; pl; rv:1.9.1.3) Gecko/20090824 Firefox/3.5.3 (.NET CLR 3.5.30729)" "-"
82.177.238.215 - - [11/Oct/2009:18:39:34 +0200] "GET /~swierczu/aga_a2/center.png HTTP/1.1" 200 85290 "http://www.allegro.pl/item755369822_naturalne_perly_naszyjnik_kolczyki_srebro_slubna.html" "Mozilla/5.0 (Windows; U; Windows NT 6.0; pl; rv:1.9.1.3) Gecko/20090824 Firefox/3.5.3 (.NET CLR 3.5.30729)" "-"
217.76.116.152 - - [11/Oct/2009:18:39:59 +0200] "GET /ptda/ HTTP/1.1" 200 8104 "-" "Mozilla/5.0 (Windows; U; Windows NT 5.1; pl; rv:1.9.1.3) Gecko/20090824 Firefox/3.5.3" "-"
217.76.116.152 - - [11/Oct/2009:18:39:59 +0200] "GET /style.css HTTP/1.1" 200 2000 "http://lux.dmcs.pl/ptda/" "Mozilla/5.0 (Windows; U; Windows NT 5.1; pl; rv:1.9.1.3) Gecko/20090824 Firefox/3.5.3" "-"
217.76.116.152 - - [11/Oct/2009:18:39:59 +0200] "GET /ptda/1.jpg HTTP/1.1" 200 8661 "http://lux.dmcs.pl/ptda/" "Mozilla/5.0 (Windows; U; Windows NT 5.1; pl; rv:1.9.1.3) Gecko/20090824 Firefox/3.5.3" "-"
217.76.116.152 - - [11/Oct/2009:18:39:59 +0200] "GET /ptda/2.jpg HTTP/1.1" 200 4613 "http://lux.dmcs.pl/ptda/" "Mozilla/5.0 (Windows; U; Windows NT 5.1; pl; rv:1.9.1.3) Gecko/20090824 Firefox/3.5.3" "-"
217.76.116.152 - - [11/Oct/2009:18:39:59 +0200] "GET /images/back.jpg HTTP/1.1" 404 289 "http://lux.dmcs.pl/ptda/" "Mozilla/5.0 (Windows; U; Windows NT 5.1; pl; rv:1.9.1.3) Gecko/20090824 Firefox/3.5.3" "-"
217.76.116.152 - - [11/Oct/2009:18:39:59 +0200] "GET /ptda/drozdek_.jpg HTTP/1.1" 200 8545 "http://lux.dmcs.pl/ptda/" "Mozilla/5.0 (Windows; U; Windows NT 5.1; pl; rv:1.9.1.3) Gecko/20090824 Firefox/3.5.3" "-"
217.76.116.152 - - [11/Oct/2009:18:39:59 +0200] "GET /ptda/image4.jpg HTTP/1.1" 200 15223 "http://lux.dmcs.pl/ptda/" "Mozilla/5.0 (Windows; U; Windows NT 5.1; pl; rv:1.9.1.3) Gecko/20090824 Firefox/3.5.3" "-"
217.76.116.152 - - [11/Oct/2009:18:39:59 +0200] "GET /favicon.ico HTTP/1.1" 404 285 "-" "Mozilla/5.0 (Windows; U; Windows NT 5.1; pl; rv:1.9.1.3) Gecko/20090824 Firefox/3.5.3" "-"
217.76.116.152 - - [11/Oct/2009:18:40:02 +0200] "GET /favicon.ico HTTP/1.1" 404 285 "-" "Mozilla/5.0 (Windows; U; Windows NT 5.1; pl; rv:1.9.1.3) Gecko/20090824 Firefox/3.5.3" "-"
85.89.184.153 - - [11/Oct/2009:18:40:08 +0200] "GET / HTTP/1.1" 200 8370 "http://dmcs.pl/" "Mozilla/5.0 (X11; U; Linux x86_64; en-US; rv:1.9.1.3) Gecko/20090930 Sabayon Firefox/3.5.3" "-"
85.89.184.153 - - [11/Oct/2009:18:40:08 +0200] "GET /style.css HTTP/1.1" 200 2000 "http://neo.dmcs.p.lodz.pl/" "Mozilla/5.0 (X11; U; Linux x86_64; en-US; rv:1.9.1.3) Gecko/20090930 Sabayon Firefox/3.5.3" "-"
85.89.184.153 - - [11/Oct/2009:18:40:08 +0200] "GET /images/back.jpg HTTP/1.1" 404 296 "http://neo.dmcs.p.lodz.pl/" "Mozilla/5.0 (X11; U; Linux x86_64; en-US; rv:1.9.1.3) Gecko/20090930 Sabayon Firefox/3.5.3" "-"
85.89.184.153 - - [11/Oct/2009:18:40:08 +0200] "GET /favicon.ico HTTP/1.1" 404 292 "-" "Mozilla/5.0 (X11; U; Linux x86_64; en-US; rv:1.9.1.3) Gecko/20090930 Sabayon Firefox/3.5.3" "-"
85.89.184.153 - - [11/Oct/2009:18:40:11 +0200] "GET /favicon.ico HTTP/1.1" 404 292 "-" "Mozilla/5.0 (X11; U; Linux x86_64; en-US; rv:1.9.1.3) Gecko/20090930 Sabayon Firefox/3.5.3" "-"
85.89.184.153 - - [11/Oct/2009:18:40:20 +0200] "GET /pps/index.html HTTP/1.1" 200 10955 "http://neo.dmcs.p.lodz.pl/" "Mozilla/5.0 (X11; U; Linux x86_64; en-US; rv:1.9.1.3) Gecko/20090930 Sabayon Firefox/3.5.3" "-"
85.89.184.153 - - [11/Oct/2009:18:40:20 +0200] "GET /pps/..%5Cstyle.css HTTP/1.1" 404 297 "http://neo.dmcs.p.lodz.pl/pps/index.html" "Mozilla/5.0 (X11; U; Linux x86_64; en-US; rv:1.9.1.3) Gecko/20090930 Sabayon Firefox/3.5.3" "-"
85.89.184.153 - - [11/Oct/2009:18:40:20 +0200] "GET /pps/..%5Cback.gif HTTP/1.1" 404 296 "http://neo.dmcs.p.lodz.pl/pps/index.html" "Mozilla/5.0 (X11; U; Linux x86_64; en-US; rv:1.9.1.3) Gecko/20090930 Sabayon Firefox/3.5.3" "-"
217.113.225.9 - - [11/Oct/2009:18:40:24 +0200] "GET /smcr/MCF5282UM.pdf HTTP/1.1" 200 7011231 "http://neo.dmcs.p.lodz.pl/smcr/" "Mozilla/5.0 (Windows; U; Windows NT 5.1; pl; rv:1.9.1.3) Gecko/20090824 Firefox/3.5.3" "-"
149.156.124.14 - - [11/Oct/2009:18:40:53 +0200] "GET /favicon.ico HTTP/1.0" 404 280 "-" "Mozilla/5.0 (Windows; U; Windows NT 6.0; pl; rv:1.9.1.3) Gecko/20090824 Firefox/3.5.3 (.NET CLR 3.5.30729)" "-"
66.249.65.212 - - [11/Oct/2009:18:41:09 +0200] "GET /isbd/php/doc/polish_many/function.preg-grep.html HTTP/1.1" 200 3376 "-" "Mozilla/5.0 (compatible; Googlebot/2.1; +http://www.google.com/bot.html)" "-"
196.12.244.194 - - [11/Oct/2009:18:41:28 +0200] "GET /inf1/microprocesseur_transp.pdf HTTP/1.1" 200 152972 "http://www.google.co.ma/search?hl=fr&q=LES+TYPES+DES+PROCESSEUR%2BPDF&start=20&sa=N" "Mozilla/5.0 (Windows; U; Windows NT 5.1; fr; rv:1.8.1.2) Gecko/20070219 Firefox/2.0.0.2" "-"
67.195.113.234 - - [11/Oct/2009:18:41:49 +0200] "GET /~gwj/knoppix-dmcs-5.1.1.iso HTTP/1.0" 200 70075632 "-" "Mozilla/5.0 (compatible; Yahoo! Slurp/3.0; http://help.yahoo.com/help/us/ysearch/slurp)" "-"
196.12.244.194 - - [11/Oct/2009:18:42:14 +0200] "GET /inf1/microprocesseur_transp.pdf HTTP/1.1" 200 315588 "http://www.google.co.ma/search?hl=fr&q=LES+TYPES+DES+PROCESSEUR%2BPDF&start=20&sa=N" "Mozilla/5.0 (Windows; U; Windows NT 5.1; fr; rv:1.8.1.2) Gecko/20070219 Firefox/2.0.0.2" "-"
153.19.210.159 - - [11/Oct/2009:18:42:37 +0200] "HEAD /favicon.ico HTTP/1.1" 404 0 "-" "Mozilla/5.0 (X11; U; Linux i686; pl; rv:1.9.1.3) Gecko/20090824 Firefox/3.5.3" "-"
85.198.200.100 - - [11/Oct/2009:18:42:41 +0200] "GET /epjc/Wyklad/UML%20-%20zarys.pdf HTTP/1.1" 200 185073 "http://www.google.pl/url?sa=t&source=web&ct=res&cd=9&ved=0CCIQFjAI&url=http%3A%2F%2Fneo.dmcs.p.lodz.pl%2Fepjc%2FWyklad%2FUML%2520-%2520zarys.pdf&ei=F_rRSsT4CILa-Qbc_-yCAw&rct=j&q=uml+biblioteka+przypadki+u%C5%BCycia&usg=AFQjCNFuV317PUDwoiCIX-0cjiGIYAgFmw" "Mozilla/5.0 (Windows; U; Windows NT 6.0; pl; rv:1.9.1.3) Gecko/20090824 Firefox/3.5.3 (.NET CLR 3.5.30729)" "-"
85.198.200.100 - - [11/Oct/2009:18:42:43 +0200] "GET /epjc/Wyklad/UML%20-%20zarys.pdf HTTP/1.1" 206 609241 "-" "Mozilla/5.0 (Windows; U; Windows NT 6.0; pl; rv:1.9.1.3) Gecko/20090824 Firefox/3.5.3 (.NET CLR 3.5.30729)" "-"
85.198.200.100 - - [11/Oct/2009:18:42:44 +0200] "GET /favicon.ico HTTP/1.1" 404 292 "-" "Mozilla/5.0 (Windows; U; Windows NT 6.0; pl; rv:1.9.1.3) Gecko/20090824 Firefox/3.5.3 (.NET CLR 3.5.30729)" "-"
66.249.65.212 - - [11/Oct/2009:18:42:44 +0200] "GET /isbd/php/doc/polish_many/function.mt-srand.html HTTP/1.1" 200 3151 "-" "Mozilla/5.0 (compatible; Googlebot/2.1; +http://www.google.com/bot.html)" "-"
85.198.200.100 - - [11/Oct/2009:18:42:47 +0200] "GET /favicon.ico HTTP/1.1" 404 292 "-" "Mozilla/5.0 (Windows; U; Windows NT 6.0; pl; rv:1.9.1.3) Gecko/20090824 Firefox/3.5.3 (.NET CLR 3.5.30729)" "-"
66.249.65.212 - - [11/Oct/2009:18:43:54 +0200] "GET /isbd/php/doc/polish_many/function.is-uploaded-file.html HTTP/1.1" 304 - "-" "Mozilla/5.0 (compatible; Googlebot/2.1; +http://www.google.com/bot.html)" "-"
77.255.145.118 - - [11/Oct/2009:18:45:21 +0200] "GET /~piotrowi/wdtcim/wyklad7.pdf HTTP/1.1" 200 151972 "http://www.google.pl/search?as_q=metoda+wytapiania+strefowego&hl=pl&num=10&btnG=Szukaj+w+Google&as_epq=&as_oq=&as_eq=&lr=&cr=&as_ft=i&as_filetype=&as_qdr=all&as_occt=any&as_dt=i&as_sitesearch=&as_rights=&safe=images" "Mozilla/4.0 (compatible; MSIE 8.0; Windows NT 5.1; Trident/4.0; GTB6; .NET CLR 2.0.50727; .NET CLR 3.0.4506.2152; .NET CLR 3.5.30729)" "-"
77.255.145.118 - - [11/Oct/2009:18:45:21 +0200] "GET /~piotrowi/wdtcim/wyklad7.pdf HTTP/1.1" 206 25748 "-" "Mozilla/4.0 (compatible; MSIE 7.0; Windows NT 5.1; Trident/4.0; GTB6; .NET CLR 2.0.50727; .NET CLR 3.0.4506.2152; .NET CLR 3.5.30729)" "-"
77.255.145.118 - - [11/Oct/2009:18:45:21 +0200] "GET /~piotrowi/wdtcim/wyklad7.pdf HTTP/1.1" 206 27863 "-" "Mozilla/4.0 (compatible; MSIE 7.0; Windows NT 5.1; Trident/4.0; GTB6; .NET CLR 2.0.50727; .NET CLR 3.0.4506.2152; .NET CLR 3.5.30729)" "-"
77.255.145.118 - - [11/Oct/2009:18:45:22 +0200] "GET /~piotrowi/wdtcim/wyklad7.pdf HTTP/1.1" 206 16494 "-" "Mozilla/4.0 (compatible; MSIE 7.0; Windows NT 5.1; Trident/4.0; GTB6; .NET CLR 2.0.50727; .NET CLR 3.0.4506.2152; .NET CLR 3.5.30729)" "-"
77.255.145.118 - - [11/Oct/2009:18:45:22 +0200] "GET /~piotrowi/wdtcim/wyklad7.pdf HTTP/1.1" 206 62246 "-" "Mozilla/4.0 (compatible; MSIE 7.0; Windows NT 5.1; Trident/4.0; GTB6; .NET CLR 2.0.50727; .NET CLR 3.0.4506.2152; .NET CLR 3.5.30729)" "-"
77.255.145.118 - - [11/Oct/2009:18:45:24 +0200] "GET /~piotrowi/wdtcim/wyklad7.pdf HTTP/1.1" 206 171877 "-" "Mozilla/4.0 (compatible; MSIE 7.0; Windows NT 5.1; Trident/4.0; GTB6; .NET CLR 2.0.50727; .NET CLR 3.0.4506.2152; .NET CLR 3.5.30729)" "-"
77.255.145.118 - - [11/Oct/2009:18:45:26 +0200] "GET /~piotrowi/wdtcim/wyklad7.pdf HTTP/1.1" 206 154021 "-" "Mozilla/4.0 (compatible; MSIE 7.0; Windows NT 5.1; Trident/4.0; GTB6; .NET CLR 2.0.50727; .NET CLR 3.0.4506.2152; .NET CLR 3.5.30729)" "-"
77.255.145.118 - - [11/Oct/2009:18:45:26 +0200] "GET /~piotrowi/wdtcim/wyklad7.pdf HTTP/1.1" 206 7340 "-" "Mozilla/4.0 (compatible; MSIE 7.0; Windows NT 5.1; Trident/4.0; GTB6; .NET CLR 2.0.50727; .NET CLR 3.0.4506.2152; .NET CLR 3.5.30729)" "-"
77.255.145.118 - - [11/Oct/2009:18:45:27 +0200] "GET /~piotrowi/wdtcim/wyklad7.pdf HTTP/1.1" 206 64448 "-" "Mozilla/4.0 (compatible; MSIE 7.0; Windows NT 5.1; Trident/4.0; GTB6; .NET CLR 2.0.50727; .NET CLR 3.0.4506.2152; .NET CLR 3.5.30729)" "-"
77.255.145.118 - - [11/Oct/2009:18:45:28 +0200] "GET /~piotrowi/wdtcim/wyklad7.pdf HTTP/1.1" 206 24463 "-" "Mozilla/4.0 (compatible; MSIE 7.0; Windows NT 5.1; Trident/4.0; GTB6; .NET CLR 2.0.50727; .NET CLR 3.0.4506.2152; .NET CLR 3.5.30729)" "-"
77.255.145.118 - - [11/Oct/2009:18:45:29 +0200] "GET /~piotrowi/wdtcim/wyklad7.pdf HTTP/1.1" 206 16605 "-" "Mozilla/4.0 (compatible; MSIE 7.0; Windows NT 5.1; Trident/4.0; GTB6; .NET CLR 2.0.50727; .NET CLR 3.0.4506.2152; .NET CLR 3.5.30729)" "-"
77.255.145.118 - - [11/Oct/2009:18:45:31 +0200] "GET /~piotrowi/wdtcim/wyklad7.pdf HTTP/1.1" 206 300961 "-" "Mozilla/4.0 (compatible; MSIE 7.0; Windows NT 5.1; Trident/4.0; GTB6; .NET CLR 2.0.50727; .NET CLR 3.0.4506.2152; .NET CLR 3.5.30729)" "-"
77.255.145.118 - - [11/Oct/2009:18:45:31 +0200] "GET /~piotrowi/wdtcim/wyklad7.pdf HTTP/1.1" 206 23592 "-" "Mozilla/4.0 (compatible; MSIE 7.0; Windows NT 5.1; Trident/4.0; GTB6; .NET CLR 2.0.50727; .NET CLR 3.0.4506.2152; .NET CLR 3.5.30729)" "-"
77.255.145.118 - - [11/Oct/2009:18:45:32 +0200] "GET /~piotrowi/wdtcim/wyklad7.pdf HTTP/1.1" 206 33377 "-" "Mozilla/4.0 (compatible; MSIE 7.0; Windows NT 5.1; Trident/4.0; GTB6; .NET CLR 2.0.50727; .NET CLR 3.0.4506.2152; .NET CLR 3.5.30729)" "-"
77.255.145.118 - - [11/Oct/2009:18:45:33 +0200] "GET /~piotrowi/wdtcim/wyklad7.pdf HTTP/1.1" 206 15329 "-" "Mozilla/4.0 (compatible; MSIE 7.0; Windows NT 5.1; Trident/4.0; GTB6; .NET CLR 2.0.50727; .NET CLR 3.0.4506.2152; .NET CLR 3.5.30729)" "-"
77.255.145.118 - - [11/Oct/2009:18:45:34 +0200] "GET /~piotrowi/wdtcim/wyklad7.pdf HTTP/1.1" 206 2104 "-" "Mozilla/4.0 (compatible; MSIE 7.0; Windows NT 5.1; Trident/4.0; GTB6; .NET CLR 2.0.50727; .NET CLR 3.0.4506.2152; .NET CLR 3.5.30729)" "-"
87.64.4.38 - - [11/Oct/2009:18:46:06 +0200] "GET /inf5/06_07/4/sayuri.jpg HTTP/1.1" 200 108064 "http://www.ohmydollz.com/?p=fiche&pseudo=xxchinadollxx" "Mozilla/5.0 (Windows; U; Windows NT 6.0; fr; rv:1.9.1.3) Gecko/20090824 Firefox/3.5.3 (.NET CLR 3.5.30729) FBSMTWB" "-"
87.64.4.38 - - [11/Oct/2009:18:46:11 +0200] "GET /inf5/06_07/4/sayuri.jpg HTTP/1.1" 206 72291 "http://www.ohmydollz.com/?p=fiche&pseudo=xxchinadollxx" "Mozilla/5.0 (Windows; U; Windows NT 6.0; fr; rv:1.9.1.3) Gecko/20090824 Firefox/3.5.3 (.NET CLR 3.5.30729) FBSMTWB" "-"
87.96.119.63 - - [11/Oct/2009:18:46:19 +0200] "GET /ak-pod/ak-wyk1.pdf HTTP/1.1" 200 1609561 "-" "Safari/6531.9 CFNetwork/454.4 Darwin/10.0.0 (i386) (MacBook2%2C1)" "-"
85.89.181.197 - - [11/Oct/2009:18:47:13 +0200] "GET /podyplomowe_smtm/smob2/smob2_2_shell.pdf HTTP/1.1" 206 159788 "-" "Mozilla/5.0 (Windows; U; Windows NT 6.0; en-GB; rv:1.9.1.3) Gecko/20090824 Firefox/3.5.3 (.NET CLR 3.5.30729)" "-"
85.89.181.197 - - [11/Oct/2009:18:47:13 +0200] "GET /podyplomowe_smtm/smob2/smob2_2_shell.pdf HTTP/1.1" 206 202096 "-" "Mozilla/5.0 (Windows; U; Windows NT 6.0; en-GB; rv:1.9.1.3) Gecko/20090824 Firefox/3.5.3 (.NET CLR 3.5.30729)" "-"
85.89.181.197 - - [11/Oct/2009:18:47:16 +0200] "GET /favicon.ico HTTP/1.1" 404 292 "-" "Mozilla/5.0 (Windows; U; Windows NT 6.0; en-GB; rv:1.9.1.3) Gecko/20090824 Firefox/3.5.3 (.NET CLR 3.5.30729)" "-"
217.76.118.67 - - [11/Oct/2009:18:48:09 +0200] "GET /images/back.jpg HTTP/1.1" 404 289 "http://lux.dmcs.pl/sk2/" "Mozilla/5.0 (X11; U; Linux i686; pl-PL; rv:1.9.0.3) Gecko/2008091700 SUSE/3.0.3-1.1 Firefox/3.0.3" "-"
66.249.65.212 - - [11/Oct/2009:18:48:25 +0200] "GET /inf5/06_07/9/cerkiew.jpg HTTP/1.1" 304 - "-" "Googlebot-Image/1.0" "-"
79.186.88.15 - - [11/Oct/2009:18:48:40 +0200] "GET /favicon.ico HTTP/1.1" 404 292 "-" "Mozilla/5.0 (Windows; U; Windows NT 5.1; pl; rv:1.9.1.3) Gecko/20090824 Firefox/3.5.3" "-"
67.195.113.234 - - [11/Oct/2009:18:49:04 +0200] "GET /~gwj/knoppix-dmcs-5.1.1.iso HTTP/1.0" 200 58029824 "-" "Mozilla/5.0 (compatible; Yahoo! Slurp/3.0; http://help.yahoo.com/help/us/ysearch/slurp)" "-"
66.249.65.209 - - [11/Oct/2009:18:49:38 +0200] "GET /isbd/php/doc/polish_many/function.ircg-notice.html HTTP/1.1" 200 2589 "-" "SAMSUNG-SGH-E250/1.0 Profile/MIDP-2.0 Configuration/CLDC-1.1 UP.Browser/6.2.3.3.c.1.101 (GUI) MMP/2.0 (compatible; Googlebot-Mobile/2.1; +http://www.google.com/bot.html)" "-"
91.200.94.129 - - [11/Oct/2009:18:50:20 +0200] "GET /kpuesz/ HTTP/1.1" 200 9684 "http://www.google.pl/search?hl=pl&q=symulacja+uk%C5%82ad%C3%B3w+elektronicznych&lr=lang_pl" "Mozilla/4.0 (compatible; MSIE 8.0; Windows NT 5.1; Trident/4.0; .NET CLR 2.0.50727; .NET CLR 3.0.04506.30; .NET CLR 3.0.4506.2152; .NET CLR 3.5.30729)" "-"
91.200.94.129 - - [11/Oct/2009:18:50:20 +0200] "GET /~starzak/style.css HTTP/1.1" 200 3084 "http://neo.dmcs.p.lodz.pl/kpuesz/" "Mozilla/4.0 (compatible; MSIE 8.0; Windows NT 5.1; Trident/4.0; .NET CLR 2.0.50727; .NET CLR 3.0.04506.30; .NET CLR 3.0.4506.2152; .NET CLR 3.5.30729)" "-"
91.200.94.129 - - [11/Oct/2009:18:50:20 +0200] "GET /favicon.ico HTTP/1.1" 404 292 "-" "Mozilla/4.0 (compatible; MSIE 8.0; Windows NT 5.1; Trident/4.0; .NET CLR 2.0.50727; .NET CLR 3.0.04506.30; .NET CLR 3.0.4506.2152; .NET CLR 3.5.30729)" "-"
212.77.100.47 - - [11/Oct/2009:18:50:40 +0200] "GET /robots.txt HTTP/1.1" 304 - "-" "NetSprint -- 3.0" "-"
65.55.207.29 - - [11/Oct/2009:18:50:45 +0200] "GET /tk/UNIXhelp1.3/Pages/editors/index.html HTTP/1.1" 304 - "-" "msnbot/2.0b (+http://search.msn.com/msnbot.htm)" "-"
212.77.100.47 - - [11/Oct/2009:18:50:46 +0200] "GET / HTTP/1.1" 304 - "-" "NetSprint -- 3.0" "-"
66.249.65.212 - - [11/Oct/2009:18:50:50 +0200] "GET /isbd/php/doc/polish_many/function.cosh.html HTTP/1.1" 200 2579 "-" "Mozilla/5.0 (compatible; Googlebot/2.1; +http://www.google.com/bot.html)" "-"
212.77.100.47 - - [11/Oct/2009:18:50:51 +0200] "GET /tk/UNIXhelp1.3/Pages/index/is.html HTTP/1.1" 304 - "-" "NetSprint -- 3.0" "-"
79.139.87.113 - - [11/Oct/2009:18:50:53 +0200] "GET /images/back.jpg HTTP/1.1" 404 296 "http://lux.dmcs.p.lodz.pl/" "Mozilla/5.0 (Windows; U; Windows NT 5.1; pl-PL; rv:1.9.1.3) Gecko/20090824 Firefox/3.0.6;" "-"
212.77.100.47 - - [11/Oct/2009:18:50:56 +0200] "GET /tk/UNIXhelp1.3/Pages/glossary/gf.html HTTP/1.1" 304 - "-" "NetSprint -- 3.0" "-"
91.200.94.129 - - [11/Oct/2009:18:50:58 +0200] "GET /kpuesz/kpue-sz_wykl-3_slajdy.pdf HTTP/1.1" 200 56594 "http://neo.dmcs.p.lodz.pl/kpuesz/" "Mozilla/4.0 (compatible; MSIE 8.0; Windows NT 5.1; Trident/4.0; .NET CLR 2.0.50727; .NET CLR 3.0.04506.30; .NET CLR 3.0.4506.2152; .NET CLR 3.5.30729)" "-"
91.200.94.129 - - [11/Oct/2009:18:50:58 +0200] "GET /kpuesz/kpue-sz_wykl-3_slajdy.pdf HTTP/1.1" 206 4096 "-" "Mozilla/4.0 (compatible; MSIE 8.0; Windows NT 5.1; Trident/4.0; .NET CLR 2.0.50727; .NET CLR 3.0.04506.30; .NET CLR 3.0.4506.2152; .NET CLR 3.5.30729)" "-"
91.200.94.129 - - [11/Oct/2009:18:50:58 +0200] "GET /kpuesz/kpue-sz_wykl-3_slajdy.pdf HTTP/1.1" 206 313 "-" "Mozilla/4.0 (compatible; MSIE 8.0; Windows NT 5.1; Trident/4.0; .NET CLR 2.0.50727; .NET CLR 3.0.04506.30; .NET CLR 3.0.4506.2152; .NET CLR 3.5.30729)" "-"
212.77.100.47 - - [11/Oct/2009:18:51:02 +0200] "GET /tk/UNIXhelp1.3/Pages/concepts/sysvbsd.html HTTP/1.1" 304 - "-" "NetSprint -- 3.0" "-"
79.139.87.113 - - [11/Oct/2009:18:51:03 +0200] "GET /poe/index.html HTTP/1.1" 200 2754 "http://lux.dmcs.p.lodz.pl/" "Mozilla/5.0 (Windows; U; Windows NT 5.1; pl-PL; rv:1.9.1.3) Gecko/20090824 Firefox/3.0.6;" "-"
79.139.87.113 - - [11/Oct/2009:18:51:03 +0200] "GET /images/back.jpg HTTP/1.1" 404 296 "http://lux.dmcs.p.lodz.pl/poe/index.html" "Mozilla/5.0 (Windows; U; Windows NT 5.1; pl-PL; rv:1.9.1.3) Gecko/20090824 Firefox/3.0.6;" "-"
91.200.94.129 - - [11/Oct/2009:18:51:04 +0200] "GET /kpuesz/kpue-sz_wykl-3_slajdy.pdf HTTP/1.1" 206 690289 "-" "Mozilla/4.0 (compatible; MSIE 8.0; Windows NT 5.1; Trident/4.0; .NET CLR 2.0.50727; .NET CLR 3.0.04506.30; .NET CLR 3.0.4506.2152; .NET CLR 3.5.30729)" "-"
212.77.100.47 - - [11/Oct/2009:18:51:09 +0200] "GET /tk/UNIXhelp1.3/Pages/glossary/gm.html HTTP/1.1" 304 - "-" "NetSprint -- 3.0" "-"
79.139.87.113 - - [11/Oct/2009:18:51:10 +0200] "GET /poe/Laboratorium/cwiczenie1.pdf HTTP/1.1" 200 80920 "http://lux.dmcs.p.lodz.pl/poe/index.html" "Mozilla/5.0 (Windows; U; Windows NT 5.1; pl-PL; rv:1.9.1.3) Gecko/20090824 Firefox/3.0.6;" "-"
212.77.100.47 - - [11/Oct/2009:18:51:15 +0200] "GET /tk/UNIXhelp1.3/Pages/alphabetical/mg.html HTTP/1.1" 304 - "-" "NetSprint -- 3.0" "-"
212.77.100.47 - - [11/Oct/2009:18:51:21 +0200] "GET /tk/UNIXhelp1.3/Pages/index/iq.html HTTP/1.1" 304 - "-" "NetSprint -- 3.0" "-"
74.6.17.160 - - [11/Oct/2009:18:51:26 +0200] "GET /rta/index.html HTTP/1.0" 200 729 "-" "Mozilla/5.0 (compatible; Yahoo! Slurp/3.0; http://help.yahoo.com/help/us/ysearch/slurp)" "-"
212.77.100.47 - - [11/Oct/2009:18:51:28 +0200] "GET /tk/UNIXhelp1.3/Pages/alphabetical/mr.html HTTP/1.1" 304 - "-" "NetSprint -- 3.0" "-"
62.152.157.83 - - [11/Oct/2009:18:51:32 +0200] "GET /aisd/funkcje_procedury.pdf HTTP/1.1" 206 18632 "http://www.google.pl/search?q=pascal+ci%C4%85g+fibonacciego+1+zmienna&ie=utf-8&oe=utf-8&aq=t&rls=org.mozilla:pl:official&client=firefox-a" "Mozilla/5.0 (Windows; U; Windows NT 6.0; pl; rv:1.9.0.14) Gecko/2009082707 Firefox/3.0.14 ImageShackToolbar/5.2.1 (.NET CLR 2.0.50727)" "-"
62.152.157.83 - - [11/Oct/2009:18:51:32 +0200] "GET /aisd/funkcje_procedury.pdf HTTP/1.1" 206 15712 "http://www.google.pl/search?q=pascal+ci%C4%85g+fibonacciego+1+zmienna&ie=utf-8&oe=utf-8&aq=t&rls=org.mozilla:pl:official&client=firefox-a" "Mozilla/5.0 (Windows; U; Windows NT 6.0; pl; rv:1.9.0.14) Gecko/2009082707 Firefox/3.0.14 ImageShackToolbar/5.2.1 (.NET CLR 2.0.50727)" "-"
62.152.157.83 - - [11/Oct/2009:18:51:32 +0200] "GET /aisd/funkcje_procedury.pdf HTTP/1.1" 206 28852 "http://www.google.pl/search?q=pascal+ci%C4%85g+fibonacciego+1+zmienna&ie=utf-8&oe=utf-8&aq=t&rls=org.mozilla:pl:official&client=firefox-a" "Mozilla/5.0 (Windows; U; Windows NT 6.0; pl; rv:1.9.0.14) Gecko/2009082707 Firefox/3.0.14 ImageShackToolbar/5.2.1 (.NET CLR 2.0.50727)" "-"
62.152.157.83 - - [11/Oct/2009:18:51:32 +0200] "GET /aisd/funkcje_procedury.pdf HTTP/1.1" 206 241548 "http://www.google.pl/search?q=pascal+ci%C4%85g+fibonacciego+1+zmienna&ie=utf-8&oe=utf-8&aq=t&rls=org.mozilla:pl:official&client=firefox-a" "Mozilla/5.0 (Windows; U; Windows NT 6.0; pl; rv:1.9.0.14) Gecko/2009082707 Firefox/3.0.14 ImageShackToolbar/5.2.1 (.NET CLR 2.0.50727)" "-"
62.152.157.83 - - [11/Oct/2009:18:51:32 +0200] "GET /aisd/funkcje_procedury.pdf HTTP/1.1" 206 108688 "http://www.google.pl/search?q=pascal+ci%C4%85g+fibonacciego+1+zmienna&ie=utf-8&oe=utf-8&aq=t&rls=org.mozilla:pl:official&client=firefox-a" "Mozilla/5.0 (Windows; U; Windows NT 6.0; pl; rv:1.9.0.14) Gecko/2009082707 Firefox/3.0.14 ImageShackToolbar/5.2.1 (.NET CLR 2.0.50727)" "-"
62.152.157.83 - - [11/Oct/2009:18:51:32 +0200] "GET /aisd/funkcje_procedury.pdf HTTP/1.1" 206 45908 "http://www.google.pl/search?q=pascal+ci%C4%85g+fibonacciego+1+zmienna&ie=utf-8&oe=utf-8&aq=t&rls=org.mozilla:pl:official&client=firefox-a" "Mozilla/5.0 (Windows; U; Windows NT 6.0; pl; rv:1.9.0.14) Gecko/2009082707 Firefox/3.0.14 ImageShackToolbar/5.2.1 (.NET CLR 2.0.50727)" "-"
62.152.157.83 - - [11/Oct/2009:18:51:32 +0200] "GET /aisd/funkcje_procedury.pdf HTTP/1.1" 206 33231 "http://www.google.pl/search?q=pascal+ci%C4%85g+fibonacciego+1+zmienna&ie=utf-8&oe=utf-8&aq=t&rls=org.mozilla:pl:official&client=firefox-a" "Mozilla/5.0 (Windows; U; Windows NT 6.0; pl; rv:1.9.0.14) Gecko/2009082707 Firefox/3.0.14 ImageShackToolbar/5.2.1 (.NET CLR 2.0.50727)" "-"
62.152.157.83 - - [11/Oct/2009:18:51:33 +0200] "GET /aisd/funkcje_procedury.pdf HTTP/1.1" 206 15712 "http://www.google.pl/search?q=pascal+ci%C4%85g+fibonacciego+1+zmienna&ie=utf-8&oe=utf-8&aq=t&rls=org.mozilla:pl:official&client=firefox-a" "Mozilla/5.0 (Windows; U; Windows NT 6.0; pl; rv:1.9.0.14) Gecko/2009082707 Firefox/3.0.14 ImageShackToolbar/5.2.1 (.NET CLR 2.0.50727)" "-"
212.77.100.47 - - [11/Oct/2009:18:51:33 +0200] "GET /tk/UNIXhelp1.3/Pages/index/iz.html HTTP/1.1" 304 - "-" "NetSprint -- 3.0" "-"
83.26.182.120 - - [11/Oct/2009:18:51:39 +0200] "GET /pium HTTP/1.1" 301 308 "-" "Mozilla/5.0 (X11; U; Linux i686; pl-PL; rv:1.9.0.14) Gecko/2009090216 Ubuntu/9.04 (jaunty) Firefox/3.0.14" "-"
83.26.182.120 - - [11/Oct/2009:18:51:39 +0200] "GET /pium/ HTTP/1.1" 200 12743 "-" "Mozilla/5.0 (X11; U; Linux i686; pl-PL; rv:1.9.0.14) Gecko/2009090216 Ubuntu/9.04 (jaunty) Firefox/3.0.14" "-"
212.77.100.47 - - [11/Oct/2009:18:51:40 +0200] "GET /tk/UNIXhelp1.3/Pages/index/id.html HTTP/1.1" 304 - "-" "NetSprint -- 3.0" "-"
212.77.100.47 - - [11/Oct/2009:18:51:45 +0200] "GET /tk/UNIXhelp1.3/Pages/index/ia.html HTTP/1.1" 304 - "-" "NetSprint -- 3.0" "-"
