83.7.249.247 - - [11/Oct/2009:13:32:30 +0200] "GET /pium/instrukcje/pium_0_1-1.pdf HTTP/1.1" 206 18579 "http://neo.dmcs.p.lodz.pl/pium/index.php?strona=10&jezyk=0" "Mozilla/5.0 (Windows; U; Windows NT 6.0; pl; rv:1.9.0.14) Gecko/2009082707 Firefox/3.0.14 (.NET CLR 3.5.30729)" "-"
153.19.210.159 - - [11/Oct/2009:13:32:37 +0200] "HEAD /favicon.ico HTTP/1.1" 404 0 "-" "Mozilla/5.0 (X11; U; Linux i686; pl; rv:1.9.1.3) Gecko/20090824 Firefox/3.5.3" "-"
83.7.249.247 - - [11/Oct/2009:13:32:37 +0200] "GET /pium/instrukcje/pium_0_1-1.pdf HTTP/1.1" 206 889339 "-" "Mozilla/5.0 (Windows; U; Windows NT 6.0; pl; rv:1.9.0.14) Gecko/2009082707 Firefox/3.0.14 (.NET CLR 3.5.30729)" "-"
91.146.204.8 - - [11/Oct/2009:13:32:44 +0200] "GET /tpp/06_Domieszkowanie.pdf HTTP/1.1" 200 297028 "http://www.google.com/search?ie=UTF-8&oe=UTF-8&sourceid=navclient&gfns=1&q=domieszkowanie+krzemu" "Mozilla/5.0 (Windows; U; Windows NT 5.1; pl; rv:1.9.0.14) Gecko/2009082707 Firefox/3.0.14 (.NET CLR 3.5.30729)" "-"
91.146.204.8 - - [11/Oct/2009:13:32:44 +0200] "GET /tpp/06_Domieszkowanie.pdf HTTP/1.1" 206 4312 "-" "Mozilla/5.0 (Windows; U; Windows NT 5.1; pl; rv:1.9.0.14) Gecko/2009082707 Firefox/3.0.14 (.NET CLR 3.5.30729)" "-"
91.146.204.8 - - [11/Oct/2009:13:32:44 +0200] "GET /favicon.ico HTTP/1.1" 404 292 "-" "Mozilla/5.0 (Windows; U; Windows NT 5.1; pl; rv:1.9.0.14) Gecko/2009082707 Firefox/3.0.14 (.NET CLR 3.5.30729)" "-"
91.146.204.8 - - [11/Oct/2009:13:32:47 +0200] "GET /favicon.ico HTTP/1.1" 404 292 "-" "Mozilla/5.0 (Windows; U; Windows NT 5.1; pl; rv:1.9.0.14) Gecko/2009082707 Firefox/3.0.14 (.NET CLR 3.5.30729)" "-"
91.146.204.8 - - [11/Oct/2009:13:32:50 +0200] "GET /tpp/06_Domieszkowanie.pdf HTTP/1.1" 206 2980485 "-" "Mozilla/5.0 (Windows; U; Windows NT 5.1; pl; rv:1.9.0.14) Gecko/2009082707 Firefox/3.0.14 (.NET CLR 3.5.30729)" "-"
10.0.8.11 - - [11/Oct/2009:13:33:30 +0200] "GET /~sakowicz/podyplomowe HTTP/1.1" 301 325 "-" "Mozilla/4.0 (compatible; MSIE 6.0; Windows NT 5.1; SV1)" "-"
10.0.8.11 - - [11/Oct/2009:13:33:30 +0200] "GET /~sakowicz/podyplomowe/ HTTP/1.1" 304 - "-" "Mozilla/4.0 (compatible; MSIE 6.0; Windows NT 5.1; SV1)" "-"
88.156.180.244 - - [11/Oct/2009:13:33:41 +0200] "GET /mikro_kurs/microwind/bramki.html HTTP/1.1" 200 12492 "http://www.google.pl/url?sa=t&source=web&ct=res&cd=4&ved=0CBoQFjAD&url=http%3A%2F%2Fneo.dmcs.p.lodz.pl%2Fmikro_kurs%2Fmicrowind%2Fbramki.html&ei=P8LRSuuJLIzFsgac8LSPBA&rct=j&q=schemat+bramki+antykradzie%C5%BCowej&usg=AFQjCNEkvk6TZBLSr1NkrebtzoAK4fSXRw" "Mozilla/5.0 (Windows; U; Windows NT 6.0; pl; rv:1.9.1.3) Gecko/20090824 Firefox/3.5.3 (.NET CLR 3.5.30729)" "-"
88.156.180.244 - - [11/Oct/2009:13:33:41 +0200] "GET /mikro_kurs/microwind/style.css HTTP/1.1" 200 1143 "http://neo.dmcs.p.lodz.pl/mikro_kurs/microwind/bramki.html" "Mozilla/5.0 (Windows; U; Windows NT 6.0; pl; rv:1.9.1.3) Gecko/20090824 Firefox/3.5.3 (.NET CLR 3.5.30729)" "-"
88.156.180.244 - - [11/Oct/2009:13:33:41 +0200] "GET /mikro_kurs/images/micro/nand.gif HTTP/1.1" 200 2608 "http://neo.dmcs.p.lodz.pl/mikro_kurs/microwind/bramki.html" "Mozilla/5.0 (Windows; U; Windows NT 6.0; pl; rv:1.9.1.3) Gecko/20090824 Firefox/3.5.3 (.NET CLR 3.5.30729)" "-"
88.156.180.244 - - [11/Oct/2009:13:33:41 +0200] "GET /mikro_kurs/images/micro/xor.gif HTTP/1.1" 200 2332 "http://neo.dmcs.p.lodz.pl/mikro_kurs/microwind/bramki.html" "Mozilla/5.0 (Windows; U; Windows NT 6.0; pl; rv:1.9.1.3) Gecko/20090824 Firefox/3.5.3 (.NET CLR 3.5.30729)" "-"
88.156.180.244 - - [11/Oct/2009:13:33:41 +0200] "GET /mikro_kurs/images/micro/nor.gif HTTP/1.1" 200 2044 "http://neo.dmcs.p.lodz.pl/mikro_kurs/microwind/bramki.html" "Mozilla/5.0 (Windows; U; Windows NT 6.0; pl; rv:1.9.1.3) Gecko/20090824 Firefox/3.5.3 (.NET CLR 3.5.30729)" "-"
88.156.180.244 - - [11/Oct/2009:13:33:41 +0200] "GET /mikro_kurs/images/ikony/left.gif HTTP/1.1" 200 2233 "http://neo.dmcs.p.lodz.pl/mikro_kurs/microwind/bramki.html" "Mozilla/5.0 (Windows; U; Windows NT 6.0; pl; rv:1.9.1.3) Gecko/20090824 Firefox/3.5.3 (.NET CLR 3.5.30729)" "-"
88.156.180.244 - - [11/Oct/2009:13:33:41 +0200] "GET /mikro_kurs/images/ikony/right.gif HTTP/1.1" 200 2229 "http://neo.dmcs.p.lodz.pl/mikro_kurs/microwind/bramki.html" "Mozilla/5.0 (Windows; U; Windows NT 6.0; pl; rv:1.9.1.3) Gecko/20090824 Firefox/3.5.3 (.NET CLR 3.5.30729)" "-"
88.156.180.244 - - [11/Oct/2009:13:33:41 +0200] "GET /mikro_kurs/images/micro/nor_sym.gif HTTP/1.1" 200 38185 "http://neo.dmcs.p.lodz.pl/mikro_kurs/microwind/bramki.html" "Mozilla/5.0 (Windows; U; Windows NT 6.0; pl; rv:1.9.1.3) Gecko/20090824 Firefox/3.5.3 (.NET CLR 3.5.30729)" "-"
88.156.180.244 - - [11/Oct/2009:13:33:41 +0200] "GET /mikro_kurs/images/micro/nand_sym.gif HTTP/1.1" 200 35349 "http://neo.dmcs.p.lodz.pl/mikro_kurs/microwind/bramki.html" "Mozilla/5.0 (Windows; U; Windows NT 6.0; pl; rv:1.9.1.3) Gecko/20090824 Firefox/3.5.3 (.NET CLR 3.5.30729)" "-"
88.156.180.244 - - [11/Oct/2009:13:33:41 +0200] "GET /mikro_kurs/images/micro/xor_sym.gif HTTP/1.1" 200 36684 "http://neo.dmcs.p.lodz.pl/mikro_kurs/microwind/bramki.html" "Mozilla/5.0 (Windows; U; Windows NT 6.0; pl; rv:1.9.1.3) Gecko/20090824 Firefox/3.5.3 (.NET CLR 3.5.30729)" "-"
88.156.180.244 - - [11/Oct/2009:13:33:41 +0200] "GET /favicon.ico HTTP/1.1" 404 292 "-" "Mozilla/5.0 (Windows; U; Windows NT 6.0; pl; rv:1.9.1.3) Gecko/20090824 Firefox/3.5.3 (.NET CLR 3.5.30729)" "-"
88.156.180.244 - - [11/Oct/2009:13:33:44 +0200] "GET /favicon.ico HTTP/1.1" 404 292 "-" "Mozilla/5.0 (Windows; U; Windows NT 6.0; pl; rv:1.9.1.3) Gecko/20090824 Firefox/3.5.3 (.NET CLR 3.5.30729)" "-"
10.0.8.11 - - [11/Oct/2009:13:33:51 +0200] "GET /~sakowicz/podyplomowe/pokl_www_podstawy_html.ppt HTTP/1.1" 200 3678720 "http://lux.dmcs.pl/~sakowicz/podyplomowe/" "Mozilla/4.0 (compatible; MSIE 6.0; Windows NT 5.1; SV1)" "-"
88.156.180.244 - - [11/Oct/2009:13:33:57 +0200] "GET /mikro_kurs/microwind/komp.html HTTP/1.1" 200 1590 "http://neo.dmcs.p.lodz.pl/mikro_kurs/microwind/bramki.html" "Mozilla/5.0 (Windows; U; Windows NT 6.0; pl; rv:1.9.1.3) Gecko/20090824 Firefox/3.5.3 (.NET CLR 3.5.30729)" "-"
88.156.180.244 - - [11/Oct/2009:13:33:57 +0200] "GET /mikro_kurs/images/micro/komp.gif HTTP/1.1" 200 5520 "http://neo.dmcs.p.lodz.pl/mikro_kurs/microwind/komp.html" "Mozilla/5.0 (Windows; U; Windows NT 6.0; pl; rv:1.9.1.3) Gecko/20090824 Firefox/3.5.3 (.NET CLR 3.5.30729)" "-"
88.156.180.244 - - [11/Oct/2009:13:33:57 +0200] "GET /mikro_kurs/images/micro/sumator.gif HTTP/1.1" 200 15982 "http://neo.dmcs.p.lodz.pl/mikro_kurs/microwind/komp.html" "Mozilla/5.0 (Windows; U; Windows NT 6.0; pl; rv:1.9.1.3) Gecko/20090824 Firefox/3.5.3 (.NET CLR 3.5.30729)" "-"
88.156.180.244 - - [11/Oct/2009:13:33:57 +0200] "GET /mikro_kurs/images/ikony/home.gif HTTP/1.1" 200 20220 "http://neo.dmcs.p.lodz.pl/mikro_kurs/microwind/komp.html" "Mozilla/5.0 (Windows; U; Windows NT 6.0; pl; rv:1.9.1.3) Gecko/20090824 Firefox/3.5.3 (.NET CLR 3.5.30729)" "-"
10.0.8.11 - - [11/Oct/2009:13:34:25 +0200] "GET /~sakowicz/podyplomowe/pokl_www_podstawy_html.ppt HTTP/1.1" 200 3678720 "-" "Mozilla/4.0 (compatible; MSIE 6.0; Windows NT 5.1; SV1)" "-"
92.74.186.92 - - [11/Oct/2009:13:34:27 +0200] "GET /tm/pdf/sfh5110.pdf HTTP/1.1" 200 65558 "http://www.google.com/search?hl=de&rls=com.microsoft:de:IE-SearchBox&rlz=1I7GFRE_de&q=ir+remote+codes+satellite+receiver&start=10&sa=N" "Mozilla/4.0 (compatible; MSIE 8.0; Windows NT 6.0; Trident/4.0; GTB6; SLCC1; .NET CLR 2.0.50727; Media Center PC 5.0; MDDC; .NET CLR 1.1.4322; .NET CLR 3.5.30729; .NET CLR 3.0.30729)" "-"
66.249.65.212 - - [11/Oct/2009:13:35:27 +0200] "GET /tk/UNIXhelp1.3/Pages/mail/four.4.html HTTP/1.1" 200 1052 "-" "Mozilla/5.0 (compatible; Googlebot/2.1; +http://www.google.com/bot.html)" "-"
66.249.65.209 - - [11/Oct/2009:13:35:28 +0200] "GET /isbd/php/doc/polish_many/function.mcal-fetch-current-stream-event.html HTTP/1.1" 304 - "-" "Mozilla/5.0 (compatible; Googlebot/2.1; +http://www.google.com/bot.html)" "-"
77.251.232.11 - - [11/Oct/2009:13:35:36 +0200] "GET /graphics/animate/ear.gif HTTP/1.1" 200 8699 "http://mijn.favos.nl/" "Mozilla/4.0 (compatible; MSIE 6.0; Windows NT 5.1; SV1; GTB6; InfoPath.1; Geoptimaliseerd voor MSN;NL; .NET CLR 1.1.4322; Geoptimaliseerd voor MSN;NL)" "-"
65.55.106.181 - - [11/Oct/2009:13:35:45 +0200] "GET /nppm/instrukcja_przelaczanie_tranzystora_igbt.sxw HTTP/1.1" 304 - "-" "msnbot/2.0b (+http://search.msn.com/msnbot.htm)" "-"
79.184.119.228 - - [11/Oct/2009:13:36:04 +0200] "GET /isbd/php/doc/polish_many/install.windows.html HTTP/1.1" 200 35527 "http://www.google.pl/search?hl=pl&client=firefox-a&channel=s&rls=org.mozilla%3Apl%3Aofficial&q=jak+zainstalowa%C4%87+c%2B%2B+gnu+w+windows&btnG=Szukaj&lr=" "Mozilla/5.0 (Windows; U; Windows NT 6.0; pl; rv:1.9.1.3) Gecko/20090824 Firefox/3.5.3" "-"
79.184.119.228 - - [11/Oct/2009:13:36:05 +0200] "GET /isbd/php/doc/polish_many/install.apache.html HTTP/1.1" 200 13222 "http://neo.dmcs.p.lodz.pl/isbd/php/doc/polish_many/install.windows.html" "Mozilla/5.0 (Windows; U; Windows NT 6.0; pl; rv:1.9.1.3) Gecko/20090824 Firefox/3.5.3" "-"
79.184.119.228 - - [11/Oct/2009:13:36:05 +0200] "GET /favicon.ico HTTP/1.1" 404 292 "-" "Mozilla/5.0 (Windows; U; Windows NT 6.0; pl; rv:1.9.1.3) Gecko/20090824 Firefox/3.5.3" "-"
79.184.119.228 - - [11/Oct/2009:13:36:08 +0200] "GET /favicon.ico HTTP/1.1" 404 292 "-" "Mozilla/5.0 (Windows; U; Windows NT 6.0; pl; rv:1.9.1.3) Gecko/20090824 Firefox/3.5.3" "-"
65.55.230.206 - - [11/Oct/2009:13:36:24 +0200] "GET /robots.txt HTTP/1.1" 200 67 "-" "Mozilla/4.0" "-"
65.55.230.206 - - [11/Oct/2009:13:36:24 +0200] "GET /~ciota/ HTTP/1.1" 200 890 "-" "Mozilla/4.0" "-"
85.89.183.32 - - [11/Oct/2009:13:36:28 +0200] "GET /~spcsym/html/PSPICE_opis_files/image001.gif HTTP/1.1" 200 2851 "http://neo.dmcs.p.lodz.pl/~spcsym/html/PSPICE_opis.html" "Opera/9.64 (Windows NT 5.1; U; pl) Presto/2.1.1" "-"
85.89.183.32 - - [11/Oct/2009:13:36:28 +0200] "GET /~spcsym/html/PSPICE_opis_files/image005.gif HTTP/1.1" 200 620 "http://neo.dmcs.p.lodz.pl/~spcsym/html/PSPICE_opis.html" "Opera/9.64 (Windows NT 5.1; U; pl) Presto/2.1.1" "-"
85.89.183.32 - - [11/Oct/2009:13:36:28 +0200] "GET /~spcsym/html/PSPICE_opis.html HTTP/1.1" 200 93896 "http://www.google.com/search?client=opera&rls=pl&q=pspice&sourceid=opera&ie=utf-8&oe=utf-8" "Opera/9.64 (Windows NT 5.1; U; pl) Presto/2.1.1" "-"
85.89.183.32 - - [11/Oct/2009:13:36:28 +0200] "GET /~spcsym/html/PSPICE_opis_files/image004.gif HTTP/1.1" 200 435 "http://neo.dmcs.p.lodz.pl/~spcsym/html/PSPICE_opis.html" "Opera/9.64 (Windows NT 5.1; U; pl) Presto/2.1.1" "-"
85.89.183.32 - - [11/Oct/2009:13:36:28 +0200] "GET /~spcsym/html/PSPICE_opis_files/image008.gif HTTP/1.1" 200 597 "http://neo.dmcs.p.lodz.pl/~spcsym/html/PSPICE_opis.html" "Opera/9.64 (Windows NT 5.1; U; pl) Presto/2.1.1" "-"
85.89.183.32 - - [11/Oct/2009:13:36:28 +0200] "GET /~spcsym/html/PSPICE_opis_files/image009.gif HTTP/1.1" 200 643 "http://neo.dmcs.p.lodz.pl/~spcsym/html/PSPICE_opis.html" "Opera/9.64 (Windows NT 5.1; U; pl) Presto/2.1.1" "-"
85.89.183.32 - - [11/Oct/2009:13:36:28 +0200] "GET /~spcsym/html/PSPICE_opis_files/image012.gif HTTP/1.1" 200 293 "http://neo.dmcs.p.lodz.pl/~spcsym/html/PSPICE_opis.html" "Opera/9.64 (Windows NT 5.1; U; pl) Presto/2.1.1" "-"
85.89.183.32 - - [11/Oct/2009:13:36:28 +0200] "GET /~spcsym/html/PSPICE_opis_files/image002.gif HTTP/1.1" 200 520 "http://neo.dmcs.p.lodz.pl/~spcsym/html/PSPICE_opis.html" "Opera/9.64 (Windows NT 5.1; U; pl) Presto/2.1.1" "-"
85.89.183.32 - - [11/Oct/2009:13:36:28 +0200] "GET /~spcsym/html/PSPICE_opis_files/image003.gif HTTP/1.1" 200 447 "http://neo.dmcs.p.lodz.pl/~spcsym/html/PSPICE_opis.html" "Opera/9.64 (Windows NT 5.1; U; pl) Presto/2.1.1" "-"
85.89.183.32 - - [11/Oct/2009:13:36:28 +0200] "GET /~spcsym/html/PSPICE_opis_files/image013.gif HTTP/1.1" 200 264 "http://neo.dmcs.p.lodz.pl/~spcsym/html/PSPICE_opis.html" "Opera/9.64 (Windows NT 5.1; U; pl) Presto/2.1.1" "-"
85.89.183.32 - - [11/Oct/2009:13:36:28 +0200] "GET /~spcsym/html/PSPICE_opis_files/image016.gif HTTP/1.1" 200 2093 "http://neo.dmcs.p.lodz.pl/~spcsym/html/PSPICE_opis.html" "Opera/9.64 (Windows NT 5.1; U; pl) Presto/2.1.1" "-"
85.89.183.32 - - [11/Oct/2009:13:36:28 +0200] "GET /~spcsym/html/PSPICE_opis_files/image017.gif HTTP/1.1" 200 2786 "http://neo.dmcs.p.lodz.pl/~spcsym/html/PSPICE_opis.html" "Opera/9.64 (Windows NT 5.1; U; pl) Presto/2.1.1" "-"
85.89.183.32 - - [11/Oct/2009:13:36:29 +0200] "GET /~spcsym/html/PSPICE_opis_files/image006.gif HTTP/1.1" 200 512 "http://neo.dmcs.p.lodz.pl/~spcsym/html/PSPICE_opis.html" "Opera/9.64 (Windows NT 5.1; U; pl) Presto/2.1.1" "-"
85.89.183.32 - - [11/Oct/2009:13:36:29 +0200] "GET /~spcsym/html/PSPICE_opis_files/image010.gif HTTP/1.1" 200 622 "http://neo.dmcs.p.lodz.pl/~spcsym/html/PSPICE_opis.html" "Opera/9.64 (Windows NT 5.1; U; pl) Presto/2.1.1" "-"
85.89.183.32 - - [11/Oct/2009:13:36:29 +0200] "GET /~spcsym/html/PSPICE_opis_files/image007.gif HTTP/1.1" 200 618 "http://neo.dmcs.p.lodz.pl/~spcsym/html/PSPICE_opis.html" "Opera/9.64 (Windows NT 5.1; U; pl) Presto/2.1.1" "-"
85.89.183.32 - - [11/Oct/2009:13:36:29 +0200] "GET /~spcsym/html/PSPICE_opis_files/image011.gif HTTP/1.1" 200 468 "http://neo.dmcs.p.lodz.pl/~spcsym/html/PSPICE_opis.html" "Opera/9.64 (Windows NT 5.1; U; pl) Presto/2.1.1" "-"
85.89.183.32 - - [11/Oct/2009:13:36:29 +0200] "GET /~spcsym/html/PSPICE_opis_files/image014.gif HTTP/1.1" 200 334 "http://neo.dmcs.p.lodz.pl/~spcsym/html/PSPICE_opis.html" "Opera/9.64 (Windows NT 5.1; U; pl) Presto/2.1.1" "-"
85.89.183.32 - - [11/Oct/2009:13:36:29 +0200] "GET /~spcsym/html/PSPICE_opis_files/image015.gif HTTP/1.1" 200 341 "http://neo.dmcs.p.lodz.pl/~spcsym/html/PSPICE_opis.html" "Opera/9.64 (Windows NT 5.1; U; pl) Presto/2.1.1" "-"
85.89.183.32 - - [11/Oct/2009:13:36:29 +0200] "GET /~spcsym/html/PSPICE_opis_files/image014.gif HTTP/1.1" 200 334 "http://neo.dmcs.p.lodz.pl/~spcsym/html/PSPICE_opis.html" "Opera/9.64 (Windows NT 5.1; U; pl) Presto/2.1.1" "-"
85.89.183.32 - - [11/Oct/2009:13:36:29 +0200] "GET /~spcsym/html/PSPICE_opis_files/image015.gif HTTP/1.1" 200 341 "http://neo.dmcs.p.lodz.pl/~spcsym/html/PSPICE_opis.html" "Opera/9.64 (Windows NT 5.1; U; pl) Presto/2.1.1" "-"
85.89.183.32 - - [11/Oct/2009:13:36:29 +0200] "GET /~spcsym/html/PSPICE_opis_files/image010.gif HTTP/1.1" 200 622 "http://neo.dmcs.p.lodz.pl/~spcsym/html/PSPICE_opis.html" "Opera/9.64 (Windows NT 5.1; U; pl) Presto/2.1.1" "-"
85.89.183.32 - - [11/Oct/2009:13:36:29 +0200] "GET /~spcsym/html/PSPICE_opis_files/image011.gif HTTP/1.1" 200 468 "http://neo.dmcs.p.lodz.pl/~spcsym/html/PSPICE_opis.html" "Opera/9.64 (Windows NT 5.1; U; pl) Presto/2.1.1" "-"
85.89.183.32 - - [11/Oct/2009:13:36:29 +0200] "GET /favicon.ico HTTP/1.1" 404 292 "http://neo.dmcs.p.lodz.pl/~spcsym/html/PSPICE_opis.html" "Opera/9.64 (Windows NT 5.1; U; pl) Presto/2.1.1" "-"
80.54.202.3 - - [11/Oct/2009:13:36:46 +0200] "GET /aisd/struktura_programu_PASCAL.pdf HTTP/1.1" 200 669067 "http://www.google.pl/search?hl=pl&lr=&ei=jMLRSr3-AsGN_AbM2PnYAg&sa=X&oi=spell&resnum=0&ct=result&cd=1&ved=0CAQQBSgA&q=instrukcja+iteracyjna+repeat&spell=1" "Opera/9.80 (Windows NT 5.1; U; pl) Presto/2.2.15 Version/10.00" "-"
82.122.36.46 - - [11/Oct/2009:13:36:53 +0200] "GET /inf5/06_07/4/indeks.html HTTP/1.1" 200 2910 "http://www.google.fr/imgres?imgurl=http://neo.dmcs.p.lodz.pl/inf5/06_07/4/sayuri.jpg&imgrefurl=http://neo.dmcs.p.lodz.pl/inf5/06_07/4/indeks.html&h=457&w=296&sz=123&tbnid=TZVb8nW5dZMXTM:&tbnh=128&tbnw=83&prev=/images%3Fq%3Dgeisha&hl=fr&usg=__BH6PyumwIbDr3R20l3ktAxsu4Po=&ei=OsDRSvbDD5L34AbH9siCAw&sa=X&oi=image_result&resnum=8&ct=image&ved=0CB0Q9QEwBw" "Mozilla/5.0 (Windows; U; Windows NT 5.1; fr; rv:1.9.0.14) Gecko/2009082707 Firefox/3.0.14 (.NET CLR 3.5.30729)" "-"
82.122.36.46 - - [11/Oct/2009:13:36:53 +0200] "GET /inf5/06_07/4/2t.jpg HTTP/1.1" 200 3674 "http://neo.dmcs.p.lodz.pl/inf5/06_07/4/indeks.html" "Mozilla/5.0 (Windows; U; Windows NT 5.1; fr; rv:1.9.0.14) Gecko/2009082707 Firefox/3.0.14 (.NET CLR 3.5.30729)" "-"
82.122.36.46 - - [11/Oct/2009:13:36:54 +0200] "GET /inf5/06_07/4/2t.jpg HTTP/1.1" 200 3674 "http://neo.dmcs.p.lodz.pl/inf5/06_07/4/indeks.html" "Mozilla/5.0 (Windows; U; Windows NT 5.1; fr; rv:1.9.0.14) Gecko/2009082707 Firefox/3.0.14 (.NET CLR 3.5.30729)" "-"
82.122.36.46 - - [11/Oct/2009:13:36:54 +0200] "GET /inf5/06_07/4/index.jpg HTTP/1.1" 200 1588 "http://neo.dmcs.p.lodz.pl/inf5/06_07/4/indeks.html" "Mozilla/5.0 (Windows; U; Windows NT 5.1; fr; rv:1.9.0.14) Gecko/2009082707 Firefox/3.0.14 (.NET CLR 3.5.30729)" "-"
82.122.36.46 - - [11/Oct/2009:13:36:54 +0200] "GET /inf5/06_07/4/geisha.jpg HTTP/1.1" 200 1552 "http://neo.dmcs.p.lodz.pl/inf5/06_07/4/indeks.html" "Mozilla/5.0 (Windows; U; Windows NT 5.1; fr; rv:1.9.0.14) Gecko/2009082707 Firefox/3.0.14 (.NET CLR 3.5.30729)" "-"
82.122.36.46 - - [11/Oct/2009:13:36:54 +0200] "GET /inf5/06_07/4/panoplie.jpg HTTP/1.1" 200 1745 "http://neo.dmcs.p.lodz.pl/inf5/06_07/4/indeks.html" "Mozilla/5.0 (Windows; U; Windows NT 5.1; fr; rv:1.9.0.14) Gecko/2009082707 Firefox/3.0.14 (.NET CLR 3.5.30729)" "-"
82.122.36.46 - - [11/Oct/2009:13:36:54 +0200] "GET /inf5/06_07/4/maquillage.jpg HTTP/1.1" 200 2238 "http://neo.dmcs.p.lodz.pl/inf5/06_07/4/indeks.html" "Mozilla/5.0 (Windows; U; Windows NT 5.1; fr; rv:1.9.0.14) Gecko/2009082707 Firefox/3.0.14 (.NET CLR 3.5.30729)" "-"
82.122.36.46 - - [11/Oct/2009:13:36:54 +0200] "GET /inf5/06_07/4/coiffure.jpg HTTP/1.1" 200 1822 "http://neo.dmcs.p.lodz.pl/inf5/06_07/4/indeks.html" "Mozilla/5.0 (Windows; U; Windows NT 5.1; fr; rv:1.9.0.14) Gecko/2009082707 Firefox/3.0.14 (.NET CLR 3.5.30729)" "-"
82.122.36.46 - - [11/Oct/2009:13:36:54 +0200] "GET /inf5/06_07/4/kimono.jpg HTTP/1.1" 200 1534 "http://neo.dmcs.p.lodz.pl/inf5/06_07/4/indeks.html" "Mozilla/5.0 (Windows; U; Windows NT 5.1; fr; rv:1.9.0.14) Gecko/2009082707 Firefox/3.0.14 (.NET CLR 3.5.30729)" "-"
82.122.36.46 - - [11/Oct/2009:13:36:54 +0200] "GET /inf5/06_07/4/obi.jpg HTTP/1.1" 200 1056 "http://neo.dmcs.p.lodz.pl/inf5/06_07/4/indeks.html" "Mozilla/5.0 (Windows; U; Windows NT 5.1; fr; rv:1.9.0.14) Gecko/2009082707 Firefox/3.0.14 (.NET CLR 3.5.30729)" "-"
82.122.36.46 - - [11/Oct/2009:13:36:54 +0200] "GET /inf5/06_07/4/chaussures.jpg HTTP/1.1" 200 2209 "http://neo.dmcs.p.lodz.pl/inf5/06_07/4/indeks.html" "Mozilla/5.0 (Windows; U; Windows NT 5.1; fr; rv:1.9.0.14) Gecko/2009082707 Firefox/3.0.14 (.NET CLR 3.5.30729)" "-"
82.122.36.46 - - [11/Oct/2009:13:36:54 +0200] "GET /inf5/06_07/4/accessoires.jpg HTTP/1.1" 200 2302 "http://neo.dmcs.p.lodz.pl/inf5/06_07/4/indeks.html" "Mozilla/5.0 (Windows; U; Windows NT 5.1; fr; rv:1.9.0.14) Gecko/2009082707 Firefox/3.0.14 (.NET CLR 3.5.30729)" "-"
82.122.36.46 - - [11/Oct/2009:13:36:54 +0200] "GET /inf5/06_07/4/role.jpg HTTP/1.1" 200 1254 "http://neo.dmcs.p.lodz.pl/inf5/06_07/4/indeks.html" "Mozilla/5.0 (Windows; U; Windows NT 5.1; fr; rv:1.9.0.14) Gecko/2009082707 Firefox/3.0.14 (.NET CLR 3.5.30729)" "-"
82.122.36.46 - - [11/Oct/2009:13:36:54 +0200] "GET /inf5/06_07/4/danse.jpg HTTP/1.1" 200 1437 "http://neo.dmcs.p.lodz.pl/inf5/06_07/4/indeks.html" "Mozilla/5.0 (Windows; U; Windows NT 5.1; fr; rv:1.9.0.14) Gecko/2009082707 Firefox/3.0.14 (.NET CLR 3.5.30729)" "-"
82.122.36.46 - - [11/Oct/2009:13:36:54 +0200] "GET /inf5/06_07/4/musique.jpg HTTP/1.1" 200 1786 "http://neo.dmcs.p.lodz.pl/inf5/06_07/4/indeks.html" "Mozilla/5.0 (Windows; U; Windows NT 5.1; fr; rv:1.9.0.14) Gecko/2009082707 Firefox/3.0.14 (.NET CLR 3.5.30729)" "-"
82.122.36.46 - - [11/Oct/2009:13:36:54 +0200] "GET /inf5/06_07/4/danna.jpg HTTP/1.1" 200 1432 "http://neo.dmcs.p.lodz.pl/inf5/06_07/4/indeks.html" "Mozilla/5.0 (Windows; U; Windows NT 5.1; fr; rv:1.9.0.14) Gecko/2009082707 Firefox/3.0.14 (.NET CLR 3.5.30729)" "-"
82.122.36.46 - - [11/Oct/2009:13:36:54 +0200] "GET /inf5/06_07/4/curiosites.jpg HTTP/1.1" 200 2131 "http://neo.dmcs.p.lodz.pl/inf5/06_07/4/indeks.html" "Mozilla/5.0 (Windows; U; Windows NT 5.1; fr; rv:1.9.0.14) Gecko/2009082707 Firefox/3.0.14 (.NET CLR 3.5.30729)" "-"
82.122.36.46 - - [11/Oct/2009:13:36:54 +0200] "GET /inf5/06_07/4/liens.jpg HTTP/1.1" 200 1269 "http://neo.dmcs.p.lodz.pl/inf5/06_07/4/indeks.html" "Mozilla/5.0 (Windows; U; Windows NT 5.1; fr; rv:1.9.0.14) Gecko/2009082707 Firefox/3.0.14 (.NET CLR 3.5.30729)" "-"
82.122.36.46 - - [11/Oct/2009:13:36:54 +0200] "GET /inf5/06_07/4/grande%20soeur.jpg HTTP/1.1" 200 2540 "http://neo.dmcs.p.lodz.pl/inf5/06_07/4/indeks.html" "Mozilla/5.0 (Windows; U; Windows NT 5.1; fr; rv:1.9.0.14) Gecko/2009082707 Firefox/3.0.14 (.NET CLR 3.5.30729)" "-"
82.122.36.46 - - [11/Oct/2009:13:36:54 +0200] "GET /inf5/06_07/4/bienvenu.jpg HTTP/1.1" 200 3369 "http://neo.dmcs.p.lodz.pl/inf5/06_07/4/indeks.html" "Mozilla/5.0 (Windows; U; Windows NT 5.1; fr; rv:1.9.0.14) Gecko/2009082707 Firefox/3.0.14 (.NET CLR 3.5.30729)" "-"
82.122.36.46 - - [11/Oct/2009:13:36:55 +0200] "GET /inf5/06_07/4/tapetka1.jpg HTTP/1.1" 200 64245 "http://neo.dmcs.p.lodz.pl/inf5/06_07/4/indeks.html" "Mozilla/5.0 (Windows; U; Windows NT 5.1; fr; rv:1.9.0.14) Gecko/2009082707 Firefox/3.0.14 (.NET CLR 3.5.30729)" "-"
82.122.36.46 - - [11/Oct/2009:13:36:55 +0200] "GET /inf5/06_07/4/sayuri.jpg HTTP/1.1" 200 125430 "http://neo.dmcs.p.lodz.pl/inf5/06_07/4/indeks.html" "Mozilla/5.0 (Windows; U; Windows NT 5.1; fr; rv:1.9.0.14) Gecko/2009082707 Firefox/3.0.14 (.NET CLR 3.5.30729)" "-"
85.105.17.20 - - [11/Oct/2009:13:37:56 +0200] "GET /favicon.ico HTTP/1.1" 404 292 "-" "Mozilla/4.0 (compatible; MSIE 7.0; Windows NT 6.0; SLCC1; .NET CLR 2.0.50727; Media Center PC 5.0; InfoPath.2; .NET CLR 3.5.21022; .NET CLR 3.5.30729; .NET CLR 3.0.30618)" "-"
85.105.17.20 - - [11/Oct/2009:13:37:57 +0200] "GET /rta/tutorial_5.pdf HTTP/1.1" 200 328864 "http://www.google.com.tr/search?hl=tr&q=scattering+from+infinite+cylinder&start=10&sa=N" "Mozilla/4.0 (compatible; MSIE 7.0; Windows NT 6.0; SLCC1; .NET CLR 2.0.50727; Media Center PC 5.0; InfoPath.2; .NET CLR 3.5.21022; .NET CLR 3.5.30729; .NET CLR 3.0.30618)" "-"
85.89.166.149 - - [11/Oct/2009:13:38:48 +0200] "GET /pp HTTP/1.1" 301 306 "-" "Mozilla/5.0 (compatible; Konqueror/3.5; Linux 2.6.19; X11) KHTML/3.5.5 (like Gecko) (Debian package 4:3.5.5a.dfsg.1-5)" "-"
85.89.166.149 - - [11/Oct/2009:13:38:48 +0200] "GET /pp/ HTTP/1.1" 200 3949 "-" "Mozilla/5.0 (compatible; Konqueror/3.5; Linux 2.6.19; X11) KHTML/3.5.5 (like Gecko) (Debian package 4:3.5.5a.dfsg.1-5)" "-"
85.89.166.149 - - [11/Oct/2009:13:38:48 +0200] "GET /images/back.jpg HTTP/1.1" 404 289 "http://neo.dmcs.pl/pp/" "Mozilla/5.0 (compatible; Konqueror/3.5; Linux 2.6.19; X11) KHTML/3.5.5 (like Gecko) (Debian package 4:3.5.5a.dfsg.1-5)" "-"
85.89.166.149 - - [11/Oct/2009:13:38:48 +0200] "GET /style.css HTTP/1.1" 200 2000 "http://neo.dmcs.pl/pp/" "Mozilla/5.0 (compatible; Konqueror/3.5; Linux 2.6.19; X11) KHTML/3.5.5 (like Gecko) (Debian package 4:3.5.5a.dfsg.1-5)" "-"
85.89.166.149 - - [11/Oct/2009:13:38:48 +0200] "GET /favicon.ico HTTP/1.1" 404 285 "-" "Mozilla/5.0 (compatible; Konqueror/3.5; Linux 2.6.19; X11) KHTML/3.5.5 (like Gecko) (Debian package 4:3.5.5a.dfsg.1-5)" "-"
85.89.166.149 - - [11/Oct/2009:13:38:53 +0200] "GET /pp/graphmanual-pl.html HTTP/1.1" 200 31472 "http://neo.dmcs.pl/pp/" "Mozilla/5.0 (compatible; Konqueror/3.5; Linux 2.6.19; X11) KHTML/3.5.5 (like Gecko) (Debian package 4:3.5.5a.dfsg.1-5)" "-"
85.89.166.149 - - [11/Oct/2009:13:38:57 +0200] "GET /pp/primlib.tgz HTTP/1.1" 200 1628 "http://neo.dmcs.pl/pp/graphmanual-pl.html" "Mozilla/5.0 (compatible; Konqueror/3.5; Linux 2.6.19; X11) KHTML/3.5.5 (like Gecko) (Debian package 4:3.5.5a.dfsg.1-5)" "-"
87.206.79.181 - - [11/Oct/2009:13:40:08 +0200] "GET /podyplomowe_smtm/smob1/index.html HTTP/1.1" 200 2931 "-" "Mozilla/5.0 (X11; U; Linux i686 (x86_64); pl; rv:1.9.1.3) Gecko/20090824 Firefox/3.5.3" "-"
87.206.79.181 - - [11/Oct/2009:13:40:08 +0200] "GET /style.css HTTP/1.1" 200 2000 "http://neo.dmcs.pl/podyplomowe_smtm/smob1/index.html" "Mozilla/5.0 (X11; U; Linux i686 (x86_64); pl; rv:1.9.1.3) Gecko/20090824 Firefox/3.5.3" "-"
87.206.79.181 - - [11/Oct/2009:13:40:08 +0200] "GET /podyplomowe_smtm/images/back.jpg HTTP/1.1" 404 306 "http://neo.dmcs.pl/podyplomowe_smtm/smob1/index.html" "Mozilla/5.0 (X11; U; Linux i686 (x86_64); pl; rv:1.9.1.3) Gecko/20090824 Firefox/3.5.3" "-"
87.206.79.181 - - [11/Oct/2009:13:40:08 +0200] "GET /favicon.ico HTTP/1.1" 404 285 "-" "Mozilla/5.0 (X11; U; Linux i686 (x86_64); pl; rv:1.9.1.3) Gecko/20090824 Firefox/3.5.3" "-"
87.206.79.181 - - [11/Oct/2009:13:40:11 +0200] "GET /favicon.ico HTTP/1.1" 404 285 "-" "Mozilla/5.0 (X11; U; Linux i686 (x86_64); pl; rv:1.9.1.3) Gecko/20090824 Firefox/3.5.3" "-"
83.26.64.64 - - [11/Oct/2009:13:40:16 +0200] "GET / HTTP/1.1" 200 8370 "-" "Mozilla/5.0 (Windows; U; Windows NT 5.1; pl; rv:1.9.1.3) Gecko/20090824 Firefox/3.5.3 (.NET CLR 3.5.30729)" "-"
83.26.64.64 - - [11/Oct/2009:13:40:18 +0200] "GET /style.css HTTP/1.1" 200 2000 "http://neo.dmcs.pl/" "Mozilla/5.0 (Windows; U; Windows NT 5.1; pl; rv:1.9.1.3) Gecko/20090824 Firefox/3.5.3 (.NET CLR 3.5.30729)" "-"
83.26.64.64 - - [11/Oct/2009:13:40:18 +0200] "GET /images/back.jpg HTTP/1.1" 404 289 "http://neo.dmcs.pl/" "Mozilla/5.0 (Windows; U; Windows NT 5.1; pl; rv:1.9.1.3) Gecko/20090824 Firefox/3.5.3 (.NET CLR 3.5.30729)" "-"
217.113.225.30 - - [11/Oct/2009:13:40:31 +0200] "GET /~sakowicz/podyplomowe/ HTTP/1.1" 200 1036 "-" "Mozilla/4.0 (compatible; MSIE 7.0; Windows NT 6.0; GTB6; User-agent: Mozilla/4.0 (compatible; MSIE 6.0; Windows NT 5.1; SV1; http://bsalsa.com) ; SLCC1; .NET CLR 2.0.50727; Media Center PC 5.0; .NET CLR 3.0.30618; .NET CLR 3.5.30729)" "-"
217.113.225.30 - - [11/Oct/2009:13:40:31 +0200] "GET /favicon.ico HTTP/1.1" 404 285 "-" "Mozilla/4.0 (compatible; MSIE 7.0; Windows NT 6.0; GTB6; User-agent: Mozilla/4.0 (compatible; MSIE 6.0; Windows NT 5.1; SV1; http://bsalsa.com) ; SLCC1; .NET CLR 2.0.50727; Media Center PC 5.0; .NET CLR 3.0.30618; .NET CLR 3.5.30729)" "-"
83.26.64.64 - - [11/Oct/2009:13:40:33 +0200] "GET /pme6/index.html HTTP/1.1" 200 2306 "http://neo.dmcs.pl/" "Mozilla/5.0 (Windows; U; Windows NT 5.1; pl; rv:1.9.1.3) Gecko/20090824 Firefox/3.5.3 (.NET CLR 3.5.30729)" "-"
83.26.64.64 - - [11/Oct/2009:13:40:34 +0200] "GET /pme6/polakmaly.jpg HTTP/1.1" 200 21363 "http://neo.dmcs.pl/pme6/index.html" "Mozilla/5.0 (Windows; U; Windows NT 5.1; pl; rv:1.9.1.3) Gecko/20090824 Firefox/3.5.3 (.NET CLR 3.5.30729)" "-"
83.26.64.64 - - [11/Oct/2009:13:40:34 +0200] "GET /images/back.jpg HTTP/1.1" 404 289 "http://neo.dmcs.pl/pme6/index.html" "Mozilla/5.0 (Windows; U; Windows NT 5.1; pl; rv:1.9.1.3) Gecko/20090824 Firefox/3.5.3 (.NET CLR 3.5.30729)" "-"
83.26.64.64 - - [11/Oct/2009:13:41:04 +0200] "GET /pme6/spice.pdf HTTP/1.1" 200 1097178 "http://neo.dmcs.pl/pme6/index.html" "Mozilla/5.0 (Windows; U; Windows NT 5.1; pl; rv:1.9.1.3) Gecko/20090824 Firefox/3.5.3 (.NET CLR 3.5.30729)" "-"
149.156.157.66 - - [11/Oct/2009:13:41:14 +0200] "GET /tm/dm/TM1w_v5.pdf HTTP/1.1" 200 3335815 "http://www.google.pl/search?hl=pl&safe=active&q=technika+mikroprocesorowa&btnG=Szukaj&lr=" "Opera/9.80 (Windows NT 5.1; U; pl) Presto/2.2.15 Version/10.00" "-"
217.113.225.30 - - [11/Oct/2009:13:41:16 +0200] "GET /~sakowicz/podyplomowe/pokl_www_podstawy_html.ppt HTTP/1.1" 200 3678720 "http://lux.dmcs.pl/~sakowicz/podyplomowe/" "Mozilla/4.0 (compatible; MSIE 7.0; Windows NT 6.0; GTB6; User-agent: Mozilla/4.0 (compatible; MSIE 6.0; Windows NT 5.1; SV1; http://bsalsa.com) ; SLCC1; .NET CLR 2.0.50727; Media Center PC 5.0; .NET CLR 3.0.30618; .NET CLR 3.5.30729)" "-"
153.19.210.159 - - [11/Oct/2009:13:42:40 +0200] "HEAD /favicon.ico HTTP/1.1" 404 0 "-" "Mozilla/5.0 (X11; U; Linux i686; pl; rv:1.9.1.3) Gecko/20090824 Firefox/3.5.3" "-"
217.113.225.30 - - [11/Oct/2009:13:43:16 +0200] "GET /~sakowicz/podyplomowe/pokl_www_podstawy_html.ppt HTTP/1.1" 200 3678720 "http://lux.dmcs.pl/~sakowicz/podyplomowe/" "Mozilla/4.0 (compatible; MSIE 7.0; Windows NT 6.0; GTB6; User-agent: Mozilla/4.0 (compatible; MSIE 6.0; Windows NT 5.1; SV1; http://bsalsa.com) ; SLCC1; .NET CLR 2.0.50727; Media Center PC 5.0; .NET CLR 3.0.30618; .NET CLR 3.5.30729)" "-"
77.253.27.212 - - [11/Oct/2009:13:43:31 +0200] "GET /inf5/04_05/10/moreau.html HTTP/1.1" 200 3137 "http://images.google.pl/imgres?imgurl=http://neo.dmcs.p.lodz.pl/inf5/04_05/10/gustave7.jpg&imgrefurl=http://neo.dmcs.p.lodz.pl/inf5/04_05/10/moreau.html&usg=__KFtFu6SwO_YqZddNL_VhEn8piUM=&h=520&w=300&sz=30&hl=pl&start=25&um=1&tbnid=NYHQVwNWRyagpM:&tbnh=131&tbnw=76&prev=/images%3Fq%3Dgustaw%2Bmoreau%26ndsp%3D18%26hl%3Dpl%26lr%3D%26sa%3DN%26start%3D18%26um%3D1" "Mozilla/4.0 (compatible; MSIE 8.0; Windows NT 5.1; Trident/4.0; Mozilla/4.0 (compatible; MSIE 6.0; Windows NT 5.1; SV1) ; .NET CLR 1.1.4322)" "-"
77.253.27.212 - - [11/Oct/2009:13:43:31 +0200] "GET /inf5/04_05/10/musique.jpg HTTP/1.1" 200 2651 "http://neo.dmcs.p.lodz.pl/inf5/04_05/10/moreau.html" "Mozilla/4.0 (compatible; MSIE 8.0; Windows NT 5.1; Trident/4.0; Mozilla/4.0 (compatible; MSIE 6.0; Windows NT 5.1; SV1) ; .NET CLR 1.1.4322)" "-"
77.253.27.212 - - [11/Oct/2009:13:43:31 +0200] "GET /inf5/04_05/10/bienvenue.jpg HTTP/1.1" 200 3008 "http://neo.dmcs.p.lodz.pl/inf5/04_05/10/moreau.html" "Mozilla/4.0 (compatible; MSIE 8.0; Windows NT 5.1; Trident/4.0; Mozilla/4.0 (compatible; MSIE 6.0; Windows NT 5.1; SV1) ; .NET CLR 1.1.4322)" "-"
77.253.27.212 - - [11/Oct/2009:13:43:31 +0200] "GET /inf5/04_05/10/art.jpg HTTP/1.1" 200 2291 "http://neo.dmcs.p.lodz.pl/inf5/04_05/10/moreau.html" "Mozilla/4.0 (compatible; MSIE 8.0; Windows NT 5.1; Trident/4.0; Mozilla/4.0 (compatible; MSIE 6.0; Windows NT 5.1; SV1) ; .NET CLR 1.1.4322)" "-"
77.253.27.212 - - [11/Oct/2009:13:43:31 +0200] "GET /inf5/04_05/10/photos.jpg HTTP/1.1" 200 2531 "http://neo.dmcs.p.lodz.pl/inf5/04_05/10/moreau.html" "Mozilla/4.0 (compatible; MSIE 8.0; Windows NT 5.1; Trident/4.0; Mozilla/4.0 (compatible; MSIE 6.0; Windows NT 5.1; SV1) ; .NET CLR 1.1.4322)" "-"
77.253.27.212 - - [11/Oct/2009:13:43:31 +0200] "GET /inf5/04_05/10/liens.jpg HTTP/1.1" 200 2370 "http://neo.dmcs.p.lodz.pl/inf5/04_05/10/moreau.html" "Mozilla/4.0 (compatible; MSIE 8.0; Windows NT 5.1; Trident/4.0; Mozilla/4.0 (compatible; MSIE 6.0; Windows NT 5.1; SV1) ; .NET CLR 1.1.4322)" "-"
77.253.27.212 - - [11/Oct/2009:13:43:31 +0200] "GET /inf5/04_05/10/patterns.tla.ciemne.042.jpg HTTP/1.1" 200 13504 "http://neo.dmcs.p.lodz.pl/inf5/04_05/10/moreau.html" "Mozilla/4.0 (compatible; MSIE 8.0; Windows NT 5.1; Trident/4.0; Mozilla/4.0 (compatible; MSIE 6.0; Windows NT 5.1; SV1) ; .NET CLR 1.1.4322)" "-"
77.253.27.212 - - [11/Oct/2009:13:43:31 +0200] "GET /inf5/04_05/10/fire.gif HTTP/1.1" 200 19952 "http://neo.dmcs.p.lodz.pl/inf5/04_05/10/moreau.html" "Mozilla/4.0 (compatible; MSIE 8.0; Windows NT 5.1; Trident/4.0; Mozilla/4.0 (compatible; MSIE 6.0; Windows NT 5.1; SV1) ; .NET CLR 1.1.4322)" "-"
77.253.27.212 - - [11/Oct/2009:13:43:32 +0200] "GET /inf5/04_05/10/gustave.jpg HTTP/1.1" 200 25379 "http://neo.dmcs.p.lodz.pl/inf5/04_05/10/moreau.html" "Mozilla/4.0 (compatible; MSIE 8.0; Windows NT 5.1; Trident/4.0; Mozilla/4.0 (compatible; MSIE 6.0; Windows NT 5.1; SV1) ; .NET CLR 1.1.4322)" "-"
77.253.27.212 - - [11/Oct/2009:13:43:32 +0200] "GET /inf5/04_05/10/gustave2.jpg HTTP/1.1" 200 19465 "http://neo.dmcs.p.lodz.pl/inf5/04_05/10/moreau.html" "Mozilla/4.0 (compatible; MSIE 8.0; Windows NT 5.1; Trident/4.0; Mozilla/4.0 (compatible; MSIE 6.0; Windows NT 5.1; SV1) ; .NET CLR 1.1.4322)" "-"
77.253.27.212 - - [11/Oct/2009:13:43:32 +0200] "GET /inf5/04_05/10/gustave6.jpg HTTP/1.1" 200 25992 "http://neo.dmcs.p.lodz.pl/inf5/04_05/10/moreau.html" "Mozilla/4.0 (compatible; MSIE 8.0; Windows NT 5.1; Trident/4.0; Mozilla/4.0 (compatible; MSIE 6.0; Windows NT 5.1; SV1) ; .NET CLR 1.1.4322)" "-"
77.253.27.212 - - [11/Oct/2009:13:43:32 +0200] "GET /inf5/04_05/10/gustave3.jpg HTTP/1.1" 200 31949 "http://neo.dmcs.p.lodz.pl/inf5/04_05/10/moreau.html" "Mozilla/4.0 (compatible; MSIE 8.0; Windows NT 5.1; Trident/4.0; Mozilla/4.0 (compatible; MSIE 6.0; Windows NT 5.1; SV1) ; .NET CLR 1.1.4322)" "-"
77.253.27.212 - - [11/Oct/2009:13:43:32 +0200] "GET /inf5/04_05/10/gustave4.jpg HTTP/1.1" 200 37488 "http://neo.dmcs.p.lodz.pl/inf5/04_05/10/moreau.html" "Mozilla/4.0 (compatible; MSIE 8.0; Windows NT 5.1; Trident/4.0; Mozilla/4.0 (compatible; MSIE 6.0; Windows NT 5.1; SV1) ; .NET CLR 1.1.4322)" "-"
77.253.27.212 - - [11/Oct/2009:13:43:32 +0200] "GET /inf5/04_05/10/gustave7.jpg HTTP/1.1" 200 30586 "http://neo.dmcs.p.lodz.pl/inf5/04_05/10/moreau.html" "Mozilla/4.0 (compatible; MSIE 8.0; Windows NT 5.1; Trident/4.0; Mozilla/4.0 (compatible; MSIE 6.0; Windows NT 5.1; SV1) ; .NET CLR 1.1.4322)" "-"
77.253.27.212 - - [11/Oct/2009:13:43:32 +0200] "GET /inf5/04_05/10/gustave1.jpg HTTP/1.1" 200 48563 "http://neo.dmcs.p.lodz.pl/inf5/04_05/10/moreau.html" "Mozilla/4.0 (compatible; MSIE 8.0; Windows NT 5.1; Trident/4.0; Mozilla/4.0 (compatible; MSIE 6.0; Windows NT 5.1; SV1) ; .NET CLR 1.1.4322)" "-"
77.253.27.212 - - [11/Oct/2009:13:43:32 +0200] "GET /inf5/04_05/10/gustave5.jpg HTTP/1.1" 200 39513 "http://neo.dmcs.p.lodz.pl/inf5/04_05/10/moreau.html" "Mozilla/4.0 (compatible; MSIE 8.0; Windows NT 5.1; Trident/4.0; Mozilla/4.0 (compatible; MSIE 6.0; Windows NT 5.1; SV1) ; .NET CLR 1.1.4322)" "-"
77.253.27.212 - - [11/Oct/2009:13:43:33 +0200] "GET /favicon.ico HTTP/1.1" 404 292 "-" "Mozilla/4.0 (compatible; MSIE 8.0; Windows NT 5.1; Trident/4.0; Mozilla/4.0 (compatible; MSIE 6.0; Windows NT 5.1; SV1) ; .NET CLR 1.1.4322)" "-"
66.249.65.212 - - [11/Oct/2009:13:43:33 +0200] "GET /isbd/php/doc/polish_many/pcre.pattern.syntax.html HTTP/1.1" 200 121072 "-" "Mozilla/5.0 (compatible; Googlebot/2.1; +http://www.google.com/bot.html)" "-"
83.7.249.247 - - [11/Oct/2009:13:43:35 +0200] "GET /pium/instrukcje/pium_2_5-2.pdf HTTP/1.1" 206 28800 "http://neo.dmcs.p.lodz.pl/pium/index.php?strona=10&jezyk=0" "Mozilla/5.0 (Windows; U; Windows NT 6.0; pl; rv:1.9.0.14) Gecko/2009082707 Firefox/3.0.14 (.NET CLR 3.5.30729)" "-"
83.7.249.247 - - [11/Oct/2009:13:43:42 +0200] "GET /pium/instrukcje/pium_2_5-2.pdf HTTP/1.1" 206 872974 "-" "Mozilla/5.0 (Windows; U; Windows NT 6.0; pl; rv:1.9.0.14) Gecko/2009082707 Firefox/3.0.14 (.NET CLR 3.5.30729)" "-"
66.249.65.212 - - [11/Oct/2009:13:43:48 +0200] "GET /poe/index.html HTTP/1.1" 304 - "-" "Mozilla/5.0 (compatible; Googlebot/2.1; +http://www.google.com/bot.html)" "-"
85.105.17.20 - - [11/Oct/2009:13:43:58 +0200] "GET /rta/tutorial_5.pdf HTTP/1.1" 304 - "-" "Mozilla/4.0 (compatible; MSIE 7.0; Windows NT 6.0; SLCC1; .NET CLR 2.0.50727; Media Center PC 5.0; InfoPath.2; .NET CLR 3.5.21022; .NET CLR 3.5.30729; .NET CLR 3.0.30618)" "-"
217.113.225.30 - - [11/Oct/2009:13:44:16 +0200] "GET /~sakowicz/podyplomowe/pokl_www_podstawy_html.ppt HTTP/1.1" 200 106217 "-" "Mozilla/4.0 (compatible; MSIE 7.0; Windows NT 6.0; GTB6; User-agent: Mozilla/4.0 (compatible; MSIE 6.0; Windows NT 5.1; SV1; http://bsalsa.com) ; SLCC1; .NET CLR 2.0.50727; Media Center PC 5.0; .NET CLR 3.0.30618; .NET CLR 3.5.30729)" "-"
217.113.225.30 - - [11/Oct/2009:13:44:19 +0200] "GET /~sakowicz/podyplomowe/pokl_www_cwiczenie_1_czcionki_i_listy.doc HTTP/1.1" 200 120320 "http://lux.dmcs.pl/~sakowicz/podyplomowe/" "Mozilla/4.0 (compatible; MSIE 7.0; Windows NT 6.0; GTB6; User-agent: Mozilla/4.0 (compatible; MSIE 6.0; Windows NT 5.1; SV1; http://bsalsa.com) ; SLCC1; .NET CLR 2.0.50727; Media Center PC 5.0; .NET CLR 3.0.30618; .NET CLR 3.5.30729)" "-"
188.33.63.160 - - [11/Oct/2009:13:44:22 +0200] "GET /~piotrowi/wdtcim/wyklad2.pdf HTTP/1.1" 200 620729 "http://www.google.pl/url?sa=t&source=web&ct=res&cd=6&ved=0CBIQFjAF&url=http%3A%2F%2Flux.dmcs.pl%2F~piotrowi%2Fwdtcim%2Fwyklad2.pdf&ei=_8TRSrmIM5KL4Qb-prj_Ag&rct=j&q=dope%C5%82nienie+funkcji&usg=AFQjCNFDH5NudDF6v1sn_fiHYSku-DdvPg" "Mozilla/5.0 (X11; U; Linux i686; en-US; rv:1.9.0.14) Gecko/2009091010 Iceweasel/3.0.6 (Debian-3.0.6-3)" "-"
66.249.65.212 - - [11/Oct/2009:13:44:30 +0200] "GET /pium/wyklad/zakres_wyklad_t234_ppm.pdf HTTP/1.1" 200 52759 "-" "Mozilla/5.0 (compatible; Googlebot/2.1; +http://www.google.com/bot.html)" "-"
65.55.207.45 - - [11/Oct/2009:13:44:45 +0200] "GET /pvlsi/lab7.doc HTTP/1.1" 304 - "-" "msnbot/2.0b (+http://search.msn.com/msnbot.htm)" "-"
83.27.16.159 - - [11/Oct/2009:13:44:46 +0200] "GET /mjp2/index.html HTTP/1.1" 200 7750 "http://www.google.pl/search?q=dynamiczna%20alokacja%20klasy" "Mozilla/5.0 (Macintosh; U; Intel Mac OS X 10_6_1; en-us) AppleWebKit/532.2+ (KHTML, like Gecko) Version/4.0.3 Safari/531.9" "-"
83.27.16.159 - - [11/Oct/2009:13:44:46 +0200] "GET /style.css HTTP/1.1" 200 2000 "http://neo.dmcs.p.lodz.pl/mjp2/index.html" "Mozilla/5.0 (Macintosh; U; Intel Mac OS X 10_6_1; en-us) AppleWebKit/532.2+ (KHTML, like Gecko) Version/4.0.3 Safari/531.9" "-"
83.27.16.159 - - [11/Oct/2009:13:44:46 +0200] "GET /images/back.jpg HTTP/1.1" 404 296 "http://neo.dmcs.p.lodz.pl/mjp2/index.html" "Mozilla/5.0 (Macintosh; U; Intel Mac OS X 10_6_1; en-us) AppleWebKit/532.2+ (KHTML, like Gecko) Version/4.0.3 Safari/531.9" "-"
83.27.16.159 - - [11/Oct/2009:13:44:46 +0200] "GET /favicon.ico HTTP/1.1" 404 292 "http://neo.dmcs.p.lodz.pl/mjp2/index.html" "Mozilla/5.0 (Macintosh; U; Intel Mac OS X 10_6_1; en-us) AppleWebKit/532.2+ (KHTML, like Gecko) Version/4.0.3 Safari/531.9" "-"
65.55.207.50 - - [11/Oct/2009:13:45:15 +0200] "GET /soc-pod/soc-wyk2.pdf HTTP/1.1" 304 - "-" "msnbot/2.0b (+http://search.msn.com/msnbot.htm)" "-"
217.113.225.30 - - [11/Oct/2009:13:45:17 +0200] "GET /~sakowicz/podyplomowe/pokl_www_wymagania_projektowe.doc HTTP/1.1" 200 121856 "http://lux.dmcs.pl/~sakowicz/podyplomowe/" "Mozilla/4.0 (compatible; MSIE 7.0; Windows NT 6.0; GTB6; User-agent: Mozilla/4.0 (compatible; MSIE 6.0; Windows NT 5.1; SV1; http://bsalsa.com) ; SLCC1; .NET CLR 2.0.50727; Media Center PC 5.0; .NET CLR 3.0.30618; .NET CLR 3.5.30729)" "-"
62.233.211.171 - - [11/Oct/2009:13:45:52 +0200] "GET /pme6/stdcells.pdf HTTP/1.1" 200 15714 "http://www.google.pl/search?q=nor+trzywej%C5%9Bciowa&ie=utf-8&oe=utf-8&aq=t&rls=org.mozilla:pl:official&client=firefox-a" "Mozilla/5.0 (Windows; U; Windows NT 5.1; pl; rv:1.9.1.3) Gecko/20090824 Firefox/3.5.3" "-"
194.88.245.78 - - [11/Oct/2009:13:46:39 +0200] "GET /pium/index.php?strona=5&jezyk=0 HTTP/1.1" 200 9073 "http://neo.dmcs.pl/pium/index.php?strona=10&jezyk=0" "Mozilla/5.0 (Windows; U; Windows NT 5.1; pl; rv:1.9.1.3) Gecko/20090824 Firefox/3.5.3" "-"
65.55.106.185 - - [11/Oct/2009:13:47:15 +0200] "GET /pvlsi/PLD/plv22v10.pdf HTTP/1.1" 304 - "-" "msnbot/2.0b (+http://search.msn.com/msnbot.htm)" "-"
86.221.35.101 - - [11/Oct/2009:13:47:57 +0200] "GET /inf5/06_07/4/indeks.html HTTP/1.1" 200 2910 "http://images.google.fr/imgres?imgurl=http://neo.dmcs.p.lodz.pl/inf5/06_07/4/sayuri.jpg&imgrefurl=http://neo.dmcs.p.lodz.pl/inf5/06_07/4/indeks.html&usg=__l2OaYC4piNhy69FR49f7MAzALnc=&h=457&w=296&sz=123&hl=fr&start=7&um=1&tbnid=TZVb8nW5dZMXTM:&tbnh=128&tbnw=83&prev=/images%3Fq%3Dgeisha%26hl%3Dfr%26um%3D1" "Mozilla/4.0 (compatible; MSIE 6.0; Windows NT 5.1; SV1; Wanadoo 7.1; GTB6)" "-"
86.221.35.101 - - [11/Oct/2009:13:47:58 +0200] "GET /inf5/06_07/4/sayuri.jpg HTTP/1.1" 200 125430 "http://images.google.fr/imgres?imgurl=http://neo.dmcs.p.lodz.pl/inf5/06_07/4/sayuri.jpg&imgrefurl=http://neo.dmcs.p.lodz.pl/inf5/06_07/4/indeks.html&usg=__l2OaYC4piNhy69FR49f7MAzALnc=&h=457&w=296&sz=123&hl=fr&start=7&um=1&tbnid=TZVb8nW5dZMXTM:&tbnh=128&tbnw=83&prev=/images%3Fq%3Dgeisha%26hl%3Dfr%26um%3D1" "Mozilla/4.0 (compatible; MSIE 6.0; Windows NT 5.1; SV1; Wanadoo 7.1; GTB6)" "-"
217.113.225.15 - - [11/Oct/2009:13:48:22 +0200] "GET / HTTP/1.1" 200 8370 "-" "Mozilla/5.0 (Windows; U; Windows NT 6.0; pl; rv:1.9.1.3) Gecko/20090824 Firefox/3.5.3 (.NET CLR 3.5.30729)" "-"
217.113.225.15 - - [11/Oct/2009:13:48:22 +0200] "GET /style.css HTTP/1.1" 200 2000 "http://neo.dmcs.pl/" "Mozilla/5.0 (Windows; U; Windows NT 6.0; pl; rv:1.9.1.3) Gecko/20090824 Firefox/3.5.3 (.NET CLR 3.5.30729)" "-"
217.113.225.15 - - [11/Oct/2009:13:48:22 +0200] "GET /images/back.jpg HTTP/1.1" 404 289 "http://neo.dmcs.pl/" "Mozilla/5.0 (Windows; U; Windows NT 6.0; pl; rv:1.9.1.3) Gecko/20090824 Firefox/3.5.3 (.NET CLR 3.5.30729)" "-"
217.113.225.15 - - [11/Oct/2009:13:48:22 +0200] "GET /favicon.ico HTTP/1.1" 404 285 "-" "Mozilla/5.0 (Windows; U; Windows NT 6.0; pl; rv:1.9.1.3) Gecko/20090824 Firefox/3.5.3 (.NET CLR 3.5.30729)" "-"
217.113.225.15 - - [11/Oct/2009:13:48:25 +0200] "GET /favicon.ico HTTP/1.1" 404 285 "-" "Mozilla/5.0 (Windows; U; Windows NT 6.0; pl; rv:1.9.1.3) Gecko/20090824 Firefox/3.5.3 (.NET CLR 3.5.30729)" "-"
217.113.225.15 - - [11/Oct/2009:13:48:27 +0200] "GET /symos HTTP/1.1" 301 309 "-" "Mozilla/5.0 (Windows; U; Windows NT 6.0; pl; rv:1.9.1.3) Gecko/20090824 Firefox/3.5.3 (.NET CLR 3.5.30729)" "-"
217.113.225.15 - - [11/Oct/2009:13:48:27 +0200] "GET /symos/ HTTP/1.1" 200 3138 "-" "Mozilla/5.0 (Windows; U; Windows NT 6.0; pl; rv:1.9.1.3) Gecko/20090824 Firefox/3.5.3 (.NET CLR 3.5.30729)" "-"
217.113.225.15 - - [11/Oct/2009:13:48:27 +0200] "GET /images/back.jpg HTTP/1.1" 404 289 "http://neo.dmcs.pl/symos/" "Mozilla/5.0 (Windows; U; Windows NT 6.0; pl; rv:1.9.1.3) Gecko/20090824 Firefox/3.5.3 (.NET CLR 3.5.30729)" "-"
92.241.169.175 - - [11/Oct/2009:13:48:43 +0200] "GET /%7Espcsym/phorum/post.php?f=4 HTTP/1.0" 200 3135 "http://lux.dmcs.p.lodz.pl/%7Espcsym/phorum/post.php?f=4" "Mozilla/4.0 (compatible; MSIE 6.0; Windows NT 5.1; .NET CLR 1.1.4322)" "-"
217.113.225.15 - - [11/Oct/2009:13:48:44 +0200] "GET /symos/cwiczenia/ HTTP/1.1" 401 477 "http://neo.dmcs.pl/symos/" "Mozilla/5.0 (Windows; U; Windows NT 6.0; pl; rv:1.9.1.3) Gecko/20090824 Firefox/3.5.3 (.NET CLR 3.5.30729)" "-"
92.241.169.168 - - [11/Oct/2009:13:48:45 +0200] "GET /%7Espcsym/phorum/post.php?f=4 HTTP/1.0" 200 3135 "http://lux.dmcs.p.lodz.pl/%7Espcsym/phorum/post.php?f=4" "Mozilla/4.0 (compatible; MSIE 6.0; Windows NT 5.1; SV1; .NET CLR 1.1.4322)" "-"
92.241.169.168 - - [11/Oct/2009:13:48:46 +0200] "POST /%7Espcsym/phorum/post.php HTTP/1.0" 200 8819 "http://lux.dmcs.p.lodz.pl/%7Espcsym/phorum/post.php?f=4" "Mozilla/4.0 (compatible; MSIE 6.0; Windows NT 5.1; SV1; .NET CLR 1.1.4322)" "-"
92.241.169.175 - - [11/Oct/2009:13:48:46 +0200] "POST /%7Espcsym/phorum/post.php HTTP/1.0" 200 8763 "http://lux.dmcs.p.lodz.pl/%7Espcsym/phorum/post.php?f=4" "Mozilla/4.0 (compatible; MSIE 6.0; Windows NT 5.1; .NET CLR 1.1.4322)" "-"
217.113.225.15 - sym [11/Oct/2009:13:48:49 +0200] "GET /symos/cwiczenia/ HTTP/1.1" 401 477 "http://neo.dmcs.pl/symos/" "Mozilla/5.0 (Windows; U; Windows NT 6.0; pl; rv:1.9.1.3) Gecko/20090824 Firefox/3.5.3 (.NET CLR 3.5.30729)" "-"
217.113.225.15 - symbian [11/Oct/2009:13:48:55 +0200] "GET /symos/cwiczenia/ HTTP/1.1" 200 1050 "http://neo.dmcs.pl/symos/" "Mozilla/5.0 (Windows; U; Windows NT 6.0; pl; rv:1.9.1.3) Gecko/20090824 Firefox/3.5.3 (.NET CLR 3.5.30729)" "-"
217.113.225.15 - - [11/Oct/2009:13:48:55 +0200] "GET /icons/back.gif HTTP/1.1" 200 216 "http://neo.dmcs.pl/symos/cwiczenia/" "Mozilla/5.0 (Windows; U; Windows NT 6.0; pl; rv:1.9.1.3) Gecko/20090824 Firefox/3.5.3 (.NET CLR 3.5.30729)" "-"
217.113.225.15 - - [11/Oct/2009:13:48:55 +0200] "GET /icons/blank.gif HTTP/1.1" 200 148 "http://neo.dmcs.pl/symos/cwiczenia/" "Mozilla/5.0 (Windows; U; Windows NT 6.0; pl; rv:1.9.1.3) Gecko/20090824 Firefox/3.5.3 (.NET CLR 3.5.30729)" "-"
217.113.225.15 - - [11/Oct/2009:13:48:55 +0200] "GET /icons/compressed.gif HTTP/1.1" 200 1038 "http://neo.dmcs.pl/symos/cwiczenia/" "Mozilla/5.0 (Windows; U; Windows NT 6.0; pl; rv:1.9.1.3) Gecko/20090824 Firefox/3.5.3 (.NET CLR 3.5.30729)" "-"
79.191.141.193 - - [11/Oct/2009:13:49:05 +0200] "GET /ak-pod/ak-wyk1.pdf HTTP/1.1" 200 223004 "http://www.google.pl/search?hl=pl&lr=&client=firefox-a&channel=s&rls=org.mozilla:pl:official&hs=1Mx&ei=DsbRSoG_KszisAab4_mOBA&sa=X&oi=spell&resnum=0&ct=result&cd=1&ved=0CAgQBSgA&q=prezentacja+o+historii+komputera&spell=1" "Mozilla/5.0 (Windows; U; Windows NT 5.1; pl; rv:1.9.1.3) Gecko/20090824 Firefox/3.5.3" "-"
193.239.56.201 - - [11/Oct/2009:13:49:07 +0200] "GET /ptda/wyklady/wyklad_9.pdf HTTP/1.1" 200 27393 "http://www.google.pl/search?hl=pl&lr=&q=Okno+Kaisera&start=10&sa=N" "Mozilla/5.0 (Windows; U; Windows NT 5.1; pl; rv:1.9.1.3) Gecko/20090824 Firefox/3.5.3" "-"
193.239.56.201 - - [11/Oct/2009:13:49:07 +0200] "GET /ptda/wyklady/wyklad_9.pdf HTTP/1.1" 206 262688 "-" "Mozilla/5.0 (Windows; U; Windows NT 5.1; pl; rv:1.9.1.3) Gecko/20090824 Firefox/3.5.3" "-"
193.239.56.201 - - [11/Oct/2009:13:49:08 +0200] "GET /favicon.ico HTTP/1.1" 404 292 "-" "Mozilla/5.0 (Windows; U; Windows NT 5.1; pl; rv:1.9.1.3) Gecko/20090824 Firefox/3.5.3" "-"
193.239.56.201 - - [11/Oct/2009:13:49:11 +0200] "GET /favicon.ico HTTP/1.1" 404 292 "-" "Mozilla/5.0 (Windows; U; Windows NT 5.1; pl; rv:1.9.1.3) Gecko/20090824 Firefox/3.5.3" "-"
79.191.141.193 - - [11/Oct/2009:13:49:12 +0200] "GET /ak-pod/ak-wyk1.pdf HTTP/1.1" 206 1577102 "-" "Mozilla/5.0 (Windows; U; Windows NT 5.1; pl; rv:1.9.1.3) Gecko/20090824 Firefox/3.5.3" "-"
79.191.141.193 - - [11/Oct/2009:13:49:12 +0200] "GET /favicon.ico HTTP/1.1" 404 292 "-" "Mozilla/5.0 (Windows; U; Windows NT 5.1; pl; rv:1.9.1.3) Gecko/20090824 Firefox/3.5.3" "-"
194.88.245.78 - - [11/Oct/2009:13:49:16 +0200] "GET /pium/index.php?strona=10&jezyk=0 HTTP/1.1" 200 6279 "http://neo.dmcs.pl/pium/index.php?strona=5&jezyk=0" "Mozilla/5.0 (Windows; U; Windows NT 5.1; pl; rv:1.9.1.3) Gecko/20090824 Firefox/3.5.3" "-"
217.113.225.15 - symbian [11/Oct/2009:13:49:18 +0200] "GET /symos/cwiczenia/01-Leaves.zip HTTP/1.1" 200 444767 "http://neo.dmcs.pl/symos/cwiczenia/" "Mozilla/5.0 (Windows; U; Windows NT 6.0; pl; rv:1.9.1.3) Gecko/20090824 Firefox/3.5.3 (.NET CLR 3.5.30729)" "-"
194.88.245.78 - - [11/Oct/2009:13:49:26 +0200] "GET /pium/pium/pium2_lib.zip HTTP/1.1" 200 3172 "http://neo.dmcs.pl/pium/index.php?strona=10&jezyk=0" "Mozilla/5.0 (Windows; U; Windows NT 5.1; pl; rv:1.9.1.3) Gecko/20090824 Firefox/3.5.3" "-"
194.88.245.78 - - [11/Oct/2009:13:49:39 +0200] "GET /pium/index.php?strona=5&jezyk=0 HTTP/1.1" 200 9073 "http://neo.dmcs.pl/pium/index.php?strona=10&jezyk=0" "Mozilla/5.0 (Windows; U; Windows NT 5.1; pl; rv:1.9.1.3) Gecko/20090824 Firefox/3.5.3" "-"
83.28.126.146 - - [11/Oct/2009:13:49:42 +0200] "GET /mikromaszyny/03_czujniki_chemiczne.pdf HTTP/1.1" 200 94794 "http://www.google.pl/search?q=czujniki+jon%C3%B3w+wodorowych&hl=pl&lr=&sa=2" "Mozilla/4.0 (compatible; MSIE 8.0; Windows NT 5.1; Trident/4.0; .NET CLR 2.0.50727; .NET CLR 3.0.4506.2152; .NET CLR 3.5.30729)" "-"
83.28.126.146 - - [11/Oct/2009:13:49:43 +0200] "GET /mikromaszyny/03_czujniki_chemiczne.pdf HTTP/1.1" 206 4096 "-" "Mozilla/4.0 (compatible; MSIE 8.0; Windows NT 5.1; Trident/4.0; .NET CLR 2.0.50727; .NET CLR 3.0.4506.2152; .NET CLR 3.5.30729)" "-"
83.28.126.146 - - [11/Oct/2009:13:49:43 +0200] "GET /mikromaszyny/03_czujniki_chemiczne.pdf HTTP/1.1" 206 306 "-" "Mozilla/4.0 (compatible; MSIE 8.0; Windows NT 5.1; Trident/4.0; .NET CLR 2.0.50727; .NET CLR 3.0.4506.2152; .NET CLR 3.5.30729)" "-"
83.28.126.146 - - [11/Oct/2009:13:49:49 +0200] "GET /mikromaszyny/03_czujniki_chemiczne.pdf HTTP/1.1" 206 881378 "-" "Mozilla/4.0 (compatible; MSIE 8.0; Windows NT 5.1; Trident/4.0; .NET CLR 2.0.50727; .NET CLR 3.0.4506.2152; .NET CLR 3.5.30729)" "-"
79.187.83.142 - - [11/Oct/2009:13:49:55 +0200] "GET / HTTP/1.1" 200 8370 "-" "Mozilla/5.0 (Windows; U; Windows NT 6.0; pl; rv:1.9.1.3) Gecko/20090824 Firefox/3.5.3 (.NET CLR 3.5.30729)" "-"
79.187.83.142 - - [11/Oct/2009:13:49:56 +0200] "GET /style.css HTTP/1.1" 200 2000 "http://neo.dmcs.p.lodz.pl/" "Mozilla/5.0 (Windows; U; Windows NT 6.0; pl; rv:1.9.1.3) Gecko/20090824 Firefox/3.5.3 (.NET CLR 3.5.30729)" "-"
79.187.83.142 - - [11/Oct/2009:13:49:56 +0200] "GET /images/back.jpg HTTP/1.1" 404 296 "http://neo.dmcs.p.lodz.pl/" "Mozilla/5.0 (Windows; U; Windows NT 6.0; pl; rv:1.9.1.3) Gecko/20090824 Firefox/3.5.3 (.NET CLR 3.5.30729)" "-"
10.0.8.17 - - [11/Oct/2009:13:50:09 +0200] "GET /~sakowicz/podyplomowe/ HTTP/1.1" 200 1036 "-" "Mozilla/5.0 (Windows; U; Windows NT 5.1; en-US; rv:1.9.0.10) Gecko/2009042316 Firefox/3.0.10" "-"
10.0.8.17 - - [11/Oct/2009:13:50:10 +0200] "GET /favicon.ico HTTP/1.1" 404 285 "-" "Mozilla/5.0 (Windows; U; Windows NT 5.1; en-US; rv:1.9.0.10) Gecko/2009042316 Firefox/3.0.10" "-"
10.0.8.17 - - [11/Oct/2009:13:50:10 +0200] "GET /favicon.ico HTTP/1.1" 404 285 "-" "Mozilla/5.0 (Windows; U; Windows NT 5.1; en-US; rv:1.9.0.10) Gecko/2009042316 Firefox/3.0.10" "-"
10.0.8.17 - - [11/Oct/2009:13:50:17 +0200] "GET /~sakowicz/podyplomowe/pokl_www_cwiczenie_1_czcionki_i_listy.doc HTTP/1.1" 200 120320 "-" "Mozilla/5.0 (Windows; U; Windows NT 5.1; en-US; rv:1.9.0.10) Gecko/2009042316 Firefox/3.0.10" "-"
195.74.48.3 - - [11/Oct/2009:13:50:19 +0200] "GET / HTTP/1.0" 200 8370 "http://dmcs.pl/" "Opera/9.80 (Windows NT 6.1; U; pl) Presto/2.2.15 Version/10.00" "-"
195.74.48.3 - - [11/Oct/2009:13:50:19 +0200] "GET /style.css HTTP/1.0" 200 2000 "http://neo.dmcs.p.lodz.pl/" "Opera/9.80 (Windows NT 6.1; U; pl) Presto/2.2.15 Version/10.00" "-"
195.74.48.3 - - [11/Oct/2009:13:50:19 +0200] "GET /images/back.jpg HTTP/1.0" 404 284 "http://neo.dmcs.p.lodz.pl/" "Opera/9.80 (Windows NT 6.1; U; pl) Presto/2.2.15 Version/10.00" "-"
195.74.48.3 - - [11/Oct/2009:13:50:19 +0200] "GET /favicon.ico HTTP/1.0" 404 280 "http://neo.dmcs.p.lodz.pl/" "Opera/9.80 (Windows NT 6.1; U; pl) Presto/2.2.15 Version/10.00" "-"
195.74.48.3 - - [11/Oct/2009:13:50:26 +0200] "GET /pp/index.html HTTP/1.0" 200 3949 "http://neo.dmcs.p.lodz.pl/" "Opera/9.80 (Windows NT 6.1; U; pl) Presto/2.2.15 Version/10.00" "-"
195.74.48.3 - - [11/Oct/2009:13:50:26 +0200] "GET /images/back.jpg HTTP/1.0" 404 284 "http://neo.dmcs.p.lodz.pl/pp/index.html" "Opera/9.80 (Windows NT 6.1; U; pl) Presto/2.2.15 Version/10.00" "-"
66.249.65.212 - - [11/Oct/2009:13:51:37 +0200] "GET /isbd/php/doc/polish_many/function.qdom-tree.html HTTP/1.1" 200 2988 "-" "Mozilla/5.0 (compatible; Googlebot/2.1; +http://www.google.com/bot.html)" "-"
65.55.106.131 - - [11/Oct/2009:13:51:48 +0200] "GET /sk2/grupowe.html HTTP/1.1" 304 - "-" "msnbot/2.0b (+http://search.msn.com/msnbot.htm)" "-"
