10.0.2.4 - - [11/Oct/2009:11:12:52 +0200] "GET /podyplomowe_smtm/smob2/kursbasha/for.html HTTP/1.1" 200 2533 "http://neo/podyplomowe_smtm/smob2/kursbasha/main.html" "Mozilla/5.0 (X11; U; Linux i686; pl-PL; rv:1.9.0.7) Gecko/2009030422 Ubuntu/8.10 (intrepid) Firefox/3.0.7" "-"
62.141.196.173 - - [11/Oct/2009:11:12:57 +0200] "GET /10lat/10_lat.pdf HTTP/1.1" 200 5925781 "http://www.google.pl/search?hl=pl&client=firefox-a&rls=org.mozilla%3Apl%3Aofficial&hs=0Fa&q=s3cev40&btnG=Szukaj&lr=lang_pl" "Mozilla/5.0 (Windows; U; Windows NT 5.1; pl; rv:1.9.0.14) Gecko/2009082707 Firefox/3.0.14 (.NET CLR 3.5.30729)" "-"
87.206.3.143 - - [11/Oct/2009:11:12:57 +0200] "GET /sk2/sk2_wyklad_09_ipsec.pdf HTTP/1.1" 200 18633 "http://www.google.pl/url?sa=t&source=web&ct=res&cd=5&ved=0CBQQFjAE&url=http%3A%2F%2Fneo.dmcs.p.lodz.pl%2Fsk2%2Fsk2_wyklad_09_ipsec.pdf&ei=d6HRSrGiNYuGmwPArJmNAw&rct=j&q=bezpieczenstwo+sieci+komputerowych+pdf&usg=AFQjCNHWTJ5wOWi_nt3X9arGVbaFyCJs8w&sig2=lnKBzKTuItqNLqb8ZmVTag" "Mozilla/5.0 (Windows; U; Windows NT 6.1; pl; rv:1.9.1.3) Gecko/20090824 Firefox/3.5.3" "-"
153.19.210.159 - - [11/Oct/2009:11:12:57 +0200] "HEAD /favicon.ico HTTP/1.1" 404 0 "-" "Mozilla/5.0 (X11; U; Linux i686; pl; rv:1.9.1.3) Gecko/20090824 Firefox/3.5.3" "-"
87.206.3.143 - - [11/Oct/2009:11:12:58 +0200] "GET /sk2/sk2_wyklad_09_ipsec.pdf HTTP/1.1" 206 423826 "-" "Mozilla/5.0 (Windows; U; Windows NT 6.1; pl; rv:1.9.1.3) Gecko/20090824 Firefox/3.5.3" "-"
87.206.3.143 - - [11/Oct/2009:11:12:58 +0200] "GET /favicon.ico HTTP/1.1" 404 292 "-" "Mozilla/5.0 (Windows; U; Windows NT 6.1; pl; rv:1.9.1.3) Gecko/20090824 Firefox/3.5.3" "-"
87.206.3.143 - - [11/Oct/2009:11:13:00 +0200] "GET /favicon.ico HTTP/1.1" 404 292 "-" "Mozilla/5.0 (Windows; U; Windows NT 6.1; pl; rv:1.9.1.3) Gecko/20090824 Firefox/3.5.3" "-"
87.206.3.143 - - [11/Oct/2009:11:13:05 +0200] "GET /sk2/sk2_wyklad_09_ipsec.pdf HTTP/1.1" 206 423622 "http://www.google.pl/url?sa=t&source=web&ct=res&cd=5&ved=0CBQQFjAE&url=http%3A%2F%2Fneo.dmcs.p.lodz.pl%2Fsk2%2Fsk2_wyklad_09_ipsec.pdf&ei=d6HRSrGiNYuGmwPArJmNAw&rct=j&q=bezpieczenstwo+sieci+komputerowych+pdf&usg=AFQjCNHWTJ5wOWi_nt3X9arGVbaFyCJs8w&sig2=lnKBzKTuItqNLqb8ZmVTag" "Mozilla/5.0 (Windows; U; Windows NT 6.1; pl; rv:1.9.1.3) Gecko/20090824 Firefox/3.5.3" "-"
83.20.28.159 - - [11/Oct/2009:11:13:48 +0200] "GET / HTTP/1.1" 304 - "-" "Mozilla/5.0 (Windows; U; Windows NT 6.0; pl; rv:1.9.1.3) Gecko/20090824 Firefox/3.5.3 (.NET CLR 3.5.30729)" "-"
83.20.28.159 - - [11/Oct/2009:11:13:49 +0200] "GET /images/back.jpg HTTP/1.1" 404 289 "http://neo.dmcs.pl/" "Mozilla/5.0 (Windows; U; Windows NT 6.0; pl; rv:1.9.1.3) Gecko/20090824 Firefox/3.5.3 (.NET CLR 3.5.30729)" "-"
83.20.28.159 - - [11/Oct/2009:11:13:52 +0200] "GET /favicon.ico HTTP/1.1" 404 285 "-" "Mozilla/5.0 (Windows; U; Windows NT 6.0; pl; rv:1.9.1.3) Gecko/20090824 Firefox/3.5.3 (.NET CLR 3.5.30729)" "-"
66.249.65.212 - - [11/Oct/2009:11:13:52 +0200] "GET /smcr/wyklady_dm/SMCR4_new.pdf HTTP/1.1" 200 3755748 "-" "Mozilla/5.0 (compatible; Googlebot/2.1; +http://www.google.com/bot.html)" "-"
83.20.28.159 - - [11/Oct/2009:11:14:01 +0200] "GET /images/back.jpg HTTP/1.1" 404 289 "http://neo.dmcs.pl/oopc/index.html" "Mozilla/5.0 (Windows; U; Windows NT 6.0; pl; rv:1.9.1.3) Gecko/20090824 Firefox/3.5.3 (.NET CLR 3.5.30729)" "-"
83.2.170.135 - - [11/Oct/2009:11:14:06 +0200] "GET /mn/MNcw1.pdf HTTP/1.1" 200 79915 "http://neo.dmcs.p.lodz.pl/mn/index.html" "Mozilla/5.0 (Windows; U; Windows NT 5.1; pl; rv:1.9.1.3) Gecko/20090824 Firefox/3.5.3 (.NET CLR 3.5.30729)" "-"
83.2.170.135 - - [11/Oct/2009:11:14:10 +0200] "GET /mn/MNcw1.pdf HTTP/1.1" 206 47351 "-" "Mozilla/5.0 (Windows; U; Windows NT 5.1; pl; rv:1.9.1.3) Gecko/20090824 Firefox/3.5.3 (.NET CLR 3.5.30729)" "-"
83.20.28.159 - - [11/Oct/2009:11:14:11 +0200] "GET /oopc/oopc-1.pdf HTTP/1.1" 200 199639 "http://neo.dmcs.pl/oopc/index.html" "Mozilla/5.0 (Windows; U; Windows NT 6.0; pl; rv:1.9.1.3) Gecko/20090824 Firefox/3.5.3 (.NET CLR 3.5.30729)" "-"
83.20.28.159 - - [11/Oct/2009:11:14:15 +0200] "GET /oopc/oopc-2.pdf HTTP/1.1" 200 191072 "http://neo.dmcs.pl/oopc/index.html" "Mozilla/5.0 (Windows; U; Windows NT 6.0; pl; rv:1.9.1.3) Gecko/20090824 Firefox/3.5.3 (.NET CLR 3.5.30729)" "-"
83.20.28.159 - - [11/Oct/2009:11:14:17 +0200] "GET /oopc/lec1.tgz HTTP/1.1" 200 2168 "http://neo.dmcs.pl/oopc/index.html" "Mozilla/5.0 (Windows; U; Windows NT 6.0; pl; rv:1.9.1.3) Gecko/20090824 Firefox/3.5.3 (.NET CLR 3.5.30729)" "-"
78.88.25.221 - - [11/Oct/2009:11:14:21 +0200] "GET /ppm/instrukcje/ppm_t5b_w41.pdf HTTP/1.1" 404 311 "http://www.elektroda.pl/rtvforum/topic527348.html" "Mozilla/5.0 (Windows; U; Windows NT 5.1; pl; rv:1.9.0.14) Gecko/2009082707 Firefox/3.0.14" "-"
78.88.25.221 - - [11/Oct/2009:11:14:21 +0200] "GET /favicon.ico HTTP/1.1" 404 292 "-" "Mozilla/5.0 (Windows; U; Windows NT 5.1; pl; rv:1.9.0.14) Gecko/2009082707 Firefox/3.0.14" "-"
78.88.25.221 - - [11/Oct/2009:11:14:24 +0200] "GET /favicon.ico HTTP/1.1" 404 292 "-" "Mozilla/5.0 (Windows; U; Windows NT 5.1; pl; rv:1.9.0.14) Gecko/2009082707 Firefox/3.0.14" "-"
83.20.28.159 - - [11/Oct/2009:11:14:24 +0200] "GET /oopc/lec3.tgz HTTP/1.1" 200 3127 "http://neo.dmcs.pl/oopc/index.html" "Mozilla/5.0 (Windows; U; Windows NT 6.0; pl; rv:1.9.1.3) Gecko/20090824 Firefox/3.5.3 (.NET CLR 3.5.30729)" "-"
78.88.25.221 - - [11/Oct/2009:11:14:24 +0200] "GET /favicon.ico HTTP/1.1" 404 292 "-" "Mozilla/5.0 (Windows; U; Windows NT 5.1; pl; rv:1.9.0.14) Gecko/2009082707 Firefox/3.0.14" "-"
217.173.192.219 - - [11/Oct/2009:11:14:26 +0200] "GET /ptda/wyklady/wyklad_2.pdf HTTP/1.1" 200 58993 "http://www.google.pl/url?sa=t&source=web&ct=res&cd=1&ved=0CAYQFjAA&url=http%3A%2F%2Fneo.dmcs.p.lodz.pl%2Fptda%2Fwyklady%2Fwyklad_2.pdf&ei=7qHRStXcFNH5_AbZvYzZAg&rct=j&q=autoinformacja&usg=AFQjCNFHeSRcBbNc42Khh-uokS5NGGyHfw" "Mozilla/5.0 (Windows; U; Windows NT 5.1; pl; rv:1.9.1.3) Gecko/20090824 Firefox/3.5.3" "-"
217.173.192.219 - - [11/Oct/2009:11:14:26 +0200] "GET /ptda/wyklady/wyklad_2.pdf HTTP/1.1" 206 147633 "-" "Mozilla/5.0 (Windows; U; Windows NT 5.1; pl; rv:1.9.1.3) Gecko/20090824 Firefox/3.5.3" "-"
217.173.192.219 - - [11/Oct/2009:11:14:26 +0200] "GET /favicon.ico HTTP/1.1" 404 292 "-" "Mozilla/5.0 (Windows; U; Windows NT 5.1; pl; rv:1.9.1.3) Gecko/20090824 Firefox/3.5.3" "-"
217.173.192.219 - - [11/Oct/2009:11:14:29 +0200] "GET /favicon.ico HTTP/1.1" 404 292 "-" "Mozilla/5.0 (Windows; U; Windows NT 5.1; pl; rv:1.9.1.3) Gecko/20090824 Firefox/3.5.3" "-"
83.20.28.159 - - [11/Oct/2009:11:14:30 +0200] "GET /oopc/oopc-3.pdf HTTP/1.1" 200 381074 "http://neo.dmcs.pl/oopc/index.html" "Mozilla/5.0 (Windows; U; Windows NT 6.0; pl; rv:1.9.1.3) Gecko/20090824 Firefox/3.5.3 (.NET CLR 3.5.30729)" "-"
66.249.65.212 - - [11/Oct/2009:11:15:16 +0200] "GET /pvlsi/html/Image80.gif HTTP/1.1" 304 - "-" "Googlebot-Image/1.0" "-"
92.241.169.175 - - [11/Oct/2009:11:15:31 +0200] "GET /%7Espcsym/phorum/post.php?f=4 HTTP/1.0" 200 3135 "http://lux.dmcs.p.lodz.pl/%7Espcsym/phorum/post.php?f=4" "Mozilla/4.0 (compatible; MSIE 5.5; Windows 95; BCD2000)" "-"
92.241.169.175 - - [11/Oct/2009:11:15:32 +0200] "POST /%7Espcsym/phorum/post.php HTTP/1.0" 200 9242 "http://lux.dmcs.p.lodz.pl/%7Espcsym/phorum/post.php?f=4" "Mozilla/4.0 (compatible; MSIE 5.5; Windows 95; BCD2000)" "-"
66.249.65.212 - - [11/Oct/2009:11:16:14 +0200] "GET /mikro_kurs/cwiczenia/nmos_cw.html HTTP/1.1" 200 1686 "-" "Mozilla/5.0 (compatible; Googlebot/2.1; +http://www.google.com/bot.html)" "-"
217.173.192.219 - - [11/Oct/2009:11:17:00 +0200] "GET /ptda/wyklady/wyklad_2.pdf HTTP/1.1" 200 58993 "http://www.google.pl/search?source=ig&hl=pl&rlz=&=&q=autoinformacja&btnG=Szukaj+w+Google&meta=lr%3D&aq=f&oq=" "Mozilla/5.0 (Windows; U; Windows NT 5.1; pl; rv:1.9.1.3) Gecko/20090824 Firefox/3.5.3 (.NET CLR 3.5.30729)" "-"
217.173.192.219 - - [11/Oct/2009:11:17:00 +0200] "GET /ptda/wyklady/wyklad_2.pdf HTTP/1.1" 206 147633 "-" "Mozilla/5.0 (Windows; U; Windows NT 5.1; pl; rv:1.9.1.3) Gecko/20090824 Firefox/3.5.3 (.NET CLR 3.5.30729)" "-"
217.173.192.219 - - [11/Oct/2009:11:17:00 +0200] "GET /favicon.ico HTTP/1.1" 404 292 "-" "Mozilla/5.0 (Windows; U; Windows NT 5.1; pl; rv:1.9.1.3) Gecko/20090824 Firefox/3.5.3 (.NET CLR 3.5.30729)" "-"
217.173.192.219 - - [11/Oct/2009:11:17:03 +0200] "GET /favicon.ico HTTP/1.1" 404 292 "-" "Mozilla/5.0 (Windows; U; Windows NT 5.1; pl; rv:1.9.1.3) Gecko/20090824 Firefox/3.5.3 (.NET CLR 3.5.30729)" "-"
66.249.65.212 - - [11/Oct/2009:11:17:59 +0200] "GET /tk/UNIXhelp1.3/Pages/mail/five.4.html HTTP/1.1" 200 988 "-" "Mozilla/5.0 (compatible; Googlebot/2.1; +http://www.google.com/bot.html)" "-"
123.237.75.35 - - [11/Oct/2009:11:18:01 +0200] "GET /pdsc/index.html HTTP/1.1" 304 - "http://www.google.co.in/url?sa=t&source=web&ct=res&cd=14&ved=0CBMQFjADOAo&url=http%3A%2F%2Fneo.dmcs.p.lodz.pl%2Fpdsc%2Findex.html&ei=waLRSsiXIMaOkAWngOnWBg&rct=j&q=data+structure%2Bprogram+example+C&usg=AFQjCNH_6nocbcvLYsZ4m_1nNAAFYXXsrw" "Mozilla/5.0 (Windows; U; Windows NT 5.0; en-GB; rv:1.9.1.3) Gecko/20090824 Firefox/3.5.3" "-"
123.237.75.35 - - [11/Oct/2009:11:18:02 +0200] "GET /images/back.jpg HTTP/1.1" 404 296 "http://neo.dmcs.p.lodz.pl/pdsc/index.html" "Mozilla/5.0 (Windows; U; Windows NT 5.0; en-GB; rv:1.9.1.3) Gecko/20090824 Firefox/3.5.3" "-"
92.241.168.99 - - [11/Oct/2009:11:20:56 +0200] "GET /%7Espcsym/phorum/post.php?f=4 HTTP/1.0" 200 3135 "http://lux.dmcs.p.lodz.pl/%7Espcsym/phorum/post.php?f=4" "Mozilla/4.0 (compatible; MSIE 6.0; Windows NT 5.1) Netscape/8.0.4" "-"
92.241.168.99 - - [11/Oct/2009:11:20:59 +0200] "POST /%7Espcsym/phorum/post.php HTTP/1.0" 200 9024 "http://lux.dmcs.p.lodz.pl/%7Espcsym/phorum/post.php?f=4" "Mozilla/4.0 (compatible; MSIE 6.0; Windows NT 5.1) Netscape/8.0.4" "-"
83.10.178.103 - - [11/Oct/2009:11:21:16 +0200] "GET /favicon.ico HTTP/1.1" 404 292 "-" "Mozilla/5.0 (Windows; U; Windows NT 5.1; pl; rv:1.9.1.3) Gecko/20090824 Firefox/3.5.3" "-"
10.0.2.32 - - [11/Oct/2009:11:21:18 +0200] "GET /~kgrabowski/ HTTP/1.1" 200 1299 "http://neo.dmcs.pl/~kgrabowski/materialy%20dodatkowe/" "Mozilla/4.0 (compatible; MSIE 7.0; Windows NT 5.1; .NET CLR 1.1.4322)" "-"
10.0.2.32 - - [11/Oct/2009:11:21:20 +0200] "GET /~kgrabowski/laboratorium/ HTTP/1.1" 200 1218 "http://neo.dmcs.pl/~kgrabowski/" "Mozilla/4.0 (compatible; MSIE 7.0; Windows NT 5.1; .NET CLR 1.1.4322)" "-"
83.22.27.150 - - [11/Oct/2009:11:21:26 +0200] "GET /pn/opis_laboratorium/lab_opis.html HTTP/1.1" 200 19182 "http://www.google.pl/search?hl=pl&client=firefox-a&rls=com.ubuntu%3Apl-PL%3Aunofficial&hs=NpZ&q=programowanie+portu+r%C3%B3wnoleg%C5%82ego+%E2%80%93+program+w+C.&btnG=Szukaj&lr=" "Mozilla/5.0 (X11; U; Linux i686; pl-PL; rv:1.9.0.14) Gecko/2009090216 Ubuntu/9.04 (jaunty) Firefox/3.0.14" "-"
83.22.27.150 - - [11/Oct/2009:11:21:26 +0200] "GET /favicon.ico HTTP/1.1" 404 292 "-" "Mozilla/5.0 (X11; U; Linux i686; pl-PL; rv:1.9.0.14) Gecko/2009090216 Ubuntu/9.04 (jaunty) Firefox/3.0.14" "-"
83.22.27.150 - - [11/Oct/2009:11:21:29 +0200] "GET /favicon.ico HTTP/1.1" 404 292 "-" "Mozilla/5.0 (X11; U; Linux i686; pl-PL; rv:1.9.0.14) Gecko/2009090216 Ubuntu/9.04 (jaunty) Firefox/3.0.14" "-"
10.0.0.33 - - [11/Oct/2009:11:21:32 +0200] "GET /~kgrabowski/laboratorium/ HTTP/1.1" 200 1218 "http://neo.dmcs.pl/~kgrabowski/" "Mozilla/4.0 (compatible; MSIE 7.0; Windows NT 5.1; .NET CLR 1.1.4322)" "-"
10.0.0.33 - - [11/Oct/2009:11:21:34 +0200] "GET /~kgrabowski/laboratorium/LaboratoriumDSP2i3.pdf HTTP/1.1" 200 202341 "http://neo.dmcs.pl/~kgrabowski/laboratorium/" "Mozilla/4.0 (compatible; MSIE 7.0; Windows NT 5.1; .NET CLR 1.1.4322)" "-"
83.6.117.46 - - [11/Oct/2009:11:21:47 +0200] "GET /kpuesz/kpue-sz_proj-2.pdf HTTP/1.1" 200 68126 "http://www.google.pl/url?sa=t&source=web&ct=res&cd=3&ved=0CBIQFjAC&url=http%3A%2F%2Fneo.dmcs.p.lodz.pl%2Fkpuesz%2Fkpue-sz_proj-2.pdf&ei=VqPRSqyUJ4WMmwPkkv2JAw&rct=j&q=jak+dobrac+kondensator+do+scalaka&usg=AFQjCNHWRAtnbqvOFBAzLxCV5lU4WzMNwA" "Mozilla/5.0 (Windows; U; Windows NT 5.1; pl; rv:1.9.0.14) Gecko/2009082707 Firefox/3.0.14" "-"
83.6.117.46 - - [11/Oct/2009:11:21:49 +0200] "GET /kpuesz/kpue-sz_proj-2.pdf HTTP/1.1" 206 35562 "-" "Mozilla/5.0 (Windows; U; Windows NT 5.1; pl; rv:1.9.0.14) Gecko/2009082707 Firefox/3.0.14" "-"
83.6.117.46 - - [11/Oct/2009:11:21:50 +0200] "GET /favicon.ico HTTP/1.1" 404 292 "-" "Mozilla/5.0 (Windows; U; Windows NT 5.1; pl; rv:1.9.0.14) Gecko/2009082707 Firefox/3.0.14" "-"
83.6.117.46 - - [11/Oct/2009:11:21:52 +0200] "GET /favicon.ico HTTP/1.1" 404 292 "-" "Mozilla/5.0 (Windows; U; Windows NT 5.1; pl; rv:1.9.0.14) Gecko/2009082707 Firefox/3.0.14" "-"
66.249.65.212 - - [11/Oct/2009:11:22:07 +0200] "GET /specjalnosci/dokumenty/ulotka_dmcs_2007_uep.pdf HTTP/1.1" 304 - "-" "Mozilla/5.0 (compatible; Googlebot/2.1; +http://www.google.com/bot.html)" "-"
10.0.0.35 - - [11/Oct/2009:11:22:14 +0200] "GET /~kgrabowski/labolatorium HTTP/1.1" 404 298 "-" "Mozilla/4.0 (compatible; MSIE 7.0; Windows NT 5.1; .NET CLR 1.1.4322)" "-"
10.0.0.35 - - [11/Oct/2009:11:22:16 +0200] "GET /~kgrabowski/labolatorium HTTP/1.1" 404 298 "-" "Mozilla/4.0 (compatible; MSIE 7.0; Windows NT 5.1; .NET CLR 1.1.4322)" "-"
10.0.0.35 - - [11/Oct/2009:11:22:19 +0200] "GET /~kgrabowski/ HTTP/1.1" 200 1299 "-" "Mozilla/4.0 (compatible; MSIE 7.0; Windows NT 5.1; .NET CLR 1.1.4322)" "-"
10.0.0.35 - - [11/Oct/2009:11:22:19 +0200] "GET /icons/blank.gif HTTP/1.1" 304 - "http://neo.dmcs.pl/~kgrabowski/" "Mozilla/4.0 (compatible; MSIE 7.0; Windows NT 5.1; .NET CLR 1.1.4322)" "-"
10.0.0.35 - - [11/Oct/2009:11:22:19 +0200] "GET /icons/back.gif HTTP/1.1" 304 - "http://neo.dmcs.pl/~kgrabowski/" "Mozilla/4.0 (compatible; MSIE 7.0; Windows NT 5.1; .NET CLR 1.1.4322)" "-"
10.0.0.35 - - [11/Oct/2009:11:22:19 +0200] "GET /icons/folder.gif HTTP/1.1" 304 - "http://neo.dmcs.pl/~kgrabowski/" "Mozilla/4.0 (compatible; MSIE 7.0; Windows NT 5.1; .NET CLR 1.1.4322)" "-"
10.0.0.35 - - [11/Oct/2009:11:22:21 +0200] "GET /~kgrabowski/laboratorium/ HTTP/1.1" 200 1218 "http://neo.dmcs.pl/~kgrabowski/" "Mozilla/4.0 (compatible; MSIE 7.0; Windows NT 5.1; .NET CLR 1.1.4322)" "-"
10.0.0.35 - - [11/Oct/2009:11:22:21 +0200] "GET /icons/layout.gif HTTP/1.1" 304 - "http://neo.dmcs.pl/~kgrabowski/laboratorium/" "Mozilla/4.0 (compatible; MSIE 7.0; Windows NT 5.1; .NET CLR 1.1.4322)" "-"
10.0.0.35 - - [11/Oct/2009:11:22:23 +0200] "GET /~kgrabowski/ HTTP/1.1" 200 1299 "http://neo.dmcs.pl/~kgrabowski/laboratorium/" "Mozilla/4.0 (compatible; MSIE 7.0; Windows NT 5.1; .NET CLR 1.1.4322)" "-"
10.0.0.35 - - [11/Oct/2009:11:22:25 +0200] "GET /~kgrabowski/materialy%20dodatkowe/ HTTP/1.1" 200 1358 "http://neo.dmcs.pl/~kgrabowski/" "Mozilla/4.0 (compatible; MSIE 7.0; Windows NT 5.1; .NET CLR 1.1.4322)" "-"
10.0.0.35 - - [11/Oct/2009:11:22:25 +0200] "GET /icons/compressed.gif HTTP/1.1" 304 - "http://neo.dmcs.pl/~kgrabowski/materialy%20dodatkowe/" "Mozilla/4.0 (compatible; MSIE 7.0; Windows NT 5.1; .NET CLR 1.1.4322)" "-"
10.0.0.35 - - [11/Oct/2009:11:22:31 +0200] "GET /~kgrabowski/materialy%20dodatkowe/tlv320aic23.pdf HTTP/1.1" 206 20307 "http://neo.dmcs.pl/~kgrabowski/materialy%20dodatkowe/" "Mozilla/4.0 (compatible; MSIE 7.0; Windows NT 5.1; .NET CLR 1.1.4322)" "-"
10.0.2.11 - - [11/Oct/2009:11:22:35 +0200] "GET /podyplomowe_smtm/smob2/kursbasha/varp.html HTTP/1.1" 200 2628 "http://neo.dmcs.p.lodz.pl/podyplomowe_smtm/smob2/kursbasha/main.html" "Mozilla/5.0 (X11; U; Linux i686; pl-PL; rv:1.9.0.7) Gecko/2009030422 Ubuntu/8.10 (intrepid) Firefox/3.0.7" "-"
153.19.210.159 - - [11/Oct/2009:11:22:38 +0200] "HEAD /favicon.ico HTTP/1.1" 404 0 "-" "Mozilla/5.0 (X11; U; Linux i686; pl; rv:1.9.1.3) Gecko/20090824 Firefox/3.5.3" "-"
83.10.178.103 - - [11/Oct/2009:11:22:49 +0200] "GET /favicon.ico HTTP/1.1" 404 292 "-" "Mozilla/5.0 (Windows; U; Windows NT 5.1; pl; rv:1.9.1.3) Gecko/20090824 Firefox/3.5.3" "-"
10.0.2.44 - - [11/Oct/2009:11:23:46 +0200] "GET /~kgrabowski HTTP/1.1" 301 315 "-" "Mozilla/4.0 (compatible; MSIE 7.0; Windows NT 5.1; .NET CLR 1.1.4322)" "-"
10.0.2.44 - - [11/Oct/2009:11:23:46 +0200] "GET /~kgrabowski/ HTTP/1.1" 200 1299 "-" "Mozilla/4.0 (compatible; MSIE 7.0; Windows NT 5.1; .NET CLR 1.1.4322)" "-"
10.0.2.44 - - [11/Oct/2009:11:23:46 +0200] "GET /icons/blank.gif HTTP/1.1" 304 - "http://neo.dmcs.pl/~kgrabowski/" "Mozilla/4.0 (compatible; MSIE 7.0; Windows NT 5.1; .NET CLR 1.1.4322)" "-"
10.0.2.44 - - [11/Oct/2009:11:23:46 +0200] "GET /icons/back.gif HTTP/1.1" 304 - "http://neo.dmcs.pl/~kgrabowski/" "Mozilla/4.0 (compatible; MSIE 7.0; Windows NT 5.1; .NET CLR 1.1.4322)" "-"
10.0.2.44 - - [11/Oct/2009:11:23:46 +0200] "GET /icons/folder.gif HTTP/1.1" 304 - "http://neo.dmcs.pl/~kgrabowski/" "Mozilla/4.0 (compatible; MSIE 7.0; Windows NT 5.1; .NET CLR 1.1.4322)" "-"
10.0.2.44 - - [11/Oct/2009:11:23:49 +0200] "GET /~kgrabowski/materialy%20dodatkowe/ HTTP/1.1" 200 1358 "http://neo.dmcs.pl/~kgrabowski/" "Mozilla/4.0 (compatible; MSIE 7.0; Windows NT 5.1; .NET CLR 1.1.4322)" "-"
10.0.2.44 - - [11/Oct/2009:11:23:49 +0200] "GET /icons/layout.gif HTTP/1.1" 304 - "http://neo.dmcs.pl/~kgrabowski/materialy%20dodatkowe/" "Mozilla/4.0 (compatible; MSIE 7.0; Windows NT 5.1; .NET CLR 1.1.4322)" "-"
10.0.2.44 - - [11/Oct/2009:11:23:49 +0200] "GET /icons/compressed.gif HTTP/1.1" 304 - "http://neo.dmcs.pl/~kgrabowski/materialy%20dodatkowe/" "Mozilla/4.0 (compatible; MSIE 7.0; Windows NT 5.1; .NET CLR 1.1.4322)" "-"
10.0.2.44 - - [11/Oct/2009:11:24:11 +0200] "GET /~kgrabowski/materialy%20dodatkowe/tlv320aic23.pdf HTTP/1.1" 200 414335 "http://neo.dmcs.pl/~kgrabowski/materialy%20dodatkowe/" "Mozilla/4.0 (compatible; MSIE 7.0; Windows NT 5.1; .NET CLR 1.1.4322)" "-"
10.0.2.44 - - [11/Oct/2009:11:24:11 +0200] "GET /~kgrabowski/materialy%20dodatkowe/tlv320aic23.pdf HTTP/1.1" 206 4096 "-" "Mozilla/4.0 (compatible; MSIE 7.0; Windows NT 5.1; .NET CLR 1.1.4322)" "-"
10.0.2.44 - - [11/Oct/2009:11:24:11 +0200] "GET /~kgrabowski/materialy%20dodatkowe/tlv320aic23.pdf HTTP/1.1" 206 63 "-" "Mozilla/4.0 (compatible; MSIE 7.0; Windows NT 5.1; .NET CLR 1.1.4322)" "-"
10.0.2.44 - - [11/Oct/2009:11:24:11 +0200] "GET /~kgrabowski/materialy%20dodatkowe/tlv320aic23.pdf HTTP/1.1" 206 502 "-" "Mozilla/4.0 (compatible; MSIE 7.0; Windows NT 5.1; .NET CLR 1.1.4322)" "-"
10.0.2.44 - - [11/Oct/2009:11:24:12 +0200] "GET /~kgrabowski/materialy%20dodatkowe/tlv320aic23.pdf HTTP/1.1" 206 6318 "-" "Mozilla/4.0 (compatible; MSIE 7.0; Windows NT 5.1; .NET CLR 1.1.4322)" "-"
10.0.2.44 - - [11/Oct/2009:11:24:12 +0200] "GET /~kgrabowski/materialy%20dodatkowe/tlv320aic23.pdf HTTP/1.1" 206 70394 "-" "Mozilla/4.0 (compatible; MSIE 7.0; Windows NT 5.1; .NET CLR 1.1.4322)" "-"
10.0.2.43 - - [11/Oct/2009:11:24:13 +0200] "GET /~kgrabowski/ HTTP/1.1" 200 1299 "-" "Mozilla/4.0 (compatible; MSIE 7.0; Windows NT 5.1; .NET CLR 1.1.4322)" "-"
10.0.2.43 - - [11/Oct/2009:11:24:13 +0200] "GET /icons/blank.gif HTTP/1.1" 304 - "http://neo.dmcs.pl/~kgrabowski/" "Mozilla/4.0 (compatible; MSIE 7.0; Windows NT 5.1; .NET CLR 1.1.4322)" "-"
10.0.2.43 - - [11/Oct/2009:11:24:13 +0200] "GET /icons/back.gif HTTP/1.1" 304 - "http://neo.dmcs.pl/~kgrabowski/" "Mozilla/4.0 (compatible; MSIE 7.0; Windows NT 5.1; .NET CLR 1.1.4322)" "-"
10.0.2.43 - - [11/Oct/2009:11:24:13 +0200] "GET /icons/folder.gif HTTP/1.1" 304 - "http://neo.dmcs.pl/~kgrabowski/" "Mozilla/4.0 (compatible; MSIE 7.0; Windows NT 5.1; .NET CLR 1.1.4322)" "-"
10.0.2.43 - - [11/Oct/2009:11:24:15 +0200] "GET /~kgrabowski/materialy%20dodatkowe/ HTTP/1.1" 200 1358 "http://neo.dmcs.pl/~kgrabowski/" "Mozilla/4.0 (compatible; MSIE 7.0; Windows NT 5.1; .NET CLR 1.1.4322)" "-"
10.0.2.43 - - [11/Oct/2009:11:24:15 +0200] "GET /icons/layout.gif HTTP/1.1" 304 - "http://neo.dmcs.pl/~kgrabowski/materialy%20dodatkowe/" "Mozilla/4.0 (compatible; MSIE 7.0; Windows NT 5.1; .NET CLR 1.1.4322)" "-"
10.0.2.43 - - [11/Oct/2009:11:24:15 +0200] "GET /icons/compressed.gif HTTP/1.1" 200 1038 "http://neo.dmcs.pl/~kgrabowski/materialy%20dodatkowe/" "Mozilla/4.0 (compatible; MSIE 7.0; Windows NT 5.1; .NET CLR 1.1.4322)" "-"
10.0.2.43 - - [11/Oct/2009:11:24:20 +0200] "GET /~kgrabowski/materialy%20dodatkowe/tlv320aic23.pdf HTTP/1.1" 200 361424 "http://neo.dmcs.pl/~kgrabowski/materialy%20dodatkowe/" "Mozilla/4.0 (compatible; MSIE 7.0; Windows NT 5.1; .NET CLR 1.1.4322)" "-"
10.0.2.43 - - [11/Oct/2009:11:24:20 +0200] "GET /~kgrabowski/materialy%20dodatkowe/tlv320aic23.pdf HTTP/1.1" 206 4096 "-" "Mozilla/4.0 (compatible; MSIE 7.0; Windows NT 5.1; .NET CLR 1.1.4322)" "-"
10.0.2.43 - - [11/Oct/2009:11:24:20 +0200] "GET /~kgrabowski/materialy%20dodatkowe/tlv320aic23.pdf HTTP/1.1" 206 63 "-" "Mozilla/4.0 (compatible; MSIE 7.0; Windows NT 5.1; .NET CLR 1.1.4322)" "-"
10.0.2.43 - - [11/Oct/2009:11:24:20 +0200] "GET /~kgrabowski/materialy%20dodatkowe/tlv320aic23.pdf HTTP/1.1" 206 502 "-" "Mozilla/4.0 (compatible; MSIE 7.0; Windows NT 5.1; .NET CLR 1.1.4322)" "-"
10.0.2.43 - - [11/Oct/2009:11:24:22 +0200] "GET /~kgrabowski/materialy%20dodatkowe/tlv320aic23.pdf HTTP/1.1" 206 6318 "-" "Mozilla/4.0 (compatible; MSIE 7.0; Windows NT 5.1; .NET CLR 1.1.4322)" "-"
10.0.2.43 - - [11/Oct/2009:11:24:22 +0200] "GET /~kgrabowski/materialy%20dodatkowe/tlv320aic23.pdf HTTP/1.1" 206 115818 "-" "Mozilla/4.0 (compatible; MSIE 7.0; Windows NT 5.1; .NET CLR 1.1.4322)" "-"
193.248.1.137 - - [11/Oct/2009:11:24:27 +0200] "GET /inf5/07_08/4/peinture.html HTTP/1.1" 200 3382 "http://images.google.fr/imgres?imgurl=http://neo.dmcs.p.lodz.pl/inf5/07_08/4/narcisse.jpg&imgrefurl=http://neo.dmcs.p.lodz.pl/inf5/07_08/4/peinture.html&usg=__A4iqis5tcrgdMVLcwVaSjThb6JI=&h=430&w=585&sz=44&hl=fr&start=1&tbnid=TUc4X8WKUTngqM:&tbnh=99&tbnw=135&prev=/images%3Fq%3DDali,%2BNarcisse%26gbv%3D2%26hl%3Dfr" "Mozilla/4.0 (compatible; MSIE 7.0; Windows NT 5.1; GTB6; .NET CLR 1.1.4322; .NET CLR 2.0.50727)" "-"
92.241.169.168 - - [11/Oct/2009:11:24:32 +0200] "GET /%7Espcsym/phorum/post.php?f=4 HTTP/1.0" 200 3135 "http://lux.dmcs.p.lodz.pl/%7Espcsym/phorum/post.php?f=4" "Mozilla/4.0 (compatible; MSIE 6.0; Windows NT 5.1; SV1)" "-"
92.241.169.168 - - [11/Oct/2009:11:24:35 +0200] "POST /%7Espcsym/phorum/post.php HTTP/1.0" 200 9447 "http://lux.dmcs.p.lodz.pl/%7Espcsym/phorum/post.php?f=4" "Mozilla/4.0 (compatible; MSIE 6.0; Windows NT 5.1; SV1)" "-"
10.0.2.44 - - [11/Oct/2009:11:24:43 +0200] "GET /~kgrabowski/materialy%20dodatkowe/dsk_app.zip HTTP/1.1" 200 421298 "-" "Mozilla/4.0 (compatible; MSIE 7.0; Windows NT 5.1; .NET CLR 1.1.4322)" "-"
65.55.106.107 - - [11/Oct/2009:11:24:45 +0200] "GET /pium/index.php?strona=1&jezyk=1 HTTP/1.1" 200 13299 "-" "msnbot/2.0b (+http://search.msn.com/msnbot.htm)" "-"
10.0.2.44 - - [11/Oct/2009:11:24:55 +0200] "GET /~kgrabowski/materialy%20dodatkowe/dsk6713_TechRef.pdf HTTP/1.1" 200 639092 "-" "Mozilla/4.0 (compatible; MSIE 7.0; Windows NT 5.1; .NET CLR 1.1.4322)" "-"
10.0.2.44 - - [11/Oct/2009:11:24:58 +0200] "GET /~kgrabowski/ HTTP/1.1" 200 1299 "http://neo.dmcs.pl/~kgrabowski/materialy%20dodatkowe/" "Mozilla/4.0 (compatible; MSIE 7.0; Windows NT 5.1; .NET CLR 1.1.4322)" "-"
10.0.2.44 - - [11/Oct/2009:11:24:58 +0200] "GET /icons/blank.gif HTTP/1.1" 304 - "http://neo.dmcs.pl/~kgrabowski/" "Mozilla/4.0 (compatible; MSIE 7.0; Windows NT 5.1; .NET CLR 1.1.4322)" "-"
10.0.2.44 - - [11/Oct/2009:11:24:58 +0200] "GET /icons/folder.gif HTTP/1.1" 304 - "http://neo.dmcs.pl/~kgrabowski/" "Mozilla/4.0 (compatible; MSIE 7.0; Windows NT 5.1; .NET CLR 1.1.4322)" "-"
10.0.2.44 - - [11/Oct/2009:11:24:58 +0200] "GET /icons/back.gif HTTP/1.1" 304 - "http://neo.dmcs.pl/~kgrabowski/" "Mozilla/4.0 (compatible; MSIE 7.0; Windows NT 5.1; .NET CLR 1.1.4322)" "-"
218.76.113.132 - - [11/Oct/2009:11:25:08 +0200] "GET /%7Espcsym/phorum/post.php?f=4 HTTP/1.0" 200 3135 "http://lux.dmcs.p.lodz.pl/%7Espcsym/phorum/post.php?f=4" "Mozilla/4.0 (compatible; MSIE 6.0; Windows NT 5.2; Win64; x64; SV1; .NET CLR 2.0.50727)" "-"
193.248.1.137 - - [11/Oct/2009:11:25:19 +0200] "GET /inf5/07_08/4/freud.jpg HTTP/1.1" 200 57319 "http://neo.dmcs.p.lodz.pl/inf5/07_08/4/peinture.html" "Mozilla/4.0 (compatible; MSIE 7.0; Windows NT 5.1; GTB6; .NET CLR 1.1.4322; .NET CLR 2.0.50727)" "-"
83.142.202.45 - - [11/Oct/2009:11:25:25 +0200] "GET / HTTP/1.1" 200 8370 "-" "Mozilla/5.0 (X11; U; Linux i686; pl-PL; rv:1.9.0.8) Gecko/2009033100 Ubuntu/9.04 (jaunty) Firefox/3.0.8" "-"
83.142.202.45 - - [11/Oct/2009:11:25:25 +0200] "GET /style.css HTTP/1.1" 200 2000 "http://lux.dmcs.p.lodz.pl/" "Mozilla/5.0 (X11; U; Linux i686; pl-PL; rv:1.9.0.8) Gecko/2009033100 Ubuntu/9.04 (jaunty) Firefox/3.0.8" "-"
83.142.202.45 - - [11/Oct/2009:11:25:25 +0200] "GET /images/back.jpg HTTP/1.1" 404 296 "http://lux.dmcs.p.lodz.pl/" "Mozilla/5.0 (X11; U; Linux i686; pl-PL; rv:1.9.0.8) Gecko/2009033100 Ubuntu/9.04 (jaunty) Firefox/3.0.8" "-"
83.142.202.45 - - [11/Oct/2009:11:25:25 +0200] "GET /favicon.ico HTTP/1.1" 404 292 "-" "Mozilla/5.0 (X11; U; Linux i686; pl-PL; rv:1.9.0.8) Gecko/2009033100 Ubuntu/9.04 (jaunty) Firefox/3.0.8" "-"
83.142.202.45 - - [11/Oct/2009:11:25:28 +0200] "GET /favicon.ico HTTP/1.1" 404 292 "-" "Mozilla/5.0 (X11; U; Linux i686; pl-PL; rv:1.9.0.8) Gecko/2009033100 Ubuntu/9.04 (jaunty) Firefox/3.0.8" "-"
83.142.202.45 - - [11/Oct/2009:11:25:33 +0200] "GET /rso/index.html HTTP/1.1" 200 6449 "http://lux.dmcs.p.lodz.pl/" "Mozilla/5.0 (X11; U; Linux i686; pl-PL; rv:1.9.0.8) Gecko/2009033100 Ubuntu/9.04 (jaunty) Firefox/3.0.8" "-"
83.142.202.45 - - [11/Oct/2009:11:25:34 +0200] "GET /images/back.jpg HTTP/1.1" 404 296 "http://lux.dmcs.p.lodz.pl/rso/index.html" "Mozilla/5.0 (X11; U; Linux i686; pl-PL; rv:1.9.0.8) Gecko/2009033100 Ubuntu/9.04 (jaunty) Firefox/3.0.8" "-"
83.142.202.45 - - [11/Oct/2009:11:25:39 +0200] "GET /rso/socket.tgz HTTP/1.1" 200 3527 "http://lux.dmcs.p.lodz.pl/rso/index.html" "Mozilla/5.0 (X11; U; Linux i686; pl-PL; rv:1.9.0.8) Gecko/2009033100 Ubuntu/9.04 (jaunty) Firefox/3.0.8" "-"
193.248.1.137 - - [11/Oct/2009:11:25:44 +0200] "GET /inf5/07_08/4/cadaques.jpg HTTP/1.1" 200 41219 "http://neo.dmcs.p.lodz.pl/inf5/07_08/4/peinture.html" "Mozilla/4.0 (compatible; MSIE 7.0; Windows NT 5.1; GTB6; .NET CLR 1.1.4322; .NET CLR 2.0.50727)" "-"
193.248.1.137 - - [11/Oct/2009:11:25:56 +0200] "GET /inf5/07_08/4/cubist_self-portrait.jpg HTTP/1.1" 200 55385 "http://neo.dmcs.p.lodz.pl/inf5/07_08/4/peinture.html" "Mozilla/4.0 (compatible; MSIE 7.0; Windows NT 5.1; GTB6; .NET CLR 1.1.4322; .NET CLR 2.0.50727)" "-"
66.249.65.212 - - [11/Oct/2009:11:26:05 +0200] "GET /isbd/php/doc/polish_many/features.http-auth.html HTTP/1.1" 200 7576 "-" "Mozilla/5.0 (compatible; Googlebot/2.1; +http://www.google.com/bot.html)" "-"
87.236.233.7 - - [11/Oct/2009:11:26:15 +0200] "GET /oom/ex2.pdf HTTP/1.0" 200 31717 "http://www.google.jo/search?sourceid=navclient&ie=UTF-8&rlz=1T4ADBF_enJO335JO336&q=use+case+for+hotel" "Mozilla/4.0 (compatible; MSIE 8.0; Windows NT 5.1; Trident/4.0; .NET CLR 1.1.4322; .NET CLR 2.0.50727; .NET CLR 3.0.4506.2152; .NET CLR 3.5.30729; InfoPath.2)" "-"
193.248.1.137 - - [11/Oct/2009:11:26:24 +0200] "GET /inf5/07_08/4/peinture.JPG HTTP/1.1" 200 62664 "http://neo.dmcs.p.lodz.pl/inf5/07_08/4/peinture.html" "Mozilla/4.0 (compatible; MSIE 7.0; Windows NT 5.1; GTB6; .NET CLR 1.1.4322; .NET CLR 2.0.50727)" "-"
10.0.2.43 - - [11/Oct/2009:11:26:26 +0200] "GET /~kgrabowski/materialy%20dodatkowe/dsk_app.zip HTTP/1.1" 200 421298 "-" "Mozilla/4.0 (compatible; MSIE 7.0; Windows NT 5.1; .NET CLR 1.1.4322)" "-"
193.248.1.137 - - [11/Oct/2009:11:26:27 +0200] "GET /inf5/07_08/4/disintegration%20of%20the%20persistence.jpg HTTP/1.1" 200 48134 "http://neo.dmcs.p.lodz.pl/inf5/07_08/4/peinture.html" "Mozilla/4.0 (compatible; MSIE 7.0; Windows NT 5.1; GTB6; .NET CLR 1.1.4322; .NET CLR 2.0.50727)" "-"
193.248.1.137 - - [11/Oct/2009:11:26:38 +0200] "GET /inf5/07_08/4/geopoliticus.jpg HTTP/1.1" 200 20102 "http://neo.dmcs.p.lodz.pl/inf5/07_08/4/peinture.html" "Mozilla/4.0 (compatible; MSIE 7.0; Windows NT 5.1; GTB6; .NET CLR 1.1.4322; .NET CLR 2.0.50727)" "-"
81.53.212.75 - - [11/Oct/2009:11:26:49 +0200] "GET /inf5/07_08/4/index.html HTTP/1.1" 200 1582 "http://images.google.fr/imgres?imgurl=http://neo.dmcs.p.lodz.pl/inf5/07_08/4/dali%26film.JPG&imgrefurl=http://neo.dmcs.p.lodz.pl/inf5/07_08/4/index.html&usg=__J-VQ1N_MFHY_MRrzJEkycYBR75o=&h=361&w=371&sz=22&hl=fr&start=57&um=1&tbnid=UCSciratIyFYIM:&tbnh=119&tbnw=122&prev=/images%3Fq%3Ddali%26ndsp%3D18%26hl%3Dfr%26sa%3DN%26start%3D54%26um%3D1" "Mozilla/5.0 (Windows; U; Windows NT 5.1; fr; rv:1.9.0.5) Gecko/2008120122 Firefox/3.0.5 (.NET CLR 3.5.30729)" "-"
10.0.0.37 - - [11/Oct/2009:11:26:49 +0200] "GET /~kgrabowski/laboratorium/LaboratoriumDSP2i3.pdf HTTP/1.1" 200 202341 "http://neo.dmcs.pl/~kgrabowski/laboratorium/" "Mozilla/4.0 (compatible; MSIE 7.0; Windows NT 5.1; .NET CLR 1.1.4322)" "-"
81.53.212.75 - - [11/Oct/2009:11:26:49 +0200] "GET /inf5/07_08/4/tytul.JPG HTTP/1.1" 200 8770 "http://neo.dmcs.p.lodz.pl/inf5/07_08/4/index.html" "Mozilla/5.0 (Windows; U; Windows NT 5.1; fr; rv:1.9.0.5) Gecko/2008120122 Firefox/3.0.5 (.NET CLR 3.5.30729)" "-"
81.53.212.75 - - [11/Oct/2009:11:26:50 +0200] "GET /inf5/07_08/4/dali,design&mode.jpg HTTP/1.1" 200 16943 "http://neo.dmcs.p.lodz.pl/inf5/07_08/4/index.html" "Mozilla/5.0 (Windows; U; Windows NT 5.1; fr; rv:1.9.0.5) Gecko/2008120122 Firefox/3.0.5 (.NET CLR 3.5.30729)" "-"
81.53.212.75 - - [11/Oct/2009:11:26:50 +0200] "GET /inf5/07_08/4/portraits.JPG HTTP/1.1" 200 26576 "http://neo.dmcs.p.lodz.pl/inf5/07_08/4/index.html" "Mozilla/5.0 (Windows; U; Windows NT 5.1; fr; rv:1.9.0.5) Gecko/2008120122 Firefox/3.0.5 (.NET CLR 3.5.30729)" "-"
81.53.212.75 - - [11/Oct/2009:11:26:51 +0200] "GET /inf5/07_08/4/dali&film.JPG HTTP/1.1" 200 22370 "http://neo.dmcs.p.lodz.pl/inf5/07_08/4/index.html" "Mozilla/5.0 (Windows; U; Windows NT 5.1; fr; rv:1.9.0.5) Gecko/2008120122 Firefox/3.0.5 (.NET CLR 3.5.30729)" "-"
81.53.212.75 - - [11/Oct/2009:11:26:51 +0200] "GET /inf5/07_08/4/peinture.JPG HTTP/1.1" 200 38865 "http://neo.dmcs.p.lodz.pl/inf5/07_08/4/index.html" "Mozilla/5.0 (Windows; U; Windows NT 5.1; fr; rv:1.9.0.5) Gecko/2008120122 Firefox/3.0.5 (.NET CLR 3.5.30729)" "-"
81.53.212.75 - - [11/Oct/2009:11:26:51 +0200] "GET /inf5/07_08/4/dali&film.JPG HTTP/1.1" 200 22370 "http://images.google.fr/imgres?imgurl=http://neo.dmcs.p.lodz.pl/inf5/07_08/4/dali%26film.JPG&imgrefurl=http://neo.dmcs.p.lodz.pl/inf5/07_08/4/index.html&usg=__J-VQ1N_MFHY_MRrzJEkycYBR75o=&h=361&w=371&sz=22&hl=fr&start=57&um=1&tbnid=UCSciratIyFYIM:&tbnh=119&tbnw=122&prev=/images%3Fq%3Ddali%26ndsp%3D18%26hl%3Dfr%26sa%3DN%26start%3D54%26um%3D1" "Mozilla/5.0 (Windows; U; Windows NT 5.1; fr; rv:1.9.0.5) Gecko/2008120122 Firefox/3.0.5 (.NET CLR 3.5.30729)" "-"
81.53.212.75 - - [11/Oct/2009:11:26:52 +0200] "GET /inf5/07_08/4/dali&film.JPG HTTP/1.1" 206 10278 "http://images.google.fr/imgres?imgurl=http://neo.dmcs.p.lodz.pl/inf5/07_08/4/dali%26film.JPG&imgrefurl=http://neo.dmcs.p.lodz.pl/inf5/07_08/4/index.html&usg=__J-VQ1N_MFHY_MRrzJEkycYBR75o=&h=361&w=371&sz=22&hl=fr&start=57&um=1&tbnid=UCSciratIyFYIM:&tbnh=119&tbnw=122&prev=/images%3Fq%3Ddali%26ndsp%3D18%26hl%3Dfr%26sa%3DN%26start%3D54%26um%3D1" "Mozilla/5.0 (Windows; U; Windows NT 5.1; fr; rv:1.9.0.5) Gecko/2008120122 Firefox/3.0.5 (.NET CLR 3.5.30729)" "-"
81.53.212.75 - - [11/Oct/2009:11:27:01 +0200] "GET /inf5/07_08/4/tytul.JPG HTTP/1.1" 200 8770 "http://neo.dmcs.p.lodz.pl/inf5/07_08/4/index.html" "Mozilla/5.0 (Windows; U; Windows NT 5.1; fr; rv:1.9.0.5) Gecko/2008120122 Firefox/3.0.5 (.NET CLR 3.5.30729)" "-"
81.53.212.75 - - [11/Oct/2009:11:27:02 +0200] "GET /inf5/07_08/4/dali,design&mode.jpg HTTP/1.1" 200 16943 "http://neo.dmcs.p.lodz.pl/inf5/07_08/4/index.html" "Mozilla/5.0 (Windows; U; Windows NT 5.1; fr; rv:1.9.0.5) Gecko/2008120122 Firefox/3.0.5 (.NET CLR 3.5.30729)" "-"
81.53.212.75 - - [11/Oct/2009:11:27:02 +0200] "GET /inf5/07_08/4/portraits.JPG HTTP/1.1" 200 26576 "http://neo.dmcs.p.lodz.pl/inf5/07_08/4/index.html" "Mozilla/5.0 (Windows; U; Windows NT 5.1; fr; rv:1.9.0.5) Gecko/2008120122 Firefox/3.0.5 (.NET CLR 3.5.30729)" "-"
81.53.212.75 - - [11/Oct/2009:11:27:02 +0200] "GET /inf5/07_08/4/peinture.JPG HTTP/1.1" 200 44673 "http://neo.dmcs.p.lodz.pl/inf5/07_08/4/index.html" "Mozilla/5.0 (Windows; U; Windows NT 5.1; fr; rv:1.9.0.5) Gecko/2008120122 Firefox/3.0.5 (.NET CLR 3.5.30729)" "-"
123.237.75.35 - - [11/Oct/2009:11:27:08 +0200] "GET /pdsc/index.html HTTP/1.1" 304 - "http://www.google.co.in/url?sa=t&source=web&ct=res&cd=12&ved=0CA8QFjABOAo&url=http%3A%2F%2Fneo.dmcs.p.lodz.pl%2Fpdsc%2Findex.html&ei=4aTRSv3-GcaOkAWngOnWBg&rct=j&q=data+structure%2Bprogram+example+in+C&usg=AFQjCNH_6nocbcvLYsZ4m_1nNAAFYXXsrw" "Mozilla/5.0 (Windows; U; Windows NT 5.0; en-GB; rv:1.9.1.3) Gecko/20090824 Firefox/3.5.3" "-"
123.237.75.35 - - [11/Oct/2009:11:27:09 +0200] "GET /images/back.jpg HTTP/1.1" 404 296 "http://neo.dmcs.p.lodz.pl/pdsc/index.html" "Mozilla/5.0 (Windows; U; Windows NT 5.0; en-GB; rv:1.9.1.3) Gecko/20090824 Firefox/3.5.3" "-"
123.237.75.35 - - [11/Oct/2009:11:27:22 +0200] "GET /pdsc/lecture1.tgz HTTP/1.1" 200 2795 "http://neo.dmcs.p.lodz.pl/pdsc/index.html" "Mozilla/5.0 (Windows; U; Windows NT 5.0; en-GB; rv:1.9.1.3) Gecko/20090824 Firefox/3.5.3" "-"
217.113.236.71 - - [11/Oct/2009:11:27:56 +0200] "GET /~sekalski/PITDMM/3.pdf HTTP/1.1" 404 296 "-" "Opera/9.80 (Windows NT 5.1; U; pl) Presto/2.2.15 Version/10.00" "-"
217.113.236.71 - - [11/Oct/2009:11:27:56 +0200] "GET /favicon.ico HTTP/1.1" 404 285 "http://lux.dmcs.pl/~sekalski/PITDMM/3.pdf" "Opera/9.80 (Windows NT 5.1; U; pl) Presto/2.2.15 Version/10.00" "-"
65.55.207.99 - - [11/Oct/2009:11:28:45 +0200] "GET /pdsc/index.html HTTP/1.1" 304 - "-" "msnbot/2.0b (+http://search.msn.com/msnbot.htm)" "-"
213.158.199.135 - - [11/Oct/2009:11:28:46 +0200] "GET /podyplomowe_smtm/smob2/kursbasha/main.html HTTP/1.1" 200 5405 "http://neo.dmcs.p.lodz.pl/podyplomowe_smtm/smob2/" "Mozilla/5.0 (X11; U; Linux i686; pl-PL; rv:1.9.0.14) Gecko/2009090216 Ubuntu/9.04 (jaunty) Firefox/3.0.14" "-"
213.158.199.135 - - [11/Oct/2009:11:28:46 +0200] "GET /podyplomowe_smtm/smob2/kursbasha/style.css HTTP/1.1" 200 325 "http://neo.dmcs.p.lodz.pl/podyplomowe_smtm/smob2/kursbasha/main.html" "Mozilla/5.0 (X11; U; Linux i686; pl-PL; rv:1.9.0.14) Gecko/2009090216 Ubuntu/9.04 (jaunty) Firefox/3.0.14" "-"
213.158.199.135 - - [11/Oct/2009:11:28:46 +0200] "GET /podyplomowe_smtm/smob2/kursbasha/grafiki/logo.gif HTTP/1.1" 200 6196 "http://neo.dmcs.p.lodz.pl/podyplomowe_smtm/smob2/kursbasha/main.html" "Mozilla/5.0 (X11; U; Linux i686; pl-PL; rv:1.9.0.14) Gecko/2009090216 Ubuntu/9.04 (jaunty) Firefox/3.0.14" "-"
213.158.199.135 - - [11/Oct/2009:11:28:50 +0200] "GET /podyplomowe_smtm/smob2/kursbasha/for.html HTTP/1.1" 200 2533 "http://neo.dmcs.p.lodz.pl/podyplomowe_smtm/smob2/kursbasha/main.html" "Mozilla/5.0 (X11; U; Linux i686; pl-PL; rv:1.9.0.14) Gecko/2009090216 Ubuntu/9.04 (jaunty) Firefox/3.0.14" "-"
65.55.220.47 - - [11/Oct/2009:11:29:25 +0200] "GET /inf5/06_07/11/Picasso.JPG HTTP/1.1" 200 12838 "-" "WinHttp" "-"
65.55.220.47 - - [11/Oct/2009:11:29:25 +0200] "GET /inf5/06_07/11/index.html HTTP/1.1" 200 1357 "-" "WinHttp" "-"
65.55.207.118 - - [11/Oct/2009:11:29:45 +0200] "GET /pdsc/index.html HTTP/1.1" 304 - "-" "msnbot/2.0b (+http://search.msn.com/msnbot.htm)" "-"
83.29.167.105 - - [11/Oct/2009:11:30:18 +0200] "GET /arm/index.html HTTP/1.1" 200 7170 "http://www.google.pl/url?sa=t&source=web&ct=res&cd=15&url=http%3A%2F%2Fneo.dmcs.p.lodz.pl%2Farm%2Findex.html&ei=paXRSpDjCMq-_QaK_tnEBQ&rct=j&q=procesor++ARM+9&usg=AFQjCNG1GZaGwGyj8IAzXD04gUyNJdDz6w" "Mozilla/5.0 (Windows; U; Windows NT 5.1; pl; rv:1.9.1.3) Gecko/20090824 Firefox/3.5.3" "-"
83.29.167.105 - - [11/Oct/2009:11:30:19 +0200] "GET /style.css HTTP/1.1" 200 2000 "http://neo.dmcs.p.lodz.pl/arm/index.html" "Mozilla/5.0 (Windows; U; Windows NT 5.1; pl; rv:1.9.1.3) Gecko/20090824 Firefox/3.5.3" "-"
83.29.167.105 - - [11/Oct/2009:11:30:19 +0200] "GET /images/back.jpg HTTP/1.1" 404 296 "http://neo.dmcs.p.lodz.pl/arm/index.html" "Mozilla/5.0 (Windows; U; Windows NT 5.1; pl; rv:1.9.1.3) Gecko/20090824 Firefox/3.5.3" "-"
83.29.167.105 - - [11/Oct/2009:11:30:19 +0200] "GET /favicon.ico HTTP/1.1" 404 292 "-" "Mozilla/5.0 (Windows; U; Windows NT 5.1; pl; rv:1.9.1.3) Gecko/20090824 Firefox/3.5.3" "-"
83.29.167.105 - - [11/Oct/2009:11:30:22 +0200] "GET /favicon.ico HTTP/1.1" 404 292 "-" "Mozilla/5.0 (Windows; U; Windows NT 5.1; pl; rv:1.9.1.3) Gecko/20090824 Firefox/3.5.3" "-"
66.249.65.212 - - [11/Oct/2009:11:30:27 +0200] "GET /ppm/instrukcje/ppm_1b_w42.pdf HTTP/1.1" 404 310 "-" "Mozilla/5.0 (compatible; Googlebot/2.1; +http://www.google.com/bot.html)" "-"
87.236.233.9 - - [11/Oct/2009:11:32:03 +0200] "GET /oom/ex2.pdf HTTP/1.0" 200 31717 "http://www.google.jo/search?hl=ar&source=hp&q=hotel+use+case&meta=&aq=f&oq=" "Mozilla/4.0 (compatible; MSIE 8.0; Windows NT 5.1; Trident/4.0; .NET CLR 1.1.4322; .NET CLR 2.0.50727; .NET CLR 3.0.4506.2152; .NET CLR 3.5.30729; InfoPath.2)" "-"
153.19.210.159 - - [11/Oct/2009:11:32:38 +0200] "HEAD /favicon.ico HTTP/1.1" 404 0 "-" "Mozilla/5.0 (X11; U; Linux i686; pl; rv:1.9.1.3) Gecko/20090824 Firefox/3.5.3" "-"
66.249.65.210 - - [11/Oct/2009:11:32:42 +0200] "GET /robots.txt HTTP/1.1" 200 67 "-" "Mozilla/5.0 (compatible; Googlebot/2.1; +http://www.google.com/bot.html)" "-"
66.249.65.210 - - [11/Oct/2009:11:32:43 +0200] "GET /tk/bison/bison_10.htm HTTP/1.1" 200 8867 "-" "Mozilla/5.0 (compatible; Googlebot/2.1; +http://www.google.com/bot.html)" "-"
83.26.192.47 - - [11/Oct/2009:11:32:52 +0200] "GET /oopc HTTP/1.1" 301 308 "-" "Opera/9.80 (X11; Linux i686; U; pl) Presto/2.2.15 Version/10.10" "-"
83.26.192.47 - - [11/Oct/2009:11:32:53 +0200] "GET /oopc/ HTTP/1.1" 200 7069 "-" "Opera/9.80 (X11; Linux i686; U; pl) Presto/2.2.15 Version/10.10" "-"
66.249.65.209 - - [11/Oct/2009:11:32:54 +0200] "GET /isbd/php/doc/polish_many/function.ircg-kick.html HTTP/1.1" 200 2631 "-" "SAMSUNG-SGH-E250/1.0 Profile/MIDP-2.0 Configuration/CLDC-1.1 UP.Browser/6.2.3.3.c.1.101 (GUI) MMP/2.0 (compatible; Googlebot-Mobile/2.1; +http://www.google.com/bot.html)" "-"
83.26.192.47 - - [11/Oct/2009:11:32:54 +0200] "GET /style.css HTTP/1.1" 200 2000 "http://neo.dmcs.pl/oopc/" "Opera/9.80 (X11; Linux i686; U; pl) Presto/2.2.15 Version/10.10" "-"
83.26.192.47 - - [11/Oct/2009:11:32:54 +0200] "GET /images/back.jpg HTTP/1.1" 404 289 "http://neo.dmcs.pl/oopc/" "Opera/9.80 (X11; Linux i686; U; pl) Presto/2.2.15 Version/10.10" "-"
83.26.192.47 - - [11/Oct/2009:11:32:55 +0200] "GET /favicon.ico HTTP/1.1" 404 285 "http://neo.dmcs.pl/oopc/" "Opera/9.80 (X11; Linux i686; U; pl) Presto/2.2.15 Version/10.10" "-"
83.26.192.47 - - [11/Oct/2009:11:33:01 +0200] "GET /oopc/oopc-3.odp HTTP/1.1" 200 12656 "http://neo.dmcs.pl/oopc/" "Opera/9.80 (X11; Linux i686; U; pl) Presto/2.2.15 Version/10.10" "-"
10.0.2.8 - - [11/Oct/2009:11:33:23 +0200] "GET /podyplomowe_smtm/smob2/kursbasha/vart.html HTTP/1.1" 200 5266 "http://neo/podyplomowe_smtm/smob2/kursbasha/main.html" "Mozilla/5.0 (X11; U; Linux i686; pl-PL; rv:1.9.0.7) Gecko/2009030422 Ubuntu/8.10 (intrepid) Firefox/3.0.7" "-"
83.26.192.47 - - [11/Oct/2009:11:33:31 +0200] "GET /oopc/oopc-3.pdf HTTP/1.1" 200 381074 "http://neo.dmcs.pl/oopc/" "Opera/9.80 (X11; Linux i686; U; pl) Presto/2.2.15 Version/10.10" "-"
83.26.192.47 - - [11/Oct/2009:11:33:33 +0200] "GET /oopc/lec3.tgz HTTP/1.1" 200 3127 "http://neo.dmcs.pl/oopc/" "Opera/9.80 (X11; Linux i686; U; pl) Presto/2.2.15 Version/10.10" "-"
10.0.2.8 - - [11/Oct/2009:11:33:39 +0200] "GET /podyplomowe_smtm/smob2/kursbasha/varp.html HTTP/1.1" 200 2628 "http://neo/podyplomowe_smtm/smob2/kursbasha/main.html" "Mozilla/5.0 (X11; U; Linux i686; pl-PL; rv:1.9.0.7) Gecko/2009030422 Ubuntu/8.10 (intrepid) Firefox/3.0.7" "-"
10.0.2.8 - - [11/Oct/2009:11:33:43 +0200] "GET /podyplomowe_smtm/smob2/kursbasha/stream.html HTTP/1.1" 200 5401 "http://neo/podyplomowe_smtm/smob2/kursbasha/main.html" "Mozilla/5.0 (X11; U; Linux i686; pl-PL; rv:1.9.0.7) Gecko/2009030422 Ubuntu/8.10 (intrepid) Firefox/3.0.7" "-"
10.0.2.8 - - [11/Oct/2009:11:33:43 +0200] "GET /podyplomowe_smtm/smob2/kursbasha/grafiki/stream.gif HTTP/1.1" 200 8044 "http://neo/podyplomowe_smtm/smob2/kursbasha/stream.html" "Mozilla/5.0 (X11; U; Linux i686; pl-PL; rv:1.9.0.7) Gecko/2009030422 Ubuntu/8.10 (intrepid) Firefox/3.0.7" "-"
217.113.228.86 - - [11/Oct/2009:11:33:43 +0200] "GET / HTTP/1.1" 200 8370 "-" "Mozilla/5.0 (X11; U; Linux i686; en-US; rv:1.9.0.14) Gecko/2009091010 Iceweasel/3.0.14 (Debian-3.0.14-1)" "-"
217.113.228.86 - - [11/Oct/2009:11:33:43 +0200] "GET /style.css HTTP/1.1" 200 2000 "http://neo.dmcs.p.lodz.pl/" "Mozilla/5.0 (X11; U; Linux i686; en-US; rv:1.9.0.14) Gecko/2009091010 Iceweasel/3.0.14 (Debian-3.0.14-1)" "-"
217.113.228.86 - - [11/Oct/2009:11:33:43 +0200] "GET /images/back.jpg HTTP/1.1" 404 296 "http://neo.dmcs.p.lodz.pl/" "Mozilla/5.0 (X11; U; Linux i686; en-US; rv:1.9.0.14) Gecko/2009091010 Iceweasel/3.0.14 (Debian-3.0.14-1)" "-"
217.113.228.86 - - [11/Oct/2009:11:33:44 +0200] "GET /favicon.ico HTTP/1.1" 404 292 "-" "Mozilla/5.0 (X11; U; Linux i686; en-US; rv:1.9.0.14) Gecko/2009091010 Iceweasel/3.0.14 (Debian-3.0.14-1)" "-"
88.220.117.227 - - [11/Oct/2009:11:33:45 +0200] "GET /~swierczu/aga_a2/left1.png HTTP/1.0" 200 5912 "http://www.allegro.pl/item774182433_bransoleta_srebrna_swarovski_bizuteria_slubna.html" "Mozilla/5.0 (Windows; U; Windows NT 6.0; en-US) AppleWebKit/532.0 (KHTML, like Gecko) Chrome/3.0.195.25 Safari/532.0" "-"
88.220.117.227 - - [11/Oct/2009:11:33:45 +0200] "GET /~swierczu/aga_a2/left3.png HTTP/1.0" 200 3657 "http://www.allegro.pl/item774182433_bransoleta_srebrna_swarovski_bizuteria_slubna.html" "Mozilla/5.0 (Windows; U; Windows NT 6.0; en-US) AppleWebKit/532.0 (KHTML, like Gecko) Chrome/3.0.195.25 Safari/532.0" "-"
88.220.117.227 - - [11/Oct/2009:11:33:45 +0200] "GET /~swierczu/aga_a2/left2.png HTTP/1.0" 200 4921 "http://www.allegro.pl/item774182433_bransoleta_srebrna_swarovski_bizuteria_slubna.html" "Mozilla/5.0 (Windows; U; Windows NT 6.0; en-US) AppleWebKit/532.0 (KHTML, like Gecko) Chrome/3.0.195.25 Safari/532.0" "-"
88.220.117.227 - - [11/Oct/2009:11:33:45 +0200] "GET /~swierczu/aga_a2/left4.png HTTP/1.0" 200 57810 "http://www.allegro.pl/item774182433_bransoleta_srebrna_swarovski_bizuteria_slubna.html" "Mozilla/5.0 (Windows; U; Windows NT 6.0; en-US) AppleWebKit/532.0 (KHTML, like Gecko) Chrome/3.0.195.25 Safari/532.0" "-"
88.220.117.227 - - [11/Oct/2009:11:33:46 +0200] "GET /~swierczu/aga_a2/left5.png HTTP/1.0" 200 3471 "http://www.allegro.pl/item774182433_bransoleta_srebrna_swarovski_bizuteria_slubna.html" "Mozilla/5.0 (Windows; U; Windows NT 6.0; en-US) AppleWebKit/532.0 (KHTML, like Gecko) Chrome/3.0.195.25 Safari/532.0" "-"
88.220.117.227 - - [11/Oct/2009:11:33:46 +0200] "GET /~swierczu/aga_a2/left7.png HTTP/1.0" 200 7206 "http://www.allegro.pl/item774182433_bransoleta_srebrna_swarovski_bizuteria_slubna.html" "Mozilla/5.0 (Windows; U; Windows NT 6.0; en-US) AppleWebKit/532.0 (KHTML, like Gecko) Chrome/3.0.195.25 Safari/532.0" "-"
88.220.117.227 - - [11/Oct/2009:11:33:46 +0200] "GET /~swierczu/aga_a2/left8.png HTTP/1.0" 200 4406 "http://www.allegro.pl/item774182433_bransoleta_srebrna_swarovski_bizuteria_slubna.html" "Mozilla/5.0 (Windows; U; Windows NT 6.0; en-US) AppleWebKit/532.0 (KHTML, like Gecko) Chrome/3.0.195.25 Safari/532.0" "-"
88.220.117.227 - - [11/Oct/2009:11:33:46 +0200] "GET /~swierczu/aga_a2/left6.png HTTP/1.0" 200 74941 "http://www.allegro.pl/item774182433_bransoleta_srebrna_swarovski_bizuteria_slubna.html" "Mozilla/5.0 (Windows; U; Windows NT 6.0; en-US) AppleWebKit/532.0 (KHTML, like Gecko) Chrome/3.0.195.25 Safari/532.0" "-"
88.220.117.227 - - [11/Oct/2009:11:33:46 +0200] "GET /~swierczu/aga_a2/right1.png HTTP/1.0" 200 50234 "http://www.allegro.pl/item774182433_bransoleta_srebrna_swarovski_bizuteria_slubna.html" "Mozilla/5.0 (Windows; U; Windows NT 6.0; en-US) AppleWebKit/532.0 (KHTML, like Gecko) Chrome/3.0.195.25 Safari/532.0" "-"
217.113.228.86 - - [11/Oct/2009:11:33:47 +0200] "GET /favicon.ico HTTP/1.1" 404 292 "-" "Mozilla/5.0 (X11; U; Linux i686; en-US; rv:1.9.0.14) Gecko/2009091010 Iceweasel/3.0.14 (Debian-3.0.14-1)" "-"
88.220.117.227 - - [11/Oct/2009:11:33:47 +0200] "GET /~swierczu/aga_a2/center.png HTTP/1.0" 200 85290 "http://www.allegro.pl/item774182433_bransoleta_srebrna_swarovski_bizuteria_slubna.html" "Mozilla/5.0 (Windows; U; Windows NT 6.0; en-US) AppleWebKit/532.0 (KHTML, like Gecko) Chrome/3.0.195.25 Safari/532.0" "-"
217.113.228.86 - - [11/Oct/2009:11:33:47 +0200] "GET /oopc/index.html HTTP/1.1" 200 7069 "-" "Mozilla/5.0 (X11; U; Linux i686; en-US; rv:1.9.0.14) Gecko/2009091010 Iceweasel/3.0.14 (Debian-3.0.14-1)" "-"
88.220.117.227 - - [11/Oct/2009:11:33:48 +0200] "GET /~swierczu/aga_a2/right2.png HTTP/1.0" 200 28637 "http://www.allegro.pl/item774182433_bransoleta_srebrna_swarovski_bizuteria_slubna.html" "Mozilla/5.0 (Windows; U; Windows NT 6.0; en-US) AppleWebKit/532.0 (KHTML, like Gecko) Chrome/3.0.195.25 Safari/532.0" "-"
217.113.228.86 - - [11/Oct/2009:11:33:48 +0200] "GET /images/back.jpg HTTP/1.1" 404 296 "http://neo.dmcs.p.lodz.pl/oopc/index.html" "Mozilla/5.0 (X11; U; Linux i686; en-US; rv:1.9.0.14) Gecko/2009091010 Iceweasel/3.0.14 (Debian-3.0.14-1)" "-"
88.220.117.227 - - [11/Oct/2009:11:33:48 +0200] "GET /~swierczu/aga_a2/right3.png HTTP/1.0" 200 662 "http://www.allegro.pl/item774182433_bransoleta_srebrna_swarovski_bizuteria_slubna.html" "Mozilla/5.0 (Windows; U; Windows NT 6.0; en-US) AppleWebKit/532.0 (KHTML, like Gecko) Chrome/3.0.195.25 Safari/532.0" "-"
88.220.117.227 - - [11/Oct/2009:11:33:48 +0200] "GET /~swierczu/aga_a2/right4.png HTTP/1.0" 200 3444 "http://www.allegro.pl/item774182433_bransoleta_srebrna_swarovski_bizuteria_slubna.html" "Mozilla/5.0 (Windows; U; Windows NT 6.0; en-US) AppleWebKit/532.0 (KHTML, like Gecko) Chrome/3.0.195.25 Safari/532.0" "-"
88.220.117.227 - - [11/Oct/2009:11:33:48 +0200] "GET /~swierczu/aga_a2/right5.png HTTP/1.0" 200 94525 "http://www.allegro.pl/item774182433_bransoleta_srebrna_swarovski_bizuteria_slubna.html" "Mozilla/5.0 (Windows; U; Windows NT 6.0; en-US) AppleWebKit/532.0 (KHTML, like Gecko) Chrome/3.0.195.25 Safari/532.0" "-"
88.220.117.227 - - [11/Oct/2009:11:33:50 +0200] "GET /~swierczu/aga_a2/head.png HTTP/1.0" 200 133688 "http://www.allegro.pl/item774182433_bransoleta_srebrna_swarovski_bizuteria_slubna.html" "Mozilla/5.0 (Windows; U; Windows NT 6.0; en-US) AppleWebKit/532.0 (KHTML, like Gecko) Chrome/3.0.195.25 Safari/532.0" "-"
217.113.228.86 - - [11/Oct/2009:11:33:54 +0200] "GET /oopc/oopc-3.pdf HTTP/1.1" 200 257399 "http://neo.dmcs.p.lodz.pl/oopc/index.html" "Mozilla/5.0 (X11; U; Linux i686; en-US; rv:1.9.0.14) Gecko/2009091010 Iceweasel/3.0.14 (Debian-3.0.14-1)" "-"
10.0.2.8 - - [11/Oct/2009:11:33:54 +0200] "GET /podyplomowe_smtm/smob2/kursbasha/read.html HTTP/1.1" 200 3123 "http://neo/podyplomowe_smtm/smob2/kursbasha/main.html" "Mozilla/5.0 (X11; U; Linux i686; pl-PL; rv:1.9.0.7) Gecko/2009030422 Ubuntu/8.10 (intrepid) Firefox/3.0.7" "-"
217.113.228.86 - - [11/Oct/2009:11:33:54 +0200] "GET /oopc/oopc-3.pdf HTTP/1.1" 206 202075 "-" "Mozilla/5.0 (X11; U; Linux i686; en-US; rv:1.9.0.14) Gecko/2009091010 Iceweasel/3.0.14 (Debian-3.0.14-1)" "-"
66.249.65.212 - - [11/Oct/2009:11:34:09 +0200] "GET /isbd/php/doc/polish_many/language.expressions.html HTTP/1.1" 200 11656 "-" "Mozilla/5.0 (compatible; Googlebot/2.1; +http://www.google.com/bot.html)" "-"
194.8.75.245 - - [11/Oct/2009:11:34:43 +0200] "GET /%7Espcsym/phorum/post.php?f=4 HTTP/1.0" 200 3135 "http://lux.dmcs.p.lodz.pl/%7Espcsym/phorum/post.php?f=4" "Mozilla/4.0 (compatible; MSIE 6.0; Windows NT 5.1) Opera 7.54 [en]" "-"
217.173.192.219 - - [11/Oct/2009:11:34:50 +0200] "GET /ptda/wyklady/wyklad_2.pdf HTTP/1.1" 206 58938 "http://www.google.pl/url?sa=t&source=web&ct=res&cd=1&ved=0CAYQFjAA&url=http%3A%2F%2Fneo.dmcs.p.lodz.pl%2Fptda%2Fwyklady%2Fwyklad_2.pdf&ei=rqbRSr-9As30_Aags6TZAg&rct=j&q=wz%C3%B3r+autoinformacja&usg=AFQjCNFHeSRcBbNc42Khh-uokS5NGGyHfw" "Mozilla/5.0 (Windows; U; Windows NT 5.1; pl; rv:1.9.1.3) Gecko/20090824 Firefox/3.5.3" "-"
217.173.192.219 - - [11/Oct/2009:11:34:50 +0200] "GET /ptda/wyklady/wyklad_2.pdf HTTP/1.1" 206 127335 "-" "Mozilla/5.0 (Windows; U; Windows NT 5.1; pl; rv:1.9.1.3) Gecko/20090824 Firefox/3.5.3" "-"
194.8.75.245 - - [11/Oct/2009:11:35:04 +0200] "POST /%7Espcsym/phorum/post.php HTTP/1.0" 200 2735 "http://lux.dmcs.p.lodz.pl/%7Espcsym/phorum/post.php?f=4" "Mozilla/4.0 (compatible; MSIE 6.0; Windows NT 5.1) Opera 7.54 [en]" "-"
10.0.2.44 - - [11/Oct/2009:11:36:00 +0200] "GET / HTTP/1.1" 200 8370 "http://neo.dmcs.pl/~kgrabowski/" "Mozilla/4.0 (compatible; MSIE 7.0; Windows NT 5.1; .NET CLR 1.1.4322)" "-"
10.0.2.44 - - [11/Oct/2009:11:36:00 +0200] "GET /style.css HTTP/1.1" 200 2000 "http://neo.dmcs.pl/" "Mozilla/4.0 (compatible; MSIE 7.0; Windows NT 5.1; .NET CLR 1.1.4322)" "-"
10.0.2.44 - - [11/Oct/2009:11:36:00 +0200] "GET /images/back.jpg HTTP/1.1" 404 289 "http://neo.dmcs.pl/" "Mozilla/4.0 (compatible; MSIE 7.0; Windows NT 5.1; .NET CLR 1.1.4322)" "-"
10.0.2.43 - - [11/Oct/2009:11:36:04 +0200] "GET /~kgrabowski HTTP/1.1" 301 315 "-" "Mozilla/4.0 (compatible; MSIE 7.0; Windows NT 5.1; .NET CLR 1.1.4322)" "-"
10.0.2.43 - - [11/Oct/2009:11:36:04 +0200] "GET /~kgrabowski/ HTTP/1.1" 200 1299 "-" "Mozilla/4.0 (compatible; MSIE 7.0; Windows NT 5.1; .NET CLR 1.1.4322)" "-"
10.0.2.43 - - [11/Oct/2009:11:36:04 +0200] "GET /icons/blank.gif HTTP/1.1" 304 - "http://neo.dmcs.pl/~kgrabowski/" "Mozilla/4.0 (compatible; MSIE 7.0; Windows NT 5.1; .NET CLR 1.1.4322)" "-"
10.0.2.43 - - [11/Oct/2009:11:36:04 +0200] "GET /icons/back.gif HTTP/1.1" 304 - "http://neo.dmcs.pl/~kgrabowski/" "Mozilla/4.0 (compatible; MSIE 7.0; Windows NT 5.1; .NET CLR 1.1.4322)" "-"
10.0.2.43 - - [11/Oct/2009:11:36:04 +0200] "GET /icons/folder.gif HTTP/1.1" 304 - "http://neo.dmcs.pl/~kgrabowski/" "Mozilla/4.0 (compatible; MSIE 7.0; Windows NT 5.1; .NET CLR 1.1.4322)" "-"
10.0.2.44 - - [11/Oct/2009:11:36:05 +0200] "GET /podyplomowe_smtm/index.html HTTP/1.1" 200 2919 "http://neo.dmcs.pl/" "Mozilla/4.0 (compatible; MSIE 7.0; Windows NT 5.1; .NET CLR 1.1.4322)" "-"
