10.0.8.8 - - [11/Oct/2009:12:27:08 +0200] "PROPFIND /idn-14 HTTP/1.1" 404 272 "-" "Microsoft-WebDAV-MiniRedir/5.1.2600" "-"
194.237.142.20 - - [11/Oct/2009:12:27:11 +0200] "GET /~swroble/02_programy_pomoc.pdf HTTP/1.1" 404 304 "http://www.google.pl/search?hl=pl&rls=com.microsoft:*&ei=crLRSriiCpHW-Qb-_uX7Ag&sa=X&oi=spell&resnum=0&ct=result&cd=1&ved=0CAUQBSgA&q=slash+zamiast+kropki&spell=1" "Mozilla/4.0 (compatible; MSIE 7.0; Windows NT 6.0; SLCC1; .NET CLR 2.0.50727; .NET CLR 3.0.04506; InfoPath.1; .NET CLR 1.1.4322)" "-"
10.0.8.8 - - [11/Oct/2009:12:27:35 +0200] "OPTIONS / HTTP/1.1" 200 - "-" "Microsoft-WebDAV-MiniRedir/5.1.2600" "-"
10.0.8.8 - - [11/Oct/2009:12:27:35 +0200] "PROPFIND /idn-14 HTTP/1.1" 404 272 "-" "Microsoft-WebDAV-MiniRedir/5.1.2600" "-"
10.0.8.240 - - [11/Oct/2009:12:27:38 +0200] "PROPFIND /idn-15 HTTP/1.1" 404 272 "-" "Microsoft-WebDAV-MiniRedir/5.1.2600" "-"
10.0.8.240 - - [11/Oct/2009:12:27:42 +0200] "OPTIONS / HTTP/1.1" 200 - "-" "Microsoft-WebDAV-MiniRedir/5.1.2600" "-"
10.0.8.240 - - [11/Oct/2009:12:27:42 +0200] "PROPFIND /idn-15 HTTP/1.1" 404 272 "-" "Microsoft-WebDAV-MiniRedir/5.1.2600" "-"
65.55.106.187 - - [11/Oct/2009:12:27:45 +0200] "GET /webservices/websrv_wyklad7.pdf HTTP/1.1" 304 - "-" "msnbot/2.0b (+http://search.msn.com/msnbot.htm)" "-"
83.6.204.234 - - [11/Oct/2009:12:27:57 +0200] "GET / HTTP/1.1" 200 8370 "-" "Mozilla/5.0 (X11; U; Linux i686; pl-PL; rv:1.9.0.10) Gecko/2009042523 Ubuntu/9.04 (jaunty) Firefox/3.0.10" "-"
83.6.204.234 - - [11/Oct/2009:12:27:57 +0200] "GET /style.css HTTP/1.1" 200 2000 "http://neo.dmcs.p.lodz.pl/" "Mozilla/5.0 (X11; U; Linux i686; pl-PL; rv:1.9.0.10) Gecko/2009042523 Ubuntu/9.04 (jaunty) Firefox/3.0.10" "-"
83.6.204.234 - - [11/Oct/2009:12:27:57 +0200] "GET /images/back.jpg HTTP/1.1" 404 296 "http://neo.dmcs.p.lodz.pl/" "Mozilla/5.0 (X11; U; Linux i686; pl-PL; rv:1.9.0.10) Gecko/2009042523 Ubuntu/9.04 (jaunty) Firefox/3.0.10" "-"
83.6.204.234 - - [11/Oct/2009:12:27:57 +0200] "GET /favicon.ico HTTP/1.1" 404 292 "-" "Mozilla/5.0 (X11; U; Linux i686; pl-PL; rv:1.9.0.10) Gecko/2009042523 Ubuntu/9.04 (jaunty) Firefox/3.0.10" "-"
83.6.204.234 - - [11/Oct/2009:12:28:00 +0200] "GET /favicon.ico HTTP/1.1" 404 292 "-" "Mozilla/5.0 (X11; U; Linux i686; pl-PL; rv:1.9.0.10) Gecko/2009042523 Ubuntu/9.04 (jaunty) Firefox/3.0.10" "-"
83.25.249.63 - - [11/Oct/2009:12:28:02 +0200] "GET /~spcsym/html/PSPICE_opis_files/image001.gif HTTP/1.1" 200 2851 "http://neo.dmcs.p.lodz.pl/~spcsym/html/PSPICE_opis.html" "Opera/9.80 (Windows NT 6.0; U; pl) Presto/2.2.15 Version/10.00" "-"
83.25.249.63 - - [11/Oct/2009:12:28:02 +0200] "GET /~spcsym/html/PSPICE_opis_files/image005.gif HTTP/1.1" 200 620 "http://neo.dmcs.p.lodz.pl/~spcsym/html/PSPICE_opis.html" "Opera/9.80 (Windows NT 6.0; U; pl) Presto/2.2.15 Version/10.00" "-"
83.25.249.63 - - [11/Oct/2009:12:28:02 +0200] "GET /~spcsym/html/PSPICE_opis_files/image009.gif HTTP/1.1" 200 643 "http://neo.dmcs.p.lodz.pl/~spcsym/html/PSPICE_opis.html" "Opera/9.80 (Windows NT 6.0; U; pl) Presto/2.2.15 Version/10.00" "-"
83.25.249.63 - - [11/Oct/2009:12:28:02 +0200] "GET /~spcsym/html/PSPICE_opis_files/image013.gif HTTP/1.1" 200 264 "http://neo.dmcs.p.lodz.pl/~spcsym/html/PSPICE_opis.html" "Opera/9.80 (Windows NT 6.0; U; pl) Presto/2.2.15 Version/10.00" "-"
83.25.249.63 - - [11/Oct/2009:12:28:02 +0200] "GET /~spcsym/html/PSPICE_opis_files/image002.gif HTTP/1.1" 200 520 "http://neo.dmcs.p.lodz.pl/~spcsym/html/PSPICE_opis.html" "Opera/9.80 (Windows NT 6.0; U; pl) Presto/2.2.15 Version/10.00" "-"
83.25.249.63 - - [11/Oct/2009:12:28:02 +0200] "GET /~spcsym/html/PSPICE_opis_files/image006.gif HTTP/1.1" 200 512 "http://neo.dmcs.p.lodz.pl/~spcsym/html/PSPICE_opis.html" "Opera/9.80 (Windows NT 6.0; U; pl) Presto/2.2.15 Version/10.00" "-"
83.25.249.63 - - [11/Oct/2009:12:28:02 +0200] "GET /~spcsym/html/PSPICE_opis_files/image010.gif HTTP/1.1" 200 622 "http://neo.dmcs.p.lodz.pl/~spcsym/html/PSPICE_opis.html" "Opera/9.80 (Windows NT 6.0; U; pl) Presto/2.2.15 Version/10.00" "-"
83.25.249.63 - - [11/Oct/2009:12:28:02 +0200] "GET /~spcsym/html/PSPICE_opis_files/image014.gif HTTP/1.1" 200 334 "http://neo.dmcs.p.lodz.pl/~spcsym/html/PSPICE_opis.html" "Opera/9.80 (Windows NT 6.0; U; pl) Presto/2.2.15 Version/10.00" "-"
83.6.204.234 - - [11/Oct/2009:12:28:02 +0200] "GET /mo/index.html HTTP/1.1" 403 298 "http://neo.dmcs.p.lodz.pl/" "Mozilla/5.0 (X11; U; Linux i686; pl-PL; rv:1.9.0.10) Gecko/2009042523 Ubuntu/9.04 (jaunty) Firefox/3.0.10" "-"
83.25.249.63 - - [11/Oct/2009:12:28:02 +0200] "GET /~spcsym/html/PSPICE_opis_files/image003.gif HTTP/1.1" 200 447 "http://neo.dmcs.p.lodz.pl/~spcsym/html/PSPICE_opis.html" "Opera/9.80 (Windows NT 6.0; U; pl) Presto/2.2.15 Version/10.00" "-"
83.25.249.63 - - [11/Oct/2009:12:28:02 +0200] "GET /~spcsym/html/PSPICE_opis_files/image007.gif HTTP/1.1" 200 618 "http://neo.dmcs.p.lodz.pl/~spcsym/html/PSPICE_opis.html" "Opera/9.80 (Windows NT 6.0; U; pl) Presto/2.2.15 Version/10.00" "-"
83.25.249.63 - - [11/Oct/2009:12:28:02 +0200] "GET /~spcsym/html/PSPICE_opis_files/image011.gif HTTP/1.1" 200 468 "http://neo.dmcs.p.lodz.pl/~spcsym/html/PSPICE_opis.html" "Opera/9.80 (Windows NT 6.0; U; pl) Presto/2.2.15 Version/10.00" "-"
83.25.249.63 - - [11/Oct/2009:12:28:02 +0200] "GET /~spcsym/html/PSPICE_opis_files/image015.gif HTTP/1.1" 200 341 "http://neo.dmcs.p.lodz.pl/~spcsym/html/PSPICE_opis.html" "Opera/9.80 (Windows NT 6.0; U; pl) Presto/2.2.15 Version/10.00" "-"
83.25.249.63 - - [11/Oct/2009:12:28:02 +0200] "GET /~spcsym/html/PSPICE_opis_files/image017.gif HTTP/1.1" 200 2786 "http://neo.dmcs.p.lodz.pl/~spcsym/html/PSPICE_opis.html" "Opera/9.80 (Windows NT 6.0; U; pl) Presto/2.2.15 Version/10.00" "-"
83.25.249.63 - - [11/Oct/2009:12:28:02 +0200] "GET /~spcsym/html/PSPICE_opis.html HTTP/1.1" 200 93896 "http://www.google.pl/search?client=opera&rls=pl&q=pspice&sourceid=opera&ie=utf-8&oe=utf-8" "Opera/9.80 (Windows NT 6.0; U; pl) Presto/2.2.15 Version/10.00" "-"
83.25.249.63 - - [11/Oct/2009:12:28:02 +0200] "GET /~spcsym/html/PSPICE_opis_files/image004.gif HTTP/1.1" 200 435 "http://neo.dmcs.p.lodz.pl/~spcsym/html/PSPICE_opis.html" "Opera/9.80 (Windows NT 6.0; U; pl) Presto/2.2.15 Version/10.00" "-"
83.25.249.63 - - [11/Oct/2009:12:28:02 +0200] "GET /~spcsym/html/PSPICE_opis_files/image008.gif HTTP/1.1" 200 597 "http://neo.dmcs.p.lodz.pl/~spcsym/html/PSPICE_opis.html" "Opera/9.80 (Windows NT 6.0; U; pl) Presto/2.2.15 Version/10.00" "-"
83.25.249.63 - - [11/Oct/2009:12:28:02 +0200] "GET /~spcsym/html/PSPICE_opis_files/image012.gif HTTP/1.1" 200 293 "http://neo.dmcs.p.lodz.pl/~spcsym/html/PSPICE_opis.html" "Opera/9.80 (Windows NT 6.0; U; pl) Presto/2.2.15 Version/10.00" "-"
83.25.249.63 - - [11/Oct/2009:12:28:02 +0200] "GET /~spcsym/html/PSPICE_opis_files/image016.gif HTTP/1.1" 200 2093 "http://neo.dmcs.p.lodz.pl/~spcsym/html/PSPICE_opis.html" "Opera/9.80 (Windows NT 6.0; U; pl) Presto/2.2.15 Version/10.00" "-"
83.25.249.63 - - [11/Oct/2009:12:28:02 +0200] "GET /~spcsym/html/PSPICE_opis_files/image016.gif HTTP/1.1" 200 2093 "http://neo.dmcs.p.lodz.pl/~spcsym/html/PSPICE_opis.html" "Opera/9.80 (Windows NT 6.0; U; pl) Presto/2.2.15 Version/10.00" "-"
83.25.249.63 - - [11/Oct/2009:12:28:02 +0200] "GET /~spcsym/html/PSPICE_opis_files/image012.gif HTTP/1.1" 200 293 "http://neo.dmcs.p.lodz.pl/~spcsym/html/PSPICE_opis.html" "Opera/9.80 (Windows NT 6.0; U; pl) Presto/2.2.15 Version/10.00" "-"
83.25.249.63 - - [11/Oct/2009:12:28:02 +0200] "GET /~spcsym/html/PSPICE_opis_files/image008.gif HTTP/1.1" 200 597 "http://neo.dmcs.p.lodz.pl/~spcsym/html/PSPICE_opis.html" "Opera/9.80 (Windows NT 6.0; U; pl) Presto/2.2.15 Version/10.00" "-"
83.25.249.63 - - [11/Oct/2009:12:28:03 +0200] "GET /favicon.ico HTTP/1.1" 404 292 "http://neo.dmcs.p.lodz.pl/~spcsym/html/PSPICE_opis.html" "Opera/9.80 (Windows NT 6.0; U; pl) Presto/2.2.15 Version/10.00" "-"
83.6.204.234 - - [11/Oct/2009:12:28:09 +0200] "GET /pi/index.html HTTP/1.1" 200 626 "http://neo.dmcs.p.lodz.pl/" "Mozilla/5.0 (X11; U; Linux i686; pl-PL; rv:1.9.0.10) Gecko/2009042523 Ubuntu/9.04 (jaunty) Firefox/3.0.10" "-"
83.6.204.234 - - [11/Oct/2009:12:28:09 +0200] "GET /images/back.jpg HTTP/1.1" 404 296 "http://neo.dmcs.p.lodz.pl/pi/index.html" "Mozilla/5.0 (X11; U; Linux i686; pl-PL; rv:1.9.0.10) Gecko/2009042523 Ubuntu/9.04 (jaunty) Firefox/3.0.10" "-"
65.55.207.47 - - [11/Oct/2009:12:28:15 +0200] "GET /~ciota/?M=A HTTP/1.1" 200 890 "-" "msnbot/2.0b (+http://search.msn.com/msnbot.htm)" "-"
80.53.122.114 - - [11/Oct/2009:12:28:39 +0200] "GET /pium/ HTTP/1.1" 200 12743 "-" "Mozilla/5.0 (Windows; U; Windows NT 5.1; pl; rv:1.9.1) Gecko/20090624 Firefox/3.5" "-"
80.53.122.114 - - [11/Oct/2009:12:28:39 +0200] "GET /pium/style.css HTTP/1.1" 200 3084 "http://neo.dmcs.p.lodz.pl/pium/" "Mozilla/5.0 (Windows; U; Windows NT 5.1; pl; rv:1.9.1) Gecko/20090624 Firefox/3.5" "-"
80.53.122.114 - - [11/Oct/2009:12:28:39 +0200] "GET /favicon.ico HTTP/1.1" 404 292 "-" "Mozilla/5.0 (Windows; U; Windows NT 5.1; pl; rv:1.9.1) Gecko/20090624 Firefox/3.5" "-"
80.53.122.114 - - [11/Oct/2009:12:28:41 +0200] "GET /favicon.ico HTTP/1.1" 404 292 "-" "Mozilla/5.0 (Windows; U; Windows NT 5.1; pl; rv:1.9.1) Gecko/20090624 Firefox/3.5" "-"
80.53.122.114 - - [11/Oct/2009:12:28:41 +0200] "GET /poe/index.html HTTP/1.1" 200 2754 "-" "Mozilla/5.0 (Windows; U; Windows NT 5.1; pl; rv:1.9.1) Gecko/20090624 Firefox/3.5" "-"
80.53.122.114 - - [11/Oct/2009:12:28:41 +0200] "GET /style.css HTTP/1.1" 200 2000 "http://neo.dmcs.p.lodz.pl/poe/index.html" "Mozilla/5.0 (Windows; U; Windows NT 5.1; pl; rv:1.9.1) Gecko/20090624 Firefox/3.5" "-"
80.53.122.114 - - [11/Oct/2009:12:28:41 +0200] "GET /images/back.jpg HTTP/1.1" 404 296 "http://neo.dmcs.p.lodz.pl/poe/index.html" "Mozilla/5.0 (Windows; U; Windows NT 5.1; pl; rv:1.9.1) Gecko/20090624 Firefox/3.5" "-"
80.53.122.114 - - [11/Oct/2009:12:28:44 +0200] "GET /poe/Laboratorium/cwiczenie1.pdf HTTP/1.1" 200 80920 "http://neo.dmcs.p.lodz.pl/poe/index.html" "Mozilla/5.0 (Windows; U; Windows NT 5.1; pl; rv:1.9.1) Gecko/20090624 Firefox/3.5" "-"
66.249.65.209 - - [11/Oct/2009:12:28:47 +0200] "GET /isbd/php/doc/polish_many/function.xmlrpc-decode.html HTTP/1.1" 304 - "-" "Mozilla/5.0 (compatible; Googlebot/2.1; +http://www.google.com/bot.html)" "-"
83.6.204.234 - - [11/Oct/2009:12:28:49 +0200] "GET /pps/index.html HTTP/1.1" 200 10955 "http://neo.dmcs.p.lodz.pl/" "Mozilla/5.0 (X11; U; Linux i686; pl-PL; rv:1.9.0.10) Gecko/2009042523 Ubuntu/9.04 (jaunty) Firefox/3.0.10" "-"
83.6.204.234 - - [11/Oct/2009:12:28:50 +0200] "GET /pps/..%5Cstyle.css HTTP/1.1" 404 297 "http://neo.dmcs.p.lodz.pl/pps/index.html" "Mozilla/5.0 (X11; U; Linux i686; pl-PL; rv:1.9.0.10) Gecko/2009042523 Ubuntu/9.04 (jaunty) Firefox/3.0.10" "-"
83.6.204.234 - - [11/Oct/2009:12:28:50 +0200] "GET /pps/..%5Cback.gif HTTP/1.1" 404 296 "http://neo.dmcs.p.lodz.pl/pps/index.html" "Mozilla/5.0 (X11; U; Linux i686; pl-PL; rv:1.9.0.10) Gecko/2009042523 Ubuntu/9.04 (jaunty) Firefox/3.0.10" "-"
83.4.139.22 - - [11/Oct/2009:12:29:03 +0200] "GET /inf5/06_07/9/strona5.html HTTP/1.1" 200 12642 "http://images.google.pl/imgres?imgurl=http://neo.dmcs.p.lodz.pl/inf5/06_07/9/ksiezy%2520mlyn.jpg&imgrefurl=http://neo.dmcs.p.lodz.pl/inf5/06_07/9/strona5.html&usg=__yAOujCDI6mRByq4Rv6TnL9XiOoc=&h=423&w=500&sz=61&hl=pl&start=10&um=1&tbnid=4XzbGUg-hbr24M:&tbnh=110&tbnw=130&prev=/images%3Fq%3Dksi%25C4%2599%25C5%25BCy%2Bm%25C5%2582yn%2B%25C5%2582%25C3%25B3d%25C5%25BA%26hl%3Dpl%26lr%3D%26rlz%3D1R2ADFA_plPL343%26sa%3DX%26um%3D1" "Mozilla/4.0 (compatible; MSIE 7.0; Windows NT 5.1; Trident/4.0; GTB6; .NET CLR 1.1.4322; .NET CLR 2.0.50727; InfoPath.2; .NET CLR 3.0.4506.2152; .NET CLR 3.5.30729)" "-"
83.4.139.22 - - [11/Oct/2009:12:29:04 +0200] "GET /inf5/06_07/9/geyer.jpg HTTP/1.1" 200 36106 "http://neo.dmcs.p.lodz.pl/inf5/06_07/9/strona5.html" "Mozilla/4.0 (compatible; MSIE 7.0; Windows NT 5.1; Trident/4.0; GTB6; .NET CLR 1.1.4322; .NET CLR 2.0.50727; InfoPath.2; .NET CLR 3.0.4506.2152; .NET CLR 3.5.30729)" "-"
83.4.139.22 - - [11/Oct/2009:12:29:05 +0200] "GET /inf5/06_07/9/willa%20kindermana.jpg HTTP/1.1" 200 21954 "http://neo.dmcs.p.lodz.pl/inf5/06_07/9/strona5.html" "Mozilla/4.0 (compatible; MSIE 7.0; Windows NT 5.1; Trident/4.0; GTB6; .NET CLR 1.1.4322; .NET CLR 2.0.50727; InfoPath.2; .NET CLR 3.0.4506.2152; .NET CLR 3.5.30729)" "-"
83.4.139.22 - - [11/Oct/2009:12:29:05 +0200] "GET /inf5/06_07/9/rektorat1.jpg HTTP/1.1" 200 50477 "http://neo.dmcs.p.lodz.pl/inf5/06_07/9/strona5.html" "Mozilla/4.0 (compatible; MSIE 7.0; Windows NT 5.1; Trident/4.0; GTB6; .NET CLR 1.1.4322; .NET CLR 2.0.50727; InfoPath.2; .NET CLR 3.0.4506.2152; .NET CLR 3.5.30729)" "-"
83.4.139.22 - - [11/Oct/2009:12:29:07 +0200] "GET /inf5/06_07/9/ksiezy%20mlyn.jpg HTTP/1.1" 200 62222 "http://neo.dmcs.p.lodz.pl/inf5/06_07/9/strona5.html" "Mozilla/4.0 (compatible; MSIE 7.0; Windows NT 5.1; Trident/4.0; GTB6; .NET CLR 1.1.4322; .NET CLR 2.0.50727; InfoPath.2; .NET CLR 3.0.4506.2152; .NET CLR 3.5.30729)" "-"
83.4.139.22 - - [11/Oct/2009:12:29:07 +0200] "GET /inf5/06_07/9/scheibler.jpg HTTP/1.1" 200 64109 "http://neo.dmcs.p.lodz.pl/inf5/06_07/9/strona5.html" "Mozilla/4.0 (compatible; MSIE 7.0; Windows NT 5.1; Trident/4.0; GTB6; .NET CLR 1.1.4322; .NET CLR 2.0.50727; InfoPath.2; .NET CLR 3.0.4506.2152; .NET CLR 3.5.30729)" "-"
83.4.139.22 - - [11/Oct/2009:12:29:08 +0200] "GET /inf5/06_07/9/kosciol%20NMP.jpg HTTP/1.1" 200 29014 "http://neo.dmcs.p.lodz.pl/inf5/06_07/9/strona5.html" "Mozilla/4.0 (compatible; MSIE 7.0; Windows NT 5.1; Trident/4.0; GTB6; .NET CLR 1.1.4322; .NET CLR 2.0.50727; InfoPath.2; .NET CLR 3.0.4506.2152; .NET CLR 3.5.30729)" "-"
83.4.139.22 - - [11/Oct/2009:12:29:08 +0200] "GET /inf5/06_07/9/willa%20herbsta.jpg HTTP/1.1" 200 118869 "http://neo.dmcs.p.lodz.pl/inf5/06_07/9/strona5.html" "Mozilla/4.0 (compatible; MSIE 7.0; Windows NT 5.1; Trident/4.0; GTB6; .NET CLR 1.1.4322; .NET CLR 2.0.50727; InfoPath.2; .NET CLR 3.0.4506.2152; .NET CLR 3.5.30729)" "-"
83.4.139.22 - - [11/Oct/2009:12:29:09 +0200] "GET /inf5/06_07/9/stary%20rynek.jpg HTTP/1.1" 200 10810 "http://neo.dmcs.p.lodz.pl/inf5/06_07/9/strona5.html" "Mozilla/4.0 (compatible; MSIE 7.0; Windows NT 5.1; Trident/4.0; GTB6; .NET CLR 1.1.4322; .NET CLR 2.0.50727; InfoPath.2; .NET CLR 3.0.4506.2152; .NET CLR 3.5.30729)" "-"
83.4.139.22 - - [11/Oct/2009:12:29:11 +0200] "GET /inf5/06_07/9/Budynki%20na%20piotrkowskiej.jpg HTTP/1.1" 200 55066 "http://neo.dmcs.p.lodz.pl/inf5/06_07/9/strona5.html" "Mozilla/4.0 (compatible; MSIE 7.0; Windows NT 5.1; Trident/4.0; GTB6; .NET CLR 1.1.4322; .NET CLR 2.0.50727; InfoPath.2; .NET CLR 3.0.4506.2152; .NET CLR 3.5.30729)" "-"
83.4.139.22 - - [11/Oct/2009:12:29:11 +0200] "GET /inf5/06_07/9/katedra.jpg HTTP/1.1" 200 34547 "http://neo.dmcs.p.lodz.pl/inf5/06_07/9/strona5.html" "Mozilla/4.0 (compatible; MSIE 7.0; Windows NT 5.1; Trident/4.0; GTB6; .NET CLR 1.1.4322; .NET CLR 2.0.50727; InfoPath.2; .NET CLR 3.0.4506.2152; .NET CLR 3.5.30729)" "-"
83.4.139.22 - - [11/Oct/2009:12:29:11 +0200] "GET /inf5/06_07/9/willa%20kona.jpg HTTP/1.1" 200 96580 "http://neo.dmcs.p.lodz.pl/inf5/06_07/9/strona5.html" "Mozilla/4.0 (compatible; MSIE 7.0; Windows NT 5.1; Trident/4.0; GTB6; .NET CLR 1.1.4322; .NET CLR 2.0.50727; InfoPath.2; .NET CLR 3.0.4506.2152; .NET CLR 3.5.30729)" "-"
83.4.139.22 - - [11/Oct/2009:12:29:14 +0200] "GET /inf5/06_07/9/plac%20wolnosci.jpg HTTP/1.1" 200 77352 "http://neo.dmcs.p.lodz.pl/inf5/06_07/9/strona5.html" "Mozilla/4.0 (compatible; MSIE 7.0; Windows NT 5.1; Trident/4.0; GTB6; .NET CLR 1.1.4322; .NET CLR 2.0.50727; InfoPath.2; .NET CLR 3.0.4506.2152; .NET CLR 3.5.30729)" "-"
83.4.139.22 - - [11/Oct/2009:12:29:15 +0200] "GET /inf5/06_07/9/cerkiew.jpg HTTP/1.1" 200 39653 "http://neo.dmcs.p.lodz.pl/inf5/06_07/9/strona5.html" "Mozilla/4.0 (compatible; MSIE 7.0; Windows NT 5.1; Trident/4.0; GTB6; .NET CLR 1.1.4322; .NET CLR 2.0.50727; InfoPath.2; .NET CLR 3.0.4506.2152; .NET CLR 3.5.30729)" "-"
83.4.139.22 - - [11/Oct/2009:12:29:16 +0200] "GET /inf5/06_07/9/Poznanski.jpg HTTP/1.1" 200 95088 "http://neo.dmcs.p.lodz.pl/inf5/06_07/9/strona5.html" "Mozilla/4.0 (compatible; MSIE 7.0; Windows NT 5.1; Trident/4.0; GTB6; .NET CLR 1.1.4322; .NET CLR 2.0.50727; InfoPath.2; .NET CLR 3.0.4506.2152; .NET CLR 3.5.30729)" "-"
83.6.204.234 - - [11/Oct/2009:12:29:19 +0200] "GET /pi/wyklad/wyklad-01.pdf HTTP/1.1" 200 4480976 "http://neo.dmcs.p.lodz.pl/pi/index.html" "Mozilla/5.0 (X11; U; Linux i686; pl-PL; rv:1.9.0.10) Gecko/2009042523 Ubuntu/9.04 (jaunty) Firefox/3.0.10" "-"
212.51.207.98 - - [11/Oct/2009:12:29:48 +0200] "GET /kgrabowski HTTP/1.1" 404 284 "-" "Mozilla/5.0 (iPhone; U; CPU iPhone OS 3_0 like Mac OS X; pl-pl) AppleWebKit/528.18 (KHTML, like Gecko) Version/4.0 Mobile/7A341 Safari/528.16" "-"
194.63.133.2 - - [11/Oct/2009:12:29:49 +0200] "GET / HTTP/1.1" 200 8370 "-" "Mozilla/5.0 (Windows; U; Windows NT 5.1; pl; rv:1.9.1.3) Gecko/20090824 Firefox/3.5.3 ImageShackToolbar/5.2.3" "-"
194.63.133.2 - - [11/Oct/2009:12:29:49 +0200] "GET /style.css HTTP/1.1" 200 2000 "http://neo.dmcs.pl/" "Mozilla/5.0 (Windows; U; Windows NT 5.1; pl; rv:1.9.1.3) Gecko/20090824 Firefox/3.5.3 ImageShackToolbar/5.2.3" "-"
194.63.133.2 - - [11/Oct/2009:12:29:49 +0200] "GET /images/back.jpg HTTP/1.1" 404 289 "http://neo.dmcs.pl/" "Mozilla/5.0 (Windows; U; Windows NT 5.1; pl; rv:1.9.1.3) Gecko/20090824 Firefox/3.5.3 ImageShackToolbar/5.2.3" "-"
194.63.133.2 - - [11/Oct/2009:12:29:49 +0200] "GET /favicon.ico HTTP/1.1" 404 285 "-" "Mozilla/5.0 (Windows; U; Windows NT 5.1; pl; rv:1.9.1.3) Gecko/20090824 Firefox/3.5.3 ImageShackToolbar/5.2.3" "-"
194.63.133.2 - - [11/Oct/2009:12:29:52 +0200] "GET /favicon.ico HTTP/1.1" 404 285 "-" "Mozilla/5.0 (Windows; U; Windows NT 5.1; pl; rv:1.9.1.3) Gecko/20090824 Firefox/3.5.3 ImageShackToolbar/5.2.3" "-"
194.63.133.2 - - [11/Oct/2009:12:29:53 +0200] "GET /mjp2/index.html HTTP/1.1" 200 7750 "http://neo.dmcs.pl/" "Mozilla/5.0 (Windows; U; Windows NT 5.1; pl; rv:1.9.1.3) Gecko/20090824 Firefox/3.5.3 ImageShackToolbar/5.2.3" "-"
194.63.133.2 - - [11/Oct/2009:12:29:53 +0200] "GET /images/back.jpg HTTP/1.1" 404 289 "http://neo.dmcs.pl/mjp2/index.html" "Mozilla/5.0 (Windows; U; Windows NT 5.1; pl; rv:1.9.1.3) Gecko/20090824 Firefox/3.5.3 ImageShackToolbar/5.2.3" "-"
194.63.133.2 - - [11/Oct/2009:12:29:57 +0200] "GET /poe/index.html HTTP/1.1" 200 2754 "http://neo.dmcs.pl/" "Mozilla/5.0 (Windows; U; Windows NT 5.1; pl; rv:1.9.1.3) Gecko/20090824 Firefox/3.5.3 ImageShackToolbar/5.2.3" "-"
194.63.133.2 - - [11/Oct/2009:12:29:57 +0200] "GET /images/back.jpg HTTP/1.1" 404 289 "http://neo.dmcs.pl/poe/index.html" "Mozilla/5.0 (Windows; U; Windows NT 5.1; pl; rv:1.9.1.3) Gecko/20090824 Firefox/3.5.3 ImageShackToolbar/5.2.3" "-"
192.168.17.215 - - [11/Oct/2009:12:29:57 +0200] "GET /~sakowicz/podyplomowe/ HTTP/1.1" 200 1036 "-" "Mozilla/5.0 (Windows; U; Windows NT 5.1; en-GB; rv:1.9.0.6) Gecko/2009011913 Firefox/3.0.6 (.NET CLR 3.5.30729)" "-"
192.168.17.215 - - [11/Oct/2009:12:30:03 +0200] "GET /~sakowicz/podyplomowe/pokl_www_podstawy_html.ppt HTTP/1.1" 200 3678720 "http://lux.dmcs.pl/~sakowicz/podyplomowe/" "Mozilla/5.0 (Windows; U; Windows NT 5.1; en-GB; rv:1.9.0.6) Gecko/2009011913 Firefox/3.0.6 (.NET CLR 3.5.30729)" "-"
83.26.30.120 - - [11/Oct/2009:12:30:05 +0200] "GET /~komam/podyplomowe/inf/files/inf-1.ppt HTTP/1.1" 200 3473408 "http://www.google.pl/search?hl=pl&lr=&rlz=1W1IRFA_en&q=klauzula+licencyjna+w+programie+komputerowym&start=30&sa=N" "Mozilla/4.0 (compatible; MSIE 7.0; Windows NT 5.1; GTB6; .NET CLR 2.0.50727; .NET CLR 3.0.4506.2152; .NET CLR 3.5.30729)" "-"
83.26.30.120 - - [11/Oct/2009:12:30:07 +0200] "OPTIONS /%7Ekomam/podyplomowe/inf/files/ HTTP/1.1" 200 - "-" "Microsoft Office Protocol Discovery" "-"
65.55.207.94 - - [11/Oct/2009:12:30:16 +0200] "GET /pium/pium/pium_4a_a.pdf HTTP/1.1" 200 54204 "-" "msnbot/2.0b (+http://search.msn.com/msnbot.htm)" "-"
212.51.207.98 - - [11/Oct/2009:12:30:18 +0200] "GET / HTTP/1.1" 200 8370 "-" "Mozilla/5.0 (iPhone; U; CPU iPhone OS 3_0 like Mac OS X; pl-pl) AppleWebKit/528.18 (KHTML, like Gecko) Version/4.0 Mobile/7A341 Safari/528.16" "-"
212.51.207.98 - - [11/Oct/2009:12:30:18 +0200] "GET /style.css HTTP/1.1" 200 2000 "http://neo.dmcs.pl/" "Mozilla/5.0 (iPhone; U; CPU iPhone OS 3_0 like Mac OS X; pl-pl) AppleWebKit/528.18 (KHTML, like Gecko) Version/4.0 Mobile/7A341 Safari/528.16" "-"
212.51.207.98 - - [11/Oct/2009:12:30:18 +0200] "GET /images/back.jpg HTTP/1.1" 404 289 "http://neo.dmcs.pl/" "Mozilla/5.0 (iPhone; U; CPU iPhone OS 3_0 like Mac OS X; pl-pl) AppleWebKit/528.18 (KHTML, like Gecko) Version/4.0 Mobile/7A341 Safari/528.16" "-"
10.0.8.4 - - [11/Oct/2009:12:30:18 +0200] "PROPFIND /%7Esakowicz HTTP/1.1" 301 313 "-" "Microsoft-WebDAV-MiniRedir/5.1.2600" "-"
10.0.8.4 - - [11/Oct/2009:12:30:18 +0200] "PROPFIND /~sakowicz/ HTTP/1.1" 404 284 "-" "Microsoft-WebDAV-MiniRedir/5.1.2600" "-"
10.0.8.4 - - [11/Oct/2009:12:30:18 +0200] "PROPFIND /%7Esakowicz HTTP/1.1" 301 313 "-" "Microsoft-WebDAV-MiniRedir/5.1.2600" "-"
10.0.8.4 - - [11/Oct/2009:12:30:18 +0200] "PROPFIND /~sakowicz/ HTTP/1.1" 404 284 "-" "Microsoft-WebDAV-MiniRedir/5.1.2600" "-"
10.0.8.4 - - [11/Oct/2009:12:30:18 +0200] "OPTIONS / HTTP/1.1" 200 - "-" "Microsoft-WebDAV-MiniRedir/5.1.2600" "-"
10.0.8.4 - - [11/Oct/2009:12:30:18 +0200] "PROPFIND /%7Esakowicz HTTP/1.1" 301 313 "-" "Microsoft-WebDAV-MiniRedir/5.1.2600" "-"
10.0.8.4 - - [11/Oct/2009:12:30:18 +0200] "PROPFIND /~sakowicz/ HTTP/1.1" 404 284 "-" "Microsoft-WebDAV-MiniRedir/5.1.2600" "-"
66.249.65.209 - - [11/Oct/2009:12:30:30 +0200] "GET /isbd/php/doc/polish_many/function.ircg-join.html HTTP/1.1" 200 2434 "-" "SAMSUNG-SGH-E250/1.0 Profile/MIDP-2.0 Configuration/CLDC-1.1 UP.Browser/6.2.3.3.c.1.101 (GUI) MMP/2.0 (compatible; Googlebot-Mobile/2.1; +http://www.google.com/bot.html)" "-"
212.51.207.98 - - [11/Oct/2009:12:30:34 +0200] "GET /podyplomowe_smtm/index.html HTTP/1.1" 200 2919 "http://neo.dmcs.pl/" "Mozilla/5.0 (iPhone; U; CPU iPhone OS 3_0 like Mac OS X; pl-pl) AppleWebKit/528.18 (KHTML, like Gecko) Version/4.0 Mobile/7A341 Safari/528.16" "-"
212.51.207.98 - - [11/Oct/2009:12:30:34 +0200] "GET /images/back.jpg HTTP/1.1" 404 289 "http://neo.dmcs.pl/podyplomowe_smtm/index.html" "Mozilla/5.0 (iPhone; U; CPU iPhone OS 3_0 like Mac OS X; pl-pl) AppleWebKit/528.18 (KHTML, like Gecko) Version/4.0 Mobile/7A341 Safari/528.16" "-"
62.141.222.221 - - [11/Oct/2009:12:30:38 +0200] "GET /~piotrowi/wdtcim/wyklad2.pdf HTTP/1.1" 200 620729 "http://www.google.pl/search?hl=pl&source=hp&q=dope%C5%82nienie+funkcji+boolowskiej&btnG=Szukaj+w+Google&lr=&aq=f&oq=" "Opera/9.80 (Windows NT 5.1; U; pl) Presto/2.2.15 Version/10.00" "-"
10.0.8.15 - - [11/Oct/2009:12:30:43 +0200] "GET /~sakowicz/podyplomowe HTTP/1.1" 301 325 "-" "Mozilla/4.0 (compatible; MSIE 7.0; Windows NT 5.1; .NET CLR 1.1.4322)" "-"
10.0.8.15 - - [11/Oct/2009:12:30:43 +0200] "GET /~sakowicz/podyplomowe/ HTTP/1.1" 200 1036 "-" "Mozilla/4.0 (compatible; MSIE 7.0; Windows NT 5.1; .NET CLR 1.1.4322)" "-"
66.249.65.212 - - [11/Oct/2009:12:30:45 +0200] "GET /tk/UNIXhelp1.3/Pages/scrpt/scrpt2.10.html HTTP/1.1" 200 1229 "-" "Mozilla/5.0 (compatible; Googlebot/2.1; +http://www.google.com/bot.html)" "-"
212.51.207.98 - - [11/Oct/2009:12:30:46 +0200] "GET /podyplomowe_smtm/index.html HTTP/1.1" 200 2919 "http://neo.dmcs.pl/podyplomowe_smtm/index.html" "Mozilla/5.0 (iPhone; U; CPU iPhone OS 3_0 like Mac OS X; pl-pl) AppleWebKit/528.18 (KHTML, like Gecko) Version/4.0 Mobile/7A341 Safari/528.16" "-"
212.51.207.98 - - [11/Oct/2009:12:30:47 +0200] "GET /images/back.jpg HTTP/1.1" 404 289 "http://neo.dmcs.pl/podyplomowe_smtm/index.html" "Mozilla/5.0 (iPhone; U; CPU iPhone OS 3_0 like Mac OS X; pl-pl) AppleWebKit/528.18 (KHTML, like Gecko) Version/4.0 Mobile/7A341 Safari/528.16" "-"
10.0.8.240 - - [11/Oct/2009:12:30:49 +0200] "PROPFIND /idn-15 HTTP/1.1" 404 272 "-" "Microsoft-WebDAV-MiniRedir/5.1.2600" "-"
10.0.8.12 - - [11/Oct/2009:12:30:49 +0200] "GET /~sakowicz/podyplomowe HTTP/1.1" 301 325 "-" "Mozilla/5.0 (Windows; U; Windows NT 5.1; en-US; rv:1.9.0.10) Gecko/2009042316 Firefox/3.0.10" "-"
10.0.8.12 - - [11/Oct/2009:12:30:49 +0200] "GET /~sakowicz/podyplomowe/ HTTP/1.1" 200 1036 "-" "Mozilla/5.0 (Windows; U; Windows NT 5.1; en-US; rv:1.9.0.10) Gecko/2009042316 Firefox/3.0.10" "-"
10.0.8.12 - - [11/Oct/2009:12:30:50 +0200] "GET /favicon.ico HTTP/1.1" 404 285 "-" "Mozilla/5.0 (Windows; U; Windows NT 5.1; en-US; rv:1.9.0.10) Gecko/2009042316 Firefox/3.0.10" "-"
10.0.8.12 - - [11/Oct/2009:12:30:53 +0200] "GET /favicon.ico HTTP/1.1" 404 285 "-" "Mozilla/5.0 (Windows; U; Windows NT 5.1; en-US; rv:1.9.0.10) Gecko/2009042316 Firefox/3.0.10" "-"
10.0.8.15 - - [11/Oct/2009:12:30:54 +0200] "GET /~sakowicz/podyplomowe/pokl_www_podstawy_html.ppt HTTP/1.1" 200 3678720 "http://lux.dmcs.pl/~sakowicz/podyplomowe/" "Mozilla/4.0 (compatible; MSIE 7.0; Windows NT 5.1; .NET CLR 1.1.4322)" "-"
89.231.213.81 - - [11/Oct/2009:12:31:20 +0200] "GET /poe/index.html HTTP/1.1" 200 2754 "-" "Mozilla/5.0 (Windows; U; Windows NT 5.1; pl; rv:1.9.0.14) Gecko/2009082707 Firefox/3.0.14" "-"
89.231.213.81 - - [11/Oct/2009:12:31:20 +0200] "GET /style.css HTTP/1.1" 200 2000 "http://neo.dmcs.pl/poe/index.html" "Mozilla/5.0 (Windows; U; Windows NT 5.1; pl; rv:1.9.0.14) Gecko/2009082707 Firefox/3.0.14" "-"
89.231.213.81 - - [11/Oct/2009:12:31:20 +0200] "GET /images/back.jpg HTTP/1.1" 404 289 "http://neo.dmcs.pl/poe/index.html" "Mozilla/5.0 (Windows; U; Windows NT 5.1; pl; rv:1.9.0.14) Gecko/2009082707 Firefox/3.0.14" "-"
89.231.213.81 - - [11/Oct/2009:12:31:20 +0200] "GET /favicon.ico HTTP/1.1" 404 285 "-" "Mozilla/5.0 (compatible; Google Desktop)" "-"
89.231.213.81 - - [11/Oct/2009:12:31:20 +0200] "GET /favicon.ico HTTP/1.1" 404 285 "-" "Mozilla/5.0 (Windows; U; Windows NT 5.1; pl; rv:1.9.0.14) Gecko/2009082707 Firefox/3.0.14" "-"
89.231.213.81 - - [11/Oct/2009:12:31:23 +0200] "GET /favicon.ico HTTP/1.1" 404 285 "-" "Mozilla/5.0 (Windows; U; Windows NT 5.1; pl; rv:1.9.0.14) Gecko/2009082707 Firefox/3.0.14" "-"
212.51.207.98 - - [11/Oct/2009:12:31:30 +0200] "GET / HTTP/1.1" 200 8370 "-" "Mozilla/5.0 (iPhone; U; CPU iPhone OS 3_0 like Mac OS X; pl-pl) AppleWebKit/528.18 (KHTML, like Gecko) Version/4.0 Mobile/7A341 Safari/528.16" "-"
212.51.207.98 - - [11/Oct/2009:12:31:30 +0200] "GET /style.css HTTP/1.1" 200 2000 "http://neo.dmcs.p.lodz.pl/" "Mozilla/5.0 (iPhone; U; CPU iPhone OS 3_0 like Mac OS X; pl-pl) AppleWebKit/528.18 (KHTML, like Gecko) Version/4.0 Mobile/7A341 Safari/528.16" "-"
212.51.207.98 - - [11/Oct/2009:12:31:30 +0200] "GET /images/back.jpg HTTP/1.1" 404 296 "http://neo.dmcs.p.lodz.pl/" "Mozilla/5.0 (iPhone; U; CPU iPhone OS 3_0 like Mac OS X; pl-pl) AppleWebKit/528.18 (KHTML, like Gecko) Version/4.0 Mobile/7A341 Safari/528.16" "-"
10.0.8.12 - - [11/Oct/2009:12:31:42 +0200] "GET /~sakowicz/podyplomowe/pokl_www_podstawy_html.ppt HTTP/1.1" 200 3678720 "http://lux.dmcs.pl/~sakowicz/podyplomowe/" "Mozilla/5.0 (Windows; U; Windows NT 5.1; en-US; rv:1.9.0.10) Gecko/2009042316 Firefox/3.0.10" "-"
10.0.8.6 - - [11/Oct/2009:12:31:42 +0200] "GET /~sakowicz/podyplomowe/ HTTP/1.1" 200 1036 "-" "Mozilla/4.0 (compatible; MSIE 6.0; Windows NT 5.1; .NET CLR 1.0.3705)" "-"
138.162.8.57 - - [11/Oct/2009:12:31:49 +0200] "GET /~swierczu/plot/229591255.png HTTP/1.1" 404 309 "-" "Mozilla/4.0 (compatible;)" "-"
10.0.8.17 - - [11/Oct/2009:12:31:49 +0200] "GET /~sakowicz/podyplomowe/ HTTP/1.1" 200 1036 "-" "Mozilla/5.0 (Windows; U; Windows NT 5.1; en-US; rv:1.9.0.10) Gecko/2009042316 Firefox/3.0.10" "-"
10.0.8.15 - - [11/Oct/2009:12:31:51 +0200] "GET /~sakowicz/podyplomowe/pokl_www_podstawy_html.ppt HTTP/1.1" 200 3678720 "-" "Mozilla/4.0 (compatible; MSIE 7.0; Windows NT 5.1; .NET CLR 1.1.4322)" "-"
89.231.213.81 - - [11/Oct/2009:12:31:52 +0200] "GET /poe/Laboratorium/cwiczenie1.pdf HTTP/1.1" 200 80920 "http://neo.dmcs.pl/poe/index.html" "Mozilla/5.0 (Windows; U; Windows NT 5.1; pl; rv:1.9.0.14) Gecko/2009082707 Firefox/3.0.14" "-"
10.0.8.17 - - [11/Oct/2009:12:31:52 +0200] "GET /favicon.ico HTTP/1.1" 404 285 "-" "Mozilla/5.0 (Windows; U; Windows NT 5.1; en-US; rv:1.9.0.10) Gecko/2009042316 Firefox/3.0.10" "-"
10.0.8.6 - - [11/Oct/2009:12:31:55 +0200] "GET /~sakowicz/podyplomowe/pokl_www_podstawy_html.ppt HTTP/1.1" 200 3678720 "-" "Mozilla/4.0 (compatible; MSIE 6.0; Windows NT 5.1; .NET CLR 1.0.3705)" "-"
10.0.8.240 - - [11/Oct/2009:12:32:00 +0200] "PROPFIND /idn-15 HTTP/1.1" 404 272 "-" "Microsoft-WebDAV-MiniRedir/5.1.2600" "-"
212.51.207.98 - - [11/Oct/2009:12:32:02 +0200] "GET /ptda/ HTTP/1.1" 200 8104 "http://neo.dmcs.p.lodz.pl/" "Mozilla/5.0 (iPhone; U; CPU iPhone OS 3_0 like Mac OS X; pl-pl) AppleWebKit/528.18 (KHTML, like Gecko) Version/4.0 Mobile/7A341 Safari/528.16" "-"
212.51.207.98 - - [11/Oct/2009:12:32:03 +0200] "GET /ptda/1.jpg HTTP/1.1" 200 8661 "http://neo.dmcs.p.lodz.pl/ptda/" "Mozilla/5.0 (iPhone; U; CPU iPhone OS 3_0 like Mac OS X; pl-pl) AppleWebKit/528.18 (KHTML, like Gecko) Version/4.0 Mobile/7A341 Safari/528.16" "-"
212.51.207.98 - - [11/Oct/2009:12:32:03 +0200] "GET /ptda/2.jpg HTTP/1.1" 200 4613 "http://neo.dmcs.p.lodz.pl/ptda/" "Mozilla/5.0 (iPhone; U; CPU iPhone OS 3_0 like Mac OS X; pl-pl) AppleWebKit/528.18 (KHTML, like Gecko) Version/4.0 Mobile/7A341 Safari/528.16" "-"
212.51.207.98 - - [11/Oct/2009:12:32:03 +0200] "GET /ptda/image4.jpg HTTP/1.1" 200 15223 "http://neo.dmcs.p.lodz.pl/ptda/" "Mozilla/5.0 (iPhone; U; CPU iPhone OS 3_0 like Mac OS X; pl-pl) AppleWebKit/528.18 (KHTML, like Gecko) Version/4.0 Mobile/7A341 Safari/528.16" "-"
212.51.207.98 - - [11/Oct/2009:12:32:03 +0200] "GET /images/back.jpg HTTP/1.1" 404 296 "http://neo.dmcs.p.lodz.pl/ptda/" "Mozilla/5.0 (iPhone; U; CPU iPhone OS 3_0 like Mac OS X; pl-pl) AppleWebKit/528.18 (KHTML, like Gecko) Version/4.0 Mobile/7A341 Safari/528.16" "-"
212.51.207.98 - - [11/Oct/2009:12:32:03 +0200] "GET /ptda/drozdek_.jpg HTTP/1.1" 200 8545 "http://neo.dmcs.p.lodz.pl/ptda/" "Mozilla/5.0 (iPhone; U; CPU iPhone OS 3_0 like Mac OS X; pl-pl) AppleWebKit/528.18 (KHTML, like Gecko) Version/4.0 Mobile/7A341 Safari/528.16" "-"
193.252.118.176 - - [11/Oct/2009:12:32:10 +0200] "GET /ostrow-us/index.html HTTP/1.1" 200 863 "-" "Mozilla/5.0 (Windows; U; Windows NT 5.1; fr; rv:1.8.1) VoilaBot BETA 1.2 (support.voilabot@orange-ftgroup.com)" "-"
10.0.8.240 - - [11/Oct/2009:12:32:15 +0200] "OPTIONS / HTTP/1.1" 200 - "-" "Microsoft-WebDAV-MiniRedir/5.1.2600" "-"
10.0.8.240 - - [11/Oct/2009:12:32:15 +0200] "PROPFIND /idn-15 HTTP/1.1" 404 272 "-" "Microsoft-WebDAV-MiniRedir/5.1.2600" "-"
153.19.210.159 - - [11/Oct/2009:12:32:38 +0200] "HEAD /favicon.ico HTTP/1.1" 404 0 "-" "Mozilla/5.0 (X11; U; Linux i686; pl; rv:1.9.1.3) Gecko/20090824 Firefox/3.5.3" "-"
10.0.8.17 - - [11/Oct/2009:12:32:55 +0200] "GET /~sakowicz/podyplomowe/pokl_www_cwiczenie_2_linki.doc HTTP/1.1" 200 119296 "http://lux.dmcs.pl/~sakowicz/podyplomowe/" "Mozilla/5.0 (Windows; U; Windows NT 5.1; en-US; rv:1.9.0.10) Gecko/2009042316 Firefox/3.0.10" "-"
10.0.8.20 - - [11/Oct/2009:12:33:04 +0200] "PROPFIND /idn-16 HTTP/1.1" 404 272 "-" "Microsoft-WebDAV-MiniRedir/5.1.2600" "-"
10.0.8.20 - - [11/Oct/2009:12:33:05 +0200] "PROPFIND /idn-16 HTTP/1.1" 404 272 "-" "Microsoft-WebDAV-MiniRedir/5.1.2600" "-"
89.231.213.81 - - [11/Oct/2009:12:33:05 +0200] "GET /poe/Laboratorium/cwiczenie2.pdf HTTP/1.1" 200 85735 "http://neo.dmcs.pl/poe/index.html" "Mozilla/5.0 (Windows; U; Windows NT 5.1; pl; rv:1.9.0.14) Gecko/2009082707 Firefox/3.0.14" "-"
10.0.8.20 - - [11/Oct/2009:12:33:05 +0200] "PROPFIND /idn-16 HTTP/1.1" 404 272 "-" "Microsoft-WebDAV-MiniRedir/5.1.2600" "-"
10.0.8.20 - - [11/Oct/2009:12:33:05 +0200] "PROPFIND /idn-16 HTTP/1.1" 404 272 "-" "Microsoft-WebDAV-MiniRedir/5.1.2600" "-"
83.26.30.120 - - [11/Oct/2009:12:33:21 +0200] "GET /favicon.ico HTTP/1.1" 404 285 "-" "Mozilla/4.0 (compatible; MSIE 7.0; Windows NT 5.1; GTB6; .NET CLR 2.0.50727; .NET CLR 3.0.4506.2152; .NET CLR 3.5.30729)" "-"
78.8.9.72 - - [11/Oct/2009:12:33:33 +0200] "GET / HTTP/1.1" 200 8370 "http://www.dmcs.p.lodz.pl/index.do" "Mozilla/4.0 (compatible; MSIE 8.0; Windows NT 5.1; Trident/4.0)" "-"
78.8.9.72 - - [11/Oct/2009:12:33:33 +0200] "GET /style.css HTTP/1.1" 200 2000 "http://neo.dmcs.p.lodz.pl/" "Mozilla/4.0 (compatible; MSIE 8.0; Windows NT 5.1; Trident/4.0)" "-"
78.8.9.72 - - [11/Oct/2009:12:33:33 +0200] "GET /images/back.jpg HTTP/1.1" 404 296 "http://neo.dmcs.p.lodz.pl/" "Mozilla/4.0 (compatible; MSIE 8.0; Windows NT 5.1; Trident/4.0)" "-"
89.231.213.81 - - [11/Oct/2009:12:33:33 +0200] "GET /poe/Laboratorium/cwiczenie3.pdf HTTP/1.1" 200 87995 "http://neo.dmcs.pl/poe/index.html" "Mozilla/5.0 (Windows; U; Windows NT 5.1; pl; rv:1.9.0.14) Gecko/2009082707 Firefox/3.0.14" "-"
78.8.9.72 - - [11/Oct/2009:12:33:34 +0200] "GET /favicon.ico HTTP/1.1" 404 292 "-" "Mozilla/4.0 (compatible; MSIE 8.0; Windows NT 5.1; Trident/4.0)" "-"
10.0.8.4 - - [11/Oct/2009:12:33:40 +0200] "GET /~sakowicz/podyplomowe/ HTTP/1.1" 200 1036 "-" "Mozilla/4.0 (compatible; MSIE 6.0; Windows NT 5.1; .NET CLR 1.0.3705)" "-"
212.51.207.98 - - [11/Oct/2009:12:33:41 +0200] "GET /~kgrabowski/ HTTP/1.1" 200 1299 "-" "Mozilla/5.0 (iPhone; U; CPU iPhone OS 3_0 like Mac OS X; pl-pl) AppleWebKit/528.18 (KHTML, like Gecko) Version/4.0 Mobile/7A341 Safari/528.16" "-"
212.51.207.98 - - [11/Oct/2009:12:33:42 +0200] "GET /icons/blank.gif HTTP/1.1" 200 148 "http://neo.dmcs.pl/~kgrabowski/" "Mozilla/5.0 (iPhone; U; CPU iPhone OS 3_0 like Mac OS X; pl-pl) AppleWebKit/528.18 (KHTML, like Gecko) Version/4.0 Mobile/7A341 Safari/528.16" "-"
212.51.207.98 - - [11/Oct/2009:12:33:42 +0200] "GET /icons/back.gif HTTP/1.1" 200 216 "http://neo.dmcs.pl/~kgrabowski/" "Mozilla/5.0 (iPhone; U; CPU iPhone OS 3_0 like Mac OS X; pl-pl) AppleWebKit/528.18 (KHTML, like Gecko) Version/4.0 Mobile/7A341 Safari/528.16" "-"
212.51.207.98 - - [11/Oct/2009:12:33:42 +0200] "GET /icons/folder.gif HTTP/1.1" 200 225 "http://neo.dmcs.pl/~kgrabowski/" "Mozilla/5.0 (iPhone; U; CPU iPhone OS 3_0 like Mac OS X; pl-pl) AppleWebKit/528.18 (KHTML, like Gecko) Version/4.0 Mobile/7A341 Safari/528.16" "-"
10.0.8.4 - - [11/Oct/2009:12:33:52 +0200] "GET /~sakowicz/podyplomowe/pokl_www_podstawy_html.ppt HTTP/1.1" 200 3678720 "http://lux.dmcs.pl/~sakowicz/podyplomowe/" "Mozilla/4.0 (compatible; MSIE 6.0; Windows NT 5.1; .NET CLR 1.0.3705)" "-"
212.51.207.98 - - [11/Oct/2009:12:33:52 +0200] "GET /~kgrabowski/wyklad/ HTTP/1.1" 200 1192 "http://neo.dmcs.pl/~kgrabowski/" "Mozilla/5.0 (iPhone; U; CPU iPhone OS 3_0 like Mac OS X; pl-pl) AppleWebKit/528.18 (KHTML, like Gecko) Version/4.0 Mobile/7A341 Safari/528.16" "-"
212.51.207.98 - - [11/Oct/2009:12:33:52 +0200] "GET /icons/layout.gif HTTP/1.1" 200 276 "http://neo.dmcs.pl/~kgrabowski/wyklad/" "Mozilla/5.0 (iPhone; U; CPU iPhone OS 3_0 like Mac OS X; pl-pl) AppleWebKit/528.18 (KHTML, like Gecko) Version/4.0 Mobile/7A341 Safari/528.16" "-"
194.29.137.1 - - [11/Oct/2009:12:34:01 +0200] "GET /tcm/wyklad5.pdf HTTP/1.1" 200 189832 "http://www.google.pl/search?hl=pl&lr=&client=firefox-a&rls=com.ubuntu:pl-PL:unofficial&q=azotek+galu&start=30&sa=N" "Mozilla/5.0 (X11; U; Linux i686; pl-PL; rv:1.9.0.10) Gecko/2009042513 Ubuntu/8.04 (hardy) Firefox/3.0.10" "-"
78.8.9.72 - - [11/Oct/2009:12:34:02 +0200] "GET /mo/index.html HTTP/1.1" 403 298 "http://neo.dmcs.p.lodz.pl/" "Mozilla/4.0 (compatible; MSIE 8.0; Windows NT 5.1; Trident/4.0)" "-"
10.0.8.240 - - [11/Oct/2009:12:34:04 +0200] "GET /~sakowicz/podyplomowe/pokl_www_cwiczenie_1_czcionki_i_listy.doc HTTP/1.1" 304 - "-" "Mozilla/4.0 (compatible; MSIE 6.0; Windows NT 5.1; .NET CLR 1.0.3705)" "-"
78.8.9.72 - - [11/Oct/2009:12:34:11 +0200] "GET /images/back.jpg HTTP/1.1" 404 296 "http://neo.dmcs.p.lodz.pl/" "Mozilla/4.0 (compatible; MSIE 8.0; Windows NT 5.1; Trident/4.0)" "-"
78.8.9.72 - - [11/Oct/2009:12:34:11 +0200] "GET /favicon.ico HTTP/1.1" 404 292 "-" "Mozilla/4.0 (compatible; MSIE 8.0; Windows NT 5.1; Trident/4.0)" "-"
10.0.8.240 - - [11/Oct/2009:12:34:15 +0200] "PROPFIND /%7Esakowicz HTTP/1.1" 301 313 "-" "Microsoft-WebDAV-MiniRedir/5.1.2600" "-"
10.0.8.240 - - [11/Oct/2009:12:34:16 +0200] "PROPFIND /~sakowicz/ HTTP/1.1" 404 284 "-" "Microsoft-WebDAV-MiniRedir/5.1.2600" "-"
10.0.8.240 - - [11/Oct/2009:12:34:16 +0200] "PROPFIND /%7Esakowicz HTTP/1.1" 301 313 "-" "Microsoft-WebDAV-MiniRedir/5.1.2600" "-"
10.0.8.240 - - [11/Oct/2009:12:34:16 +0200] "PROPFIND /~sakowicz/ HTTP/1.1" 404 284 "-" "Microsoft-WebDAV-MiniRedir/5.1.2600" "-"
10.0.8.240 - - [11/Oct/2009:12:34:16 +0200] "OPTIONS / HTTP/1.1" 200 - "-" "Microsoft-WebDAV-MiniRedir/5.1.2600" "-"
10.0.8.240 - - [11/Oct/2009:12:34:16 +0200] "PROPFIND /%7Esakowicz HTTP/1.1" 301 313 "-" "Microsoft-WebDAV-MiniRedir/5.1.2600" "-"
10.0.8.240 - - [11/Oct/2009:12:34:16 +0200] "PROPFIND /~sakowicz/ HTTP/1.1" 404 284 "-" "Microsoft-WebDAV-MiniRedir/5.1.2600" "-"
78.8.9.72 - - [11/Oct/2009:12:34:18 +0200] "GET /specjalnosci/index.php HTTP/1.1" 200 7817 "http://neo.dmcs.p.lodz.pl/" "Mozilla/4.0 (compatible; MSIE 8.0; Windows NT 5.1; Trident/4.0)" "-"
78.8.9.72 - - [11/Oct/2009:12:34:18 +0200] "GET /specjalnosci/style.css HTTP/1.1" 200 7142 "http://neo.dmcs.p.lodz.pl/specjalnosci/index.php" "Mozilla/4.0 (compatible; MSIE 8.0; Windows NT 5.1; Trident/4.0)" "-"
78.8.9.72 - - [11/Oct/2009:12:34:18 +0200] "GET /specjalnosci/style.css HTTP/1.1" 200 7142 "http://neo.dmcs.p.lodz.pl/specjalnosci/index.php" "Mozilla/4.0 (compatible; MSIE 8.0; Windows NT 5.1; Trident/4.0)" "-"
78.8.9.72 - - [11/Oct/2009:12:34:18 +0200] "GET /specjalnosci/skrypty.js HTTP/1.1" 200 142 "http://neo.dmcs.p.lodz.pl/specjalnosci/index.php" "Mozilla/4.0 (compatible; MSIE 8.0; Windows NT 5.1; Trident/4.0)" "-"
78.8.9.72 - - [11/Oct/2009:12:34:18 +0200] "GET /specjalnosci/grafika/naglowek.png HTTP/1.1" 200 4411 "http://neo.dmcs.p.lodz.pl/specjalnosci/index.php" "Mozilla/4.0 (compatible; MSIE 8.0; Windows NT 5.1; Trident/4.0)" "-"
78.8.9.72 - - [11/Oct/2009:12:34:18 +0200] "GET /specjalnosci/grafika/blank.png HTTP/1.1" 200 142 "http://neo.dmcs.p.lodz.pl/specjalnosci/index.php" "Mozilla/4.0 (compatible; MSIE 8.0; Windows NT 5.1; Trident/4.0)" "-"
78.8.9.72 - - [11/Oct/2009:12:34:18 +0200] "GET /specjalnosci/grafika/valid-html401.png HTTP/1.1" 200 2948 "http://neo.dmcs.p.lodz.pl/specjalnosci/index.php" "Mozilla/4.0 (compatible; MSIE 8.0; Windows NT 5.1; Trident/4.0)" "-"
78.8.9.72 - - [11/Oct/2009:12:34:18 +0200] "GET /specjalnosci/grafika/studenci_7p.jpg HTTP/1.1" 200 29259 "http://neo.dmcs.p.lodz.pl/specjalnosci/index.php" "Mozilla/4.0 (compatible; MSIE 8.0; Windows NT 5.1; Trident/4.0)" "-"
89.231.213.81 - - [11/Oct/2009:12:34:28 +0200] "GET /poe/Laboratorium/cwiczenie4.pdf HTTP/1.1" 200 92070 "http://neo.dmcs.pl/poe/index.html" "Mozilla/5.0 (Windows; U; Windows NT 5.1; pl; rv:1.9.0.14) Gecko/2009082707 Firefox/3.0.14" "-"
212.51.207.98 - - [11/Oct/2009:12:34:30 +0200] "GET /~kgrabowski/wyklad/Wyklad%201.pdf HTTP/1.1" 200 7307711 "http://neo.dmcs.pl/~kgrabowski/wyklad/" "Mozilla/5.0 (iPhone; U; CPU iPhone OS 3_0 like Mac OS X; pl-pl) AppleWebKit/528.18 (KHTML, like Gecko) Version/4.0 Mobile/7A341 Safari/528.16" "-"
41.205.25.37 - - [11/Oct/2009:12:34:34 +0200] "GET /inf1/memoires.pdf HTTP/1.1" 206 760697 "-" "Mozilla/5.0 (Windows; U; Windows NT 6.0; fr; rv:1.9.1.3) Gecko/20090824 Firefox/3.5.3 (.NET CLR 3.5.30729)" "-"
217.113.228.105 - - [11/Oct/2009:12:34:34 +0200] "GET / HTTP/1.1" 200 8370 "-" "Mozilla/5.0 (Windows; U; Windows NT 6.0; pl; rv:1.9.0.12) Gecko/2009070611 Firefox/3.0.12" "-"
217.113.228.105 - - [11/Oct/2009:12:34:34 +0200] "GET /style.css HTTP/1.1" 200 2000 "http://neo.dmcs.p.lodz.pl/" "Mozilla/5.0 (Windows; U; Windows NT 6.0; pl; rv:1.9.0.12) Gecko/2009070611 Firefox/3.0.12" "-"
217.113.228.105 - - [11/Oct/2009:12:34:35 +0200] "GET /images/back.jpg HTTP/1.1" 404 296 "http://neo.dmcs.p.lodz.pl/" "Mozilla/5.0 (Windows; U; Windows NT 6.0; pl; rv:1.9.0.12) Gecko/2009070611 Firefox/3.0.12" "-"
217.113.228.105 - - [11/Oct/2009:12:34:35 +0200] "GET /favicon.ico HTTP/1.1" 404 292 "-" "Mozilla/5.0 (Windows; U; Windows NT 6.0; pl; rv:1.9.0.12) Gecko/2009070611 Firefox/3.0.12" "-"
217.113.228.105 - - [11/Oct/2009:12:34:38 +0200] "GET /favicon.ico HTTP/1.1" 404 292 "-" "Mozilla/5.0 (Windows; U; Windows NT 6.0; pl; rv:1.9.0.12) Gecko/2009070611 Firefox/3.0.12" "-"
217.113.228.105 - - [11/Oct/2009:12:34:44 +0200] "GET /podyplomowe_java/ HTTP/1.1" 200 1908 "-" "Mozilla/5.0 (Windows; U; Windows NT 6.0; pl; rv:1.9.0.12) Gecko/2009070611 Firefox/3.0.12" "-"
217.113.228.105 - - [11/Oct/2009:12:34:44 +0200] "GET /icons/blank.gif HTTP/1.1" 200 148 "http://neo.dmcs.p.lodz.pl/podyplomowe_java/" "Mozilla/5.0 (Windows; U; Windows NT 6.0; pl; rv:1.9.0.12) Gecko/2009070611 Firefox/3.0.12" "-"
217.113.228.105 - - [11/Oct/2009:12:34:44 +0200] "GET /icons/back.gif HTTP/1.1" 200 216 "http://neo.dmcs.p.lodz.pl/podyplomowe_java/" "Mozilla/5.0 (Windows; U; Windows NT 6.0; pl; rv:1.9.0.12) Gecko/2009070611 Firefox/3.0.12" "-"
217.113.228.105 - - [11/Oct/2009:12:34:44 +0200] "GET /icons/folder.gif HTTP/1.1" 200 225 "http://neo.dmcs.p.lodz.pl/podyplomowe_java/" "Mozilla/5.0 (Windows; U; Windows NT 6.0; pl; rv:1.9.0.12) Gecko/2009070611 Firefox/3.0.12" "-"
217.113.228.105 - - [11/Oct/2009:12:34:44 +0200] "GET /icons/unknown.gif HTTP/1.1" 200 245 "http://neo.dmcs.p.lodz.pl/podyplomowe_java/" "Mozilla/5.0 (Windows; U; Windows NT 6.0; pl; rv:1.9.0.12) Gecko/2009070611 Firefox/3.0.12" "-"
217.113.228.105 - - [11/Oct/2009:12:34:49 +0200] "GET /podyplomowe_java/~$kl_2009_tas_pwkai_oceny.doc HTTP/1.1" 200 162 "http://neo.dmcs.p.lodz.pl/podyplomowe_java/" "Mozilla/5.0 (Windows; U; Windows NT 6.0; pl; rv:1.9.0.12) Gecko/2009070611 Firefox/3.0.12" "-"
10.0.8.240 - - [11/Oct/2009:12:34:59 +0200] "GET /~sakowicz/podyplomowe/pokl_www_wymagania_projektowe.doc HTTP/1.1" 304 - "-" "Mozilla/4.0 (compatible; MSIE 6.0; Windows NT 5.1; .NET CLR 1.0.3705)" "-"
10.0.8.240 - - [11/Oct/2009:12:35:01 +0200] "PROPFIND /%7Esakowicz HTTP/1.1" 301 313 "-" "Microsoft-WebDAV-MiniRedir/5.1.2600" "-"
10.0.8.240 - - [11/Oct/2009:12:35:01 +0200] "PROPFIND /~sakowicz/ HTTP/1.1" 404 284 "-" "Microsoft-WebDAV-MiniRedir/5.1.2600" "-"
10.0.8.240 - - [11/Oct/2009:12:35:01 +0200] "PROPFIND /%7Esakowicz HTTP/1.1" 301 313 "-" "Microsoft-WebDAV-MiniRedir/5.1.2600" "-"
10.0.8.240 - - [11/Oct/2009:12:35:01 +0200] "PROPFIND /~sakowicz/ HTTP/1.1" 404 284 "-" "Microsoft-WebDAV-MiniRedir/5.1.2600" "-"
217.113.225.6 - - [11/Oct/2009:12:35:04 +0200] "GET / HTTP/1.1" 200 8370 "-" "Mozilla/5.0 (Windows; U; Windows NT 5.1; pl; rv:1.9.1.3) Gecko/20090824 Firefox/3.5.3 (.NET CLR 3.5.30729)" "-"
217.113.225.6 - - [11/Oct/2009:12:35:04 +0200] "GET /style.css HTTP/1.1" 200 2000 "http://neo.dmcs.pl/" "Mozilla/5.0 (Windows; U; Windows NT 5.1; pl; rv:1.9.1.3) Gecko/20090824 Firefox/3.5.3 (.NET CLR 3.5.30729)" "-"
217.113.225.6 - - [11/Oct/2009:12:35:04 +0200] "GET /images/back.jpg HTTP/1.1" 404 289 "http://neo.dmcs.pl/" "Mozilla/5.0 (Windows; U; Windows NT 5.1; pl; rv:1.9.1.3) Gecko/20090824 Firefox/3.5.3 (.NET CLR 3.5.30729)" "-"
217.113.225.6 - - [11/Oct/2009:12:35:05 +0200] "GET /favicon.ico HTTP/1.1" 404 285 "-" "Mozilla/5.0 (Windows; U; Windows NT 5.1; pl; rv:1.9.1.3) Gecko/20090824 Firefox/3.5.3 (.NET CLR 3.5.30729)" "-"
217.113.225.6 - - [11/Oct/2009:12:35:07 +0200] "GET /favicon.ico HTTP/1.1" 404 285 "-" "Mozilla/5.0 (Windows; U; Windows NT 5.1; pl; rv:1.9.1.3) Gecko/20090824 Firefox/3.5.3 (.NET CLR 3.5.30729)" "-"
89.77.176.110 - - [11/Oct/2009:12:35:14 +0200] "GET /mins/03_czujniki_chemiczne.pdf HTTP/1.1" 206 892 "-" "Mozilla/5.0 (Windows; U; Windows NT 6.0; pl; rv:1.9.1.3) Gecko/20090824 Firefox/3.5.3 (.NET CLR 3.5.30729)" "-"
89.77.176.110 - - [11/Oct/2009:12:35:14 +0200] "GET /mins/03_czujniki_chemiczne.pdf HTTP/1.1" 200 18634 "http://www.google.pl/url?sa=t&source=web&ct=res&cd=1&ved=0CAYQFjAA&url=http%3A%2F%2Fneo.dmcs.p.lodz.pl%2Fmins%2F03_czujniki_chemiczne.pdf&ei=37TRSqnkNaPSmgPg0MyDAw&rct=j&q=czujniki+chemiczne&usg=AFQjCNGlvLZEBB0BF6eZj_n-IyYM0ZcW0Q" "Mozilla/5.0 (Windows; U; Windows NT 6.0; pl; rv:1.9.1.3) Gecko/20090824 Firefox/3.5.3 (.NET CLR 3.5.30729)" "-"
89.77.176.110 - - [11/Oct/2009:12:35:14 +0200] "GET /favicon.ico HTTP/1.1" 404 292 "-" "Mozilla/5.0 (Windows; U; Windows NT 6.0; pl; rv:1.9.1.3) Gecko/20090824 Firefox/3.5.3 (.NET CLR 3.5.30729)" "-"
89.77.176.110 - - [11/Oct/2009:12:35:14 +0200] "GET /mins/03_czujniki_chemiczne.pdf HTTP/1.1" 206 4306 "-" "Mozilla/5.0 (Windows; U; Windows NT 6.0; pl; rv:1.9.1.3) Gecko/20090824 Firefox/3.5.3 (.NET CLR 3.5.30729)" "-"
89.77.176.110 - - [11/Oct/2009:12:35:14 +0200] "GET /mins/03_czujniki_chemiczne.pdf HTTP/1.1" 206 516 "-" "Mozilla/5.0 (Windows; U; Windows NT 6.0; pl; rv:1.9.1.3) Gecko/20090824 Firefox/3.5.3 (.NET CLR 3.5.30729)" "-"
89.77.176.110 - - [11/Oct/2009:12:35:14 +0200] "GET /favicon.ico HTTP/1.1" 404 292 "-" "Mozilla/5.0 (Windows; U; Windows NT 6.0; pl; rv:1.9.1.3) Gecko/20090824 Firefox/3.5.3 (.NET CLR 3.5.30729)" "-"
217.113.225.6 - - [11/Oct/2009:12:35:23 +0200] "GET /sw/index.html HTTP/1.1" 200 8964 "http://neo.dmcs.pl/" "Mozilla/5.0 (Windows; U; Windows NT 5.1; pl; rv:1.9.1.3) Gecko/20090824 Firefox/3.5.3 (.NET CLR 3.5.30729)" "-"
217.113.225.6 - - [11/Oct/2009:12:35:23 +0200] "GET /images/back.jpg HTTP/1.1" 404 289 "http://neo.dmcs.pl/sw/index.html" "Mozilla/5.0 (Windows; U; Windows NT 5.1; pl; rv:1.9.1.3) Gecko/20090824 Firefox/3.5.3 (.NET CLR 3.5.30729)" "-"
217.113.228.105 - - [11/Oct/2009:12:35:25 +0200] "GET /podyplomowe_java/pwkai/ HTTP/1.1" 200 2709 "http://neo.dmcs.p.lodz.pl/podyplomowe_java/" "Mozilla/5.0 (Windows; U; Windows NT 6.0; pl; rv:1.9.0.12) Gecko/2009070611 Firefox/3.0.12" "-"
217.113.228.105 - - [11/Oct/2009:12:35:26 +0200] "GET /podyplomowe_java/pwkai/pokl_pwkai_cwiczenie_1_czcionki_i_listy.doc HTTP/1.1" 200 120320 "http://neo.dmcs.p.lodz.pl/podyplomowe_java/pwkai/" "Mozilla/5.0 (Windows; U; Windows NT 6.0; pl; rv:1.9.0.12) Gecko/2009070611 Firefox/3.0.12" "-"
89.77.176.110 - - [11/Oct/2009:12:35:31 +0200] "GET /mins/03_czujniki_chemiczne.pdf HTTP/1.1" 206 928260 "-" "Mozilla/5.0 (Windows; U; Windows NT 6.0; pl; rv:1.9.1.3) Gecko/20090824 Firefox/3.5.3 (.NET CLR 3.5.30729)" "-"
217.113.228.105 - - [11/Oct/2009:12:35:36 +0200] "GET /podyplomowe_java/pwkai/pokl_pwkai_wymagania_projektowe.doc HTTP/1.1" 200 123392 "http://neo.dmcs.p.lodz.pl/podyplomowe_java/pwkai/" "Mozilla/5.0 (Windows; U; Windows NT 6.0; pl; rv:1.9.0.12) Gecko/2009070611 Firefox/3.0.12" "-"
83.25.24.174 - - [11/Oct/2009:12:35:38 +0200] "GET /mjp4/2003/scrabble/ins.html HTTP/1.1" 200 3195 "http://www.google.pl/search?q=instrukcja+gry+w+scrabble&ie=utf-8&oe=utf-8&aq=t&rls=org.mozilla:pl:official&client=firefox-a" "Mozilla/5.0 (Windows; U; Windows NT 5.1; pl; rv:1.9.0.14) Gecko/2009082707 Firefox/3.0.14 (.NET CLR 3.5.30729)" "-"
83.25.24.174 - - [11/Oct/2009:12:35:39 +0200] "GET /mjp4/2003/scrabble/1.jpg HTTP/1.1" 200 12413 "http://neo.dmcs.p.lodz.pl/mjp4/2003/scrabble/ins.html" "Mozilla/5.0 (Windows; U; Windows NT 5.1; pl; rv:1.9.0.14) Gecko/2009082707 Firefox/3.0.14 (.NET CLR 3.5.30729)" "-"
83.25.24.174 - - [11/Oct/2009:12:35:40 +0200] "GET /mjp4/2003/scrabble/2.jpg HTTP/1.1" 200 73410 "http://neo.dmcs.p.lodz.pl/mjp4/2003/scrabble/ins.html" "Mozilla/5.0 (Windows; U; Windows NT 5.1; pl; rv:1.9.0.14) Gecko/2009082707 Firefox/3.0.14 (.NET CLR 3.5.30729)" "-"
83.25.24.174 - - [11/Oct/2009:12:35:40 +0200] "GET /favicon.ico HTTP/1.1" 404 292 "-" "Mozilla/5.0 (Windows; U; Windows NT 5.1; pl; rv:1.9.0.14) Gecko/2009082707 Firefox/3.0.14 (.NET CLR 3.5.30729)" "-"
10.0.8.15 - - [11/Oct/2009:12:35:41 +0200] "GET /~sakowicz/podyplomowe HTTP/1.1" 301 325 "-" "Mozilla/4.0 (compatible; MSIE 7.0; Windows NT 5.1; .NET CLR 1.1.4322)" "-"
83.25.24.174 - - [11/Oct/2009:12:35:43 +0200] "GET /favicon.ico HTTP/1.1" 404 292 "-" "Mozilla/5.0 (Windows; U; Windows NT 5.1; pl; rv:1.9.0.14) Gecko/2009082707 Firefox/3.0.14 (.NET CLR 3.5.30729)" "-"
217.113.228.105 - - [11/Oct/2009:12:35:46 +0200] "GET /podyplomowe_java/pokl_2009_tas_pwkai_oceny.doc HTTP/1.1" 200 12790 "http://neo.dmcs.p.lodz.pl/podyplomowe_java/" "Mozilla/5.0 (Windows; U; Windows NT 6.0; pl; rv:1.9.0.12) Gecko/2009070611 Firefox/3.0.12" "-"
217.113.228.105 - - [11/Oct/2009:12:35:46 +0200] "GET /podyplomowe_java/pokl_2009_tas_pwkai_oceny.doc HTTP/1.1" 200 12791 "http://neo.dmcs.p.lodz.pl/podyplomowe_java/" "Mozilla/5.0 (Windows; U; Windows NT 6.0; pl; rv:1.9.0.12) Gecko/2009070611 Firefox/3.0.12" "-"
217.113.228.105 - - [11/Oct/2009:12:35:46 +0200] "GET /podyplomowe_java/pokl_2009_tas_pwkai_oceny.doc HTTP/1.1" 200 12790 "http://neo.dmcs.p.lodz.pl/podyplomowe_java/" "Mozilla/5.0 (Windows; U; Windows NT 6.0; pl; rv:1.9.0.12) Gecko/2009070611 Firefox/3.0.12" "-"
217.113.228.105 - - [11/Oct/2009:12:35:50 +0200] "GET /podyplomowe_java/pokl_2009_tas_pwkai_oceny.doc HTTP/1.1" 200 174080 "http://neo.dmcs.p.lodz.pl/podyplomowe_java/" "Mozilla/5.0 (Windows; U; Windows NT 6.0; pl; rv:1.9.0.12) Gecko/2009070611 Firefox/3.0.12" "-"
82.143.155.106 - - [11/Oct/2009:12:36:01 +0200] "GET /modmikro/W3.pdf HTTP/1.1" 200 167088 "http://www.google.pl/search?hl=pl&client=firefox-a&channel=s&rls=org.mozilla%3Apl%3Aofficial&q=si%C5%82a+%C5%9Bcinaj%C4%85ca+def&btnG=Szukaj&lr=" "Mozilla/5.0 (Windows; U; Windows NT 6.0; pl; rv:1.9.0.14) Gecko/2009082707 Firefox/3.0.14 (.NET CLR 3.5.30729)" "-"
82.143.155.106 - - [11/Oct/2009:12:36:01 +0200] "GET /favicon.ico HTTP/1.1" 404 292 "-" "Mozilla/5.0 (Windows; U; Windows NT 6.0; pl; rv:1.9.0.14) Gecko/2009082707 Firefox/3.0.14 (.NET CLR 3.5.30729)" "-"
217.113.225.6 - - [11/Oct/2009:12:36:02 +0200] "GET /tcm/index.html HTTP/1.1" 200 1802 "http://neo.dmcs.pl/" "Mozilla/5.0 (Windows; U; Windows NT 5.1; pl; rv:1.9.1.3) Gecko/20090824 Firefox/3.5.3 (.NET CLR 3.5.30729)" "-"
217.113.225.6 - - [11/Oct/2009:12:36:02 +0200] "GET /images/back.jpg HTTP/1.1" 404 289 "http://neo.dmcs.pl/tcm/index.html" "Mozilla/5.0 (Windows; U; Windows NT 5.1; pl; rv:1.9.1.3) Gecko/20090824 Firefox/3.5.3 (.NET CLR 3.5.30729)" "-"
