77.253.1.156 - - [11/Oct/2009:12:50:08 +0200] "GET /~piotrowi/wdtcim/wyklad9.pdf HTTP/1.1" 206 3644 "-" "Mozilla/5.0 (Windows; U; Windows NT 5.1; pl; rv:1.9.0.14) Gecko/2009082707 Firefox/3.0.14 (.NET CLR 3.5.30729)" "-"
149.156.124.14 - - [11/Oct/2009:12:50:11 +0200] "GET /mikro_kurs/3d/3d_3.html HTTP/1.0" 200 10682 "http://neo.dmcs.p.lodz.pl/mikro_kurs/3d/3d_2.html" "Opera/9.80 (Windows NT 6.1; U; en) Presto/2.2.15 Version/10.00" "-"
149.156.124.14 - - [11/Oct/2009:12:50:11 +0200] "GET /mikro_kurs/3d/bibl1.js HTTP/1.0" 200 4516 "http://neo.dmcs.p.lodz.pl/mikro_kurs/3d/3d_3.html" "Opera/9.80 (Windows NT 6.1; U; en) Presto/2.2.15 Version/10.00" "-"
149.156.124.14 - - [11/Oct/2009:12:50:11 +0200] "GET /mikro_kurs/images/3d/2.gif HTTP/1.0" 200 2965 "http://neo.dmcs.p.lodz.pl/mikro_kurs/3d/3d_3.html" "Opera/9.80 (Windows NT 6.1; U; en) Presto/2.2.15 Version/10.00" "-"
149.156.124.14 - - [11/Oct/2009:12:50:11 +0200] "GET /mikro_kurs/images/3d/3.gif HTTP/1.0" 200 3440 "http://neo.dmcs.p.lodz.pl/mikro_kurs/3d/3d_3.html" "Opera/9.80 (Windows NT 6.1; U; en) Presto/2.2.15 Version/10.00" "-"
149.156.124.14 - - [11/Oct/2009:12:50:11 +0200] "GET /mikro_kurs/images/3d/6.gif HTTP/1.0" 200 4575 "http://neo.dmcs.p.lodz.pl/mikro_kurs/3d/3d_3.html" "Opera/9.80 (Windows NT 6.1; U; en) Presto/2.2.15 Version/10.00" "-"
149.156.124.14 - - [11/Oct/2009:12:50:11 +0200] "GET /mikro_kurs/images/3d/4.gif HTTP/1.0" 200 4392 "http://neo.dmcs.p.lodz.pl/mikro_kurs/3d/3d_3.html" "Opera/9.80 (Windows NT 6.1; U; en) Presto/2.2.15 Version/10.00" "-"
149.156.124.14 - - [11/Oct/2009:12:50:11 +0200] "GET /mikro_kurs/images/3d/5.gif HTTP/1.0" 200 4463 "http://neo.dmcs.p.lodz.pl/mikro_kurs/3d/3d_3.html" "Opera/9.80 (Windows NT 6.1; U; en) Presto/2.2.15 Version/10.00" "-"
149.156.124.14 - - [11/Oct/2009:12:50:11 +0200] "GET /mikro_kurs/images/3d/10.gif HTTP/1.0" 200 7692 "http://neo.dmcs.p.lodz.pl/mikro_kurs/3d/3d_3.html" "Opera/9.80 (Windows NT 6.1; U; en) Presto/2.2.15 Version/10.00" "-"
149.156.124.14 - - [11/Oct/2009:12:50:11 +0200] "GET /mikro_kurs/images/3d/7.gif HTTP/1.0" 200 5399 "http://neo.dmcs.p.lodz.pl/mikro_kurs/3d/3d_3.html" "Opera/9.80 (Windows NT 6.1; U; en) Presto/2.2.15 Version/10.00" "-"
149.156.124.14 - - [11/Oct/2009:12:50:11 +0200] "GET /mikro_kurs/images/3d/8.gif HTTP/1.0" 200 6789 "http://neo.dmcs.p.lodz.pl/mikro_kurs/3d/3d_3.html" "Opera/9.80 (Windows NT 6.1; U; en) Presto/2.2.15 Version/10.00" "-"
149.156.124.14 - - [11/Oct/2009:12:50:11 +0200] "GET /mikro_kurs/images/3d/9.gif HTTP/1.0" 200 6939 "http://neo.dmcs.p.lodz.pl/mikro_kurs/3d/3d_3.html" "Opera/9.80 (Windows NT 6.1; U; en) Presto/2.2.15 Version/10.00" "-"
10.0.8.2 - - [11/Oct/2009:12:50:13 +0200] "GET /~sakowicz/podyplomowe/pokl_www_podstawy_html.ppt HTTP/1.1" 200 3678720 "http://lux.dmcs.pl/~sakowicz/podyplomowe/" "Mozilla/5.0 (Windows; U; Windows NT 5.1; en-US; rv:1.9.0.10) Gecko/2009042316 Firefox/3.0.10" "-"
117.201.65.88 - - [11/Oct/2009:12:50:50 +0200] "GET /favicon.ico HTTP/1.1" 404 292 "-" "Mozilla/5.0 (Windows; U; Windows NT 5.1; en-US) AppleWebKit/532.0 (KHTML, like Gecko) Chrome/3.0.195.25 Safari/532.0" "-"
117.201.65.88 - - [11/Oct/2009:12:50:51 +0200] "GET /pdsc/pdsc7.pdf HTTP/1.1" 200 25213 "http://www.pdf-search-engine.com/data-structures-in-c--pdf.html" "Mozilla/5.0 (Windows; U; Windows NT 5.1; en-US) AppleWebKit/532.0 (KHTML, like Gecko) Chrome/3.0.195.25 Safari/532.0" "-"
67.195.113.234 - - [11/Oct/2009:12:50:58 +0200] "GET /symos/index.html HTTP/1.0" 200 3138 "-" "Mozilla/5.0 (compatible; Yahoo! Slurp/3.0; http://help.yahoo.com/help/us/ysearch/slurp)" "-"
117.201.65.88 - - [11/Oct/2009:12:50:59 +0200] "GET /pdsc/pdsc7.pdf HTTP/1.1" 206 234031 "http://neo.dmcs.p.lodz.pl/pdsc/pdsc7.pdf" "Mozilla/5.0 (Windows; U; Windows NT 5.1; en-US) AppleWebKit/532.0 (KHTML, like Gecko) Chrome/3.0.195.25 Safari/532.0" "-"
67.195.113.234 - - [11/Oct/2009:12:51:01 +0200] "GET /style.css HTTP/1.0" 304 - "http://neo.dmcs.p.lodz.pl/symos/index.html" "Mozilla/5.0 (compatible; Yahoo! Slurp/3.0; http://help.yahoo.com/help/us/ysearch/slurp)" "-"
117.201.65.88 - - [11/Oct/2009:12:51:02 +0200] "GET /favicon.ico HTTP/1.1" 404 292 "-" "Mozilla/5.0 (Windows; U; Windows NT 5.1; en-US) AppleWebKit/532.0 (KHTML, like Gecko) Chrome/3.0.195.25 Safari/532.0" "-"
10.0.8.2 - - [11/Oct/2009:12:51:13 +0200] "GET /~sakowicz/podyplomowe/pokl_www_cwiczenie_1_czcionki_i_listy.doc HTTP/1.1" 200 120320 "http://lux.dmcs.pl/~sakowicz/podyplomowe/" "Mozilla/5.0 (Windows; U; Windows NT 5.1; en-US; rv:1.9.0.10) Gecko/2009042316 Firefox/3.0.10" "-"
65.55.207.21 - - [11/Oct/2009:12:51:45 +0200] "GET /mikromaszyny/07_aktuatory_pop.pdf HTTP/1.1" 304 - "-" "msnbot/2.0b (+http://search.msn.com/msnbot.htm)" "-"
67.195.113.234 - - [11/Oct/2009:12:52:32 +0200] "GET /the/index.html HTTP/1.0" 304 - "-" "Mozilla/5.0 (compatible; Yahoo! Slurp/3.0; http://help.yahoo.com/help/us/ysearch/slurp)" "-"
153.19.210.159 - - [11/Oct/2009:12:52:37 +0200] "HEAD /favicon.ico HTTP/1.1" 404 0 "-" "Mozilla/5.0 (X11; U; Linux i686; pl; rv:1.9.1.3) Gecko/20090824 Firefox/3.5.3" "-"
85.89.162.103 - - [11/Oct/2009:12:53:47 +0200] "GET /mjp4/index.html HTTP/1.1" 200 3511 "http://www.google.pl/search?q=administrator+sieci+dmcs&ie=utf-8&oe=utf-8&aq=t&rls=org.mozilla:pl:official&client=firefox-a" "Mozilla/5.0 (Windows; U; Windows NT 5.1; pl; rv:1.9.0.14) Gecko/2009082707 Firefox/3.0.14" "-"
85.89.162.103 - - [11/Oct/2009:12:53:47 +0200] "GET /style.css HTTP/1.1" 200 2000 "http://neo.dmcs.p.lodz.pl/mjp4/index.html" "Mozilla/5.0 (Windows; U; Windows NT 5.1; pl; rv:1.9.0.14) Gecko/2009082707 Firefox/3.0.14" "-"
85.89.162.103 - - [11/Oct/2009:12:53:47 +0200] "GET /images/back.jpg HTTP/1.1" 404 296 "http://neo.dmcs.p.lodz.pl/mjp4/index.html" "Mozilla/5.0 (Windows; U; Windows NT 5.1; pl; rv:1.9.0.14) Gecko/2009082707 Firefox/3.0.14" "-"
85.89.162.103 - - [11/Oct/2009:12:53:47 +0200] "GET /favicon.ico HTTP/1.1" 404 292 "-" "Mozilla/5.0 (Windows; U; Windows NT 5.1; pl; rv:1.9.0.14) Gecko/2009082707 Firefox/3.0.14" "-"
66.249.65.212 - - [11/Oct/2009:12:53:47 +0200] "GET /ak-pod/index.html HTTP/1.1" 304 - "-" "Mozilla/5.0 (compatible; Googlebot/2.1; +http://www.google.com/bot.html)" "-"
85.89.162.103 - - [11/Oct/2009:12:53:50 +0200] "GET /favicon.ico HTTP/1.1" 404 292 "-" "Mozilla/5.0 (Windows; U; Windows NT 5.1; pl; rv:1.9.0.14) Gecko/2009082707 Firefox/3.0.14" "-"
91.193.99.54 - - [11/Oct/2009:12:54:14 +0200] "GET /ptda/ HTTP/1.1" 200 8104 "http://www.dmcs.p.lodz.pl/pracownicy/display.do;jsessionid=6371E3BB3BB0B0BFB8FF5D602E70AA09?id=115" "Opera/9.80 (Windows NT 6.0; U; pl) Presto/2.2.15 Version/10.00" "-"
91.193.99.54 - - [11/Oct/2009:12:54:14 +0200] "GET /style.css HTTP/1.1" 200 2000 "http://neo.dmcs.p.lodz.pl/ptda/" "Opera/9.80 (Windows NT 6.0; U; pl) Presto/2.2.15 Version/10.00" "-"
91.193.99.54 - - [11/Oct/2009:12:54:14 +0200] "GET /images/back.jpg HTTP/1.1" 404 296 "http://neo.dmcs.p.lodz.pl/ptda/" "Opera/9.80 (Windows NT 6.0; U; pl) Presto/2.2.15 Version/10.00" "-"
91.193.99.54 - - [11/Oct/2009:12:54:14 +0200] "GET /ptda/1.jpg HTTP/1.1" 200 8661 "http://neo.dmcs.p.lodz.pl/ptda/" "Opera/9.80 (Windows NT 6.0; U; pl) Presto/2.2.15 Version/10.00" "-"
91.193.99.54 - - [11/Oct/2009:12:54:14 +0200] "GET /ptda/2.jpg HTTP/1.1" 200 4613 "http://neo.dmcs.p.lodz.pl/ptda/" "Opera/9.80 (Windows NT 6.0; U; pl) Presto/2.2.15 Version/10.00" "-"
91.193.99.54 - - [11/Oct/2009:12:54:14 +0200] "GET /ptda/drozdek_.jpg HTTP/1.1" 200 8545 "http://neo.dmcs.p.lodz.pl/ptda/" "Opera/9.80 (Windows NT 6.0; U; pl) Presto/2.2.15 Version/10.00" "-"
91.193.99.54 - - [11/Oct/2009:12:54:14 +0200] "GET /ptda/image4.jpg HTTP/1.1" 200 15223 "http://neo.dmcs.p.lodz.pl/ptda/" "Opera/9.80 (Windows NT 6.0; U; pl) Presto/2.2.15 Version/10.00" "-"
91.193.99.54 - - [11/Oct/2009:12:54:14 +0200] "GET /favicon.ico HTTP/1.1" 404 292 "http://neo.dmcs.p.lodz.pl/ptda/" "Opera/9.80 (Windows NT 6.0; U; pl) Presto/2.2.15 Version/10.00" "-"
87.206.136.196 - - [11/Oct/2009:12:54:20 +0200] "GET /isbd/php/doc/polish/php_manual_pl.html HTTP/1.1" 200 291104 "http://www.google.pl/search?hl=pl&lr=&q=how+to+read+password+protected+ww+folder+using+fopen&start=10&sa=N" "Mozilla/4.0 (compatible; MSIE 6.0; Windows NT 5.2; WOW64; SV1; .NET CLR 2.0.50727; .NET CLR 3.0.04506.30; .NET CLR 3.0.04506.648; FDM; .NET CLR 3.0.4506.2152; .NET CLR 3.5.30729)" "-"
66.249.65.212 - - [11/Oct/2009:12:55:01 +0200] "GET /tk/UNIXhelp1.3/Pages/scrpt/scrpt2.5.html HTTP/1.1" 200 1407 "-" "Mozilla/5.0 (compatible; Googlebot/2.1; +http://www.google.com/bot.html)" "-"
66.249.65.212 - - [11/Oct/2009:12:55:03 +0200] "GET /tgk/Tihomirov%20OpenGL/Faces/ HTTP/1.1" 200 3382 "-" "Mozilla/5.0 (compatible; Googlebot/2.1; +http://www.google.com/bot.html)" "-"
10.0.8.17 - - [11/Oct/2009:12:55:18 +0200] "GET /~sakowicz/podyplomowe/ HTTP/1.1" 304 - "-" "Mozilla/5.0 (Windows; U; Windows NT 5.1; en-US; rv:1.9.0.10) Gecko/2009042316 Firefox/3.0.10" "-"
10.0.8.17 - - [11/Oct/2009:12:55:20 +0200] "GET /~sakowicz/podyplomowe/pokl_www_cwiczenie_1_czcionki_i_listy.doc HTTP/1.1" 304 - "http://lux.dmcs.pl/~sakowicz/podyplomowe/" "Mozilla/5.0 (Windows; U; Windows NT 5.1; en-US; rv:1.9.0.10) Gecko/2009042316 Firefox/3.0.10" "-"
67.195.113.234 - - [11/Oct/2009:12:55:21 +0200] "GET /the/wyklady/THE_2.pdf HTTP/1.0" 401 472 "-" "Mozilla/5.0 (compatible; Yahoo! Slurp/3.0; http://help.yahoo.com/help/us/ysearch/slurp)" "-"
212.244.115.35 - - [11/Oct/2009:12:56:02 +0200] "GET /mikro_kurs/prof/obszary.html HTTP/1.1" 200 8561 "-" "Safari (unknown version) CFNetwork/450.3" "-"
212.244.115.35 - - [11/Oct/2009:12:56:05 +0200] "GET /mikro_kurs/prof/obszary.html HTTP/1.1" 200 8561 "http://www.google.com/search?hl=pl&client=safari&rls=en&q=wsp%C3%B3%C5%82czynnik+transkonduktancji&btnG=Szukaj&lr=" "Mozilla/5.0 (Windows; U; Windows NT 6.1; pl-PL) AppleWebKit/531.9 (KHTML, like Gecko) Version/4.0.3 Safari/531.9.1" "-"
212.244.115.35 - - [11/Oct/2009:12:56:06 +0200] "GET /mikro_kurs/prof/style.css HTTP/1.1" 200 1152 "http://neo.dmcs.p.lodz.pl/mikro_kurs/prof/obszary.html" "Mozilla/5.0 (Windows; U; Windows NT 6.1; pl-PL) AppleWebKit/531.9 (KHTML, like Gecko) Version/4.0.3 Safari/531.9.1" "-"
212.244.115.35 - - [11/Oct/2009:12:56:06 +0200] "GET /mikro_kurs/images/ikony/left.gif HTTP/1.1" 200 2233 "http://neo.dmcs.p.lodz.pl/mikro_kurs/prof/obszary.html" "Mozilla/5.0 (Windows; U; Windows NT 6.1; pl-PL) AppleWebKit/531.9 (KHTML, like Gecko) Version/4.0.3 Safari/531.9.1" "-"
212.244.115.35 - - [11/Oct/2009:12:56:06 +0200] "GET /mikro_kurs/images/ikony/right.gif HTTP/1.1" 200 2229 "http://neo.dmcs.p.lodz.pl/mikro_kurs/prof/obszary.html" "Mozilla/5.0 (Windows; U; Windows NT 6.1; pl-PL) AppleWebKit/531.9 (KHTML, like Gecko) Version/4.0.3 Safari/531.9.1" "-"
212.244.115.35 - - [11/Oct/2009:12:56:06 +0200] "GET /mikro_kurs/images/prof/tox.gif HTTP/1.1" 200 4859 "http://neo.dmcs.p.lodz.pl/mikro_kurs/prof/obszary.html" "Mozilla/5.0 (Windows; U; Windows NT 6.1; pl-PL) AppleWebKit/531.9 (KHTML, like Gecko) Version/4.0.3 Safari/531.9.1" "-"
212.244.115.35 - - [11/Oct/2009:12:56:06 +0200] "GET /mikro_kurs/images/prof/obszary.gif HTTP/1.1" 200 18836 "http://neo.dmcs.p.lodz.pl/mikro_kurs/prof/obszary.html" "Mozilla/5.0 (Windows; U; Windows NT 6.1; pl-PL) AppleWebKit/531.9 (KHTML, like Gecko) Version/4.0.3 Safari/531.9.1" "-"
212.244.115.35 - - [11/Oct/2009:12:56:07 +0200] "GET /favicon.ico HTTP/1.1" 404 292 "http://neo.dmcs.p.lodz.pl/mikro_kurs/prof/obszary.html" "Mozilla/5.0 (Windows; U; Windows NT 6.1; pl-PL) AppleWebKit/531.9 (KHTML, like Gecko) Version/4.0.3 Safari/531.9.1" "-"
10.0.8.18 - - [11/Oct/2009:12:56:36 +0200] "GET /~sakowicz/podyplomowe/ HTTP/1.1" 200 1036 "-" "Mozilla/5.0 (Windows; U; Windows NT 5.1; en-US; rv:1.9.0.10) Gecko/2009042316 Firefox/3.0.10" "-"
10.0.8.18 - - [11/Oct/2009:12:56:39 +0200] "GET /favicon.ico HTTP/1.1" 404 285 "-" "Mozilla/5.0 (Windows; U; Windows NT 5.1; en-US; rv:1.9.0.10) Gecko/2009042316 Firefox/3.0.10" "-"
10.0.8.15 - - [11/Oct/2009:12:56:41 +0200] "GET /~sakowicz/podyplomowe/pokl_www_cwiczenie_1_czcionki_i_listy.doc HTTP/1.1" 304 - "http://lux.dmcs.pl/~sakowicz/podyplomowe/" "Mozilla/4.0 (compatible; MSIE 7.0; Windows NT 5.1; .NET CLR 1.1.4322)" "-"
10.0.8.18 - - [11/Oct/2009:12:56:55 +0200] "GET /~sakowicz/podyplomowe/pokl_www_podstawy_html.ppt HTTP/1.1" 200 177308 "http://lux.dmcs.pl/~sakowicz/podyplomowe/" "Mozilla/5.0 (Windows; U; Windows NT 5.1; en-US; rv:1.9.0.10) Gecko/2009042316 Firefox/3.0.10" "-"
10.0.8.18 - - [11/Oct/2009:12:56:57 +0200] "GET /~sakowicz/podyplomowe/pokl_www_podstawy_html.ppt HTTP/1.1" 200 3678720 "http://lux.dmcs.pl/~sakowicz/podyplomowe/" "Mozilla/5.0 (Windows; U; Windows NT 5.1; en-US; rv:1.9.0.10) Gecko/2009042316 Firefox/3.0.10" "-"
83.6.204.234 - - [11/Oct/2009:12:57:00 +0200] "GET /images/back.jpg HTTP/1.1" 404 296 "http://neo.dmcs.p.lodz.pl/" "Mozilla/5.0 (X11; U; Linux i686; pl-PL; rv:1.9.0.10) Gecko/2009042523 Ubuntu/9.04 (jaunty) Firefox/3.0.10" "-"
83.6.204.234 - - [11/Oct/2009:12:57:09 +0200] "GET /tm/index.html HTTP/1.1" 200 13048 "http://neo.dmcs.p.lodz.pl/" "Mozilla/5.0 (X11; U; Linux i686; pl-PL; rv:1.9.0.10) Gecko/2009042523 Ubuntu/9.04 (jaunty) Firefox/3.0.10" "-"
83.6.204.234 - - [11/Oct/2009:12:57:10 +0200] "GET /images/back.jpg HTTP/1.1" 404 296 "http://neo.dmcs.p.lodz.pl/tm/index.html" "Mozilla/5.0 (X11; U; Linux i686; pl-PL; rv:1.9.0.10) Gecko/2009042523 Ubuntu/9.04 (jaunty) Firefox/3.0.10" "-"
83.6.204.234 - - [11/Oct/2009:12:58:11 +0200] "GET /tm/tm-temat.htm HTTP/1.1" 200 2363 "http://neo.dmcs.p.lodz.pl/tm/index.html" "Mozilla/5.0 (X11; U; Linux i686; pl-PL; rv:1.9.0.10) Gecko/2009042523 Ubuntu/9.04 (jaunty) Firefox/3.0.10" "-"
83.6.204.234 - - [11/Oct/2009:12:58:11 +0200] "GET /images/back.jpg HTTP/1.1" 404 296 "http://neo.dmcs.p.lodz.pl/tm/tm-temat.htm" "Mozilla/5.0 (X11; U; Linux i686; pl-PL; rv:1.9.0.10) Gecko/2009042523 Ubuntu/9.04 (jaunty) Firefox/3.0.10" "-"
217.173.192.219 - - [11/Oct/2009:12:58:17 +0200] "GET /ptda/wyklady/wyklad_2.pdf HTTP/1.1" 200 27253 "http://www.google.pl/search?q=autoinformacja&ie=utf-8&oe=utf-8&aq=t&rls=org.mozilla:pl:official&client=firefox-a" "Mozilla/5.0 (Windows; U; Windows NT 5.1; pl; rv:1.9.1.3) Gecko/20090824 Firefox/3.5.3" "-"
217.173.192.219 - - [11/Oct/2009:12:58:17 +0200] "GET /ptda/wyklady/wyklad_2.pdf HTTP/1.1" 206 155913 "-" "Mozilla/5.0 (Windows; U; Windows NT 5.1; pl; rv:1.9.1.3) Gecko/20090824 Firefox/3.5.3" "-"
217.173.192.219 - - [11/Oct/2009:12:58:17 +0200] "GET /favicon.ico HTTP/1.1" 404 292 "-" "Mozilla/5.0 (Windows; U; Windows NT 5.1; pl; rv:1.9.1.3) Gecko/20090824 Firefox/3.5.3" "-"
217.173.192.219 - - [11/Oct/2009:12:58:20 +0200] "GET /favicon.ico HTTP/1.1" 404 292 "-" "Mozilla/5.0 (Windows; U; Windows NT 5.1; pl; rv:1.9.1.3) Gecko/20090824 Firefox/3.5.3" "-"
10.0.8.15 - - [11/Oct/2009:12:58:51 +0200] "GET /~sakowicz/podyplomowe HTTP/1.1" 301 325 "-" "Mozilla/4.0 (compatible; MSIE 7.0; Windows NT 5.1; .NET CLR 1.1.4322)" "-"
10.0.8.15 - - [11/Oct/2009:12:58:51 +0200] "GET /~sakowicz/podyplomowe/ HTTP/1.1" 304 - "-" "Mozilla/4.0 (compatible; MSIE 7.0; Windows NT 5.1; .NET CLR 1.1.4322)" "-"
10.0.8.15 - - [11/Oct/2009:12:58:54 +0200] "GET /~sakowicz/podyplomowe/pokl_www_cwiczenie_1_czcionki_i_listy.doc HTTP/1.1" 304 - "http://lux.dmcs.pl/~sakowicz/podyplomowe/" "Mozilla/4.0 (compatible; MSIE 7.0; Windows NT 5.1; .NET CLR 1.1.4322)" "-"
65.55.106.137 - - [11/Oct/2009:12:59:04 +0200] "GET /robots.txt HTTP/1.1" 200 67 "-" "msnbot/2.0b (+http://search.msn.com/msnbot.htm)" "-"
195.150.48.216 - - [11/Oct/2009:12:59:05 +0200] "GET /~piotrowi/wdtcim/wyklad9.pdf HTTP/1.1" 200 557108 "http://mail.google.com/mail/?ui=2&view=bsp&ver=1qygpcgurkovy" "Mozilla/5.0 (Windows; U; Windows NT 5.1; pl; rv:1.9.1.3) Gecko/20090824 Firefox/3.5.3 (.NET CLR 3.5.30729)" "-"
88.247.6.90 - - [11/Oct/2009:12:59:11 +0200] "GET /favicon.ico HTTP/1.1" 404 292 "-" "Mozilla/4.0 (compatible; MSIE 7.0; Windows NT 5.1; .NET CLR 2.0.50727; .NET CLR 3.0.4506.2152; .NET CLR 3.5.30729; .NET CLR 1.1.4322)" "-"
66.249.65.209 - - [11/Oct/2009:12:59:18 +0200] "GET /isbd/php/doc/polish_many/function.ircg-part.html HTTP/1.1" 200 2384 "-" "SAMSUNG-SGH-E250/1.0 Profile/MIDP-2.0 Configuration/CLDC-1.1 UP.Browser/6.2.3.3.c.1.101 (GUI) MMP/2.0 (compatible; Googlebot-Mobile/2.1; +http://www.google.com/bot.html)" "-"
88.247.6.90 - - [11/Oct/2009:12:59:29 +0200] "GET /padp/lecture/padp4.pdf HTTP/1.1" 200 646601 "http://www.pdf-search-engine.com/data-structures-in-c--pdf.html" "Mozilla/4.0 (compatible; MSIE 7.0; Windows NT 5.1; .NET CLR 2.0.50727; .NET CLR 3.0.4506.2152; .NET CLR 3.5.30729; .NET CLR 1.1.4322)" "-"
85.89.190.53 - - [11/Oct/2009:13:00:06 +0200] "GET /pp/graphmanual-pl.html HTTP/1.1" 200 31472 "-" "Mozilla/5.0 (compatible; Konqueror/3.5; Linux 2.6.19; X11) KHTML/3.5.5 (like Gecko) (Debian package 4:3.5.5a.dfsg.1-5)" "-"
85.89.190.53 - - [11/Oct/2009:13:00:08 +0200] "GET /favicon.ico HTTP/1.1" 404 292 "-" "Mozilla/5.0 (compatible; Konqueror/3.5; Linux 2.6.19; X11) KHTML/3.5.5 (like Gecko) (Debian package 4:3.5.5a.dfsg.1-5)" "-"
74.222.4.74 - - [11/Oct/2009:13:01:36 +0200] "GET / HTTP/1.1" 200 8370 "http://lux.dmcs.p.lodz.pl/" "Mozilla/4.0 (compatible; MSIE 6.0; Windows NT 5.1; SV1; .NET CLR 2.0.50727)" "-"
194.88.245.78 - - [11/Oct/2009:13:01:58 +0200] "GET /pium HTTP/1.1" 301 308 "-" "Mozilla/5.0 (Windows; U; Windows NT 5.1; pl; rv:1.9.1.3) Gecko/20090824 Firefox/3.5.3" "-"
194.88.245.78 - - [11/Oct/2009:13:01:58 +0200] "GET /pium/ HTTP/1.1" 200 12743 "-" "Mozilla/5.0 (Windows; U; Windows NT 5.1; pl; rv:1.9.1.3) Gecko/20090824 Firefox/3.5.3" "-"
194.88.245.78 - - [11/Oct/2009:13:01:58 +0200] "GET /pium/style.css HTTP/1.1" 200 3084 "http://neo.dmcs.pl/pium/" "Mozilla/5.0 (Windows; U; Windows NT 5.1; pl; rv:1.9.1.3) Gecko/20090824 Firefox/3.5.3" "-"
194.88.245.78 - - [11/Oct/2009:13:01:58 +0200] "GET /favicon.ico HTTP/1.1" 404 285 "-" "Mozilla/5.0 (Windows; U; Windows NT 5.1; pl; rv:1.9.1.3) Gecko/20090824 Firefox/3.5.3" "-"
194.88.245.78 - - [11/Oct/2009:13:02:01 +0200] "GET /favicon.ico HTTP/1.1" 404 285 "-" "Mozilla/5.0 (Windows; U; Windows NT 5.1; pl; rv:1.9.1.3) Gecko/20090824 Firefox/3.5.3" "-"
194.88.245.78 - - [11/Oct/2009:13:02:02 +0200] "GET /pium/index.php?strona=10&jezyk=0 HTTP/1.1" 200 6285 "http://neo.dmcs.pl/pium/" "Mozilla/5.0 (Windows; U; Windows NT 5.1; pl; rv:1.9.1.3) Gecko/20090824 Firefox/3.5.3" "-"
83.6.121.90 - - [11/Oct/2009:13:02:04 +0200] "GET /%7Eswierczu/aga_a2/left1.png HTTP/1.1" 200 5912 "http://www.allegro.pl/item755369822_naturalne_perly_naszyjnik_kolczyki_srebro_slubna.html" "Mozilla/5.0 (Windows; U; Windows NT 5.1; pl; rv:1.9.1.3) Gecko/20090824 Firefox/3.5.3" "-"
83.6.121.90 - - [11/Oct/2009:13:02:04 +0200] "GET /%7Eswierczu/aga_a2/left2.png HTTP/1.1" 200 4921 "http://www.allegro.pl/item755369822_naturalne_perly_naszyjnik_kolczyki_srebro_slubna.html" "Mozilla/5.0 (Windows; U; Windows NT 5.1; pl; rv:1.9.1.3) Gecko/20090824 Firefox/3.5.3" "-"
83.6.121.90 - - [11/Oct/2009:13:02:04 +0200] "GET /%7Eswierczu/aga_a2/left3.png HTTP/1.1" 200 3657 "http://www.allegro.pl/item755369822_naturalne_perly_naszyjnik_kolczyki_srebro_slubna.html" "Mozilla/5.0 (Windows; U; Windows NT 5.1; pl; rv:1.9.1.3) Gecko/20090824 Firefox/3.5.3" "-"
83.6.121.90 - - [11/Oct/2009:13:02:05 +0200] "GET /%7Eswierczu/aga_a2/left7.png HTTP/1.1" 200 7206 "http://www.allegro.pl/item755369822_naturalne_perly_naszyjnik_kolczyki_srebro_slubna.html" "Mozilla/5.0 (Windows; U; Windows NT 5.1; pl; rv:1.9.1.3) Gecko/20090824 Firefox/3.5.3" "-"
83.6.121.90 - - [11/Oct/2009:13:02:05 +0200] "GET /%7Eswierczu/aga_a2/left8.png HTTP/1.1" 200 4406 "http://www.allegro.pl/item755369822_naturalne_perly_naszyjnik_kolczyki_srebro_slubna.html" "Mozilla/5.0 (Windows; U; Windows NT 5.1; pl; rv:1.9.1.3) Gecko/20090824 Firefox/3.5.3" "-"
66.249.65.212 - - [11/Oct/2009:13:02:08 +0200] "GET /pium/pium/cw5b.sce HTTP/1.1" 200 6662 "-" "Mozilla/5.0 (compatible; Googlebot/2.1; +http://www.google.com/bot.html)" "-"
83.6.121.90 - - [11/Oct/2009:13:02:08 +0200] "GET /%7Eswierczu/aga_a2/right3.png HTTP/1.1" 200 662 "http://www.allegro.pl/item755369822_naturalne_perly_naszyjnik_kolczyki_srebro_slubna.html" "Mozilla/5.0 (Windows; U; Windows NT 5.1; pl; rv:1.9.1.3) Gecko/20090824 Firefox/3.5.3" "-"
83.6.121.90 - - [11/Oct/2009:13:02:10 +0200] "GET /~swierczu/aga_a2/left5.png HTTP/1.1" 200 3471 "http://www.allegro.pl/item755369822_naturalne_perly_naszyjnik_kolczyki_srebro_slubna.html" "Mozilla/5.0 (Windows; U; Windows NT 5.1; pl; rv:1.9.1.3) Gecko/20090824 Firefox/3.5.3" "-"
83.6.121.90 - - [11/Oct/2009:13:02:16 +0200] "GET /%7Eswierczu/aga_a2/right1.png HTTP/1.1" 200 50234 "http://www.allegro.pl/item755369822_naturalne_perly_naszyjnik_kolczyki_srebro_slubna.html" "Mozilla/5.0 (Windows; U; Windows NT 5.1; pl; rv:1.9.1.3) Gecko/20090824 Firefox/3.5.3" "-"
194.88.245.78 - - [11/Oct/2009:13:02:18 +0200] "GET /pium/instrukcje/pium_2_5-2.pdf HTTP/1.1" 200 260528 "http://neo.dmcs.pl/pium/index.php?strona=10&jezyk=0" "Mozilla/5.0 (Windows; U; Windows NT 5.1; pl; rv:1.9.1.3) Gecko/20090824 Firefox/3.5.3" "-"
83.6.121.90 - - [11/Oct/2009:13:02:18 +0200] "GET /%7Eswierczu/aga_a2/head.png HTTP/1.1" 200 133688 "http://www.allegro.pl/item755369822_naturalne_perly_naszyjnik_kolczyki_srebro_slubna.html" "Mozilla/5.0 (Windows; U; Windows NT 5.1; pl; rv:1.9.1.3) Gecko/20090824 Firefox/3.5.3" "-"
83.6.121.90 - - [11/Oct/2009:13:02:21 +0200] "GET /~swierczu/aga_a2/right2.png HTTP/1.1" 200 28637 "http://www.allegro.pl/item755369822_naturalne_perly_naszyjnik_kolczyki_srebro_slubna.html" "Mozilla/5.0 (Windows; U; Windows NT 5.1; pl; rv:1.9.1.3) Gecko/20090824 Firefox/3.5.3" "-"
83.6.121.90 - - [11/Oct/2009:13:02:22 +0200] "GET /~swierczu/aga_a2/right4.png HTTP/1.1" 200 3444 "http://www.allegro.pl/item755369822_naturalne_perly_naszyjnik_kolczyki_srebro_slubna.html" "Mozilla/5.0 (Windows; U; Windows NT 5.1; pl; rv:1.9.1.3) Gecko/20090824 Firefox/3.5.3" "-"
83.6.121.90 - - [11/Oct/2009:13:02:23 +0200] "GET /%7Eswierczu/aga_a2/right5.png HTTP/1.1" 200 94525 "http://www.allegro.pl/item755369822_naturalne_perly_naszyjnik_kolczyki_srebro_slubna.html" "Mozilla/5.0 (Windows; U; Windows NT 5.1; pl; rv:1.9.1.3) Gecko/20090824 Firefox/3.5.3" "-"
83.6.121.90 - - [11/Oct/2009:13:02:23 +0200] "GET /%7Eswierczu/aga_a2/left6.png HTTP/1.1" 200 74941 "http://www.allegro.pl/item755369822_naturalne_perly_naszyjnik_kolczyki_srebro_slubna.html" "Mozilla/5.0 (Windows; U; Windows NT 5.1; pl; rv:1.9.1.3) Gecko/20090824 Firefox/3.5.3" "-"
83.6.121.90 - - [11/Oct/2009:13:02:24 +0200] "GET /%7Eswierczu/aga_a2/left4.png HTTP/1.1" 200 57810 "http://www.allegro.pl/item755369822_naturalne_perly_naszyjnik_kolczyki_srebro_slubna.html" "Mozilla/5.0 (Windows; U; Windows NT 5.1; pl; rv:1.9.1.3) Gecko/20090824 Firefox/3.5.3" "-"
194.88.245.78 - - [11/Oct/2009:13:02:24 +0200] "GET /pium/instrukcje/pium_2_5-2.pdf HTTP/1.1" 206 871904 "-" "Mozilla/5.0 (Windows; U; Windows NT 5.1; pl; rv:1.9.1.3) Gecko/20090824 Firefox/3.5.3" "-"
83.6.121.90 - - [11/Oct/2009:13:02:26 +0200] "GET /~swierczu/aga_a2/center.png HTTP/1.1" 200 85290 "http://www.allegro.pl/item755369822_naturalne_perly_naszyjnik_kolczyki_srebro_slubna.html" "Mozilla/5.0 (Windows; U; Windows NT 5.1; pl; rv:1.9.1.3) Gecko/20090824 Firefox/3.5.3" "-"
153.19.210.159 - - [11/Oct/2009:13:02:37 +0200] "HEAD /favicon.ico HTTP/1.1" 404 0 "-" "Mozilla/5.0 (X11; U; Linux i686; pl; rv:1.9.1.3) Gecko/20090824 Firefox/3.5.3" "-"
117.201.65.88 - - [11/Oct/2009:13:02:41 +0200] "GET /favicon.ico HTTP/1.1" 404 292 "-" "Mozilla/5.0 (Windows; U; Windows NT 5.1; en-US) AppleWebKit/532.0 (KHTML, like Gecko) Chrome/3.0.195.25 Safari/532.0" "-"
117.201.65.88 - - [11/Oct/2009:13:02:42 +0200] "GET /padp/lecture/padp4.pdf HTTP/1.1" 200 23794 "http://www.pdf-search-engine.com/data-structures-in-c--pdf.html" "Mozilla/5.0 (Windows; U; Windows NT 5.1; en-US) AppleWebKit/532.0 (KHTML, like Gecko) Chrome/3.0.195.25 Safari/532.0" "-"
117.201.65.88 - - [11/Oct/2009:13:02:46 +0200] "GET /favicon.ico HTTP/1.1" 404 292 "-" "Mozilla/5.0 (Windows; U; Windows NT 5.1; en-US) AppleWebKit/532.0 (KHTML, like Gecko) Chrome/3.0.195.25 Safari/532.0" "-"
117.201.65.88 - - [11/Oct/2009:13:02:47 +0200] "GET /pdsc/pdsc7.pdf HTTP/1.1" 200 20954 "http://www.pdf-search-engine.com/data-structures-in-c--pdf.html" "Mozilla/5.0 (Windows; U; Windows NT 5.1; en-US) AppleWebKit/532.0 (KHTML, like Gecko) Chrome/3.0.195.25 Safari/532.0" "-"
194.88.245.78 - - [11/Oct/2009:13:02:56 +0200] "GET /pium/instrukcje/pium_2_5-2.pdf HTTP/1.1" 200 887987 "http://neo.dmcs.pl/pium/index.php?strona=10&jezyk=0" "Mozilla/5.0 (Windows; U; Windows NT 5.1; pl; rv:1.9.1.3) Gecko/20090824 Firefox/3.5.3" "-"
77.237.3.134 - - [11/Oct/2009:13:03:02 +0200] "GET /favicon.ico HTTP/1.1" 404 292 "-" "Mozilla/5.0 (Windows; U; Windows NT 6.0; pl; rv:1.9.0.14) Gecko/2009082707 Firefox/3.0.14 (.NET CLR 3.5.30729)" "-"
90.41.202.32 - - [11/Oct/2009:13:03:02 +0200] "GET /inf5/06_07/4/sayuri.jpg HTTP/1.1" 200 125430 "http://lyon.onvasortir.com/profil_read.php?Konichiwa" "Mozilla/4.0 (compatible; MSIE 7.0; Windows NT 6.0; GTB6; Mozilla/4.0 (compatible; MSIE 6.0; Windows NT 5.1; SV1) ; SLCC1; .NET CLR 2.0.50727; OfficeLiveConnector.1.3; OfficeLivePatch.0.0; .NET CLR 3.5.30729; .NET CLR 3.0.30618; Orange 8.0)" "-"
77.237.3.134 - - [11/Oct/2009:13:03:05 +0200] "GET /favicon.ico HTTP/1.1" 404 292 "-" "Mozilla/5.0 (Windows; U; Windows NT 6.0; pl; rv:1.9.0.14) Gecko/2009082707 Firefox/3.0.14 (.NET CLR 3.5.30729)" "-"
66.249.65.212 - - [11/Oct/2009:13:03:06 +0200] "GET /tk/UNIXhelp1.3/Pages/scrpt/scrpt2.x.html HTTP/1.1" 200 2994 "-" "Mozilla/5.0 (compatible; Googlebot/2.1; +http://www.google.com/bot.html)" "-"
85.89.162.103 - - [11/Oct/2009:13:03:07 +0200] "GET /~peter/ HTTP/1.1" 200 362 "http://www.dmcs.p.lodz.pl/pracownicy/display.do?id=520" "Mozilla/5.0 (Windows; U; Windows NT 5.1; pl; rv:1.9.0.14) Gecko/2009082707 Firefox/3.0.14" "-"
117.201.65.88 - - [11/Oct/2009:13:03:20 +0200] "GET /pdsc/pdsc7.pdf HTTP/1.1" 206 235450 "http://neo.dmcs.p.lodz.pl/pdsc/pdsc7.pdf" "Mozilla/5.0 (Windows; U; Windows NT 5.1; en-US) AppleWebKit/532.0 (KHTML, like Gecko) Chrome/3.0.195.25 Safari/532.0" "-"
85.246.190.222 - - [11/Oct/2009:13:03:24 +0200] "GET /ak/Karpinski.mht HTTP/1.1" 200 378085 "-" "cxrvjia7ujelaqsxgeu viuqn" "-"
77.237.3.134 - - [11/Oct/2009:13:03:25 +0200] "GET /pium HTTP/1.1" 301 322 "-" "Mozilla/5.0 (Windows; U; Windows NT 6.0; pl; rv:1.9.0.14) Gecko/2009082707 Firefox/3.0.14 (.NET CLR 3.5.30729)" "-"
77.237.3.134 - - [11/Oct/2009:13:03:25 +0200] "GET /pium/ HTTP/1.1" 200 12743 "-" "Mozilla/5.0 (Windows; U; Windows NT 6.0; pl; rv:1.9.0.14) Gecko/2009082707 Firefox/3.0.14 (.NET CLR 3.5.30729)" "-"
77.237.3.134 - - [11/Oct/2009:13:03:25 +0200] "GET /pium/style.css HTTP/1.1" 200 3084 "http://neo.dmcs.p.lodz.pl/pium/" "Mozilla/5.0 (Windows; U; Windows NT 6.0; pl; rv:1.9.0.14) Gecko/2009082707 Firefox/3.0.14 (.NET CLR 3.5.30729)" "-"
77.237.3.134 - - [11/Oct/2009:13:03:27 +0200] "GET /pium/index.php?strona=10&jezyk=0 HTTP/1.1" 200 6285 "http://neo.dmcs.p.lodz.pl/pium/" "Mozilla/5.0 (Windows; U; Windows NT 6.0; pl; rv:1.9.0.14) Gecko/2009082707 Firefox/3.0.14 (.NET CLR 3.5.30729)" "-"
83.10.178.103 - - [11/Oct/2009:13:03:30 +0200] "GET /favicon.ico HTTP/1.1" 404 292 "-" "Mozilla/5.0 (Windows; U; Windows NT 5.1; pl; rv:1.9.1.3) Gecko/20090824 Firefox/3.5.3" "-"
117.201.65.88 - - [11/Oct/2009:13:03:33 +0200] "GET /favicon.ico HTTP/1.1" 404 292 "-" "Mozilla/5.0 (Windows; U; Windows NT 5.1; en-US) AppleWebKit/532.0 (KHTML, like Gecko) Chrome/3.0.195.25 Safari/532.0" "-"
77.237.3.134 - - [11/Oct/2009:13:03:37 +0200] "GET /pium/instrukcje/pium_2_5-2.pdf HTTP/1.1" 200 151028 "http://neo.dmcs.p.lodz.pl/pium/index.php?strona=10&jezyk=0" "Mozilla/5.0 (Windows; U; Windows NT 6.0; pl; rv:1.9.0.14) Gecko/2009082707 Firefox/3.0.14 (.NET CLR 3.5.30729)" "-"
77.237.3.134 - - [11/Oct/2009:13:03:40 +0200] "GET /pium/instrukcje/pium_2_5-2.pdf HTTP/1.1" 206 839136 "-" "Mozilla/5.0 (Windows; U; Windows NT 6.0; pl; rv:1.9.0.14) Gecko/2009082707 Firefox/3.0.14 (.NET CLR 3.5.30729)" "-"
80.53.122.114 - - [11/Oct/2009:13:03:58 +0200] "GET /pium/ HTTP/1.1" 200 12743 "-" "Mozilla/5.0 (Windows; U; Windows NT 5.1; pl; rv:1.9.1) Gecko/20090624 Firefox/3.5" "-"
80.53.122.114 - - [11/Oct/2009:13:04:00 +0200] "GET /pium/index.php?strona=10&jezyk=0 HTTP/1.1" 200 6285 "http://neo.dmcs.p.lodz.pl/pium/" "Mozilla/5.0 (Windows; U; Windows NT 5.1; pl; rv:1.9.1) Gecko/20090624 Firefox/3.5" "-"
85.246.190.222 - - [11/Oct/2009:13:04:00 +0200] "GET /ak/Karpinski.mht HTTP/1.1" 200 378085 "-" "ttGrlmlsgkelmtcaftrswk" "-"
80.53.122.114 - - [11/Oct/2009:13:04:03 +0200] "GET /pium/index.php?strona=4&jezyk=0 HTTP/1.1" 200 15237 "http://neo.dmcs.p.lodz.pl/pium/index.php?strona=10&jezyk=0" "Mozilla/5.0 (Windows; U; Windows NT 5.1; pl; rv:1.9.1) Gecko/20090624 Firefox/3.5" "-"
80.53.122.114 - - [11/Oct/2009:13:04:04 +0200] "GET /pium/index.php?strona=5&jezyk=0 HTTP/1.1" 200 9073 "http://neo.dmcs.p.lodz.pl/pium/index.php?strona=4&jezyk=0" "Mozilla/5.0 (Windows; U; Windows NT 5.1; pl; rv:1.9.1) Gecko/20090624 Firefox/3.5" "-"
80.53.122.114 - - [11/Oct/2009:13:04:06 +0200] "GET /pium/index.php?strona=6&jezyk=0 HTTP/1.1" 200 6973 "http://neo.dmcs.p.lodz.pl/pium/index.php?strona=5&jezyk=0" "Mozilla/5.0 (Windows; U; Windows NT 5.1; pl; rv:1.9.1) Gecko/20090624 Firefox/3.5" "-"
10.0.8.4 - - [11/Oct/2009:13:04:07 +0200] "PROPFIND /idn-4 HTTP/1.1" 404 271 "-" "Microsoft-WebDAV-MiniRedir/5.1.2600" "-"
80.53.122.114 - - [11/Oct/2009:13:04:07 +0200] "GET /pium/index.php?strona=5&jezyk=0 HTTP/1.1" 200 9073 "http://neo.dmcs.p.lodz.pl/pium/index.php?strona=6&jezyk=0" "Mozilla/5.0 (Windows; U; Windows NT 5.1; pl; rv:1.9.1) Gecko/20090624 Firefox/3.5" "-"
80.53.122.114 - - [11/Oct/2009:13:04:08 +0200] "GET /pium/index.php?strona=4&jezyk=0 HTTP/1.1" 200 15237 "http://neo.dmcs.p.lodz.pl/pium/index.php?strona=5&jezyk=0" "Mozilla/5.0 (Windows; U; Windows NT 5.1; pl; rv:1.9.1) Gecko/20090624 Firefox/3.5" "-"
80.53.122.114 - - [11/Oct/2009:13:04:08 +0200] "GET /pium/index.php?strona=9&jezyk=0 HTTP/1.1" 200 14461 "http://neo.dmcs.p.lodz.pl/pium/index.php?strona=4&jezyk=0" "Mozilla/5.0 (Windows; U; Windows NT 5.1; pl; rv:1.9.1) Gecko/20090624 Firefox/3.5" "-"
80.53.122.114 - - [11/Oct/2009:13:04:08 +0200] "GET /pium/index.php?strona=10&jezyk=0 HTTP/1.1" 200 6285 "http://neo.dmcs.p.lodz.pl/pium/index.php?strona=9&jezyk=0" "Mozilla/5.0 (Windows; U; Windows NT 5.1; pl; rv:1.9.1) Gecko/20090624 Firefox/3.5" "-"
80.53.122.114 - - [11/Oct/2009:13:04:09 +0200] "GET /pium/index.php?strona=8&jezyk=0 HTTP/1.1" 200 6193 "http://neo.dmcs.p.lodz.pl/pium/index.php?strona=10&jezyk=0" "Mozilla/5.0 (Windows; U; Windows NT 5.1; pl; rv:1.9.1) Gecko/20090624 Firefox/3.5" "-"
80.53.122.114 - - [11/Oct/2009:13:04:10 +0200] "GET /pium/index.php?strona=2&jezyk=0 HTTP/1.1" 200 7303 "http://neo.dmcs.p.lodz.pl/pium/index.php?strona=8&jezyk=0" "Mozilla/5.0 (Windows; U; Windows NT 5.1; pl; rv:1.9.1) Gecko/20090624 Firefox/3.5" "-"
80.53.122.114 - - [11/Oct/2009:13:04:11 +0200] "GET /pium/index.php?strona=1&jezyk=0 HTTP/1.1" 200 13338 "http://neo.dmcs.p.lodz.pl/pium/index.php?strona=2&jezyk=0" "Mozilla/5.0 (Windows; U; Windows NT 5.1; pl; rv:1.9.1) Gecko/20090624 Firefox/3.5" "-"
80.53.122.114 - - [11/Oct/2009:13:04:13 +0200] "GET /pium/index.php?strona=0&jezyk=0 HTTP/1.1" 200 12761 "http://neo.dmcs.p.lodz.pl/pium/index.php?strona=1&jezyk=0" "Mozilla/5.0 (Windows; U; Windows NT 5.1; pl; rv:1.9.1) Gecko/20090624 Firefox/3.5" "-"
80.53.122.114 - - [11/Oct/2009:13:04:14 +0200] "GET /pium/index.php?strona=1&jezyk=0 HTTP/1.1" 200 13338 "http://neo.dmcs.p.lodz.pl/pium/index.php?strona=0&jezyk=0" "Mozilla/5.0 (Windows; U; Windows NT 5.1; pl; rv:1.9.1) Gecko/20090624 Firefox/3.5" "-"
80.53.122.114 - - [11/Oct/2009:13:04:16 +0200] "GET /pium/index.php?strona=3&jezyk=0 HTTP/1.1" 200 11702 "http://neo.dmcs.p.lodz.pl/pium/index.php?strona=1&jezyk=0" "Mozilla/5.0 (Windows; U; Windows NT 5.1; pl; rv:1.9.1) Gecko/20090624 Firefox/3.5" "-"
80.53.122.114 - - [11/Oct/2009:13:04:16 +0200] "GET /pium/bek_m.jpg HTTP/1.1" 200 6146 "http://neo.dmcs.p.lodz.pl/pium/index.php?strona=3&jezyk=0" "Mozilla/5.0 (Windows; U; Windows NT 5.1; pl; rv:1.9.1) Gecko/20090624 Firefox/3.5" "-"
80.53.122.114 - - [11/Oct/2009:13:04:16 +0200] "GET /pium/kamil_m.jpg HTTP/1.1" 200 5872 "http://neo.dmcs.p.lodz.pl/pium/index.php?strona=3&jezyk=0" "Mozilla/5.0 (Windows; U; Windows NT 5.1; pl; rv:1.9.1) Gecko/20090624 Firefox/3.5" "-"
80.53.122.114 - - [11/Oct/2009:13:04:16 +0200] "GET /pium/lukasz_m.jpg HTTP/1.1" 200 6415 "http://neo.dmcs.p.lodz.pl/pium/index.php?strona=3&jezyk=0" "Mozilla/5.0 (Windows; U; Windows NT 5.1; pl; rv:1.9.1) Gecko/20090624 Firefox/3.5" "-"
80.53.122.114 - - [11/Oct/2009:13:04:16 +0200] "GET /pium/rozklad_cwiczen.png HTTP/1.1" 200 16003 "http://neo.dmcs.p.lodz.pl/pium/index.php?strona=3&jezyk=0" "Mozilla/5.0 (Windows; U; Windows NT 5.1; pl; rv:1.9.1) Gecko/20090624 Firefox/3.5" "-"
80.53.122.114 - - [11/Oct/2009:13:04:17 +0200] "GET /pium/index.php?strona=8&jezyk=0 HTTP/1.1" 200 6193 "http://neo.dmcs.p.lodz.pl/pium/index.php?strona=3&jezyk=0" "Mozilla/5.0 (Windows; U; Windows NT 5.1; pl; rv:1.9.1) Gecko/20090624 Firefox/3.5" "-"
80.53.122.114 - - [11/Oct/2009:13:04:18 +0200] "GET /pium/index.php?strona=3&jezyk=0 HTTP/1.1" 200 11702 "http://neo.dmcs.p.lodz.pl/pium/index.php?strona=8&jezyk=0" "Mozilla/5.0 (Windows; U; Windows NT 5.1; pl; rv:1.9.1) Gecko/20090624 Firefox/3.5" "-"
80.53.122.114 - - [11/Oct/2009:13:04:19 +0200] "GET /pium/index.php?strona=10&jezyk=0 HTTP/1.1" 200 6285 "http://neo.dmcs.p.lodz.pl/pium/index.php?strona=3&jezyk=0" "Mozilla/5.0 (Windows; U; Windows NT 5.1; pl; rv:1.9.1) Gecko/20090624 Firefox/3.5" "-"
80.53.122.114 - - [11/Oct/2009:13:04:19 +0200] "GET /pium/index.php?strona=9&jezyk=0 HTTP/1.1" 200 14461 "http://neo.dmcs.p.lodz.pl/pium/index.php?strona=10&jezyk=0" "Mozilla/5.0 (Windows; U; Windows NT 5.1; pl; rv:1.9.1) Gecko/20090624 Firefox/3.5" "-"
80.53.122.114 - - [11/Oct/2009:13:04:20 +0200] "GET /pium/index.php?strona=4&jezyk=0 HTTP/1.1" 200 15237 "http://neo.dmcs.p.lodz.pl/pium/index.php?strona=9&jezyk=0" "Mozilla/5.0 (Windows; U; Windows NT 5.1; pl; rv:1.9.1) Gecko/20090624 Firefox/3.5" "-"
80.53.122.114 - - [11/Oct/2009:13:04:20 +0200] "GET /pium/index.php?strona=5&jezyk=0 HTTP/1.1" 200 9073 "http://neo.dmcs.p.lodz.pl/pium/index.php?strona=4&jezyk=0" "Mozilla/5.0 (Windows; U; Windows NT 5.1; pl; rv:1.9.1) Gecko/20090624 Firefox/3.5" "-"
80.53.122.114 - - [11/Oct/2009:13:04:22 +0200] "GET /pium/index.php?strona=6&jezyk=0 HTTP/1.1" 200 6973 "http://neo.dmcs.p.lodz.pl/pium/index.php?strona=5&jezyk=0" "Mozilla/5.0 (Windows; U; Windows NT 5.1; pl; rv:1.9.1) Gecko/20090624 Firefox/3.5" "-"
80.53.122.114 - - [11/Oct/2009:13:04:22 +0200] "GET /pium/index.php?strona=5&jezyk=0 HTTP/1.1" 200 9073 "http://neo.dmcs.p.lodz.pl/pium/index.php?strona=6&jezyk=0" "Mozilla/5.0 (Windows; U; Windows NT 5.1; pl; rv:1.9.1) Gecko/20090624 Firefox/3.5" "-"
117.201.65.88 - - [11/Oct/2009:13:04:36 +0200] "GET /padp/lecture/padp4.pdf HTTP/1.1" 206 644407 "http://neo.dmcs.p.lodz.pl/padp/lecture/padp4.pdf" "Mozilla/5.0 (Windows; U; Windows NT 5.1; en-US) AppleWebKit/532.0 (KHTML, like Gecko) Chrome/3.0.195.25 Safari/532.0" "-"
117.201.65.88 - - [11/Oct/2009:13:04:40 +0200] "GET /favicon.ico HTTP/1.1" 404 292 "-" "Mozilla/5.0 (Windows; U; Windows NT 5.1; en-US) AppleWebKit/532.0 (KHTML, like Gecko) Chrome/3.0.195.25 Safari/532.0" "-"
85.89.173.93 - - [11/Oct/2009:13:05:46 +0200] "GET / HTTP/1.1" 200 8370 "-" "Mozilla/5.0 (Windows; U; Windows NT 5.1; pl; rv:1.9.0.14) Gecko/2009082707 Firefox/3.0.14" "-"
85.89.173.93 - - [11/Oct/2009:13:05:46 +0200] "GET /style.css HTTP/1.1" 200 2000 "-" "Mozilla/5.0 (Windows; U; Windows NT 5.1; pl; rv:1.9.0.14) Gecko/2009082707 Firefox/3.0.14" "-"
85.89.173.93 - - [11/Oct/2009:13:05:46 +0200] "GET /images/back.jpg HTTP/1.1" 404 296 "-" "Mozilla/5.0 (Windows; U; Windows NT 5.1; pl; rv:1.9.0.14) Gecko/2009082707 Firefox/3.0.14" "-"
85.89.173.93 - - [11/Oct/2009:13:05:47 +0200] "GET /favicon.ico HTTP/1.1" 404 292 "-" "Mozilla/5.0 (Windows; U; Windows NT 5.1; pl; rv:1.9.0.14) Gecko/2009082707 Firefox/3.0.14" "-"
85.89.173.93 - - [11/Oct/2009:13:05:49 +0200] "GET /favicon.ico HTTP/1.1" 404 292 "-" "Mozilla/5.0 (Windows; U; Windows NT 5.1; pl; rv:1.9.0.14) Gecko/2009082707 Firefox/3.0.14" "-"
85.89.173.93 - - [11/Oct/2009:13:05:54 +0200] "GET /padp/index.html HTTP/1.1" 200 2372 "-" "Mozilla/5.0 (Windows; U; Windows NT 5.1; pl; rv:1.9.0.14) Gecko/2009082707 Firefox/3.0.14" "-"
10.0.8.15 - - [11/Oct/2009:13:06:15 +0200] "PROPFIND /%7Esakowicz HTTP/1.1" 301 313 "-" "Microsoft-WebDAV-MiniRedir/5.1.2600" "-"
10.0.8.15 - - [11/Oct/2009:13:06:15 +0200] "PROPFIND /~sakowicz/ HTTP/1.1" 404 284 "-" "Microsoft-WebDAV-MiniRedir/5.1.2600" "-"
10.0.8.15 - - [11/Oct/2009:13:06:15 +0200] "PROPFIND /%7Esakowicz HTTP/1.1" 301 313 "-" "Microsoft-WebDAV-MiniRedir/5.1.2600" "-"
10.0.8.15 - - [11/Oct/2009:13:06:15 +0200] "PROPFIND /~sakowicz/ HTTP/1.1" 404 284 "-" "Microsoft-WebDAV-MiniRedir/5.1.2600" "-"
10.0.8.15 - - [11/Oct/2009:13:06:15 +0200] "OPTIONS / HTTP/1.1" 200 - "-" "Microsoft-WebDAV-MiniRedir/5.1.2600" "-"
10.0.8.15 - - [11/Oct/2009:13:06:15 +0200] "PROPFIND /%7Esakowicz HTTP/1.1" 301 313 "-" "Microsoft-WebDAV-MiniRedir/5.1.2600" "-"
10.0.8.15 - - [11/Oct/2009:13:06:15 +0200] "PROPFIND /~sakowicz/ HTTP/1.1" 404 284 "-" "Microsoft-WebDAV-MiniRedir/5.1.2600" "-"
85.89.173.93 - - [11/Oct/2009:13:06:15 +0200] "GET /images/back.jpg HTTP/1.1" 404 296 "-" "Mozilla/5.0 (Windows; U; Windows NT 5.1; pl; rv:1.9.0.14) Gecko/2009082707 Firefox/3.0.14" "-"
195.26.23.236 - - [11/Oct/2009:13:06:26 +0200] "GET /images/back.jpg HTTP/1.1" 404 289 "http://lux.dmcs.pl/sk2/tcp_echo.html" "Mozilla/5.0 (X11; U; Linux i686; en-US; rv:1.9.0.14) Gecko/2009090216 Ubuntu/8.04 (hardy) Firefox/3.0.14" "-"
195.26.23.236 - - [11/Oct/2009:13:06:29 +0200] "GET /favicon.ico HTTP/1.1" 404 285 "-" "Mozilla/5.0 (X11; U; Linux i686; en-US; rv:1.9.0.14) Gecko/2009090216 Ubuntu/8.04 (hardy) Firefox/3.0.14" "-"
65.55.207.22 - - [11/Oct/2009:13:06:45 +0200] "GET /rso/dcom3.pdf HTTP/1.1" 304 - "-" "msnbot/2.0b (+http://search.msn.com/msnbot.htm)" "-"
85.221.135.105 - - [11/Oct/2009:13:07:23 +0200] "GET /~starzak/dyplomy/index.php HTTP/1.1" 200 30608 "http://www.google.pl/url?sa=t&source=web&ct=res&cd=53&ved=0CAwQFjACODI&url=http%3A%2F%2Fneo.dmcs.p.lodz.pl%2F~starzak%2Fdyplomy%2Findex.php&ei=YbzRStSQM4ic_AbdqMXZAg&rct=j&q=p%C5%82ytka++inwerter+prostownika&usg=AFQjCNG2v4VMW-30ieDUieHg1Hk7RLrCcQ" "Mozilla/5.0 (Windows; U; Windows NT 5.1; pl; rv:1.9.0.14) Gecko/2009082707 Firefox/3.0.14" "-"
85.221.135.105 - - [11/Oct/2009:13:07:23 +0200] "GET /~starzak/style.css HTTP/1.1" 200 3084 "http://neo.dmcs.p.lodz.pl/~starzak/dyplomy/index.php" "Mozilla/5.0 (Windows; U; Windows NT 5.1; pl; rv:1.9.0.14) Gecko/2009082707 Firefox/3.0.14" "-"
85.221.135.105 - - [11/Oct/2009:13:07:23 +0200] "GET /favicon.ico HTTP/1.1" 404 292 "-" "Mozilla/5.0 (Windows; U; Windows NT 5.1; pl; rv:1.9.0.14) Gecko/2009082707 Firefox/3.0.14" "-"
85.221.135.105 - - [11/Oct/2009:13:07:25 +0200] "GET /favicon.ico HTTP/1.1" 404 292 "-" "Mozilla/5.0 (Windows; U; Windows NT 5.1; pl; rv:1.9.0.14) Gecko/2009082707 Firefox/3.0.14" "-"
90.52.44.167 - - [11/Oct/2009:13:08:11 +0200] "GET /inf5/06_07/4/indeks.html HTTP/1.1" 200 2910 "-" "Mozilla/5.0 (Windows; U; Windows NT 5.1; fr; rv:1.9.1.3) Gecko/20090824 Firefox/3.5.3 (.NET CLR 3.5.30729)" "-"
90.52.44.167 - - [11/Oct/2009:13:08:13 +0200] "GET /inf5/06_07/4/2t.jpg HTTP/1.1" 200 3674 "-" "Mozilla/5.0 (Windows; U; Windows NT 5.1; fr; rv:1.9.1.3) Gecko/20090824 Firefox/3.5.3 (.NET CLR 3.5.30729)" "-"
90.52.44.167 - - [11/Oct/2009:13:08:13 +0200] "GET /inf5/06_07/4/panoplie.jpg HTTP/1.1" 200 1745 "-" "Mozilla/5.0 (Windows; U; Windows NT 5.1; fr; rv:1.9.1.3) Gecko/20090824 Firefox/3.5.3 (.NET CLR 3.5.30729)" "-"
90.52.44.167 - - [11/Oct/2009:13:08:13 +0200] "GET /inf5/06_07/4/index.jpg HTTP/1.1" 200 1588 "-" "Mozilla/5.0 (Windows; U; Windows NT 5.1; fr; rv:1.9.1.3) Gecko/20090824 Firefox/3.5.3 (.NET CLR 3.5.30729)" "-"
90.52.44.167 - - [11/Oct/2009:13:08:13 +0200] "GET /inf5/06_07/4/geisha.jpg HTTP/1.1" 200 1552 "-" "Mozilla/5.0 (Windows; U; Windows NT 5.1; fr; rv:1.9.1.3) Gecko/20090824 Firefox/3.5.3 (.NET CLR 3.5.30729)" "-"
90.52.44.167 - - [11/Oct/2009:13:08:13 +0200] "GET /inf5/06_07/4/maquillage.jpg HTTP/1.1" 200 2238 "-" "Mozilla/5.0 (Windows; U; Windows NT 5.1; fr; rv:1.9.1.3) Gecko/20090824 Firefox/3.5.3 (.NET CLR 3.5.30729)" "-"
90.52.44.167 - - [11/Oct/2009:13:08:13 +0200] "GET /inf5/06_07/4/coiffure.jpg HTTP/1.1" 200 1822 "-" "Mozilla/5.0 (Windows; U; Windows NT 5.1; fr; rv:1.9.1.3) Gecko/20090824 Firefox/3.5.3 (.NET CLR 3.5.30729)" "-"
90.52.44.167 - - [11/Oct/2009:13:08:13 +0200] "GET /inf5/06_07/4/kimono.jpg HTTP/1.1" 200 1534 "-" "Mozilla/5.0 (Windows; U; Windows NT 5.1; fr; rv:1.9.1.3) Gecko/20090824 Firefox/3.5.3 (.NET CLR 3.5.30729)" "-"
90.52.44.167 - - [11/Oct/2009:13:08:14 +0200] "GET /inf5/06_07/4/obi.jpg HTTP/1.1" 200 1056 "-" "Mozilla/5.0 (Windows; U; Windows NT 5.1; fr; rv:1.9.1.3) Gecko/20090824 Firefox/3.5.3 (.NET CLR 3.5.30729)" "-"
90.52.44.167 - - [11/Oct/2009:13:08:14 +0200] "GET /inf5/06_07/4/chaussures.jpg HTTP/1.1" 200 2209 "-" "Mozilla/5.0 (Windows; U; Windows NT 5.1; fr; rv:1.9.1.3) Gecko/20090824 Firefox/3.5.3 (.NET CLR 3.5.30729)" "-"
90.52.44.167 - - [11/Oct/2009:13:08:14 +0200] "GET /inf5/06_07/4/accessoires.jpg HTTP/1.1" 200 2302 "-" "Mozilla/5.0 (Windows; U; Windows NT 5.1; fr; rv:1.9.1.3) Gecko/20090824 Firefox/3.5.3 (.NET CLR 3.5.30729)" "-"
90.52.44.167 - - [11/Oct/2009:13:08:14 +0200] "GET /inf5/06_07/4/danse.jpg HTTP/1.1" 200 1437 "-" "Mozilla/5.0 (Windows; U; Windows NT 5.1; fr; rv:1.9.1.3) Gecko/20090824 Firefox/3.5.3 (.NET CLR 3.5.30729)" "-"
90.52.44.167 - - [11/Oct/2009:13:08:14 +0200] "GET /inf5/06_07/4/role.jpg HTTP/1.1" 200 1254 "-" "Mozilla/5.0 (Windows; U; Windows NT 5.1; fr; rv:1.9.1.3) Gecko/20090824 Firefox/3.5.3 (.NET CLR 3.5.30729)" "-"
90.52.44.167 - - [11/Oct/2009:13:08:14 +0200] "GET /inf5/06_07/4/musique.jpg HTTP/1.1" 200 1786 "-" "Mozilla/5.0 (Windows; U; Windows NT 5.1; fr; rv:1.9.1.3) Gecko/20090824 Firefox/3.5.3 (.NET CLR 3.5.30729)" "-"
90.52.44.167 - - [11/Oct/2009:13:08:14 +0200] "GET /inf5/06_07/4/danna.jpg HTTP/1.1" 200 1432 "-" "Mozilla/5.0 (Windows; U; Windows NT 5.1; fr; rv:1.9.1.3) Gecko/20090824 Firefox/3.5.3 (.NET CLR 3.5.30729)" "-"
90.52.44.167 - - [11/Oct/2009:13:08:14 +0200] "GET /inf5/06_07/4/curiosites.jpg HTTP/1.1" 200 2131 "-" "Mozilla/5.0 (Windows; U; Windows NT 5.1; fr; rv:1.9.1.3) Gecko/20090824 Firefox/3.5.3 (.NET CLR 3.5.30729)" "-"
90.52.44.167 - - [11/Oct/2009:13:08:14 +0200] "GET /inf5/06_07/4/liens.jpg HTTP/1.1" 200 1269 "-" "Mozilla/5.0 (Windows; U; Windows NT 5.1; fr; rv:1.9.1.3) Gecko/20090824 Firefox/3.5.3 (.NET CLR 3.5.30729)" "-"
90.52.44.167 - - [11/Oct/2009:13:08:14 +0200] "GET /inf5/06_07/4/grande%20soeur.jpg HTTP/1.1" 200 2540 "-" "Mozilla/5.0 (Windows; U; Windows NT 5.1; fr; rv:1.9.1.3) Gecko/20090824 Firefox/3.5.3 (.NET CLR 3.5.30729)" "-"
90.52.44.167 - - [11/Oct/2009:13:08:14 +0200] "GET /inf5/06_07/4/bienvenu.jpg HTTP/1.1" 200 3369 "-" "Mozilla/5.0 (Windows; U; Windows NT 5.1; fr; rv:1.9.1.3) Gecko/20090824 Firefox/3.5.3 (.NET CLR 3.5.30729)" "-"
90.52.44.167 - - [11/Oct/2009:13:08:15 +0200] "GET /inf5/06_07/4/tapetka1.jpg HTTP/1.1" 200 64245 "-" "Mozilla/5.0 (Windows; U; Windows NT 5.1; fr; rv:1.9.1.3) Gecko/20090824 Firefox/3.5.3 (.NET CLR 3.5.30729)" "-"
90.52.44.167 - - [11/Oct/2009:13:08:15 +0200] "GET /inf5/06_07/4/sayuri.jpg HTTP/1.1" 200 125430 "-" "Mozilla/5.0 (Windows; U; Windows NT 5.1; fr; rv:1.9.1.3) Gecko/20090824 Firefox/3.5.3 (.NET CLR 3.5.30729)" "-"
83.29.145.236 - - [11/Oct/2009:13:08:34 +0200] "GET /robots.txt HTTP/1.1" 200 67 "-" "Python-urllib/2.5" "-"
83.29.145.236 - - [11/Oct/2009:13:08:35 +0200] "GET /pium/index.php?strona=4&jezyk=0 HTTP/1.1" 200 15237 "-" "Mozilla/4.61 [en] (X11; U; SunOS 5.6 sun4u)" "-"
10.0.8.11 - - [11/Oct/2009:13:08:52 +0200] "GET /~sakowicz/podyplomowe/ HTTP/1.1" 304 - "-" "Mozilla/4.0 (compatible; MSIE 6.0; Windows NT 5.1; SV1)" "-"
10.0.8.11 - - [11/Oct/2009:13:08:55 +0200] "PROPFIND /%7Esakowicz HTTP/1.1" 301 313 "-" "Microsoft-WebDAV-MiniRedir/5.1.2600" "-"
10.0.8.11 - - [11/Oct/2009:13:08:55 +0200] "PROPFIND /~sakowicz/ HTTP/1.1" 404 284 "-" "Microsoft-WebDAV-MiniRedir/5.1.2600" "-"
10.0.8.11 - - [11/Oct/2009:13:08:55 +0200] "PROPFIND /%7Esakowicz HTTP/1.1" 301 313 "-" "Microsoft-WebDAV-MiniRedir/5.1.2600" "-"
10.0.8.11 - - [11/Oct/2009:13:08:55 +0200] "PROPFIND /~sakowicz/ HTTP/1.1" 404 284 "-" "Microsoft-WebDAV-MiniRedir/5.1.2600" "-"
10.0.8.11 - - [11/Oct/2009:13:08:56 +0200] "OPTIONS / HTTP/1.1" 200 - "-" "Microsoft-WebDAV-MiniRedir/5.1.2600" "-"
10.0.8.11 - - [11/Oct/2009:13:08:56 +0200] "PROPFIND /%7Esakowicz HTTP/1.1" 301 313 "-" "Microsoft-WebDAV-MiniRedir/5.1.2600" "-"
10.0.8.11 - - [11/Oct/2009:13:08:56 +0200] "PROPFIND /~sakowicz/ HTTP/1.1" 404 284 "-" "Microsoft-WebDAV-MiniRedir/5.1.2600" "-"
10.0.8.11 - - [11/Oct/2009:13:09:01 +0200] "GET /~sakowicz/podyplomowe/pokl_www_cwiczenie_2_linki.doc HTTP/1.1" 200 119296 "http://lux.dmcs.pl/~sakowicz/podyplomowe/" "Mozilla/4.0 (compatible; MSIE 6.0; Windows NT 5.1; SV1)" "-"
10.0.8.11 - - [11/Oct/2009:13:09:15 +0200] "PROPFIND /%7Esakowicz HTTP/1.1" 301 313 "-" "Microsoft-WebDAV-MiniRedir/5.1.2600" "-"
10.0.8.11 - - [11/Oct/2009:13:09:15 +0200] "PROPFIND /~sakowicz/ HTTP/1.1" 404 284 "-" "Microsoft-WebDAV-MiniRedir/5.1.2600" "-"
10.0.8.11 - - [11/Oct/2009:13:09:15 +0200] "PROPFIND /%7Esakowicz HTTP/1.1" 301 313 "-" "Microsoft-WebDAV-MiniRedir/5.1.2600" "-"
10.0.8.11 - - [11/Oct/2009:13:09:15 +0200] "PROPFIND /~sakowicz/ HTTP/1.1" 404 284 "-" "Microsoft-WebDAV-MiniRedir/5.1.2600" "-"
10.0.8.11 - - [11/Oct/2009:13:09:22 +0200] "GET /~sakowicz/podyplomowe/pokl_www_cwiczenie_1_czcionki_i_listy.doc HTTP/1.1" 304 - "http://lux.dmcs.pl/~sakowicz/podyplomowe/" "Mozilla/4.0 (compatible; MSIE 6.0; Windows NT 5.1; SV1)" "-"
66.249.65.212 - - [11/Oct/2009:13:10:28 +0200] "GET /modmikro/index.html HTTP/1.1" 304 - "-" "Mozilla/5.0 (compatible; Googlebot/2.1; +http://www.google.com/bot.html)" "-"
66.249.65.212 - - [11/Oct/2009:13:11:11 +0200] "GET /tk/UNIXhelp1.3/Pages/mail/three.2.html HTTP/1.1" 200 1245 "-" "Mozilla/5.0 (compatible; Googlebot/2.1; +http://www.google.com/bot.html)" "-"
66.249.65.212 - - [11/Oct/2009:13:11:33 +0200] "GET /pium/materialy/t7/1N4001__4007.pdf HTTP/1.1" 200 339787 "-" "Mozilla/5.0 (compatible; Googlebot/2.1; +http://www.google.com/bot.html)" "-"
82.242.198.53 - - [11/Oct/2009:13:11:44 +0200] "GET /inf5/06_07/4/sayuri.jpg HTTP/1.1" 200 125430 "http://lyon.onvasortir.com/profil_read.php?Konichiwa" "Mozilla/5.0 (Windows; U; Windows NT 6.1; fr; rv:1.9.1.3) Gecko/20090824 Firefox/3.5.3 (.NET CLR 3.5.30729)" "-"
193.238.67.160 - - [11/Oct/2009:13:11:51 +0200] "GET /smcr HTTP/1.1" 301 322 "-" "Mozilla/5.0 (Windows; U; Windows NT 5.1; pl; rv:1.9.1.3) Gecko/20090824 Firefox/3.5.3" "-"
193.238.67.160 - - [11/Oct/2009:13:11:51 +0200] "GET /smcr/ HTTP/1.1" 200 14517 "-" "Mozilla/5.0 (Windows; U; Windows NT 5.1; pl; rv:1.9.1.3) Gecko/20090824 Firefox/3.5.3" "-"
193.238.67.160 - - [11/Oct/2009:13:11:52 +0200] "GET /style.css HTTP/1.1" 200 2000 "http://neo.dmcs.p.lodz.pl/smcr/" "Mozilla/5.0 (Windows; U; Windows NT 5.1; pl; rv:1.9.1.3) Gecko/20090824 Firefox/3.5.3" "-"
193.238.67.160 - - [11/Oct/2009:13:11:52 +0200] "GET /images/back.jpg HTTP/1.1" 404 296 "http://neo.dmcs.p.lodz.pl/smcr/" "Mozilla/5.0 (Windows; U; Windows NT 5.1; pl; rv:1.9.1.3) Gecko/20090824 Firefox/3.5.3" "-"
193.238.67.160 - - [11/Oct/2009:13:11:52 +0200] "GET /favicon.ico HTTP/1.1" 404 292 "-" "Mozilla/5.0 (Windows; U; Windows NT 5.1; pl; rv:1.9.1.3) Gecko/20090824 Firefox/3.5.3" "-"
193.238.67.160 - - [11/Oct/2009:13:11:55 +0200] "GET /favicon.ico HTTP/1.1" 404 292 "-" "Mozilla/5.0 (Windows; U; Windows NT 5.1; pl; rv:1.9.1.3) Gecko/20090824 Firefox/3.5.3" "-"
77.65.165.172 - - [11/Oct/2009:13:12:05 +0200] "GET /~spcsym/html/PSPICE_opis.html HTTP/1.1" 200 12692 "http://www.google.com/custom?hl=pl&client=pub-2070091971271392&channel=0262445351&cof=FORID:13%3BAH:left%3BCX:Start%2520Search%3BL:http://www.google.com/intl/en/images/logos/custom_search_logo_sm.gif%3BLH:30%3BLP:1%3BVLC:%23551a8b%3BGFNT:%23666666%3BDIV:%23cccccc%3B&cx=014345598409501589908:mplknj4r1bu&adkw=AELymgVmhIkQABfcoI9oF_9JTRyIY9CEi0ArhbwDFzxkoQtJiTpesov4F3yJZDKFRVPVOAyInQ1nv7d0kSwT8XTlogYn3o25F7Z5nKEDYoiLNDCFZeKwP70&ei=gr3RSsyKAouQsAa8svyNBA&sa=X&oi=spell&resnum=0&ct=result&cd=1&q=zwi%C4%99z%C5%82y+opis+pspice&spell=1" "Mozilla/5.0 (X11; U; Linux i686; pl-PL; rv:1.9.0.14) Gecko/2009090216 Ubuntu/8.10 (intrepid) Firefox/3.0.14" "-"
193.238.67.160 - - [11/Oct/2009:13:12:05 +0200] "GET /smcr/ HTTP/1.1" 304 - "-" "Mozilla/5.0 (Windows; U; Windows NT 5.1; pl; rv:1.9.1.3) Gecko/20090824 Firefox/3.5.3" "-"
193.238.67.160 - - [11/Oct/2009:13:12:05 +0200] "GET /style.css HTTP/1.1" 304 - "http://neo.dmcs.p.lodz.pl/smcr/" "Mozilla/5.0 (Windows; U; Windows NT 5.1; pl; rv:1.9.1.3) Gecko/20090824 Firefox/3.5.3" "-"
193.238.67.160 - - [11/Oct/2009:13:12:05 +0200] "GET /images/back.jpg HTTP/1.1" 404 296 "http://neo.dmcs.p.lodz.pl/smcr/" "Mozilla/5.0 (Windows; U; Windows NT 5.1; pl; rv:1.9.1.3) Gecko/20090824 Firefox/3.5.3" "-"
77.65.165.172 - - [11/Oct/2009:13:12:19 +0200] "GET /~spcsym/html/PSPICE_opis_files/image001.gif HTTP/1.1" 200 2851 "http://neo.dmcs.p.lodz.pl/~spcsym/html/PSPICE_opis.html" "Mozilla/5.0 (X11; U; Linux i686; pl-PL; rv:1.9.0.14) Gecko/2009090216 Ubuntu/8.10 (intrepid) Firefox/3.0.14" "-"
77.65.165.172 - - [11/Oct/2009:13:12:19 +0200] "GET /~spcsym/html/PSPICE_opis_files/image002.gif HTTP/1.1" 200 520 "http://neo.dmcs.p.lodz.pl/~spcsym/html/PSPICE_opis.html" "Mozilla/5.0 (X11; U; Linux i686; pl-PL; rv:1.9.0.14) Gecko/2009090216 Ubuntu/8.10 (intrepid) Firefox/3.0.14" "-"
