192.168.16.92 - - [11/Oct/2009:10:28:41 +0200] "GET /icons/blank.gif HTTP/1.1" 304 - "http://neo.dmcs.pl/~kgrabowski/laboratorium/" "Mozilla/5.0 (Windows; U; Windows NT 5.1; pl; rv:1.9.0.14) Gecko/2009082707 Firefox/3.0.14" "-"
192.168.16.92 - - [11/Oct/2009:10:28:41 +0200] "GET /icons/layout.gif HTTP/1.1" 304 - "http://neo.dmcs.pl/~kgrabowski/laboratorium/" "Mozilla/5.0 (Windows; U; Windows NT 5.1; pl; rv:1.9.0.14) Gecko/2009082707 Firefox/3.0.14" "-"
192.168.16.92 - - [11/Oct/2009:10:28:41 +0200] "GET /icons/back.gif HTTP/1.1" 304 - "http://neo.dmcs.pl/~kgrabowski/laboratorium/" "Mozilla/5.0 (Windows; U; Windows NT 5.1; pl; rv:1.9.0.14) Gecko/2009082707 Firefox/3.0.14" "-"
10.0.2.2 - - [11/Oct/2009:10:28:42 +0200] "GET /podyplomowe_smtm/smob2/kursbasha/main.html HTTP/1.1" 200 5405 "http://neo.dmcs.pl/podyplomowe_smtm/smob2/" "Mozilla/5.0 (X11; U; Linux i686; pl-PL; rv:1.9.0.7) Gecko/2009030422 Ubuntu/8.10 (intrepid) Firefox/3.0.7" "-"
10.0.2.2 - - [11/Oct/2009:10:28:42 +0200] "GET /podyplomowe_smtm/smob2/kursbasha/style.css HTTP/1.1" 200 325 "http://neo.dmcs.pl/podyplomowe_smtm/smob2/kursbasha/main.html" "Mozilla/5.0 (X11; U; Linux i686; pl-PL; rv:1.9.0.7) Gecko/2009030422 Ubuntu/8.10 (intrepid) Firefox/3.0.7" "-"
10.0.2.2 - - [11/Oct/2009:10:28:42 +0200] "GET /podyplomowe_smtm/smob2/kursbasha/grafiki/logo.gif HTTP/1.1" 200 6196 "http://neo.dmcs.pl/podyplomowe_smtm/smob2/kursbasha/main.html" "Mozilla/5.0 (X11; U; Linux i686; pl-PL; rv:1.9.0.7) Gecko/2009030422 Ubuntu/8.10 (intrepid) Firefox/3.0.7" "-"
192.168.16.92 - - [11/Oct/2009:10:28:44 +0200] "GET /~kgrabowski/laboratorium/LaboratoriumDSP2i3.pdf HTTP/1.1" 200 202341 "http://neo.dmcs.pl/~kgrabowski/laboratorium/" "Mozilla/5.0 (Windows; U; Windows NT 5.1; pl; rv:1.9.0.14) Gecko/2009082707 Firefox/3.0.14" "-"
192.168.16.92 - - [11/Oct/2009:10:28:44 +0200] "GET /~kgrabowski/laboratorium/LaboratoriumDSP2i3.pdf HTTP/1.1" 206 169780 "-" "Mozilla/5.0 (Windows; U; Windows NT 5.1; pl; rv:1.9.0.14) Gecko/2009082707 Firefox/3.0.14" "-"
10.0.2.12 - - [11/Oct/2009:10:28:48 +0200] "GET /podyplomowe_smtm/smob2/smob2_2_shell.pdf HTTP/1.1" 200 250842 "http://neo.dmcs.pl/podyplomowe_smtm/smob2/" "Mozilla/5.0 (X11; U; Linux i686; pl-PL; rv:1.9.0.7) Gecko/2009030422 Ubuntu/8.10 (intrepid) Firefox/3.0.7" "-"
192.115.130.1 - - [11/Oct/2009:10:28:52 +0200] "GET /padp/lecture/padp_lecture_4.ppt HTTP/1.0" 200 631296 "http://www.google.co.il/url?sa=t&source=web&ct=res&cd=1&ved=0CAYQFjAA&url=http%3A%2F%2Fneo.dmcs.p.lodz.pl%2Fpadp%2Flecture%2Fpadp_lecture_4.ppt&ei=PJfRSpGCHZPA-QaL1oyOAw&rct=j&q=InterlockedBitTestAndreSet+example&usg=AFQjCNEEk4zFFZhzFezNSxi5J_KzREaU9Q&sig2=s6akJ7Seg6tEWbls6OS7Yg" "Mozilla/5.0 (Windows; U; Windows NT 5.1; en-US; rv:1.9.1.3) Gecko/20090824 Firefox/3.5.3" "-"
89.174.83.190 - - [11/Oct/2009:10:28:54 +0200] "GET /arm/slajdy/slajdy1.pdf HTTP/1.1" 200 3292000 "-" "Mozilla/5.0 (Windows; U; Windows NT 5.1; pl; rv:1.9.1.3) Gecko/20090824 Firefox/3.5.3 (.NET CLR 3.5.30729)" "-"
89.174.83.190 - - [11/Oct/2009:10:28:55 +0200] "GET /arm/slajdy/slajdy2.pdf HTTP/1.1" 200 25427 "http://neo.dmcs.p.lodz.pl/arm/index.html" "Mozilla/5.0 (Windows; U; Windows NT 5.1; pl; rv:1.9.1.3) Gecko/20090824 Firefox/3.5.3 (.NET CLR 3.5.30729)" "-"
10.0.2.40 - - [11/Oct/2009:10:28:56 +0200] "GET /~kgrabowski/ HTTP/1.1" 200 1299 "-" "Mozilla/5.0 (Windows; U; Windows NT 5.1; pl; rv:1.9.0.8) Gecko/2009032609 Firefox/3.0.8" "-"
89.161.21.95 - - [11/Oct/2009:10:29:19 +0200] "GET /~spcsym/html/PSPICE_opis_files/image001.gif HTTP/1.1" 200 2851 "http://neo.dmcs.p.lodz.pl/~spcsym/html/PSPICE_opis.html" "Mozilla/4.0 (compatible; MSIE 7.0; Windows NT 5.1; InfoPath.2)" "-"
89.161.21.95 - - [11/Oct/2009:10:29:19 +0200] "GET /~spcsym/html/PSPICE_opis_files/image002.gif HTTP/1.1" 200 520 "http://neo.dmcs.p.lodz.pl/~spcsym/html/PSPICE_opis.html" "Mozilla/4.0 (compatible; MSIE 7.0; Windows NT 5.1; InfoPath.2)" "-"
89.161.21.95 - - [11/Oct/2009:10:29:19 +0200] "GET /~spcsym/html/PSPICE_opis.html HTTP/1.1" 200 93896 "http://www.google.pl/search?hl=pl&safe=off&q=wzmacniacz+operacyjny+%2Bpspice&lr=" "Mozilla/4.0 (compatible; MSIE 7.0; Windows NT 5.1; InfoPath.2)" "-"
89.161.21.95 - - [11/Oct/2009:10:29:19 +0200] "GET /~spcsym/html/PSPICE_opis_files/image003.gif HTTP/1.1" 200 447 "http://neo.dmcs.p.lodz.pl/~spcsym/html/PSPICE_opis.html" "Mozilla/4.0 (compatible; MSIE 7.0; Windows NT 5.1; InfoPath.2)" "-"
89.161.21.95 - - [11/Oct/2009:10:29:19 +0200] "GET /~spcsym/html/PSPICE_opis_files/image004.gif HTTP/1.1" 200 435 "http://neo.dmcs.p.lodz.pl/~spcsym/html/PSPICE_opis.html" "Mozilla/4.0 (compatible; MSIE 7.0; Windows NT 5.1; InfoPath.2)" "-"
89.161.21.95 - - [11/Oct/2009:10:29:19 +0200] "GET /~spcsym/html/PSPICE_opis_files/image005.gif HTTP/1.1" 200 620 "http://neo.dmcs.p.lodz.pl/~spcsym/html/PSPICE_opis.html" "Mozilla/4.0 (compatible; MSIE 7.0; Windows NT 5.1; InfoPath.2)" "-"
89.161.21.95 - - [11/Oct/2009:10:29:19 +0200] "GET /~spcsym/html/PSPICE_opis_files/image006.gif HTTP/1.1" 200 512 "http://neo.dmcs.p.lodz.pl/~spcsym/html/PSPICE_opis.html" "Mozilla/4.0 (compatible; MSIE 7.0; Windows NT 5.1; InfoPath.2)" "-"
89.161.21.95 - - [11/Oct/2009:10:29:19 +0200] "GET /~spcsym/html/PSPICE_opis_files/image007.gif HTTP/1.1" 200 618 "http://neo.dmcs.p.lodz.pl/~spcsym/html/PSPICE_opis.html" "Mozilla/4.0 (compatible; MSIE 7.0; Windows NT 5.1; InfoPath.2)" "-"
89.161.21.95 - - [11/Oct/2009:10:29:19 +0200] "GET /~spcsym/html/PSPICE_opis_files/image008.gif HTTP/1.1" 200 597 "http://neo.dmcs.p.lodz.pl/~spcsym/html/PSPICE_opis.html" "Mozilla/4.0 (compatible; MSIE 7.0; Windows NT 5.1; InfoPath.2)" "-"
89.161.21.95 - - [11/Oct/2009:10:29:19 +0200] "GET /~spcsym/html/PSPICE_opis_files/image009.gif HTTP/1.1" 200 643 "http://neo.dmcs.p.lodz.pl/~spcsym/html/PSPICE_opis.html" "Mozilla/4.0 (compatible; MSIE 7.0; Windows NT 5.1; InfoPath.2)" "-"
89.161.21.95 - - [11/Oct/2009:10:29:19 +0200] "GET /~spcsym/html/PSPICE_opis_files/image010.gif HTTP/1.1" 200 622 "http://neo.dmcs.p.lodz.pl/~spcsym/html/PSPICE_opis.html" "Mozilla/4.0 (compatible; MSIE 7.0; Windows NT 5.1; InfoPath.2)" "-"
89.161.21.95 - - [11/Oct/2009:10:29:19 +0200] "GET /~spcsym/html/PSPICE_opis_files/image011.gif HTTP/1.1" 200 468 "http://neo.dmcs.p.lodz.pl/~spcsym/html/PSPICE_opis.html" "Mozilla/4.0 (compatible; MSIE 7.0; Windows NT 5.1; InfoPath.2)" "-"
89.161.21.95 - - [11/Oct/2009:10:29:19 +0200] "GET /~spcsym/html/PSPICE_opis_files/image012.gif HTTP/1.1" 200 293 "http://neo.dmcs.p.lodz.pl/~spcsym/html/PSPICE_opis.html" "Mozilla/4.0 (compatible; MSIE 7.0; Windows NT 5.1; InfoPath.2)" "-"
89.161.21.95 - - [11/Oct/2009:10:29:19 +0200] "GET /~spcsym/html/PSPICE_opis_files/image013.gif HTTP/1.1" 200 264 "http://neo.dmcs.p.lodz.pl/~spcsym/html/PSPICE_opis.html" "Mozilla/4.0 (compatible; MSIE 7.0; Windows NT 5.1; InfoPath.2)" "-"
89.161.21.95 - - [11/Oct/2009:10:29:19 +0200] "GET /~spcsym/html/PSPICE_opis_files/image014.gif HTTP/1.1" 200 334 "http://neo.dmcs.p.lodz.pl/~spcsym/html/PSPICE_opis.html" "Mozilla/4.0 (compatible; MSIE 7.0; Windows NT 5.1; InfoPath.2)" "-"
89.161.21.95 - - [11/Oct/2009:10:29:19 +0200] "GET /~spcsym/html/PSPICE_opis_files/image015.gif HTTP/1.1" 200 341 "http://neo.dmcs.p.lodz.pl/~spcsym/html/PSPICE_opis.html" "Mozilla/4.0 (compatible; MSIE 7.0; Windows NT 5.1; InfoPath.2)" "-"
89.161.21.95 - - [11/Oct/2009:10:29:19 +0200] "GET /~spcsym/html/PSPICE_opis_files/image016.gif HTTP/1.1" 200 2093 "http://neo.dmcs.p.lodz.pl/~spcsym/html/PSPICE_opis.html" "Mozilla/4.0 (compatible; MSIE 7.0; Windows NT 5.1; InfoPath.2)" "-"
89.161.21.95 - - [11/Oct/2009:10:29:19 +0200] "GET /~spcsym/html/PSPICE_opis_files/image017.gif HTTP/1.1" 200 2786 "http://neo.dmcs.p.lodz.pl/~spcsym/html/PSPICE_opis.html" "Mozilla/4.0 (compatible; MSIE 7.0; Windows NT 5.1; InfoPath.2)" "-"
89.161.21.95 - - [11/Oct/2009:10:29:20 +0200] "GET /favicon.ico HTTP/1.1" 404 292 "-" "Mozilla/4.0 (compatible; MSIE 7.0; Windows NT 5.1; InfoPath.2)" "-"
10.0.2.2 - - [11/Oct/2009:10:29:23 +0200] "GET /podyplomowe_smtm/smob2/kursbasha/hello.html HTTP/1.1" 200 2860 "http://neo.dmcs.pl/podyplomowe_smtm/smob2/kursbasha/main.html" "Mozilla/5.0 (X11; U; Linux i686; pl-PL; rv:1.9.0.7) Gecko/2009030422 Ubuntu/8.10 (intrepid) Firefox/3.0.7" "-"
10.0.2.38 - - [11/Oct/2009:10:29:24 +0200] "GET / HTTP/1.1" 304 - "-" "Mozilla/4.0 (compatible; MSIE 7.0; Windows NT 5.1; .NET CLR 1.1.4322)" "-"
10.0.2.38 - - [11/Oct/2009:10:29:24 +0200] "GET /style.css HTTP/1.1" 304 - "http://neo.dmcs.pl/" "Mozilla/4.0 (compatible; MSIE 7.0; Windows NT 5.1; .NET CLR 1.1.4322)" "-"
10.0.2.38 - - [11/Oct/2009:10:29:24 +0200] "GET /images/back.jpg HTTP/1.1" 404 289 "http://neo.dmcs.pl/" "Mozilla/4.0 (compatible; MSIE 7.0; Windows NT 5.1; .NET CLR 1.1.4322)" "-"
66.249.65.212 - - [11/Oct/2009:10:29:28 +0200] "GET /tk/UNIXhelp1.3/Pages/mail/preset.html HTTP/1.1" 200 1205 "-" "Mozilla/5.0 (compatible; Googlebot/2.1; +http://www.google.com/bot.html)" "-"
10.0.2.40 - - [11/Oct/2009:10:29:42 +0200] "GET /~kgrabowski/materialy%20dodatkowe/ HTTP/1.1" 200 1358 "http://neo.dmcs.pl/~kgrabowski/" "Mozilla/5.0 (Windows; U; Windows NT 5.1; pl; rv:1.9.0.8) Gecko/2009032609 Firefox/3.0.8" "-"
10.0.2.40 - - [11/Oct/2009:10:29:42 +0200] "GET /icons/compressed.gif HTTP/1.1" 200 1038 "http://neo.dmcs.pl/~kgrabowski/materialy%20dodatkowe/" "Mozilla/5.0 (Windows; U; Windows NT 5.1; pl; rv:1.9.0.8) Gecko/2009032609 Firefox/3.0.8" "-"
10.0.2.38 - - [11/Oct/2009:10:29:53 +0200] "GET /podyplomowe_smtm/index.html HTTP/1.1" 304 - "http://neo.dmcs.pl/" "Mozilla/4.0 (compatible; MSIE 7.0; Windows NT 5.1; .NET CLR 1.1.4322)" "-"
10.0.2.38 - - [11/Oct/2009:10:29:53 +0200] "GET /images/back.jpg HTTP/1.1" 404 289 "http://neo.dmcs.pl/podyplomowe_smtm/index.html" "Mozilla/4.0 (compatible; MSIE 7.0; Windows NT 5.1; .NET CLR 1.1.4322)" "-"
10.0.2.40 - - [11/Oct/2009:10:29:54 +0200] "GET /~kgrabowski/laboratorium/ HTTP/1.1" 200 1218 "http://neo.dmcs.pl/~kgrabowski/" "Mozilla/5.0 (Windows; U; Windows NT 5.1; pl; rv:1.9.0.8) Gecko/2009032609 Firefox/3.0.8" "-"
10.0.2.40 - - [11/Oct/2009:10:29:58 +0200] "GET /~kgrabowski/laboratorium/LaboratoriumDSP1.pdf HTTP/1.1" 200 161562 "http://neo.dmcs.pl/~kgrabowski/laboratorium/" "Mozilla/5.0 (Windows; U; Windows NT 5.1; pl; rv:1.9.0.8) Gecko/2009032609 Firefox/3.0.8" "-"
10.0.2.38 - - [11/Oct/2009:10:29:58 +0200] "GET /podyplomowe_smtm/ HTTP/1.1" 304 - "http://neo.dmcs.pl/podyplomowe_smtm/index.html" "Mozilla/4.0 (compatible; MSIE 7.0; Windows NT 5.1; .NET CLR 1.1.4322)" "-"
10.0.2.38 - - [11/Oct/2009:10:29:58 +0200] "GET /images/back.jpg HTTP/1.1" 404 289 "http://neo.dmcs.pl/podyplomowe_smtm/" "Mozilla/4.0 (compatible; MSIE 7.0; Windows NT 5.1; .NET CLR 1.1.4322)" "-"
10.0.2.38 - - [11/Oct/2009:10:30:05 +0200] "GET /images/back.jpg HTTP/1.1" 404 289 "http://neo.dmcs.pl/podyplomowe_smtm/" "Mozilla/4.0 (compatible; MSIE 7.0; Windows NT 5.1; .NET CLR 1.1.4322)" "-"
89.174.83.190 - - [11/Oct/2009:10:30:09 +0200] "GET /arm/slajdy/slajdy2.pdf HTTP/1.1" 200 2959275 "http://neo.dmcs.p.lodz.pl/arm/index.html" "Mozilla/5.0 (Windows; U; Windows NT 5.1; pl; rv:1.9.1.3) Gecko/20090824 Firefox/3.5.3 (.NET CLR 3.5.30729)" "-"
10.0.2.38 - - [11/Oct/2009:10:30:16 +0200] "GET /~kgrabowski/laboratorium/LaboratoriumDSP1.pdf HTTP/1.1" 304 - "-" "Mozilla/4.0 (compatible; MSIE 7.0; Windows NT 5.1; .NET CLR 1.1.4322)" "-"
10.0.2.7 - - [11/Oct/2009:10:30:16 +0200] "GET /podyplomowe_smtm/index.html HTTP/1.1" 200 2919 "http://neo.dmcs.pl/" "Mozilla/5.0 (X11; U; Linux i686; pl-PL; rv:1.9.0.7) Gecko/2009030422 Ubuntu/8.10 (intrepid) Firefox/3.0.7" "-"
10.0.2.7 - - [11/Oct/2009:10:30:16 +0200] "GET /images/back.jpg HTTP/1.1" 404 289 "http://neo.dmcs.pl/podyplomowe_smtm/index.html" "Mozilla/5.0 (X11; U; Linux i686; pl-PL; rv:1.9.0.7) Gecko/2009030422 Ubuntu/8.10 (intrepid) Firefox/3.0.7" "-"
10.0.2.38 - - [11/Oct/2009:10:30:20 +0200] "GET /~kgrabowski/laboratorium/ HTTP/1.1" 200 1218 "http://neo.dmcs.pl/~kgrabowski/" "Mozilla/4.0 (compatible; MSIE 7.0; Windows NT 5.1; .NET CLR 1.1.4322)" "-"
10.0.2.38 - - [11/Oct/2009:10:30:20 +0200] "GET /icons/blank.gif HTTP/1.1" 304 - "http://neo.dmcs.pl/~kgrabowski/laboratorium/" "Mozilla/4.0 (compatible; MSIE 7.0; Windows NT 5.1; .NET CLR 1.1.4322)" "-"
10.0.2.38 - - [11/Oct/2009:10:30:20 +0200] "GET /icons/back.gif HTTP/1.1" 304 - "http://neo.dmcs.pl/~kgrabowski/laboratorium/" "Mozilla/4.0 (compatible; MSIE 7.0; Windows NT 5.1; .NET CLR 1.1.4322)" "-"
10.0.2.38 - - [11/Oct/2009:10:30:20 +0200] "GET /icons/layout.gif HTTP/1.1" 304 - "http://neo.dmcs.pl/~kgrabowski/laboratorium/" "Mozilla/4.0 (compatible; MSIE 7.0; Windows NT 5.1; .NET CLR 1.1.4322)" "-"
10.0.2.38 - - [11/Oct/2009:10:30:22 +0200] "GET /~kgrabowski/ HTTP/1.1" 200 1299 "http://neo.dmcs.pl/~kgrabowski/materialy%20dodatkowe/" "Mozilla/4.0 (compatible; MSIE 7.0; Windows NT 5.1; .NET CLR 1.1.4322)" "-"
10.0.2.38 - - [11/Oct/2009:10:30:22 +0200] "GET /icons/folder.gif HTTP/1.1" 304 - "http://neo.dmcs.pl/~kgrabowski/" "Mozilla/4.0 (compatible; MSIE 7.0; Windows NT 5.1; .NET CLR 1.1.4322)" "-"
10.0.2.38 - - [11/Oct/2009:10:30:23 +0200] "GET /~kgrabowski/materialy%20dodatkowe/ HTTP/1.1" 200 1358 "http://neo.dmcs.pl/~kgrabowski/" "Mozilla/4.0 (compatible; MSIE 7.0; Windows NT 5.1; .NET CLR 1.1.4322)" "-"
10.0.2.38 - - [11/Oct/2009:10:30:23 +0200] "GET /icons/compressed.gif HTTP/1.1" 304 - "http://neo.dmcs.pl/~kgrabowski/materialy%20dodatkowe/" "Mozilla/4.0 (compatible; MSIE 7.0; Windows NT 5.1; .NET CLR 1.1.4322)" "-"
10.0.2.38 - - [11/Oct/2009:10:30:25 +0200] "GET /~kgrabowski/wyklad/ HTTP/1.1" 200 1192 "http://neo.dmcs.pl/~kgrabowski/" "Mozilla/4.0 (compatible; MSIE 7.0; Windows NT 5.1; .NET CLR 1.1.4322)" "-"
10.0.2.7 - - [11/Oct/2009:10:30:27 +0200] "GET /podyplomowe_smtm/smob1/index.html HTTP/1.1" 200 2931 "http://neo.dmcs.pl/podyplomowe_smtm/index.html" "Mozilla/5.0 (X11; U; Linux i686; pl-PL; rv:1.9.0.7) Gecko/2009030422 Ubuntu/8.10 (intrepid) Firefox/3.0.7" "-"
10.0.2.7 - - [11/Oct/2009:10:30:27 +0200] "GET /podyplomowe_smtm/images/back.jpg HTTP/1.1" 404 306 "http://neo.dmcs.pl/podyplomowe_smtm/smob1/index.html" "Mozilla/5.0 (X11; U; Linux i686; pl-PL; rv:1.9.0.7) Gecko/2009030422 Ubuntu/8.10 (intrepid) Firefox/3.0.7" "-"
10.0.2.38 - - [11/Oct/2009:10:30:27 +0200] "GET /~kgrabowski/wyklad/Wyklad%201.pdf HTTP/1.1" 200 325896 "http://neo.dmcs.pl/~kgrabowski/wyklad/" "Mozilla/4.0 (compatible; MSIE 7.0; Windows NT 5.1; .NET CLR 1.1.4322)" "-"
10.0.2.38 - - [11/Oct/2009:10:30:27 +0200] "GET /~kgrabowski/wyklad/Wyklad%201.pdf HTTP/1.1" 206 4096 "-" "Mozilla/4.0 (compatible; MSIE 7.0; Windows NT 5.1; .NET CLR 1.1.4322)" "-"
10.0.2.38 - - [11/Oct/2009:10:30:27 +0200] "GET /~kgrabowski/wyklad/Wyklad%201.pdf HTTP/1.1" 206 4096 "-" "Mozilla/4.0 (compatible; MSIE 7.0; Windows NT 5.1; .NET CLR 1.1.4322)" "-"
10.0.2.38 - - [11/Oct/2009:10:30:27 +0200] "GET /~kgrabowski/wyklad/Wyklad%201.pdf HTTP/1.1" 206 7011308 "-" "Mozilla/4.0 (compatible; MSIE 7.0; Windows NT 5.1; .NET CLR 1.1.4322)" "-"
10.0.2.3 - - [11/Oct/2009:10:30:32 +0200] "GET /podyplomowe_smtm/smob2/kursbasha/hello.html HTTP/1.1" 200 2860 "http://neo/podyplomowe_smtm/smob2/kursbasha/main.html" "Mozilla/5.0 (X11; U; Linux i686; pl-PL; rv:1.9.0.7) Gecko/2009030422 Ubuntu/8.10 (intrepid) Firefox/3.0.7" "-"
217.96.34.100 - - [11/Oct/2009:10:31:02 +0200] "GET /io5z/io5z_wykl.pdf HTTP/1.1" 200 94554 "http://www.google.pl/search?hl=pl&q=sommerville+in%C5%BCynieria+oprogramowania+.pdf&lr=" "Mozilla/4.0 (compatible; MSIE 7.0; Windows NT 6.1; Trident/4.0; SLCC2; .NET CLR 2.0.50727; .NET CLR 3.5.30729; .NET CLR 3.0.30729; Media Center PC 6.0; InfoPath.2; Tablet PC 2.0)" "-"
89.174.83.190 - - [11/Oct/2009:10:31:03 +0200] "GET /arm/slajdy/slajdy1.pdf HTTP/1.1" 200 4073147 "http://neo.dmcs.p.lodz.pl/arm/index.html" "Mozilla/5.0 (Windows; U; Windows NT 5.1; pl; rv:1.9.1.3) Gecko/20090824 Firefox/3.5.3 (.NET CLR 3.5.30729)" "-"
10.0.2.7 - - [11/Oct/2009:10:31:33 +0200] "GET /podyplomowe_smtm/smob2 HTTP/1.1" 301 326 "http://neo.dmcs.pl/podyplomowe_smtm/index.html" "Mozilla/5.0 (X11; U; Linux i686; pl-PL; rv:1.9.0.7) Gecko/2009030422 Ubuntu/8.10 (intrepid) Firefox/3.0.7" "-"
10.0.2.7 - - [11/Oct/2009:10:31:33 +0200] "GET /podyplomowe_smtm/smob2/ HTTP/1.1" 200 3632 "http://neo.dmcs.pl/podyplomowe_smtm/index.html" "Mozilla/5.0 (X11; U; Linux i686; pl-PL; rv:1.9.0.7) Gecko/2009030422 Ubuntu/8.10 (intrepid) Firefox/3.0.7" "-"
10.0.2.7 - - [11/Oct/2009:10:31:33 +0200] "GET /podyplomowe_smtm/images/back.jpg HTTP/1.1" 404 306 "http://neo.dmcs.pl/podyplomowe_smtm/smob2/" "Mozilla/5.0 (X11; U; Linux i686; pl-PL; rv:1.9.0.7) Gecko/2009030422 Ubuntu/8.10 (intrepid) Firefox/3.0.7" "-"
213.158.199.135 - - [11/Oct/2009:10:31:36 +0200] "GET /podyplomowe_smtm/index.html HTTP/1.1" 200 2919 "-" "Mozilla/5.0 (X11; U; Linux i686; pl-PL; rv:1.9.0.14) Gecko/2009090216 Ubuntu/9.04 (jaunty) Firefox/3.0.14" "-"
213.158.199.135 - - [11/Oct/2009:10:31:36 +0200] "GET /images/back.jpg HTTP/1.1" 404 296 "http://neo.dmcs.p.lodz.pl/podyplomowe_smtm/index.html" "Mozilla/5.0 (X11; U; Linux i686; pl-PL; rv:1.9.0.14) Gecko/2009090216 Ubuntu/9.04 (jaunty) Firefox/3.0.14" "-"
10.0.2.12 - - [11/Oct/2009:10:31:37 +0200] "GET /podyplomowe_smtm/smob2/kursbasha/varp.html HTTP/1.1" 200 2628 "http://neo.dmcs.pl/podyplomowe_smtm/smob2/kursbasha/main.html" "Mozilla/5.0 (X11; U; Linux i686; pl-PL; rv:1.9.0.7) Gecko/2009030422 Ubuntu/8.10 (intrepid) Firefox/3.0.7" "-"
79.83.214.31 - - [11/Oct/2009:10:31:37 +0200] "GET /inf5/06_07/4/sayuri.jpg HTTP/1.1" 200 125430 "http://www.ohmydollz.com/?p=fiche&pseudo=sophiestication" "Mozilla/5.0 (Windows; U; Windows NT 6.0; fr; rv:1.9.1.3) Gecko/20090824 Firefox/3.5.3 (.NET CLR 3.5.30729)" "-"
213.158.199.135 - - [11/Oct/2009:10:31:42 +0200] "GET /podyplomowe_smtm/index.html HTTP/1.1" 304 - "-" "Mozilla/5.0 (X11; U; Linux i686; pl-PL; rv:1.9.0.14) Gecko/2009090216 Ubuntu/9.04 (jaunty) Firefox/3.0.14" "-"
213.158.199.135 - - [11/Oct/2009:10:31:42 +0200] "GET /style.css HTTP/1.1" 304 - "http://neo.dmcs.p.lodz.pl/podyplomowe_smtm/index.html" "Mozilla/5.0 (X11; U; Linux i686; pl-PL; rv:1.9.0.14) Gecko/2009090216 Ubuntu/9.04 (jaunty) Firefox/3.0.14" "-"
213.158.199.135 - - [11/Oct/2009:10:31:42 +0200] "GET /images/back.jpg HTTP/1.1" 404 296 "http://neo.dmcs.p.lodz.pl/podyplomowe_smtm/index.html" "Mozilla/5.0 (X11; U; Linux i686; pl-PL; rv:1.9.0.14) Gecko/2009090216 Ubuntu/9.04 (jaunty) Firefox/3.0.14" "-"
10.0.2.12 - - [11/Oct/2009:10:31:42 +0200] "GET /podyplomowe_smtm/smob2/kursbasha/vars.html HTTP/1.1" 200 2724 "http://neo.dmcs.pl/podyplomowe_smtm/smob2/kursbasha/main.html" "Mozilla/5.0 (X11; U; Linux i686; pl-PL; rv:1.9.0.7) Gecko/2009030422 Ubuntu/8.10 (intrepid) Firefox/3.0.7" "-"
65.55.207.27 - - [11/Oct/2009:10:31:45 +0200] "GET /mjp4/2003/warcaby/zasady.html HTTP/1.1" 304 - "-" "msnbot/2.0b (+http://search.msn.com/msnbot.htm)" "-"
10.0.2.12 - - [11/Oct/2009:10:31:46 +0200] "GET /podyplomowe_smtm/smob2/kursbasha/vare.html HTTP/1.1" 200 3665 "http://neo.dmcs.pl/podyplomowe_smtm/smob2/kursbasha/main.html" "Mozilla/5.0 (X11; U; Linux i686; pl-PL; rv:1.9.0.7) Gecko/2009030422 Ubuntu/8.10 (intrepid) Firefox/3.0.7" "-"
10.0.2.12 - - [11/Oct/2009:10:31:50 +0200] "GET /podyplomowe_smtm/smob2/kursbasha/vart.html HTTP/1.1" 200 5266 "http://neo.dmcs.pl/podyplomowe_smtm/smob2/kursbasha/main.html" "Mozilla/5.0 (X11; U; Linux i686; pl-PL; rv:1.9.0.7) Gecko/2009030422 Ubuntu/8.10 (intrepid) Firefox/3.0.7" "-"
10.0.2.12 - - [11/Oct/2009:10:31:59 +0200] "GET /podyplomowe_smtm/smob2/kursbasha/reserved.html HTTP/1.1" 200 1830 "http://neo.dmcs.pl/podyplomowe_smtm/smob2/kursbasha/main.html" "Mozilla/5.0 (X11; U; Linux i686; pl-PL; rv:1.9.0.7) Gecko/2009030422 Ubuntu/8.10 (intrepid) Firefox/3.0.7" "-"
65.55.209.147 - - [11/Oct/2009:10:32:01 +0200] "GET /robots.txt HTTP/1.1" 200 67 "-" "msnbot/1.1 (+http://search.msn.com/msnbot.htm)" "-"
65.55.209.147 - - [11/Oct/2009:10:32:02 +0200] "GET /tcm/index.html HTTP/1.1" 304 - "-" "msnbot/1.1 (+http://search.msn.com/msnbot.htm)" "-"
66.249.65.212 - - [11/Oct/2009:10:32:05 +0200] "GET /pium/pium/pium_5b_4-5.pdf HTTP/1.1" 304 - "-" "Mozilla/5.0 (compatible; Googlebot/2.1; +http://www.google.com/bot.html)" "-"
80.54.115.238 - - [11/Oct/2009:10:32:08 +0200] "GET /mn/laboratorium.htm HTTP/1.1" 200 52077 "-" "Mozilla/5.0 (Windows; U; Windows NT 6.0; pl; rv:1.9.1.3) Gecko/20090824 Firefox/3.5.3 (.NET CLR 3.5.30729)" "-"
89.174.83.190 - - [11/Oct/2009:10:32:13 +0200] "GET /arm/src/reg.32.tgz HTTP/1.1" 200 5155 "http://neo.dmcs.p.lodz.pl/arm/index.html" "Mozilla/5.0 (Windows; U; Windows NT 5.1; pl; rv:1.9.1.3) Gecko/20090824 Firefox/3.5.3 (.NET CLR 3.5.30729)" "-"
89.174.83.190 - - [11/Oct/2009:10:32:17 +0200] "GET /arm/src/reg.32.tgz HTTP/1.1" 200 5155 "http://neo.dmcs.p.lodz.pl/arm/index.html" "Mozilla/5.0 (Windows; U; Windows NT 5.1; pl; rv:1.9.1.3) Gecko/20090824 Firefox/3.5.3 (.NET CLR 3.5.30729)" "-"
213.158.199.135 - - [11/Oct/2009:10:32:18 +0200] "GET /podyplomowe_smtm/smob2 HTTP/1.1" 301 340 "http://neo.dmcs.p.lodz.pl/podyplomowe_smtm/index.html" "Mozilla/5.0 (X11; U; Linux i686; pl-PL; rv:1.9.0.14) Gecko/2009090216 Ubuntu/9.04 (jaunty) Firefox/3.0.14" "-"
213.158.199.135 - - [11/Oct/2009:10:32:18 +0200] "GET /podyplomowe_smtm/smob2/ HTTP/1.1" 200 3632 "http://neo.dmcs.p.lodz.pl/podyplomowe_smtm/index.html" "Mozilla/5.0 (X11; U; Linux i686; pl-PL; rv:1.9.0.14) Gecko/2009090216 Ubuntu/9.04 (jaunty) Firefox/3.0.14" "-"
213.158.199.135 - - [11/Oct/2009:10:32:19 +0200] "GET /podyplomowe_smtm/images/back.jpg HTTP/1.1" 404 313 "http://neo.dmcs.p.lodz.pl/podyplomowe_smtm/smob2/" "Mozilla/5.0 (X11; U; Linux i686; pl-PL; rv:1.9.0.14) Gecko/2009090216 Ubuntu/9.04 (jaunty) Firefox/3.0.14" "-"
213.158.199.135 - - [11/Oct/2009:10:32:22 +0200] "GET /podyplomowe_smtm/smob2/smob2_2_shell.pdf HTTP/1.1" 200 250842 "http://neo.dmcs.p.lodz.pl/podyplomowe_smtm/smob2/" "Mozilla/5.0 (X11; U; Linux i686; pl-PL; rv:1.9.0.14) Gecko/2009090216 Ubuntu/9.04 (jaunty) Firefox/3.0.14" "-"
80.54.115.238 - - [11/Oct/2009:10:32:23 +0200] "GET /mn/MNcw1.pdf HTTP/1.1" 200 79915 "-" "Mozilla/5.0 (Windows; U; Windows NT 6.0; pl; rv:1.9.1.3) Gecko/20090824 Firefox/3.5.3 (.NET CLR 3.5.30729)" "-"
80.54.115.238 - - [11/Oct/2009:10:32:35 +0200] "GET /favicon.ico HTTP/1.1" 404 292 "-" "Mozilla/5.0 (Windows; U; Windows NT 6.0; pl; rv:1.9.1.3) Gecko/20090824 Firefox/3.5.3 (.NET CLR 3.5.30729)" "-"
80.54.115.238 - - [11/Oct/2009:10:32:38 +0200] "GET /favicon.ico HTTP/1.1" 404 292 "-" "Mozilla/5.0 (Windows; U; Windows NT 6.0; pl; rv:1.9.1.3) Gecko/20090824 Firefox/3.5.3 (.NET CLR 3.5.30729)" "-"
153.19.210.159 - - [11/Oct/2009:10:32:39 +0200] "HEAD /favicon.ico HTTP/1.1" 404 0 "-" "Mozilla/5.0 (X11; U; Linux i686; pl; rv:1.9.1.3) Gecko/20090824 Firefox/3.5.3" "-"
89.174.83.190 - - [11/Oct/2009:10:32:45 +0200] "GET /arm/slajdy/slajdy3.pdf HTTP/1.1" 200 2581329 "http://neo.dmcs.p.lodz.pl/arm/index.html" "Mozilla/5.0 (Windows; U; Windows NT 5.1; pl; rv:1.9.1.3) Gecko/20090824 Firefox/3.5.3 (.NET CLR 3.5.30729)" "-"
80.54.115.238 - - [11/Oct/2009:10:32:49 +0200] "GET /mn/laboratorium_files/image002.gif HTTP/1.1" 200 2557 "http://neo.dmcs.p.lodz.pl/mn/laboratorium.htm" "Mozilla/5.0 (Windows; U; Windows NT 6.0; pl; rv:1.9.1.3) Gecko/20090824 Firefox/3.5.3 (.NET CLR 3.5.30729)" "-"
10.0.0.37 - - [11/Oct/2009:10:32:49 +0200] "GET /~kgrabowski/ HTTP/1.1" 200 1299 "-" "Mozilla/4.0 (compatible; MSIE 7.0; Windows NT 5.1; .NET CLR 1.1.4322)" "-"
10.0.0.37 - - [11/Oct/2009:10:32:49 +0200] "GET /icons/blank.gif HTTP/1.1" 304 - "http://neo.dmcs.pl/~kgrabowski/" "Mozilla/4.0 (compatible; MSIE 7.0; Windows NT 5.1; .NET CLR 1.1.4322)" "-"
10.0.0.37 - - [11/Oct/2009:10:32:49 +0200] "GET /icons/back.gif HTTP/1.1" 304 - "http://neo.dmcs.pl/~kgrabowski/" "Mozilla/4.0 (compatible; MSIE 7.0; Windows NT 5.1; .NET CLR 1.1.4322)" "-"
10.0.0.37 - - [11/Oct/2009:10:32:49 +0200] "GET /icons/folder.gif HTTP/1.1" 304 - "http://neo.dmcs.pl/~kgrabowski/" "Mozilla/4.0 (compatible; MSIE 7.0; Windows NT 5.1; .NET CLR 1.1.4322)" "-"
80.54.115.238 - - [11/Oct/2009:10:32:52 +0200] "GET /mn/laboratorium_files/image006.gif HTTP/1.1" 200 365 "http://neo.dmcs.p.lodz.pl/mn/laboratorium.htm" "Mozilla/5.0 (Windows; U; Windows NT 6.0; pl; rv:1.9.1.3) Gecko/20090824 Firefox/3.5.3 (.NET CLR 3.5.30729)" "-"
80.54.115.238 - - [11/Oct/2009:10:32:52 +0200] "GET /mn/laboratorium_files/image004.gif HTTP/1.1" 200 491 "http://neo.dmcs.p.lodz.pl/mn/laboratorium.htm" "Mozilla/5.0 (Windows; U; Windows NT 6.0; pl; rv:1.9.1.3) Gecko/20090824 Firefox/3.5.3 (.NET CLR 3.5.30729)" "-"
80.54.115.238 - - [11/Oct/2009:10:32:52 +0200] "GET /mn/laboratorium_files/image008.gif HTTP/1.1" 200 524 "http://neo.dmcs.p.lodz.pl/mn/laboratorium.htm" "Mozilla/5.0 (Windows; U; Windows NT 6.0; pl; rv:1.9.1.3) Gecko/20090824 Firefox/3.5.3 (.NET CLR 3.5.30729)" "-"
80.54.115.238 - - [11/Oct/2009:10:32:52 +0200] "GET /mn/laboratorium_files/image010.gif HTTP/1.1" 200 802 "http://neo.dmcs.p.lodz.pl/mn/laboratorium.htm" "Mozilla/5.0 (Windows; U; Windows NT 6.0; pl; rv:1.9.1.3) Gecko/20090824 Firefox/3.5.3 (.NET CLR 3.5.30729)" "-"
80.54.115.238 - - [11/Oct/2009:10:32:52 +0200] "GET /mn/laboratorium_files/image012.gif HTTP/1.1" 200 2137 "http://neo.dmcs.p.lodz.pl/mn/laboratorium.htm" "Mozilla/5.0 (Windows; U; Windows NT 6.0; pl; rv:1.9.1.3) Gecko/20090824 Firefox/3.5.3 (.NET CLR 3.5.30729)" "-"
80.54.115.238 - - [11/Oct/2009:10:32:52 +0200] "GET /mn/laboratorium_files/image014.gif HTTP/1.1" 200 4171 "http://neo.dmcs.p.lodz.pl/mn/laboratorium.htm" "Mozilla/5.0 (Windows; U; Windows NT 6.0; pl; rv:1.9.1.3) Gecko/20090824 Firefox/3.5.3 (.NET CLR 3.5.30729)" "-"
10.0.0.37 - - [11/Oct/2009:10:32:52 +0200] "GET /~kgrabowski/materialy%20dodatkowe/ HTTP/1.1" 200 1358 "http://neo.dmcs.pl/~kgrabowski/" "Mozilla/4.0 (compatible; MSIE 7.0; Windows NT 5.1; .NET CLR 1.1.4322)" "-"
10.0.0.37 - - [11/Oct/2009:10:32:52 +0200] "GET /icons/layout.gif HTTP/1.1" 304 - "http://neo.dmcs.pl/~kgrabowski/materialy%20dodatkowe/" "Mozilla/4.0 (compatible; MSIE 7.0; Windows NT 5.1; .NET CLR 1.1.4322)" "-"
10.0.0.37 - - [11/Oct/2009:10:32:52 +0200] "GET /icons/compressed.gif HTTP/1.1" 200 1038 "http://neo.dmcs.pl/~kgrabowski/materialy%20dodatkowe/" "Mozilla/4.0 (compatible; MSIE 7.0; Windows NT 5.1; .NET CLR 1.1.4322)" "-"
80.54.115.238 - - [11/Oct/2009:10:32:52 +0200] "GET /mn/laboratorium_files/image016.gif HTTP/1.1" 200 512 "http://neo.dmcs.p.lodz.pl/mn/laboratorium.htm" "Mozilla/5.0 (Windows; U; Windows NT 6.0; pl; rv:1.9.1.3) Gecko/20090824 Firefox/3.5.3 (.NET CLR 3.5.30729)" "-"
80.54.115.238 - - [11/Oct/2009:10:32:52 +0200] "GET /mn/laboratorium_files/image018.gif HTTP/1.1" 200 650 "http://neo.dmcs.p.lodz.pl/mn/laboratorium.htm" "Mozilla/5.0 (Windows; U; Windows NT 6.0; pl; rv:1.9.1.3) Gecko/20090824 Firefox/3.5.3 (.NET CLR 3.5.30729)" "-"
80.54.115.238 - - [11/Oct/2009:10:32:53 +0200] "GET /mn/laboratorium_files/image020.gif HTTP/1.1" 200 2140 "http://neo.dmcs.p.lodz.pl/mn/laboratorium.htm" "Mozilla/5.0 (Windows; U; Windows NT 6.0; pl; rv:1.9.1.3) Gecko/20090824 Firefox/3.5.3 (.NET CLR 3.5.30729)" "-"
80.54.115.238 - - [11/Oct/2009:10:32:53 +0200] "GET /mn/laboratorium_files/image022.gif HTTP/1.1" 200 409 "http://neo.dmcs.p.lodz.pl/mn/laboratorium.htm" "Mozilla/5.0 (Windows; U; Windows NT 6.0; pl; rv:1.9.1.3) Gecko/20090824 Firefox/3.5.3 (.NET CLR 3.5.30729)" "-"
80.54.115.238 - - [11/Oct/2009:10:32:53 +0200] "GET /mn/laboratorium_files/image024.gif HTTP/1.1" 200 1233 "http://neo.dmcs.p.lodz.pl/mn/laboratorium.htm" "Mozilla/5.0 (Windows; U; Windows NT 6.0; pl; rv:1.9.1.3) Gecko/20090824 Firefox/3.5.3 (.NET CLR 3.5.30729)" "-"
10.0.2.3 - - [11/Oct/2009:10:32:53 +0200] "GET /podyplomowe_smtm/smob2/kursbasha/echo.html HTTP/1.1" 200 2676 "http://neo/podyplomowe_smtm/smob2/kursbasha/main.html" "Mozilla/5.0 (X11; U; Linux i686; pl-PL; rv:1.9.0.7) Gecko/2009030422 Ubuntu/8.10 (intrepid) Firefox/3.0.7" "-"
80.54.115.238 - - [11/Oct/2009:10:32:54 +0200] "GET /mn/laboratorium_files/image026.gif HTTP/1.1" 200 404 "http://neo.dmcs.p.lodz.pl/mn/laboratorium.htm" "Mozilla/5.0 (Windows; U; Windows NT 6.0; pl; rv:1.9.1.3) Gecko/20090824 Firefox/3.5.3 (.NET CLR 3.5.30729)" "-"
10.0.0.37 - - [11/Oct/2009:10:32:56 +0200] "GET /~kgrabowski/materialy%20dodatkowe/tlv320aic23.pdf HTTP/1.1" 200 350236 "http://neo.dmcs.pl/~kgrabowski/materialy%20dodatkowe/" "Mozilla/4.0 (compatible; MSIE 7.0; Windows NT 5.1; .NET CLR 1.1.4322)" "-"
10.0.0.37 - - [11/Oct/2009:10:32:56 +0200] "GET /~kgrabowski/materialy%20dodatkowe/tlv320aic23.pdf HTTP/1.1" 206 4096 "-" "Mozilla/4.0 (compatible; MSIE 7.0; Windows NT 5.1; .NET CLR 1.1.4322)" "-"
10.0.0.37 - - [11/Oct/2009:10:32:56 +0200] "GET /~kgrabowski/materialy%20dodatkowe/tlv320aic23.pdf HTTP/1.1" 206 63 "-" "Mozilla/4.0 (compatible; MSIE 7.0; Windows NT 5.1; .NET CLR 1.1.4322)" "-"
10.0.0.37 - - [11/Oct/2009:10:32:56 +0200] "GET /~kgrabowski/materialy%20dodatkowe/tlv320aic23.pdf HTTP/1.1" 206 502 "-" "Mozilla/4.0 (compatible; MSIE 7.0; Windows NT 5.1; .NET CLR 1.1.4322)" "-"
10.0.0.37 - - [11/Oct/2009:10:32:57 +0200] "GET /~kgrabowski/materialy%20dodatkowe/tlv320aic23.pdf HTTP/1.1" 206 6318 "-" "Mozilla/4.0 (compatible; MSIE 7.0; Windows NT 5.1; .NET CLR 1.1.4322)" "-"
10.0.0.37 - - [11/Oct/2009:10:32:57 +0200] "GET /~kgrabowski/materialy%20dodatkowe/tlv320aic23.pdf HTTP/1.1" 206 144526 "-" "Mozilla/4.0 (compatible; MSIE 7.0; Windows NT 5.1; .NET CLR 1.1.4322)" "-"
80.54.115.238 - - [11/Oct/2009:10:32:57 +0200] "GET /mn/laboratorium.htm HTTP/1.1" 206 61690 "-" "Mozilla/5.0 (Windows; U; Windows NT 6.0; pl; rv:1.9.1.3) Gecko/20090824 Firefox/3.5.3 (.NET CLR 3.5.30729)" "-"
80.54.115.238 - - [11/Oct/2009:10:32:57 +0200] "GET /mn/laboratorium_files/image028.gif HTTP/1.1" 200 782 "http://neo.dmcs.p.lodz.pl/mn/laboratorium.htm" "Mozilla/5.0 (Windows; U; Windows NT 6.0; pl; rv:1.9.1.3) Gecko/20090824 Firefox/3.5.3 (.NET CLR 3.5.30729)" "-"
80.54.115.238 - - [11/Oct/2009:10:32:58 +0200] "GET /mn/laboratorium_files/image030.gif HTTP/1.1" 200 2551 "http://neo.dmcs.p.lodz.pl/mn/laboratorium.htm" "Mozilla/5.0 (Windows; U; Windows NT 6.0; pl; rv:1.9.1.3) Gecko/20090824 Firefox/3.5.3 (.NET CLR 3.5.30729)" "-"
80.54.115.238 - - [11/Oct/2009:10:32:58 +0200] "GET /mn/laboratorium_files/image032.gif HTTP/1.1" 200 926 "http://neo.dmcs.p.lodz.pl/mn/laboratorium.htm" "Mozilla/5.0 (Windows; U; Windows NT 6.0; pl; rv:1.9.1.3) Gecko/20090824 Firefox/3.5.3 (.NET CLR 3.5.30729)" "-"
80.54.115.238 - - [11/Oct/2009:10:32:59 +0200] "GET /mn/laboratorium_files/image034.gif HTTP/1.1" 200 559 "http://neo.dmcs.p.lodz.pl/mn/laboratorium.htm" "Mozilla/5.0 (Windows; U; Windows NT 6.0; pl; rv:1.9.1.3) Gecko/20090824 Firefox/3.5.3 (.NET CLR 3.5.30729)" "-"
10.0.2.1 - - [11/Oct/2009:10:33:01 +0200] "GET /podyplomowe_smtm/smob2/kursbasha/hello.html HTTP/1.1" 200 2860 "http://neo.dmcs.pl/podyplomowe_smtm/smob2/kursbasha/main.html" "Mozilla/5.0 (X11; U; Linux i686; pl-PL; rv:1.9.0.7) Gecko/2009030422 Ubuntu/8.10 (intrepid) Firefox/3.0.7" "-"
10.0.2.3 - - [11/Oct/2009:10:33:01 +0200] "GET /podyplomowe_smtm/smob2/kursbasha/reserved.html HTTP/1.1" 200 1830 "http://neo/podyplomowe_smtm/smob2/kursbasha/main.html" "Mozilla/5.0 (X11; U; Linux i686; pl-PL; rv:1.9.0.7) Gecko/2009030422 Ubuntu/8.10 (intrepid) Firefox/3.0.7" "-"
80.54.115.238 - - [11/Oct/2009:10:33:02 +0200] "GET /mn/laboratorium_files/image036.gif HTTP/1.1" 200 2065 "http://neo.dmcs.p.lodz.pl/mn/laboratorium.htm" "Mozilla/5.0 (Windows; U; Windows NT 6.0; pl; rv:1.9.1.3) Gecko/20090824 Firefox/3.5.3 (.NET CLR 3.5.30729)" "-"
10.0.0.36 - - [11/Oct/2009:10:33:09 +0200] "GET /~kgrabowski/laboratorium/LabolatoriumDSP2i3.pdf HTTP/1.1" 404 321 "http://neo.dmcs.pl/~kgrabowski/laboratorium/" "Mozilla/4.0 (compatible; MSIE 7.0; Windows NT 5.1; .NET CLR 1.1.4322)" "-"
83.4.139.111 - - [11/Oct/2009:10:33:11 +0200] "GET /~starzak/lab/mikroeln/ HTTP/1.1" 200 14406 "http://www.google.pl/url?sa=t&source=web&ct=res&cd=1&ved=0CAYQFjAA&url=http%3A%2F%2Fneo.dmcs.p.lodz.pl%2F~starzak%2Flab%2Fmikroeln%2F&ei=RJjRSq6WJoXwmwO7wMX9Ag&rct=j&q=sprawozdanie+z+laboratorium+mikroelektroniki&usg=AFQjCNHQvMPMk0zH1C5ydubg5uBlh8RfqQ" "Mozilla/5.0 (Windows; U; Windows NT 5.1; pl; rv:1.9.0.14) Gecko/2009082707 Firefox/3.0.14" "-"
83.4.139.111 - - [11/Oct/2009:10:33:11 +0200] "GET /~starzak/style.css HTTP/1.1" 200 3084 "http://neo.dmcs.p.lodz.pl/~starzak/lab/mikroeln/" "Mozilla/5.0 (Windows; U; Windows NT 5.1; pl; rv:1.9.0.14) Gecko/2009082707 Firefox/3.0.14" "-"
83.4.139.111 - - [11/Oct/2009:10:33:11 +0200] "GET /favicon.ico HTTP/1.1" 404 292 "-" "Mozilla/5.0 (Windows; U; Windows NT 5.1; pl; rv:1.9.0.14) Gecko/2009082707 Firefox/3.0.14" "-"
83.4.139.111 - - [11/Oct/2009:10:33:11 +0200] "GET /favicon.ico HTTP/1.1" 404 292 "-" "Mozilla/5.0 (Windows; U; Windows NT 5.1; pl; rv:1.9.0.14) Gecko/2009082707 Firefox/3.0.14" "-"
10.0.0.36 - - [11/Oct/2009:10:33:13 +0200] "GET /~kgrabowski/laboratorium/LabolatoriumDSP2i3.pdf HTTP/1.1" 404 321 "http://neo.dmcs.pl/~kgrabowski/laboratorium/" "Mozilla/4.0 (compatible; MSIE 7.0; Windows NT 5.1; .NET CLR 1.1.4322)" "-"
10.0.0.37 - - [11/Oct/2009:10:33:14 +0200] "GET /~kgrabowski/ HTTP/1.1" 200 1299 "-" "Mozilla/4.0 (compatible; MSIE 7.0; Windows NT 5.1; .NET CLR 1.1.4322)" "-"
10.0.0.37 - - [11/Oct/2009:10:33:14 +0200] "GET /icons/blank.gif HTTP/1.1" 304 - "http://neo.dmcs.pl/~kgrabowski/" "Mozilla/4.0 (compatible; MSIE 7.0; Windows NT 5.1; .NET CLR 1.1.4322)" "-"
10.0.0.37 - - [11/Oct/2009:10:33:14 +0200] "GET /icons/folder.gif HTTP/1.1" 304 - "http://neo.dmcs.pl/~kgrabowski/" "Mozilla/4.0 (compatible; MSIE 7.0; Windows NT 5.1; .NET CLR 1.1.4322)" "-"
10.0.0.37 - - [11/Oct/2009:10:33:14 +0200] "GET /icons/back.gif HTTP/1.1" 304 - "http://neo.dmcs.pl/~kgrabowski/" "Mozilla/4.0 (compatible; MSIE 7.0; Windows NT 5.1; .NET CLR 1.1.4322)" "-"
10.0.0.37 - - [11/Oct/2009:10:33:17 +0200] "GET /~kgrabowski/materialy%20dodatkowe/ HTTP/1.1" 200 1358 "http://neo.dmcs.pl/~kgrabowski/" "Mozilla/4.0 (compatible; MSIE 7.0; Windows NT 5.1; .NET CLR 1.1.4322)" "-"
10.0.0.37 - - [11/Oct/2009:10:33:17 +0200] "GET /icons/layout.gif HTTP/1.1" 304 - "http://neo.dmcs.pl/~kgrabowski/materialy%20dodatkowe/" "Mozilla/4.0 (compatible; MSIE 7.0; Windows NT 5.1; .NET CLR 1.1.4322)" "-"
10.0.0.37 - - [11/Oct/2009:10:33:17 +0200] "GET /icons/compressed.gif HTTP/1.1" 304 - "http://neo.dmcs.pl/~kgrabowski/materialy%20dodatkowe/" "Mozilla/4.0 (compatible; MSIE 7.0; Windows NT 5.1; .NET CLR 1.1.4322)" "-"
10.0.0.39 - - [11/Oct/2009:10:33:18 +0200] "GET /~kgrabowski/labolatorium/ HTTP/1.1" 404 299 "http://neo.dmcs.pl/~kgrabowski/" "Mozilla/4.0 (compatible; MSIE 7.0; Windows NT 5.1; .NET CLR 1.1.4322)" "-"
10.0.0.36 - - [11/Oct/2009:10:33:18 +0200] "GET /~kgrabowski/laboratorium/LabolatoriumDSP2i3.pdf HTTP/1.1" 404 321 "-" "Mozilla/4.0 (compatible; MSIE 7.0; Windows NT 5.1; .NET CLR 1.1.4322)" "-"
10.0.0.39 - - [11/Oct/2009:10:33:20 +0200] "GET /~kgrabowski/labolatorium/ HTTP/1.1" 404 299 "http://neo.dmcs.pl/~kgrabowski/" "Mozilla/4.0 (compatible; MSIE 7.0; Windows NT 5.1; .NET CLR 1.1.4322)" "-"
10.0.0.36 - - [11/Oct/2009:10:33:21 +0200] "GET /~kgrabowski/ HTTP/1.1" 200 1299 "http://neo.dmcs.pl/~kgrabowski/laboratorium/" "Mozilla/4.0 (compatible; MSIE 7.0; Windows NT 5.1; .NET CLR 1.1.4322)" "-"
10.0.0.36 - - [11/Oct/2009:10:33:21 +0200] "GET /icons/blank.gif HTTP/1.1" 304 - "http://neo.dmcs.pl/~kgrabowski/" "Mozilla/4.0 (compatible; MSIE 7.0; Windows NT 5.1; .NET CLR 1.1.4322)" "-"
10.0.0.36 - - [11/Oct/2009:10:33:21 +0200] "GET /icons/folder.gif HTTP/1.1" 304 - "http://neo.dmcs.pl/~kgrabowski/" "Mozilla/4.0 (compatible; MSIE 7.0; Windows NT 5.1; .NET CLR 1.1.4322)" "-"
10.0.0.36 - - [11/Oct/2009:10:33:21 +0200] "GET /icons/back.gif HTTP/1.1" 304 - "http://neo.dmcs.pl/~kgrabowski/" "Mozilla/4.0 (compatible; MSIE 7.0; Windows NT 5.1; .NET CLR 1.1.4322)" "-"
10.0.0.39 - - [11/Oct/2009:10:33:23 +0200] "GET /~kgrabowski/materialy%20dodatkowe/ HTTP/1.1" 200 1358 "http://neo.dmcs.pl/~kgrabowski/" "Mozilla/4.0 (compatible; MSIE 7.0; Windows NT 5.1; .NET CLR 1.1.4322)" "-"
10.0.0.39 - - [11/Oct/2009:10:33:23 +0200] "GET /icons/layout.gif HTTP/1.1" 304 - "http://neo.dmcs.pl/~kgrabowski/materialy%20dodatkowe/" "Mozilla/4.0 (compatible; MSIE 7.0; Windows NT 5.1; .NET CLR 1.1.4322)" "-"
10.0.0.39 - - [11/Oct/2009:10:33:23 +0200] "GET /icons/compressed.gif HTTP/1.1" 200 1038 "http://neo.dmcs.pl/~kgrabowski/materialy%20dodatkowe/" "Mozilla/4.0 (compatible; MSIE 7.0; Windows NT 5.1; .NET CLR 1.1.4322)" "-"
10.0.0.36 - - [11/Oct/2009:10:33:23 +0200] "GET /~kgrabowski/laboratorium/ HTTP/1.1" 200 1218 "http://neo.dmcs.pl/~kgrabowski/" "Mozilla/4.0 (compatible; MSIE 7.0; Windows NT 5.1; .NET CLR 1.1.4322)" "-"
10.0.0.36 - - [11/Oct/2009:10:33:23 +0200] "GET /icons/layout.gif HTTP/1.1" 304 - "http://neo.dmcs.pl/~kgrabowski/laboratorium/" "Mozilla/4.0 (compatible; MSIE 7.0; Windows NT 5.1; .NET CLR 1.1.4322)" "-"
10.0.0.37 - - [11/Oct/2009:10:33:24 +0200] "GET /~kgrabowski/materialy%20dodatkowe/dsk6713_TechRef.pdf HTTP/1.1" 200 409448 "http://neo.dmcs.pl/~kgrabowski/materialy%20dodatkowe/" "Mozilla/4.0 (compatible; MSIE 7.0; Windows NT 5.1; .NET CLR 1.1.4322)" "-"
10.0.0.37 - - [11/Oct/2009:10:33:24 +0200] "GET /~kgrabowski/materialy%20dodatkowe/dsk6713_TechRef.pdf HTTP/1.1" 206 3748 "-" "Mozilla/4.0 (compatible; MSIE 7.0; Windows NT 5.1; .NET CLR 1.1.4322)" "-"
10.0.0.37 - - [11/Oct/2009:10:33:24 +0200] "GET /~kgrabowski/materialy%20dodatkowe/dsk6713_TechRef.pdf HTTP/1.1" 206 219 "-" "Mozilla/4.0 (compatible; MSIE 7.0; Windows NT 5.1; .NET CLR 1.1.4322)" "-"
10.0.0.37 - - [11/Oct/2009:10:33:24 +0200] "GET /~kgrabowski/materialy%20dodatkowe/dsk6713_TechRef.pdf HTTP/1.1" 206 3392 "-" "Mozilla/4.0 (compatible; MSIE 7.0; Windows NT 5.1; .NET CLR 1.1.4322)" "-"
10.0.0.37 - - [11/Oct/2009:10:33:24 +0200] "GET /~kgrabowski/materialy%20dodatkowe/dsk6713_TechRef.pdf HTTP/1.1" 206 909 "-" "Mozilla/4.0 (compatible; MSIE 7.0; Windows NT 5.1; .NET CLR 1.1.4322)" "-"
10.0.0.37 - - [11/Oct/2009:10:33:24 +0200] "GET /~kgrabowski/materialy%20dodatkowe/dsk6713_TechRef.pdf HTTP/1.1" 206 13303 "-" "Mozilla/4.0 (compatible; MSIE 7.0; Windows NT 5.1; .NET CLR 1.1.4322)" "-"
10.0.0.37 - - [11/Oct/2009:10:33:24 +0200] "GET /~kgrabowski/materialy%20dodatkowe/dsk6713_TechRef.pdf HTTP/1.1" 206 284691 "-" "Mozilla/4.0 (compatible; MSIE 7.0; Windows NT 5.1; .NET CLR 1.1.4322)" "-"
83.31.216.17 - - [11/Oct/2009:10:33:25 +0200] "GET /robots.txt HTTP/1.1" 200 67 "-" "Szukacz/1.5 (robot; www.szukacz.pl/html/jak_dziala_robot.html; info@szukacz.pl)" "-"
83.31.216.17 - - [11/Oct/2009:10:33:27 +0200] "GET /mjp4/index.html HTTP/1.1" 200 3511 "-" "Szukacz/1.5 (robot; www.szukacz.pl/html/jak_dziala_robot.html; info@szukacz.pl)" "-"
10.0.0.36 - - [11/Oct/2009:10:33:27 +0200] "GET /~kgrabowski/laboratorium/LaboratoriumDSP1.pdf HTTP/1.1" 304 - "-" "Mozilla/4.0 (compatible; MSIE 7.0; Windows NT 5.1; .NET CLR 1.1.4322)" "-"
10.0.0.36 - - [11/Oct/2009:10:33:39 +0200] "GET /~kgrabowski/laboratorium/LaboratoriumDSP2i3.pdf HTTP/1.1" 200 202341 "-" "Mozilla/4.0 (compatible; MSIE 7.0; Windows NT 5.1; .NET CLR 1.1.4322)" "-"
10.0.2.4 - - [11/Oct/2009:10:33:43 +0200] "GET /podyplomowe_smtm/smob2/smob2_2_shell.pdf HTTP/1.1" 200 250842 "http://neo/podyplomowe_smtm/smob2/" "Mozilla/5.0 (X11; U; Linux i686; pl-PL; rv:1.9.0.7) Gecko/2009030422 Ubuntu/8.10 (intrepid) Firefox/3.0.7" "-"
10.0.0.37 - - [11/Oct/2009:10:34:00 +0200] "GET /~kgrabowski/materialy%20dodatkowe/dsk_app.zip HTTP/1.1" 200 421298 "http://neo.dmcs.pl/~kgrabowski/materialy%20dodatkowe/" "Mozilla/4.0 (compatible; MSIE 7.0; Windows NT 5.1; .NET CLR 1.1.4322)" "-"
10.0.0.36 - - [11/Oct/2009:10:34:13 +0200] "GET /~kgrabowski/ HTTP/1.1" 200 1299 "http://neo.dmcs.pl/~kgrabowski/laboratorium/" "Mozilla/4.0 (compatible; MSIE 7.0; Windows NT 5.1; .NET CLR 1.1.4322)" "-"
10.0.0.36 - - [11/Oct/2009:10:34:13 +0200] "GET /icons/blank.gif HTTP/1.1" 304 - "http://neo.dmcs.pl/~kgrabowski/" "Mozilla/4.0 (compatible; MSIE 7.0; Windows NT 5.1; .NET CLR 1.1.4322)" "-"
10.0.0.36 - - [11/Oct/2009:10:34:13 +0200] "GET /icons/folder.gif HTTP/1.1" 304 - "http://neo.dmcs.pl/~kgrabowski/" "Mozilla/4.0 (compatible; MSIE 7.0; Windows NT 5.1; .NET CLR 1.1.4322)" "-"
10.0.0.36 - - [11/Oct/2009:10:34:13 +0200] "GET /icons/back.gif HTTP/1.1" 304 - "http://neo.dmcs.pl/~kgrabowski/" "Mozilla/4.0 (compatible; MSIE 7.0; Windows NT 5.1; .NET CLR 1.1.4322)" "-"
10.0.0.36 - - [11/Oct/2009:10:34:15 +0200] "GET /~kgrabowski/laboratorium/ HTTP/1.1" 200 1218 "http://neo.dmcs.pl/~kgrabowski/" "Mozilla/4.0 (compatible; MSIE 7.0; Windows NT 5.1; .NET CLR 1.1.4322)" "-"
10.0.0.36 - - [11/Oct/2009:10:34:15 +0200] "GET /icons/layout.gif HTTP/1.1" 304 - "http://neo.dmcs.pl/~kgrabowski/laboratorium/" "Mozilla/4.0 (compatible; MSIE 7.0; Windows NT 5.1; .NET CLR 1.1.4322)" "-"
10.0.0.39 - - [11/Oct/2009:10:34:30 +0200] "GET /~kgrabowski/labolatorium/ HTTP/1.1" 404 299 "http://neo.dmcs.pl/~kgrabowski/" "Mozilla/4.0 (compatible; MSIE 7.0; Windows NT 5.1; .NET CLR 1.1.4322)" "-"
65.55.209.155 - - [11/Oct/2009:10:34:30 +0200] "GET /robots.txt HTTP/1.1" 200 67 "-" "msnbot/1.1 (+http://search.msn.com/msnbot.htm)" "-"
65.55.209.155 - - [11/Oct/2009:10:34:31 +0200] "GET /tk/UNIXhelp1.3/Pages/index/ih.html HTTP/1.1" 200 1928 "-" "msnbot/1.1 (+http://search.msn.com/msnbot.htm)" "-"
10.0.0.39 - - [11/Oct/2009:10:34:34 +0200] "GET /~kgrabowski/wyklad/ HTTP/1.1" 200 1192 "http://neo.dmcs.pl/~kgrabowski/" "Mozilla/4.0 (compatible; MSIE 7.0; Windows NT 5.1; .NET CLR 1.1.4322)" "-"
10.0.0.39 - - [11/Oct/2009:10:34:47 +0200] "GET /~kgrabowski/labolatorium/ HTTP/1.1" 404 299 "http://neo.dmcs.pl/~kgrabowski/" "Mozilla/4.0 (compatible; MSIE 7.0; Windows NT 5.1; .NET CLR 1.1.4322)" "-"
10.0.0.37 - - [11/Oct/2009:10:34:48 +0200] "GET /~kgrabowski/ HTTP/1.1" 200 1299 "-" "Mozilla/4.0 (compatible; MSIE 7.0; Windows NT 5.1; .NET CLR 1.1.4322)" "-"
10.0.0.37 - - [11/Oct/2009:10:34:48 +0200] "GET /icons/blank.gif HTTP/1.1" 304 - "http://neo.dmcs.pl/~kgrabowski/" "Mozilla/4.0 (compatible; MSIE 7.0; Windows NT 5.1; .NET CLR 1.1.4322)" "-"
10.0.0.37 - - [11/Oct/2009:10:34:48 +0200] "GET /icons/folder.gif HTTP/1.1" 304 - "http://neo.dmcs.pl/~kgrabowski/" "Mozilla/4.0 (compatible; MSIE 7.0; Windows NT 5.1; .NET CLR 1.1.4322)" "-"
10.0.0.37 - - [11/Oct/2009:10:34:48 +0200] "GET /icons/back.gif HTTP/1.1" 304 - "http://neo.dmcs.pl/~kgrabowski/" "Mozilla/4.0 (compatible; MSIE 7.0; Windows NT 5.1; .NET CLR 1.1.4322)" "-"
10.0.0.39 - - [11/Oct/2009:10:34:55 +0200] "GET /~kgrabowski/wyklad/ HTTP/1.1" 200 1192 "http://neo.dmcs.pl/~kgrabowski/" "Mozilla/4.0 (compatible; MSIE 7.0; Windows NT 5.1; .NET CLR 1.1.4322)" "-"
10.0.0.37 - - [11/Oct/2009:10:35:00 +0200] "GET /~kgrabowski/laboratorium/ HTTP/1.1" 200 1218 "http://neo.dmcs.pl/~kgrabowski/" "Mozilla/4.0 (compatible; MSIE 7.0; Windows NT 5.1; .NET CLR 1.1.4322)" "-"
10.0.0.37 - - [11/Oct/2009:10:35:00 +0200] "GET /icons/layout.gif HTTP/1.1" 304 - "http://neo.dmcs.pl/~kgrabowski/laboratorium/" "Mozilla/4.0 (compatible; MSIE 7.0; Windows NT 5.1; .NET CLR 1.1.4322)" "-"
10.0.0.39 - - [11/Oct/2009:10:35:00 +0200] "GET /~kgrabowski/labolatorium/ HTTP/1.1" 404 299 "http://neo.dmcs.pl/~kgrabowski/" "Mozilla/4.0 (compatible; MSIE 7.0; Windows NT 5.1; .NET CLR 1.1.4322)" "-"
10.0.0.37 - - [11/Oct/2009:10:35:03 +0200] "GET /~kgrabowski/ HTTP/1.1" 200 1299 "http://neo.dmcs.pl/~kgrabowski/laboratorium/" "Mozilla/4.0 (compatible; MSIE 7.0; Windows NT 5.1; .NET CLR 1.1.4322)" "-"
10.0.2.2 - - [11/Oct/2009:10:35:04 +0200] "GET /podyplomowe_smtm/smob2/kursbasha/for.html HTTP/1.1" 200 2533 "http://neo.dmcs.pl/podyplomowe_smtm/smob2/kursbasha/main.html" "Mozilla/5.0 (X11; U; Linux i686; pl-PL; rv:1.9.0.7) Gecko/2009030422 Ubuntu/8.10 (intrepid) Firefox/3.0.7" "-"
10.0.0.39 - - [11/Oct/2009:10:35:07 +0200] "GET /~kgrabowski/labolatorium/ HTTP/1.1" 404 299 "http://neo.dmcs.pl/~kgrabowski/" "Mozilla/4.0 (compatible; MSIE 7.0; Windows NT 5.1; .NET CLR 1.1.4322)" "-"
10.0.0.37 - - [11/Oct/2009:10:35:07 +0200] "GET /~kgrabowski/laboratorium/ HTTP/1.1" 200 1218 "http://neo.dmcs.pl/~kgrabowski/" "Mozilla/4.0 (compatible; MSIE 7.0; Windows NT 5.1; .NET CLR 1.1.4322)" "-"
10.0.0.37 - - [11/Oct/2009:10:35:09 +0200] "GET /~kgrabowski/laboratorium/LaboratoriumDSP1.pdf HTTP/1.1" 304 - "http://neo.dmcs.pl/~kgrabowski/laboratorium/" "Mozilla/4.0 (compatible; MSIE 7.0; Windows NT 5.1; .NET CLR 1.1.4322)" "-"
66.249.65.212 - - [11/Oct/2009:10:35:18 +0200] "GET /isbd/php/doc/polish_many/debugger-protocol.html HTTP/1.1" 200 8929 "-" "SAMSUNG-SGH-E250/1.0 Profile/MIDP-2.0 Configuration/CLDC-1.1 UP.Browser/6.2.3.3.c.1.101 (GUI) MMP/2.0 (compatible; Googlebot-Mobile/2.1; +http://www.google.com/bot.html)" "-"
10.0.0.39 - - [11/Oct/2009:10:35:23 +0200] "GET /~kgrabowski/ HTTP/1.1" 200 1299 "-" "Mozilla/4.0 (compatible; MSIE 7.0; Windows NT 5.1; .NET CLR 1.1.4322)" "-"
10.0.0.39 - - [11/Oct/2009:10:35:23 +0200] "GET /icons/blank.gif HTTP/1.1" 304 - "http://neo.dmcs.pl/~kgrabowski/" "Mozilla/4.0 (compatible; MSIE 7.0; Windows NT 5.1; .NET CLR 1.1.4322)" "-"
10.0.0.39 - - [11/Oct/2009:10:35:23 +0200] "GET /icons/folder.gif HTTP/1.1" 304 - "http://neo.dmcs.pl/~kgrabowski/" "Mozilla/4.0 (compatible; MSIE 7.0; Windows NT 5.1; .NET CLR 1.1.4322)" "-"
10.0.0.39 - - [11/Oct/2009:10:35:23 +0200] "GET /icons/back.gif HTTP/1.1" 304 - "http://neo.dmcs.pl/~kgrabowski/" "Mozilla/4.0 (compatible; MSIE 7.0; Windows NT 5.1; .NET CLR 1.1.4322)" "-"
10.0.0.39 - - [11/Oct/2009:10:35:25 +0200] "GET /~kgrabowski/laboratorium/ HTTP/1.1" 200 1218 "http://neo.dmcs.pl/~kgrabowski/" "Mozilla/4.0 (compatible; MSIE 7.0; Windows NT 5.1; .NET CLR 1.1.4322)" "-"
10.0.0.39 - - [11/Oct/2009:10:35:29 +0200] "GET /~kgrabowski/laboratorium/LaboratoriumDSP1.pdf HTTP/1.1" 200 161562 "http://neo.dmcs.pl/~kgrabowski/laboratorium/" "Mozilla/4.0 (compatible; MSIE 7.0; Windows NT 5.1; .NET CLR 1.1.4322)" "-"
10.0.0.39 - - [11/Oct/2009:10:35:36 +0200] "GET /~kgrabowski/laboratorium/LaboratoriumDSP2i3.pdf HTTP/1.1" 200 202341 "http://neo.dmcs.pl/~kgrabowski/laboratorium/" "Mozilla/4.0 (compatible; MSIE 7.0; Windows NT 5.1; .NET CLR 1.1.4322)" "-"
83.28.73.58 - - [11/Oct/2009:10:35:52 +0200] "GET /ak/kodowanie_liczb_calkowitych.pdf HTTP/1.1" 200 23013 "http://www.google.pl/search?hl=pl&client=firefox-a&channel=s&rls=org.mozilla%3Apl%3Aofficial&q=pozycyjne+systemy+liczbowe+reprezentacja+unikalna&btnG=Szukaj&lr=" "Mozilla/5.0 (Windows; U; Windows NT 5.1; pl; rv:1.9.0.14) Gecko/2009082707 Firefox/3.0.14" "-"
83.28.73.58 - - [11/Oct/2009:10:35:55 +0200] "GET /ak/kodowanie_liczb_calkowitych.pdf HTTP/1.1" 206 335867 "-" "Mozilla/5.0 (Windows; U; Windows NT 5.1; pl; rv:1.9.0.14) Gecko/2009082707 Firefox/3.0.14" "-"
83.28.73.58 - - [11/Oct/2009:10:35:55 +0200] "GET /favicon.ico HTTP/1.1" 404 292 "-" "Mozilla/5.0 (Windows; U; Windows NT 5.1; pl; rv:1.9.0.14) Gecko/2009082707 Firefox/3.0.14" "-"
83.28.73.58 - - [11/Oct/2009:10:35:58 +0200] "GET /favicon.ico HTTP/1.1" 404 292 "-" "Mozilla/5.0 (Windows; U; Windows NT 5.1; pl; rv:1.9.0.14) Gecko/2009082707 Firefox/3.0.14" "-"
67.195.113.234 - - [11/Oct/2009:10:36:10 +0200] "GET /kpuesz/kpue-sz_proj-1.pdf HTTP/1.0" 200 43158 "-" "Mozilla/5.0 (compatible; Yahoo! Slurp/3.0; http://help.yahoo.com/help/us/ysearch/slurp)" "-"
10.0.0.39 - - [11/Oct/2009:10:36:53 +0200] "GET /~kgrabowski HTTP/1.1" 301 315 "-" "Mozilla/4.0 (compatible; MSIE 7.0; Windows NT 5.1; .NET CLR 1.1.4322)" "-"
10.0.0.39 - - [11/Oct/2009:10:36:53 +0200] "GET /~kgrabowski/ HTTP/1.1" 200 1299 "-" "Mozilla/4.0 (compatible; MSIE 7.0; Windows NT 5.1; .NET CLR 1.1.4322)" "-"
10.0.0.39 - - [11/Oct/2009:10:36:54 +0200] "GET /icons/blank.gif HTTP/1.1" 304 - "http://neo.dmcs.pl/~kgrabowski/" "Mozilla/4.0 (compatible; MSIE 7.0; Windows NT 5.1; .NET CLR 1.1.4322)" "-"
10.0.0.39 - - [11/Oct/2009:10:36:54 +0200] "GET /icons/folder.gif HTTP/1.1" 304 - "http://neo.dmcs.pl/~kgrabowski/" "Mozilla/4.0 (compatible; MSIE 7.0; Windows NT 5.1; .NET CLR 1.1.4322)" "-"
10.0.0.39 - - [11/Oct/2009:10:36:54 +0200] "GET /icons/back.gif HTTP/1.1" 304 - "http://neo.dmcs.pl/~kgrabowski/" "Mozilla/4.0 (compatible; MSIE 7.0; Windows NT 5.1; .NET CLR 1.1.4322)" "-"
10.0.0.39 - - [11/Oct/2009:10:36:56 +0200] "GET /~kgrabowski/laboratorium/ HTTP/1.1" 200 1218 "http://neo.dmcs.pl/~kgrabowski/" "Mozilla/4.0 (compatible; MSIE 7.0; Windows NT 5.1; .NET CLR 1.1.4322)" "-"
10.0.0.39 - - [11/Oct/2009:10:36:56 +0200] "GET /icons/layout.gif HTTP/1.1" 304 - "http://neo.dmcs.pl/~kgrabowski/laboratorium/" "Mozilla/4.0 (compatible; MSIE 7.0; Windows NT 5.1; .NET CLR 1.1.4322)" "-"
10.0.0.39 - - [11/Oct/2009:10:36:57 +0200] "GET /~kgrabowski/laboratorium/LaboratoriumDSP1.pdf HTTP/1.1" 304 - "http://neo.dmcs.pl/~kgrabowski/laboratorium/" "Mozilla/4.0 (compatible; MSIE 7.0; Windows NT 5.1; .NET CLR 1.1.4322)" "-"
83.10.170.236 - - [11/Oct/2009:10:36:57 +0200] "GET / HTTP/1.1" 200 8370 "-" "Opera/9.80 (Windows NT 5.1; U; pl) Presto/2.2.15 Version/10.00" "-"
83.10.170.236 - - [11/Oct/2009:10:36:58 +0200] "GET /style.css HTTP/1.1" 200 2000 "http://lux.dmcs.p.lodz.pl/" "Opera/9.80 (Windows NT 5.1; U; pl) Presto/2.2.15 Version/10.00" "-"
83.10.170.236 - - [11/Oct/2009:10:36:59 +0200] "GET /images/back.jpg HTTP/1.1" 404 296 "http://lux.dmcs.p.lodz.pl/" "Opera/9.80 (Windows NT 5.1; U; pl) Presto/2.2.15 Version/10.00" "-"
83.10.170.236 - - [11/Oct/2009:10:37:02 +0200] "GET /favicon.ico HTTP/1.1" 404 292 "http://lux.dmcs.p.lodz.pl/" "Opera/9.80 (Windows NT 5.1; U; pl) Presto/2.2.15 Version/10.00" "-"
83.10.170.236 - - [11/Oct/2009:10:37:10 +0200] "GET /pki/index.html HTTP/1.1" 200 1878 "http://lux.dmcs.p.lodz.pl/" "Opera/9.80 (Windows NT 5.1; U; pl) Presto/2.2.15 Version/10.00" "-"
83.10.170.236 - - [11/Oct/2009:10:37:11 +0200] "GET /images/back.jpg HTTP/1.1" 404 296 "http://lux.dmcs.p.lodz.pl/pki/index.html" "Opera/9.80 (Windows NT 5.1; U; pl) Presto/2.2.15 Version/10.00" "-"
66.249.65.212 - - [11/Oct/2009:10:37:32 +0200] "GET /isbd/php/doc/polish_many/zend.arguments.html HTTP/1.1" 200 6439 "-" "Mozilla/5.0 (compatible; Googlebot/2.1; +http://www.google.com/bot.html)" "-"
