77.65.165.172 - - [11/Oct/2009:13:12:19 +0200] "GET /~spcsym/html/PSPICE_opis_files/image003.gif HTTP/1.1" 200 447 "http://neo.dmcs.p.lodz.pl/~spcsym/html/PSPICE_opis.html" "Mozilla/5.0 (X11; U; Linux i686; pl-PL; rv:1.9.0.14) Gecko/2009090216 Ubuntu/8.10 (intrepid) Firefox/3.0.14" "-"
77.65.165.172 - - [11/Oct/2009:13:12:19 +0200] "GET /~spcsym/html/PSPICE_opis.html HTTP/1.1" 200 93896 "http://www.google.com/custom?hl=pl&client=pub-2070091971271392&channel=0262445351&cof=FORID:13%3BAH:left%3BCX:Start%2520Search%3BL:http://www.google.com/intl/en/images/logos/custom_search_logo_sm.gif%3BLH:30%3BLP:1%3BVLC:%23551a8b%3BGFNT:%23666666%3BDIV:%23cccccc%3B&cx=014345598409501589908:mplknj4r1bu&adkw=AELymgVmhIkQABfcoI9oF_9JTRyIY9CEi0ArhbwDFzxkoQtJiTpesov4F3yJZDKFRVPVOAyInQ1nv7d0kSwT8XTlogYn3o25F7Z5nKEDYoiLNDCFZeKwP70&ei=gr3RSsyKAouQsAa8svyNBA&sa=X&oi=spell&resnum=0&ct=result&cd=1&q=zwi%C4%99z%C5%82y+opis+pspice&spell=1" "Mozilla/5.0 (X11; U; Linux i686; pl-PL; rv:1.9.0.14) Gecko/2009090216 Ubuntu/8.10 (intrepid) Firefox/3.0.14" "-"
77.65.165.172 - - [11/Oct/2009:13:12:19 +0200] "GET /~spcsym/html/PSPICE_opis_files/image004.gif HTTP/1.1" 200 435 "http://neo.dmcs.p.lodz.pl/~spcsym/html/PSPICE_opis.html" "Mozilla/5.0 (X11; U; Linux i686; pl-PL; rv:1.9.0.14) Gecko/2009090216 Ubuntu/8.10 (intrepid) Firefox/3.0.14" "-"
77.65.165.172 - - [11/Oct/2009:13:12:19 +0200] "GET /~spcsym/html/PSPICE_opis_files/image005.gif HTTP/1.1" 200 620 "http://neo.dmcs.p.lodz.pl/~spcsym/html/PSPICE_opis.html" "Mozilla/5.0 (X11; U; Linux i686; pl-PL; rv:1.9.0.14) Gecko/2009090216 Ubuntu/8.10 (intrepid) Firefox/3.0.14" "-"
77.65.165.172 - - [11/Oct/2009:13:12:20 +0200] "GET /~spcsym/html/PSPICE_opis_files/image006.gif HTTP/1.1" 200 512 "http://neo.dmcs.p.lodz.pl/~spcsym/html/PSPICE_opis.html" "Mozilla/5.0 (X11; U; Linux i686; pl-PL; rv:1.9.0.14) Gecko/2009090216 Ubuntu/8.10 (intrepid) Firefox/3.0.14" "-"
77.65.165.172 - - [11/Oct/2009:13:12:20 +0200] "GET /~spcsym/html/PSPICE_opis_files/image007.gif HTTP/1.1" 200 618 "http://neo.dmcs.p.lodz.pl/~spcsym/html/PSPICE_opis.html" "Mozilla/5.0 (X11; U; Linux i686; pl-PL; rv:1.9.0.14) Gecko/2009090216 Ubuntu/8.10 (intrepid) Firefox/3.0.14" "-"
77.65.165.172 - - [11/Oct/2009:13:12:20 +0200] "GET /~spcsym/html/PSPICE_opis_files/image008.gif HTTP/1.1" 200 597 "http://neo.dmcs.p.lodz.pl/~spcsym/html/PSPICE_opis.html" "Mozilla/5.0 (X11; U; Linux i686; pl-PL; rv:1.9.0.14) Gecko/2009090216 Ubuntu/8.10 (intrepid) Firefox/3.0.14" "-"
77.65.165.172 - - [11/Oct/2009:13:12:20 +0200] "GET /~spcsym/html/PSPICE_opis_files/image009.gif HTTP/1.1" 200 643 "http://neo.dmcs.p.lodz.pl/~spcsym/html/PSPICE_opis.html" "Mozilla/5.0 (X11; U; Linux i686; pl-PL; rv:1.9.0.14) Gecko/2009090216 Ubuntu/8.10 (intrepid) Firefox/3.0.14" "-"
77.65.165.172 - - [11/Oct/2009:13:12:20 +0200] "GET /~spcsym/html/PSPICE_opis_files/image010.gif HTTP/1.1" 200 622 "http://neo.dmcs.p.lodz.pl/~spcsym/html/PSPICE_opis.html" "Mozilla/5.0 (X11; U; Linux i686; pl-PL; rv:1.9.0.14) Gecko/2009090216 Ubuntu/8.10 (intrepid) Firefox/3.0.14" "-"
77.65.165.172 - - [11/Oct/2009:13:12:20 +0200] "GET /~spcsym/html/PSPICE_opis_files/image011.gif HTTP/1.1" 200 468 "http://neo.dmcs.p.lodz.pl/~spcsym/html/PSPICE_opis.html" "Mozilla/5.0 (X11; U; Linux i686; pl-PL; rv:1.9.0.14) Gecko/2009090216 Ubuntu/8.10 (intrepid) Firefox/3.0.14" "-"
77.65.165.172 - - [11/Oct/2009:13:12:20 +0200] "GET /~spcsym/html/PSPICE_opis_files/image012.gif HTTP/1.1" 200 293 "http://neo.dmcs.p.lodz.pl/~spcsym/html/PSPICE_opis.html" "Mozilla/5.0 (X11; U; Linux i686; pl-PL; rv:1.9.0.14) Gecko/2009090216 Ubuntu/8.10 (intrepid) Firefox/3.0.14" "-"
77.65.165.172 - - [11/Oct/2009:13:12:20 +0200] "GET /~spcsym/html/PSPICE_opis_files/image013.gif HTTP/1.1" 200 264 "http://neo.dmcs.p.lodz.pl/~spcsym/html/PSPICE_opis.html" "Mozilla/5.0 (X11; U; Linux i686; pl-PL; rv:1.9.0.14) Gecko/2009090216 Ubuntu/8.10 (intrepid) Firefox/3.0.14" "-"
77.65.165.172 - - [11/Oct/2009:13:12:21 +0200] "GET /~spcsym/html/PSPICE_opis_files/image014.gif HTTP/1.1" 200 334 "http://neo.dmcs.p.lodz.pl/~spcsym/html/PSPICE_opis.html" "Mozilla/5.0 (X11; U; Linux i686; pl-PL; rv:1.9.0.14) Gecko/2009090216 Ubuntu/8.10 (intrepid) Firefox/3.0.14" "-"
77.65.165.172 - - [11/Oct/2009:13:12:21 +0200] "GET /~spcsym/html/PSPICE_opis_files/image015.gif HTTP/1.1" 200 341 "http://neo.dmcs.p.lodz.pl/~spcsym/html/PSPICE_opis.html" "Mozilla/5.0 (X11; U; Linux i686; pl-PL; rv:1.9.0.14) Gecko/2009090216 Ubuntu/8.10 (intrepid) Firefox/3.0.14" "-"
77.65.165.172 - - [11/Oct/2009:13:12:21 +0200] "GET /~spcsym/html/PSPICE_opis_files/image016.gif HTTP/1.1" 200 2093 "http://neo.dmcs.p.lodz.pl/~spcsym/html/PSPICE_opis.html" "Mozilla/5.0 (X11; U; Linux i686; pl-PL; rv:1.9.0.14) Gecko/2009090216 Ubuntu/8.10 (intrepid) Firefox/3.0.14" "-"
77.65.165.172 - - [11/Oct/2009:13:12:21 +0200] "GET /~spcsym/html/PSPICE_opis_files/image017.gif HTTP/1.1" 200 2786 "http://neo.dmcs.p.lodz.pl/~spcsym/html/PSPICE_opis.html" "Mozilla/5.0 (X11; U; Linux i686; pl-PL; rv:1.9.0.14) Gecko/2009090216 Ubuntu/8.10 (intrepid) Firefox/3.0.14" "-"
77.65.165.172 - - [11/Oct/2009:13:12:21 +0200] "GET /favicon.ico HTTP/1.1" 404 292 "-" "Mozilla/5.0 (X11; U; Linux i686; pl-PL; rv:1.9.0.14) Gecko/2009090216 Ubuntu/8.10 (intrepid) Firefox/3.0.14" "-"
77.65.165.172 - - [11/Oct/2009:13:12:24 +0200] "GET /favicon.ico HTTP/1.1" 404 292 "-" "Mozilla/5.0 (X11; U; Linux i686; pl-PL; rv:1.9.0.14) Gecko/2009090216 Ubuntu/8.10 (intrepid) Firefox/3.0.14" "-"
153.19.210.159 - - [11/Oct/2009:13:12:37 +0200] "HEAD /favicon.ico HTTP/1.1" 404 0 "-" "Mozilla/5.0 (X11; U; Linux i686; pl; rv:1.9.1.3) Gecko/20090824 Firefox/3.5.3" "-"
83.9.238.102 - - [11/Oct/2009:13:13:07 +0200] "GET /mijp4z/mijp4z_lab_zal.doc HTTP/1.1" 200 28160 "http://www.google.pl/search?hl=pl&source=hp&q=program+zamieniajacy+liczbe+na+tekst&lr=&btnG=Szukaj+w+Google" "Mozilla/5.0 (Windows; U; Windows NT 6.0; pl; rv:1.9.0.10) Gecko/2009042316 Firefox/3.0.10 (.NET CLR 3.5.30729)" "-"
83.7.249.247 - - [11/Oct/2009:13:13:23 +0200] "GET /pium/index.php?strona=10&jezyk=0 HTTP/1.1" 200 6279 "http://neo.dmcs.p.lodz.pl/pium/" "Mozilla/5.0 (Windows; U; Windows NT 6.0; pl; rv:1.9.0.14) Gecko/2009082707 Firefox/3.0.14 (.NET CLR 3.5.30729)" "-"
83.7.249.247 - - [11/Oct/2009:13:13:26 +0200] "GET /pium/index.php?strona=8&jezyk=0 HTTP/1.1" 200 6192 "http://neo.dmcs.p.lodz.pl/pium/" "Mozilla/5.0 (Windows; U; Windows NT 6.0; pl; rv:1.9.0.14) Gecko/2009082707 Firefox/3.0.14 (.NET CLR 3.5.30729)" "-"
83.7.249.247 - - [11/Oct/2009:13:13:27 +0200] "GET /pium/index.php?strona=3&jezyk=0 HTTP/1.1" 200 11702 "http://neo.dmcs.p.lodz.pl/pium/" "Mozilla/5.0 (Windows; U; Windows NT 6.0; pl; rv:1.9.0.14) Gecko/2009082707 Firefox/3.0.14 (.NET CLR 3.5.30729)" "-"
83.7.249.247 - - [11/Oct/2009:13:13:27 +0200] "GET /pium/bek_m.jpg HTTP/1.1" 200 6146 "http://neo.dmcs.p.lodz.pl/pium/index.php?strona=3&jezyk=0" "Mozilla/5.0 (Windows; U; Windows NT 6.0; pl; rv:1.9.0.14) Gecko/2009082707 Firefox/3.0.14 (.NET CLR 3.5.30729)" "-"
83.7.249.247 - - [11/Oct/2009:13:13:27 +0200] "GET /pium/lukasz_m.jpg HTTP/1.1" 200 6415 "http://neo.dmcs.p.lodz.pl/pium/index.php?strona=3&jezyk=0" "Mozilla/5.0 (Windows; U; Windows NT 6.0; pl; rv:1.9.0.14) Gecko/2009082707 Firefox/3.0.14 (.NET CLR 3.5.30729)" "-"
83.7.249.247 - - [11/Oct/2009:13:13:27 +0200] "GET /pium/kamil_m.jpg HTTP/1.1" 200 5872 "http://neo.dmcs.p.lodz.pl/pium/index.php?strona=3&jezyk=0" "Mozilla/5.0 (Windows; U; Windows NT 6.0; pl; rv:1.9.0.14) Gecko/2009082707 Firefox/3.0.14 (.NET CLR 3.5.30729)" "-"
83.7.249.247 - - [11/Oct/2009:13:13:27 +0200] "GET /pium/rozklad_cwiczen.png HTTP/1.1" 200 16003 "http://neo.dmcs.p.lodz.pl/pium/index.php?strona=3&jezyk=0" "Mozilla/5.0 (Windows; U; Windows NT 6.0; pl; rv:1.9.0.14) Gecko/2009082707 Firefox/3.0.14 (.NET CLR 3.5.30729)" "-"
193.238.67.160 - - [11/Oct/2009:13:13:37 +0200] "GET /smcr/wyklady_dm/SMCR1_2009.pdf HTTP/1.1" 206 808470 "http://neo.dmcs.p.lodz.pl/smcr/" "Mozilla/5.0 (Windows; U; Windows NT 5.1; pl; rv:1.9.1.3) Gecko/20090824 Firefox/3.5.3" "-"
193.238.67.160 - - [11/Oct/2009:13:13:42 +0200] "GET /smcr/wyklady_dm/SMCR1_2009.pdf HTTP/1.1" 206 801171 "http://neo.dmcs.p.lodz.pl/smcr/" "Mozilla/5.0 (Windows; U; Windows NT 5.1; pl; rv:1.9.1.3) Gecko/20090824 Firefox/3.5.3" "-"
193.238.67.160 - - [11/Oct/2009:13:13:43 +0200] "GET /smcr/wyklady_dm/SMCR1_2009.pdf HTTP/1.1" 200 799769 "http://neo.dmcs.p.lodz.pl/smcr/" "Mozilla/5.0 (Windows; U; Windows NT 5.1; pl; rv:1.9.1.3) Gecko/20090824 Firefox/3.5.3" "-"
193.238.67.160 - - [11/Oct/2009:13:13:44 +0200] "GET /smcr/wyklady_dm/SMCR4_2009.pdf HTTP/1.1" 200 751589 "http://neo.dmcs.p.lodz.pl/smcr/" "Mozilla/5.0 (Windows; U; Windows NT 5.1; pl; rv:1.9.1.3) Gecko/20090824 Firefox/3.5.3" "-"
193.238.67.160 - - [11/Oct/2009:13:13:44 +0200] "GET /smcr/wyklady_dm/SMCR5_2009.pdf HTTP/1.1" 206 816363 "http://neo.dmcs.p.lodz.pl/smcr/" "Mozilla/5.0 (Windows; U; Windows NT 5.1; pl; rv:1.9.1.3) Gecko/20090824 Firefox/3.5.3" "-"
193.238.67.160 - - [11/Oct/2009:13:13:46 +0200] "GET /smcr/wyklady_dm/SMCR4_2009.pdf HTTP/1.1" 206 735837 "http://neo.dmcs.p.lodz.pl/smcr/" "Mozilla/5.0 (Windows; U; Windows NT 5.1; pl; rv:1.9.1.3) Gecko/20090824 Firefox/3.5.3" "-"
193.238.67.160 - - [11/Oct/2009:13:13:51 +0200] "GET /smcr/wyklady_dm/SMCR5_2009.pdf HTTP/1.1" 200 855249 "http://neo.dmcs.p.lodz.pl/smcr/" "Mozilla/5.0 (Windows; U; Windows NT 5.1; pl; rv:1.9.1.3) Gecko/20090824 Firefox/3.5.3" "-"
193.238.67.160 - - [11/Oct/2009:13:13:57 +0200] "GET /smcr/wyklady_dm/SMCR3_2009.pdf HTTP/1.1" 206 831134 "http://neo.dmcs.p.lodz.pl/smcr/" "Mozilla/5.0 (Windows; U; Windows NT 5.1; pl; rv:1.9.1.3) Gecko/20090824 Firefox/3.5.3" "-"
193.238.67.160 - - [11/Oct/2009:13:13:58 +0200] "GET /smcr/wyklady_dm/SMCR3_2009.pdf HTTP/1.1" 200 871309 "http://neo.dmcs.p.lodz.pl/smcr/" "Mozilla/5.0 (Windows; U; Windows NT 5.1; pl; rv:1.9.1.3) Gecko/20090824 Firefox/3.5.3" "-"
193.238.67.160 - - [11/Oct/2009:13:14:04 +0200] "GET /smcr/wyklady_dm/SMCR1_2009.pdf HTTP/1.1" 206 780048 "http://neo.dmcs.p.lodz.pl/smcr/" "Mozilla/5.0 (Windows; U; Windows NT 5.1; pl; rv:1.9.1.3) Gecko/20090824 Firefox/3.5.3" "-"
193.238.67.160 - - [11/Oct/2009:13:14:05 +0200] "GET /smcr/wyklady_dm/SMCR3_2009.pdf HTTP/1.1" 206 852271 "http://neo.dmcs.p.lodz.pl/smcr/" "Mozilla/5.0 (Windows; U; Windows NT 5.1; pl; rv:1.9.1.3) Gecko/20090824 Firefox/3.5.3" "-"
83.243.35.234 - - [11/Oct/2009:13:14:12 +0200] "GET /kpuesz/ HTTP/1.1" 200 9684 "http://www.google.pl/search?q=micesim&ie=utf-8&oe=utf-8&aq=t&rls=org.mozilla:pl:official&client=firefox-a" "Mozilla/5.0 (Windows; U; Windows NT 5.1; pl; rv:1.9.0.14) Gecko/2009082707 Firefox/3.0.14" "-"
193.238.67.160 - - [11/Oct/2009:13:14:34 +0200] "GET /smcr/wyklady_dm/SMCR8_2009.pdf HTTP/1.1" 206 550051 "http://neo.dmcs.p.lodz.pl/smcr/" "Mozilla/5.0 (Windows; U; Windows NT 5.1; pl; rv:1.9.1.3) Gecko/20090824 Firefox/3.5.3" "-"
193.238.67.160 - - [11/Oct/2009:13:14:34 +0200] "GET /smcr/wyklady_dm/SMCR3_2009.pdf HTTP/1.1" 206 855190 "http://neo.dmcs.p.lodz.pl/smcr/" "Mozilla/5.0 (Windows; U; Windows NT 5.1; pl; rv:1.9.1.3) Gecko/20090824 Firefox/3.5.3" "-"
65.55.207.101 - - [11/Oct/2009:13:14:45 +0200] "GET /%7Emaciejew/kpue/wyklad/Wstep%20do%20PSpicea.ppt HTTP/1.1" 304 - "-" "msnbot/2.0b (+http://search.msn.com/msnbot.htm)" "-"
193.238.67.160 - - [11/Oct/2009:13:14:47 +0200] "GET /smcr/wyklady_dm/SMCR7_2009.pdf HTTP/1.1" 206 852872 "http://neo.dmcs.p.lodz.pl/smcr/" "Mozilla/5.0 (Windows; U; Windows NT 5.1; pl; rv:1.9.1.3) Gecko/20090824 Firefox/3.5.3" "-"
193.238.67.160 - - [11/Oct/2009:13:14:47 +0200] "GET /smcr/wyklady_dm/SMCR8_2009.pdf HTTP/1.1" 206 552970 "http://neo.dmcs.p.lodz.pl/smcr/" "Mozilla/5.0 (Windows; U; Windows NT 5.1; pl; rv:1.9.1.3) Gecko/20090824 Firefox/3.5.3" "-"
193.238.67.160 - - [11/Oct/2009:13:15:00 +0200] "GET /smcr/wyklady_dm/SMCR6_2009.pdf HTTP/1.1" 200 1227532 "http://neo.dmcs.p.lodz.pl/smcr/" "Mozilla/5.0 (Windows; U; Windows NT 5.1; pl; rv:1.9.1.3) Gecko/20090824 Firefox/3.5.3" "-"
193.238.67.160 - - [11/Oct/2009:13:15:00 +0200] "GET /smcr/wyklady_dm/SMCR7_2009.pdf HTTP/1.1" 206 868331 "http://neo.dmcs.p.lodz.pl/smcr/" "Mozilla/5.0 (Windows; U; Windows NT 5.1; pl; rv:1.9.1.3) Gecko/20090824 Firefox/3.5.3" "-"
193.238.67.160 - - [11/Oct/2009:13:15:01 +0200] "GET /smcr/wyklady_dm/SMCR8_2009.pdf HTTP/1.1" 206 534515 "http://neo.dmcs.p.lodz.pl/smcr/" "Mozilla/5.0 (Windows; U; Windows NT 5.1; pl; rv:1.9.1.3) Gecko/20090824 Firefox/3.5.3" "-"
193.238.67.160 - - [11/Oct/2009:13:15:04 +0200] "GET /smcr/wyklady_dm/SMCR6_2009.pdf HTTP/1.1" 206 1206287 "http://neo.dmcs.p.lodz.pl/smcr/" "Mozilla/5.0 (Windows; U; Windows NT 5.1; pl; rv:1.9.1.3) Gecko/20090824 Firefox/3.5.3" "-"
193.238.67.160 - - [11/Oct/2009:13:15:10 +0200] "GET /smcr/wyklady_dm/SMCR7_2009.pdf HTTP/1.1" 200 868389 "http://neo.dmcs.p.lodz.pl/smcr/" "Mozilla/5.0 (Windows; U; Windows NT 5.1; pl; rv:1.9.1.3) Gecko/20090824 Firefox/3.5.3" "-"
193.238.67.160 - - [11/Oct/2009:13:15:16 +0200] "GET /smcr/wyklady_dm/SMCR6_2009.pdf HTTP/1.1" 206 1227490 "http://neo.dmcs.p.lodz.pl/smcr/" "Mozilla/5.0 (Windows; U; Windows NT 5.1; pl; rv:1.9.1.3) Gecko/20090824 Firefox/3.5.3" "-"
193.238.67.160 - - [11/Oct/2009:13:15:16 +0200] "GET /smcr/wyklady_dm/SMCR6_2009.pdf HTTP/1.1" 206 1224570 "http://neo.dmcs.p.lodz.pl/smcr/" "Mozilla/5.0 (Windows; U; Windows NT 5.1; pl; rv:1.9.1.3) Gecko/20090824 Firefox/3.5.3" "-"
193.238.67.160 - - [11/Oct/2009:13:15:18 +0200] "GET /smcr/wyklady_dm/SMCR8_2009.pdf HTTP/1.1" 200 551569 "http://neo.dmcs.p.lodz.pl/smcr/" "Mozilla/5.0 (Windows; U; Windows NT 5.1; pl; rv:1.9.1.3) Gecko/20090824 Firefox/3.5.3" "-"
193.238.67.160 - - [11/Oct/2009:13:15:29 +0200] "GET /smcr/wyklady_dm/SMCR7_2009.pdf HTTP/1.1" 206 872710 "http://neo.dmcs.p.lodz.pl/smcr/" "Mozilla/5.0 (Windows; U; Windows NT 5.1; pl; rv:1.9.1.3) Gecko/20090824 Firefox/3.5.3" "-"
193.238.67.160 - - [11/Oct/2009:13:15:43 +0200] "GET /smcr/wyklady_dm/SMCR9_2009.pdf HTTP/1.1" 206 1494075 "http://neo.dmcs.p.lodz.pl/smcr/" "Mozilla/5.0 (Windows; U; Windows NT 5.1; pl; rv:1.9.1.3) Gecko/20090824 Firefox/3.5.3" "-"
193.238.67.160 - - [11/Oct/2009:13:15:47 +0200] "GET /smcr/wyklady_dm/SMCR9_2009.pdf HTTP/1.1" 206 1580810 "http://neo.dmcs.p.lodz.pl/smcr/" "Mozilla/5.0 (Windows; U; Windows NT 5.1; pl; rv:1.9.1.3) Gecko/20090824 Firefox/3.5.3" "-"
87.205.171.152 - - [11/Oct/2009:13:15:52 +0200] "GET / HTTP/1.1" 200 8370 "-" "Mozilla/5.0 (Windows; U; Windows NT 5.1; pl; rv:1.9.1.3) Gecko/20090824 Firefox/3.5.3 (.NET CLR 3.5.30729)" "-"
87.205.171.152 - - [11/Oct/2009:13:15:53 +0200] "GET /style.css HTTP/1.1" 200 2000 "http://lux.dmcs.pl/" "Mozilla/5.0 (Windows; U; Windows NT 5.1; pl; rv:1.9.1.3) Gecko/20090824 Firefox/3.5.3 (.NET CLR 3.5.30729)" "-"
87.205.171.152 - - [11/Oct/2009:13:15:53 +0200] "GET /images/back.jpg HTTP/1.1" 404 289 "http://lux.dmcs.pl/" "Mozilla/5.0 (Windows; U; Windows NT 5.1; pl; rv:1.9.1.3) Gecko/20090824 Firefox/3.5.3 (.NET CLR 3.5.30729)" "-"
87.205.171.152 - - [11/Oct/2009:13:15:53 +0200] "GET /favicon.ico HTTP/1.1" 404 285 "-" "Mozilla/5.0 (Windows; U; Windows NT 5.1; pl; rv:1.9.1.3) Gecko/20090824 Firefox/3.5.3 (.NET CLR 3.5.30729)" "-"
87.205.171.152 - - [11/Oct/2009:13:15:56 +0200] "GET /favicon.ico HTTP/1.1" 404 285 "-" "Mozilla/5.0 (Windows; U; Windows NT 5.1; pl; rv:1.9.1.3) Gecko/20090824 Firefox/3.5.3 (.NET CLR 3.5.30729)" "-"
193.238.67.160 - - [11/Oct/2009:13:15:57 +0200] "GET /smcr/wyklady_dm/SMCR9_2009.pdf HTTP/1.1" 206 1515136 "http://neo.dmcs.p.lodz.pl/smcr/" "Mozilla/5.0 (Windows; U; Windows NT 5.1; pl; rv:1.9.1.3) Gecko/20090824 Firefox/3.5.3" "-"
193.238.67.160 - - [11/Oct/2009:13:15:58 +0200] "GET /smcr/wyklady_dm/SMCR9_2009.pdf HTTP/1.1" 200 1517652 "http://neo.dmcs.p.lodz.pl/smcr/" "Mozilla/5.0 (Windows; U; Windows NT 5.1; pl; rv:1.9.1.3) Gecko/20090824 Firefox/3.5.3" "-"
91.189.0.210 - - [11/Oct/2009:13:15:59 +0200] "GET /ak/index.html HTTP/1.1" 200 1708 "-" "Mozilla/5.0 (Windows; U; Windows NT 6.1; pl; rv:1.9.1.3) Gecko/20090824 Firefox/3.5.3" "-"
83.5.8.122 - - [11/Oct/2009:13:16:01 +0200] "GET /pik/wyklad.pdf HTTP/1.1" 200 1573317 "http://www.google.com/search?hl=pl&lr=&client=opera&rls=pl&hs=1Bc&ei=Yb7RSpqVFIrAmQOVnNmBAw&sa=X&oi=spell&resnum=0&ct=result&cd=1&ved=0CAwQBSgA&q=programowanie+bluetooth&spell=1" "Opera/9.10 (Windows NT 5.1; U; pl)" "-"
87.205.171.152 - - [11/Oct/2009:13:16:01 +0200] "GET /rso/index.html HTTP/1.1" 200 6449 "http://lux.dmcs.pl/" "Mozilla/5.0 (Windows; U; Windows NT 5.1; pl; rv:1.9.1.3) Gecko/20090824 Firefox/3.5.3 (.NET CLR 3.5.30729)" "-"
87.205.171.152 - - [11/Oct/2009:13:16:01 +0200] "GET /images/back.jpg HTTP/1.1" 404 289 "http://lux.dmcs.pl/rso/index.html" "Mozilla/5.0 (Windows; U; Windows NT 5.1; pl; rv:1.9.1.3) Gecko/20090824 Firefox/3.5.3 (.NET CLR 3.5.30729)" "-"
85.89.173.93 - - [11/Oct/2009:13:16:04 +0200] "GET / HTTP/1.1" 200 8370 "-" "Mozilla/5.0 (Windows; U; Windows NT 5.1; pl; rv:1.9.0.14) Gecko/2009082707 Firefox/3.0.14" "-"
85.89.173.93 - - [11/Oct/2009:13:16:04 +0200] "GET /style.css HTTP/1.1" 200 2000 "-" "Mozilla/5.0 (Windows; U; Windows NT 5.1; pl; rv:1.9.0.14) Gecko/2009082707 Firefox/3.0.14" "-"
85.89.173.93 - - [11/Oct/2009:13:16:04 +0200] "GET /images/back.jpg HTTP/1.1" 404 289 "-" "Mozilla/5.0 (Windows; U; Windows NT 5.1; pl; rv:1.9.0.14) Gecko/2009082707 Firefox/3.0.14" "-"
85.89.173.93 - - [11/Oct/2009:13:16:04 +0200] "GET /favicon.ico HTTP/1.1" 404 285 "-" "Mozilla/5.0 (Windows; U; Windows NT 5.1; pl; rv:1.9.0.14) Gecko/2009082707 Firefox/3.0.14" "-"
85.89.173.93 - - [11/Oct/2009:13:16:07 +0200] "GET /favicon.ico HTTP/1.1" 404 285 "-" "Mozilla/5.0 (Windows; U; Windows NT 5.1; pl; rv:1.9.0.14) Gecko/2009082707 Firefox/3.0.14" "-"
85.89.173.93 - - [11/Oct/2009:13:16:07 +0200] "GET /padp/index.html HTTP/1.1" 200 2372 "-" "Mozilla/5.0 (Windows; U; Windows NT 5.1; pl; rv:1.9.0.14) Gecko/2009082707 Firefox/3.0.14" "-"
85.89.173.93 - - [11/Oct/2009:13:16:07 +0200] "GET /images/back.jpg HTTP/1.1" 404 289 "-" "Mozilla/5.0 (Windows; U; Windows NT 5.1; pl; rv:1.9.0.14) Gecko/2009082707 Firefox/3.0.14" "-"
212.191.78.157 - - [11/Oct/2009:13:16:26 +0200] "GET / HTTP/1.1" 200 8370 "-" "Mozilla/5.0 (Windows; U; Windows NT 5.1; pl; rv:1.9.0.14) Gecko/2009082707 Firefox/3.0.14 (.NET CLR 3.5.30729)" "-"
212.191.78.157 - - [11/Oct/2009:13:16:26 +0200] "GET /style.css HTTP/1.1" 200 2000 "http://lux.dmcs.p.lodz.pl/" "Mozilla/5.0 (Windows; U; Windows NT 5.1; pl; rv:1.9.0.14) Gecko/2009082707 Firefox/3.0.14 (.NET CLR 3.5.30729)" "-"
212.191.78.157 - - [11/Oct/2009:13:16:26 +0200] "GET /images/back.jpg HTTP/1.1" 404 296 "http://lux.dmcs.p.lodz.pl/" "Mozilla/5.0 (Windows; U; Windows NT 5.1; pl; rv:1.9.0.14) Gecko/2009082707 Firefox/3.0.14 (.NET CLR 3.5.30729)" "-"
212.191.78.157 - - [11/Oct/2009:13:16:26 +0200] "GET /favicon.ico HTTP/1.1" 404 292 "-" "Mozilla/5.0 (Windows; U; Windows NT 5.1; pl; rv:1.9.0.14) Gecko/2009082707 Firefox/3.0.14 (.NET CLR 3.5.30729)" "-"
212.191.78.157 - - [11/Oct/2009:13:16:29 +0200] "GET /favicon.ico HTTP/1.1" 404 292 "-" "Mozilla/5.0 (Windows; U; Windows NT 5.1; pl; rv:1.9.0.14) Gecko/2009082707 Firefox/3.0.14 (.NET CLR 3.5.30729)" "-"
212.191.78.157 - - [11/Oct/2009:13:16:32 +0200] "GET /mjp2/index.html HTTP/1.1" 200 7750 "http://lux.dmcs.p.lodz.pl/" "Mozilla/5.0 (Windows; U; Windows NT 5.1; pl; rv:1.9.0.14) Gecko/2009082707 Firefox/3.0.14 (.NET CLR 3.5.30729)" "-"
212.191.78.157 - - [11/Oct/2009:13:16:32 +0200] "GET /images/back.jpg HTTP/1.1" 404 296 "http://lux.dmcs.p.lodz.pl/mjp2/index.html" "Mozilla/5.0 (Windows; U; Windows NT 5.1; pl; rv:1.9.0.14) Gecko/2009082707 Firefox/3.0.14 (.NET CLR 3.5.30729)" "-"
212.191.78.157 - - [11/Oct/2009:13:16:34 +0200] "GET /mjp2/zad1.txt HTTP/1.1" 200 822 "http://lux.dmcs.p.lodz.pl/mjp2/index.html" "Mozilla/5.0 (Windows; U; Windows NT 5.1; pl; rv:1.9.0.14) Gecko/2009082707 Firefox/3.0.14 (.NET CLR 3.5.30729)" "-"
74.6.17.160 - - [11/Oct/2009:13:16:44 +0200] "GET /tpp/athena.pdf HTTP/1.0" 200 4068136 "-" "Mozilla/5.0 (compatible; Yahoo! Slurp/3.0; http://help.yahoo.com/help/us/ysearch/slurp)" "-"
93.105.212.73 - - [11/Oct/2009:13:16:51 +0200] "GET /rso/dcom6.pdf HTTP/1.1" 200 183708 "http://www.google.pl/url?sa=t&source=web&ct=res&cd=2&ved=0CAkQFjAB&url=http%3A%2F%2Fneo.dmcs.p.lodz.pl%2Frso%2Fdcom6.pdf&ei=n77RSqvMNMiNsAbakISPBA&rct=j&q=HRESULT+%3D+0x00000000+(kod+b%C5%82%C4%99du)&usg=AFQjCNFjJrs3D6cwvj033vNbANIUJZETKA" "Mozilla/5.0 (Windows; U; Windows NT 5.1; pl; rv:1.9.1.3) Gecko/20090824 Firefox/3.5.3" "-"
93.105.212.73 - - [11/Oct/2009:13:16:52 +0200] "GET /rso/dcom6.pdf HTTP/1.1" 206 151147 "-" "Mozilla/5.0 (Windows; U; Windows NT 5.1; pl; rv:1.9.1.3) Gecko/20090824 Firefox/3.5.3" "-"
93.105.212.73 - - [11/Oct/2009:13:16:52 +0200] "GET /favicon.ico HTTP/1.1" 404 292 "-" "Mozilla/5.0 (Windows; U; Windows NT 5.1; pl; rv:1.9.1.3) Gecko/20090824 Firefox/3.5.3" "-"
93.105.212.73 - - [11/Oct/2009:13:16:54 +0200] "GET /favicon.ico HTTP/1.1" 404 292 "-" "Mozilla/5.0 (Windows; U; Windows NT 5.1; pl; rv:1.9.1.3) Gecko/20090824 Firefox/3.5.3" "-"
85.89.173.93 - - [11/Oct/2009:13:16:55 +0200] "GET /padp/lecture/padp_lecture_6.ppt HTTP/1.1" 200 4139520 "-" "Mozilla/5.0 (Windows; U; Windows NT 5.1; pl; rv:1.9.0.14) Gecko/2009082707 Firefox/3.0.14" "-"
94.254.195.97 - - [11/Oct/2009:13:17:35 +0200] "GET /podyplomowe_smtm/ HTTP/1.1" 200 2919 "-" "Mozilla/5.0 (Windows; U; Windows NT 6.0; pl; rv:1.9.1.3) Gecko/20090824 Firefox/3.5.3 (.NET CLR 3.5.30729)" "-"
94.254.195.97 - - [11/Oct/2009:13:17:35 +0200] "GET /style.css HTTP/1.1" 200 2000 "http://neo.dmcs.pl/podyplomowe_smtm/" "Mozilla/5.0 (Windows; U; Windows NT 6.0; pl; rv:1.9.1.3) Gecko/20090824 Firefox/3.5.3 (.NET CLR 3.5.30729)" "-"
94.254.195.97 - - [11/Oct/2009:13:17:37 +0200] "GET /images/back.jpg HTTP/1.1" 404 289 "http://neo.dmcs.pl/podyplomowe_smtm/" "Mozilla/5.0 (Windows; U; Windows NT 6.0; pl; rv:1.9.1.3) Gecko/20090824 Firefox/3.5.3 (.NET CLR 3.5.30729)" "-"
94.254.195.97 - - [11/Oct/2009:13:17:39 +0200] "GET /favicon.ico HTTP/1.1" 404 285 "-" "Mozilla/5.0 (Windows; U; Windows NT 6.0; pl; rv:1.9.1.3) Gecko/20090824 Firefox/3.5.3 (.NET CLR 3.5.30729)" "-"
94.254.195.97 - - [11/Oct/2009:13:17:42 +0200] "GET /favicon.ico HTTP/1.1" 404 285 "-" "Mozilla/5.0 (Windows; U; Windows NT 6.0; pl; rv:1.9.1.3) Gecko/20090824 Firefox/3.5.3 (.NET CLR 3.5.30729)" "-"
94.254.195.97 - - [11/Oct/2009:13:17:44 +0200] "GET /~kgrabowski HTTP/1.1" 301 315 "-" "Mozilla/5.0 (Windows; U; Windows NT 6.0; pl; rv:1.9.1.3) Gecko/20090824 Firefox/3.5.3 (.NET CLR 3.5.30729)" "-"
94.254.195.97 - - [11/Oct/2009:13:17:45 +0200] "GET /~kgrabowski/ HTTP/1.1" 200 1299 "-" "Mozilla/5.0 (Windows; U; Windows NT 6.0; pl; rv:1.9.1.3) Gecko/20090824 Firefox/3.5.3 (.NET CLR 3.5.30729)" "-"
94.254.195.97 - - [11/Oct/2009:13:17:46 +0200] "GET /icons/blank.gif HTTP/1.1" 200 148 "http://neo.dmcs.pl/~kgrabowski/" "Mozilla/5.0 (Windows; U; Windows NT 6.0; pl; rv:1.9.1.3) Gecko/20090824 Firefox/3.5.3 (.NET CLR 3.5.30729)" "-"
94.254.195.97 - - [11/Oct/2009:13:17:50 +0200] "GET /~kgrabowski/laboratorium/ HTTP/1.1" 200 1218 "http://neo.dmcs.pl/~kgrabowski/" "Mozilla/5.0 (Windows; U; Windows NT 6.0; pl; rv:1.9.1.3) Gecko/20090824 Firefox/3.5.3 (.NET CLR 3.5.30729)" "-"
94.254.195.97 - - [11/Oct/2009:13:17:51 +0200] "GET /icons/blank.gif HTTP/1.1" 200 148 "http://neo.dmcs.pl/~kgrabowski/laboratorium/" "Mozilla/5.0 (Windows; U; Windows NT 6.0; pl; rv:1.9.1.3) Gecko/20090824 Firefox/3.5.3 (.NET CLR 3.5.30729)" "-"
94.254.195.97 - - [11/Oct/2009:13:17:51 +0200] "GET /icons/back.gif HTTP/1.1" 200 216 "http://neo.dmcs.pl/~kgrabowski/laboratorium/" "Mozilla/5.0 (Windows; U; Windows NT 6.0; pl; rv:1.9.1.3) Gecko/20090824 Firefox/3.5.3 (.NET CLR 3.5.30729)" "-"
94.254.195.97 - - [11/Oct/2009:13:17:51 +0200] "GET /icons/layout.gif HTTP/1.1" 200 276 "http://neo.dmcs.pl/~kgrabowski/laboratorium/" "Mozilla/5.0 (Windows; U; Windows NT 6.0; pl; rv:1.9.1.3) Gecko/20090824 Firefox/3.5.3 (.NET CLR 3.5.30729)" "-"
94.254.195.97 - - [11/Oct/2009:13:17:55 +0200] "GET /~kgrabowski/laboratorium/LaboratoriumDSP1.pdf HTTP/1.1" 200 12794 "http://neo.dmcs.pl/~kgrabowski/laboratorium/" "Mozilla/5.0 (Windows; U; Windows NT 6.0; pl; rv:1.9.1.3) Gecko/20090824 Firefox/3.5.3 (.NET CLR 3.5.30729)" "-"
65.55.207.122 - - [11/Oct/2009:13:17:58 +0200] "GET /robots.txt HTTP/1.1" 200 67 "-" "msnbot/2.0b (+http://search.msn.com/msnbot.htm)" "-"
85.89.162.242 - - [11/Oct/2009:13:17:59 +0200] "GET / HTTP/1.1" 200 8370 "-" "Mozilla/5.0 (Windows; U; Windows NT 5.1; pl; rv:1.9.0.14) Gecko/2009082707 Firefox/3.0.14 (.NET CLR 3.5.30729)" "-"
85.89.162.242 - - [11/Oct/2009:13:17:59 +0200] "GET /style.css HTTP/1.1" 200 2000 "http://neo.dmcs.p.lodz.pl/" "Mozilla/5.0 (Windows; U; Windows NT 5.1; pl; rv:1.9.0.14) Gecko/2009082707 Firefox/3.0.14 (.NET CLR 3.5.30729)" "-"
85.89.162.242 - - [11/Oct/2009:13:18:00 +0200] "GET /images/back.jpg HTTP/1.1" 404 296 "http://neo.dmcs.p.lodz.pl/" "Mozilla/5.0 (Windows; U; Windows NT 5.1; pl; rv:1.9.0.14) Gecko/2009082707 Firefox/3.0.14 (.NET CLR 3.5.30729)" "-"
85.89.162.242 - - [11/Oct/2009:13:18:00 +0200] "GET /favicon.ico HTTP/1.1" 404 292 "-" "Mozilla/5.0 (Windows; U; Windows NT 5.1; pl; rv:1.9.0.14) Gecko/2009082707 Firefox/3.0.14 (.NET CLR 3.5.30729)" "-"
85.89.162.242 - - [11/Oct/2009:13:18:03 +0200] "GET /favicon.ico HTTP/1.1" 404 292 "-" "Mozilla/5.0 (Windows; U; Windows NT 5.1; pl; rv:1.9.0.14) Gecko/2009082707 Firefox/3.0.14 (.NET CLR 3.5.30729)" "-"
85.89.162.242 - - [11/Oct/2009:13:18:05 +0200] "GET /oom/index.html HTTP/1.1" 200 1014 "http://neo.dmcs.p.lodz.pl/" "Mozilla/5.0 (Windows; U; Windows NT 5.1; pl; rv:1.9.0.14) Gecko/2009082707 Firefox/3.0.14 (.NET CLR 3.5.30729)" "-"
85.89.162.242 - - [11/Oct/2009:13:18:05 +0200] "GET /images/back.jpg HTTP/1.1" 404 296 "http://neo.dmcs.p.lodz.pl/oom/index.html" "Mozilla/5.0 (Windows; U; Windows NT 5.1; pl; rv:1.9.0.14) Gecko/2009082707 Firefox/3.0.14 (.NET CLR 3.5.30729)" "-"
85.89.162.242 - - [11/Oct/2009:13:18:07 +0200] "GET /oom/ex1.pdf HTTP/1.1" 200 30823 "http://neo.dmcs.p.lodz.pl/oom/index.html" "Mozilla/5.0 (Windows; U; Windows NT 5.1; pl; rv:1.9.0.14) Gecko/2009082707 Firefox/3.0.14 (.NET CLR 3.5.30729)" "-"
77.253.15.45 - - [11/Oct/2009:13:18:09 +0200] "GET /mn/MNcw3.pdf HTTP/1.1" 200 15831 "http://www.google.pl/search?q=metoda+potencjalow+wezlowych&ie=utf-8&oe=utf-8&aq=t&rls=org.mozilla:en-US:official&client=firefox-a" "Mozilla/5.0 (X11; U; Linux x86_64; en-US; rv:1.9.1.3) Gecko/20090913 Shiretoko/3.5.3" "-"
85.89.162.242 - - [11/Oct/2009:13:18:10 +0200] "GET /oom/ex2.pdf HTTP/1.1" 200 31717 "http://neo.dmcs.p.lodz.pl/oom/index.html" "Mozilla/5.0 (Windows; U; Windows NT 5.1; pl; rv:1.9.0.14) Gecko/2009082707 Firefox/3.0.14 (.NET CLR 3.5.30729)" "-"
77.253.15.45 - - [11/Oct/2009:13:18:11 +0200] "GET /mn/MNcw3.pdf HTTP/1.1" 200 73452 "http://www.google.pl/search?q=metoda+potencjalow+wezlowych&ie=utf-8&oe=utf-8&aq=t&rls=org.mozilla:en-US:official&client=firefox-a" "Mozilla/5.0 (X11; U; Linux x86_64; en-US; rv:1.9.1.3) Gecko/20090913 Shiretoko/3.5.3" "-"
94.254.195.97 - - [11/Oct/2009:13:18:25 +0200] "GET /~kgrabowski/laboratorium/LaboratoriumDSP1.pdf HTTP/1.1" 200 161562 "http://neo.dmcs.pl/~kgrabowski/laboratorium/" "Mozilla/5.0 (Windows; U; Windows NT 6.0; pl; rv:1.9.1.3) Gecko/20090824 Firefox/3.5.3 (.NET CLR 3.5.30729)" "-"
10.0.8.17 - - [11/Oct/2009:13:18:26 +0200] "GET /~sakowicz/podyplomowe/ HTTP/1.1" 304 - "-" "Mozilla/5.0 (Windows; U; Windows NT 5.1; en-US; rv:1.9.0.10) Gecko/2009042316 Firefox/3.0.10" "-"
10.0.8.17 - - [11/Oct/2009:13:18:29 +0200] "GET /~sakowicz/podyplomowe/pokl_www_podstawy_html.ppt HTTP/1.1" 304 - "http://lux.dmcs.pl/~sakowicz/podyplomowe/" "Mozilla/5.0 (Windows; U; Windows NT 5.1; en-US; rv:1.9.0.10) Gecko/2009042316 Firefox/3.0.10" "-"
65.55.207.122 - - [11/Oct/2009:13:18:45 +0200] "GET /wdm/mater_wyklad5.pdf HTTP/1.1" 304 - "-" "msnbot/2.0b (+http://search.msn.com/msnbot.htm)" "-"
66.249.65.212 - - [11/Oct/2009:13:18:48 +0200] "GET /csI/index.html HTTP/1.1" 304 - "-" "Mozilla/5.0 (compatible; Googlebot/2.1; +http://www.google.com/bot.html)" "-"
66.249.65.212 - - [11/Oct/2009:13:19:16 +0200] "GET /tk/UNIXhelp1.3/Pages/mail/three.6.html HTTP/1.1" 200 1101 "-" "Mozilla/5.0 (compatible; Googlebot/2.1; +http://www.google.com/bot.html)" "-"
77.88.22.250 - - [11/Oct/2009:13:19:39 +0200] "GET /robots.txt HTTP/1.1" 200 67 "-" "Yandex/1.01.001 (compatible; Win16; P)" "-"
77.88.22.250 - - [11/Oct/2009:13:19:39 +0200] "GET /graphics/animals/lion.gif HTTP/1.1" 304 - "-" "Yandex/1.01.001 (compatible; Win16; P)" "-"
77.88.22.250 - - [11/Oct/2009:13:19:41 +0200] "GET /graphics/animals/horse.gif HTTP/1.1" 304 - "-" "Yandex/1.01.001 (compatible; Win16; P)" "-"
77.88.22.250 - - [11/Oct/2009:13:19:43 +0200] "GET /graphics/animate/mouse.gif HTTP/1.1" 304 - "-" "Yandex/1.01.001 (compatible; Win16; P)" "-"
66.249.65.212 - - [11/Oct/2009:13:19:43 +0200] "GET /pvlsi/html/Image70.gif HTTP/1.1" 304 - "-" "Googlebot-Image/1.0" "-"
77.88.22.250 - - [11/Oct/2009:13:19:45 +0200] "GET /graphics/business/scissors4.gif HTTP/1.1" 304 - "-" "Yandex/1.01.001 (compatible; Win16; P)" "-"
77.88.22.250 - - [11/Oct/2009:13:19:47 +0200] "GET /graphics/business/pencil.gif HTTP/1.1" 304 - "-" "Yandex/1.01.001 (compatible; Win16; P)" "-"
77.88.22.250 - - [11/Oct/2009:13:19:49 +0200] "GET /graphics/food/japanese.gif HTTP/1.1" 304 - "-" "Yandex/1.01.001 (compatible; Win16; P)" "-"
77.88.22.250 - - [11/Oct/2009:13:19:52 +0200] "GET /graphics/animals/dino10.gif HTTP/1.1" 304 - "-" "Yandex/1.01.001 (compatible; Win16; P)" "-"
77.88.22.250 - - [11/Oct/2009:13:19:54 +0200] "GET /graphics/food/steak.gif HTTP/1.1" 304 - "-" "Yandex/1.01.001 (compatible; Win16; P)" "-"
77.88.22.250 - - [11/Oct/2009:13:19:56 +0200] "GET /graphics/animals/zebra.gif HTTP/1.1" 304 - "-" "Yandex/1.01.001 (compatible; Win16; P)" "-"
77.88.22.250 - - [11/Oct/2009:13:19:58 +0200] "GET /graphics/icons/back.gif HTTP/1.1" 304 - "-" "Yandex/1.01.001 (compatible; Win16; P)" "-"
77.88.22.250 - - [11/Oct/2009:13:20:00 +0200] "GET /graphics/animate/ant.gif HTTP/1.1" 304 - "-" "Yandex/1.01.001 (compatible; Win16; P)" "-"
94.254.195.97 - - [11/Oct/2009:13:20:01 +0200] "GET /~kgrabowski/laboratorium/LaboratoriumDSP2i3.pdf HTTP/1.1" 200 12793 "http://neo.dmcs.pl/~kgrabowski/laboratorium/" "Mozilla/5.0 (Windows; U; Windows NT 6.0; pl; rv:1.9.1.3) Gecko/20090824 Firefox/3.5.3 (.NET CLR 3.5.30729)" "-"
77.88.22.250 - - [11/Oct/2009:13:20:02 +0200] "GET /graphics/food/melons.gif HTTP/1.1" 304 - "-" "Yandex/1.01.001 (compatible; Win16; P)" "-"
77.88.22.250 - - [11/Oct/2009:13:20:04 +0200] "GET /graphics/business/teleph1.gif HTTP/1.1" 304 - "-" "Yandex/1.01.001 (compatible; Win16; P)" "-"
94.254.195.97 - - [11/Oct/2009:13:20:04 +0200] "GET /~kgrabowski/ HTTP/1.1" 200 1299 "http://neo.dmcs.pl/~kgrabowski/laboratorium/" "Mozilla/5.0 (Windows; U; Windows NT 6.0; pl; rv:1.9.1.3) Gecko/20090824 Firefox/3.5.3 (.NET CLR 3.5.30729)" "-"
94.254.195.97 - - [11/Oct/2009:13:20:04 +0200] "GET /icons/folder.gif HTTP/1.1" 200 225 "http://neo.dmcs.pl/~kgrabowski/" "Mozilla/5.0 (Windows; U; Windows NT 6.0; pl; rv:1.9.1.3) Gecko/20090824 Firefox/3.5.3 (.NET CLR 3.5.30729)" "-"
77.88.22.250 - - [11/Oct/2009:13:20:06 +0200] "GET /graphics/dividers/back.gif HTTP/1.1" 304 - "-" "Yandex/1.01.001 (compatible; Win16; P)" "-"
94.254.195.97 - - [11/Oct/2009:13:20:06 +0200] "GET /~kgrabowski/laboratorium/LaboratoriumDSP2i3.pdf HTTP/1.1" 200 202341 "http://neo.dmcs.pl/~kgrabowski/laboratorium/" "Mozilla/5.0 (Windows; U; Windows NT 6.0; pl; rv:1.9.1.3) Gecko/20090824 Firefox/3.5.3 (.NET CLR 3.5.30729)" "-"
94.254.195.97 - - [11/Oct/2009:13:20:06 +0200] "GET /~kgrabowski/materialy%20dodatkowe/ HTTP/1.1" 200 1358 "http://neo.dmcs.pl/~kgrabowski/" "Mozilla/5.0 (Windows; U; Windows NT 6.0; pl; rv:1.9.1.3) Gecko/20090824 Firefox/3.5.3 (.NET CLR 3.5.30729)" "-"
94.254.195.97 - - [11/Oct/2009:13:20:07 +0200] "GET /icons/compressed.gif HTTP/1.1" 200 1038 "http://neo.dmcs.pl/~kgrabowski/materialy%20dodatkowe/" "Mozilla/5.0 (Windows; U; Windows NT 6.0; pl; rv:1.9.1.3) Gecko/20090824 Firefox/3.5.3 (.NET CLR 3.5.30729)" "-"
77.88.22.250 - - [11/Oct/2009:13:20:08 +0200] "GET /graphics/animals/chipmunk.gif HTTP/1.1" 304 - "-" "Yandex/1.01.001 (compatible; Win16; P)" "-"
77.88.22.250 - - [11/Oct/2009:13:20:10 +0200] "GET /graphics/god_nature/thelordreigns.jpg HTTP/1.1" 304 - "-" "Yandex/1.01.001 (compatible; Win16; P)" "-"
77.88.22.250 - - [11/Oct/2009:13:20:12 +0200] "GET /graphics/food/peas.gif HTTP/1.1" 304 - "-" "Yandex/1.01.001 (compatible; Win16; P)" "-"
194.63.133.6 - - [11/Oct/2009:13:20:14 +0200] "GET /inf5/06_07/9/strona5.html HTTP/1.1" 200 12642 "http://images.google.com/imgres?imgurl=http://neo.dmcs.p.lodz.pl/inf5/06_07/9/ksiezy%2520mlyn.jpg&imgrefurl=http://neo.dmcs.p.lodz.pl/inf5/06_07/9/strona5.html&usg=__yAOujCDI6mRByq4Rv6TnL9XiOoc=&h=423&w=500&sz=61&hl=pl&start=1&um=1&tbnid=4XzbGUg-hbr24M:&tbnh=110&tbnw=130&prev=/images%3Fq%3Dksi%25C4%2599%25C5%25BCy%2Bm%25C5%2582yn%26hl%3Dpl%26client%3Dopera%26rls%3Dpl%26sa%3DX%26um%3D1" "Opera/9.61 (Windows NT 6.0; U; pl) Presto/2.1.1" "-"
77.88.22.250 - - [11/Oct/2009:13:20:14 +0200] "GET /graphics/animals/crocadile.gif HTTP/1.1" 304 - "-" "Yandex/1.01.001 (compatible; Win16; P)" "-"
94.254.195.97 - - [11/Oct/2009:13:20:15 +0200] "GET /~kgrabowski/materialy%20dodatkowe/tlv320aic23.pdf HTTP/1.1" 200 414335 "http://neo.dmcs.pl/~kgrabowski/materialy%20dodatkowe/" "Mozilla/5.0 (Windows; U; Windows NT 6.0; pl; rv:1.9.1.3) Gecko/20090824 Firefox/3.5.3 (.NET CLR 3.5.30729)" "-"
194.63.133.6 - - [11/Oct/2009:13:20:15 +0200] "GET /inf5/06_07/9/scheibler.jpg HTTP/1.1" 200 64109 "http://neo.dmcs.p.lodz.pl/inf5/06_07/9/strona5.html" "Opera/9.61 (Windows NT 6.0; U; pl) Presto/2.1.1" "-"
194.63.133.6 - - [11/Oct/2009:13:20:16 +0200] "GET /inf5/06_07/9/geyer.jpg HTTP/1.1" 200 36106 "http://neo.dmcs.p.lodz.pl/inf5/06_07/9/strona5.html" "Opera/9.61 (Windows NT 6.0; U; pl) Presto/2.1.1" "-"
194.63.133.6 - - [11/Oct/2009:13:20:17 +0200] "GET /inf5/06_07/9/willa%20kona.jpg HTTP/1.1" 200 96580 "http://neo.dmcs.p.lodz.pl/inf5/06_07/9/strona5.html" "Opera/9.61 (Windows NT 6.0; U; pl) Presto/2.1.1" "-"
194.63.133.6 - - [11/Oct/2009:13:20:18 +0200] "GET /inf5/06_07/9/rektorat1.jpg HTTP/1.1" 200 50477 "http://neo.dmcs.p.lodz.pl/inf5/06_07/9/strona5.html" "Opera/9.61 (Windows NT 6.0; U; pl) Presto/2.1.1" "-"
194.63.133.6 - - [11/Oct/2009:13:20:18 +0200] "GET /inf5/06_07/9/Poznanski.jpg HTTP/1.1" 200 95088 "http://neo.dmcs.p.lodz.pl/inf5/06_07/9/strona5.html" "Opera/9.61 (Windows NT 6.0; U; pl) Presto/2.1.1" "-"
194.63.133.6 - - [11/Oct/2009:13:20:18 +0200] "GET /inf5/06_07/9/ksiezy%20mlyn.jpg HTTP/1.1" 200 62222 "http://neo.dmcs.p.lodz.pl/inf5/06_07/9/strona5.html" "Opera/9.61 (Windows NT 6.0; U; pl) Presto/2.1.1" "-"
194.63.133.6 - - [11/Oct/2009:13:20:19 +0200] "GET /inf5/06_07/9/Budynki%20na%20piotrkowskiej.jpg HTTP/1.1" 200 55066 "http://neo.dmcs.p.lodz.pl/inf5/06_07/9/strona5.html" "Opera/9.61 (Windows NT 6.0; U; pl) Presto/2.1.1" "-"
194.63.133.6 - - [11/Oct/2009:13:20:19 +0200] "GET /inf5/06_07/9/willa%20kindermana.jpg HTTP/1.1" 200 21954 "http://neo.dmcs.p.lodz.pl/inf5/06_07/9/strona5.html" "Opera/9.61 (Windows NT 6.0; U; pl) Presto/2.1.1" "-"
194.63.133.6 - - [11/Oct/2009:13:20:20 +0200] "GET /inf5/06_07/9/stary%20rynek.jpg HTTP/1.1" 200 10810 "http://neo.dmcs.p.lodz.pl/inf5/06_07/9/strona5.html" "Opera/9.61 (Windows NT 6.0; U; pl) Presto/2.1.1" "-"
77.253.98.43 - - [11/Oct/2009:13:20:22 +0200] "GET / HTTP/1.1" 200 8370 "-" "Mozilla/5.0 (Windows; U; Windows NT 5.1; pl; rv:1.9.1.3) Gecko/20090824 Firefox/3.5.3" "-"
194.63.133.6 - - [11/Oct/2009:13:20:22 +0200] "GET /inf5/06_07/9/cerkiew.jpg HTTP/1.1" 200 39653 "http://neo.dmcs.p.lodz.pl/inf5/06_07/9/strona5.html" "Opera/9.61 (Windows NT 6.0; U; pl) Presto/2.1.1" "-"
77.253.98.43 - - [11/Oct/2009:13:20:22 +0200] "GET /style.css HTTP/1.1" 200 2000 "http://lux.dmcs.p.lodz.pl/" "Mozilla/5.0 (Windows; U; Windows NT 5.1; pl; rv:1.9.1.3) Gecko/20090824 Firefox/3.5.3" "-"
77.253.98.43 - - [11/Oct/2009:13:20:23 +0200] "GET /images/back.jpg HTTP/1.1" 404 296 "http://lux.dmcs.p.lodz.pl/" "Mozilla/5.0 (Windows; U; Windows NT 5.1; pl; rv:1.9.1.3) Gecko/20090824 Firefox/3.5.3" "-"
77.253.98.43 - - [11/Oct/2009:13:20:23 +0200] "GET /favicon.ico HTTP/1.1" 404 292 "-" "Mozilla/5.0 (Windows; U; Windows NT 5.1; pl; rv:1.9.1.3) Gecko/20090824 Firefox/3.5.3" "-"
194.63.133.6 - - [11/Oct/2009:13:20:23 +0200] "GET /inf5/06_07/9/plac%20wolnosci.jpg HTTP/1.1" 200 77352 "http://neo.dmcs.p.lodz.pl/inf5/06_07/9/strona5.html" "Opera/9.61 (Windows NT 6.0; U; pl) Presto/2.1.1" "-"
194.63.133.6 - - [11/Oct/2009:13:20:24 +0200] "GET /inf5/06_07/9/katedra.jpg HTTP/1.1" 200 34547 "http://neo.dmcs.p.lodz.pl/inf5/06_07/9/strona5.html" "Opera/9.61 (Windows NT 6.0; U; pl) Presto/2.1.1" "-"
94.254.195.97 - - [11/Oct/2009:13:20:24 +0200] "GET /~kgrabowski/ HTTP/1.1" 200 1299 "http://neo.dmcs.pl/~kgrabowski/materialy%20dodatkowe/" "Mozilla/5.0 (Windows; U; Windows NT 6.0; pl; rv:1.9.1.3) Gecko/20090824 Firefox/3.5.3 (.NET CLR 3.5.30729)" "-"
194.63.133.6 - - [11/Oct/2009:13:20:25 +0200] "GET /inf5/06_07/9/kosciol%20NMP.jpg HTTP/1.1" 200 29014 "http://neo.dmcs.p.lodz.pl/inf5/06_07/9/strona5.html" "Opera/9.61 (Windows NT 6.0; U; pl) Presto/2.1.1" "-"
94.254.195.97 - - [11/Oct/2009:13:20:26 +0200] "GET /~kgrabowski/wyklad/ HTTP/1.1" 200 1192 "http://neo.dmcs.pl/~kgrabowski/" "Mozilla/5.0 (Windows; U; Windows NT 6.0; pl; rv:1.9.1.3) Gecko/20090824 Firefox/3.5.3 (.NET CLR 3.5.30729)" "-"
77.253.98.43 - - [11/Oct/2009:13:20:26 +0200] "GET /favicon.ico HTTP/1.1" 404 292 "-" "Mozilla/5.0 (Windows; U; Windows NT 5.1; pl; rv:1.9.1.3) Gecko/20090824 Firefox/3.5.3" "-"
194.63.133.6 - - [11/Oct/2009:13:20:26 +0200] "GET /inf5/06_07/9/willa%20herbsta.jpg HTTP/1.1" 200 118869 "http://neo.dmcs.p.lodz.pl/inf5/06_07/9/strona5.html" "Opera/9.61 (Windows NT 6.0; U; pl) Presto/2.1.1" "-"
194.63.133.6 - - [11/Oct/2009:13:20:26 +0200] "GET /inf5/06_07/9/kosciol%20NMP.jpg HTTP/1.1" 200 29014 "http://neo.dmcs.p.lodz.pl/inf5/06_07/9/strona5.html" "Opera/9.61 (Windows NT 6.0; U; pl) Presto/2.1.1" "-"
194.63.133.6 - - [11/Oct/2009:13:20:27 +0200] "GET /inf5/06_07/9/katedra.jpg HTTP/1.1" 200 34547 "http://neo.dmcs.p.lodz.pl/inf5/06_07/9/strona5.html" "Opera/9.61 (Windows NT 6.0; U; pl) Presto/2.1.1" "-"
94.254.195.97 - - [11/Oct/2009:13:20:31 +0200] "GET /~kgrabowski/materialy%20dodatkowe/dsk_app.zip HTTP/1.1" 200 421298 "http://neo.dmcs.pl/~kgrabowski/materialy%20dodatkowe/" "Mozilla/5.0 (Windows; U; Windows NT 6.0; pl; rv:1.9.1.3) Gecko/20090824 Firefox/3.5.3 (.NET CLR 3.5.30729)" "-"
94.254.195.97 - - [11/Oct/2009:13:20:39 +0200] "GET /~kgrabowski/materialy%20dodatkowe/dsk6713_TechRef.pdf HTTP/1.1" 200 639092 "http://neo.dmcs.pl/~kgrabowski/materialy%20dodatkowe/" "Mozilla/5.0 (Windows; U; Windows NT 6.0; pl; rv:1.9.1.3) Gecko/20090824 Firefox/3.5.3 (.NET CLR 3.5.30729)" "-"
83.7.249.247 - - [11/Oct/2009:13:20:51 +0200] "GET /pium/instrukcje/pium_0_1-1.pdf HTTP/1.1" 200 98468 "http://neo.dmcs.p.lodz.pl/pium/index.php?strona=10&jezyk=0" "Mozilla/5.0 (Windows; U; Windows NT 6.0; pl; rv:1.9.0.14) Gecko/2009082707 Firefox/3.0.14 (.NET CLR 3.5.30729)" "-"
83.7.249.247 - - [11/Oct/2009:13:20:58 +0200] "GET /pium/instrukcje/pium_0_1-1.pdf HTTP/1.1" 206 921058 "-" "Mozilla/5.0 (Windows; U; Windows NT 6.0; pl; rv:1.9.0.14) Gecko/2009082707 Firefox/3.0.14 (.NET CLR 3.5.30729)" "-"
77.253.98.43 - - [11/Oct/2009:13:21:10 +0200] "GET /favicon.ico HTTP/1.1" 404 292 "-" "Mozilla/5.0 (Windows; U; Windows NT 5.1; pl; rv:1.9.1.3) Gecko/20090824 Firefox/3.5.3" "-"
77.253.98.43 - - [11/Oct/2009:13:21:29 +0200] "GET /pki/index.html HTTP/1.1" 200 1878 "http://lux.dmcs.p.lodz.pl/" "Mozilla/5.0 (Windows; U; Windows NT 5.1; pl; rv:1.9.1.3) Gecko/20090824 Firefox/3.5.3" "-"
77.253.98.43 - - [11/Oct/2009:13:21:29 +0200] "GET /style.css HTTP/1.1" 200 2000 "http://lux.dmcs.p.lodz.pl/pki/index.html" "Mozilla/5.0 (Windows; U; Windows NT 5.1; pl; rv:1.9.1.3) Gecko/20090824 Firefox/3.5.3" "-"
77.253.98.43 - - [11/Oct/2009:13:21:29 +0200] "GET /images/back.jpg HTTP/1.1" 404 296 "http://lux.dmcs.p.lodz.pl/pki/index.html" "Mozilla/5.0 (Windows; U; Windows NT 5.1; pl; rv:1.9.1.3) Gecko/20090824 Firefox/3.5.3" "-"
89.173.88.134 - - [11/Oct/2009:13:21:56 +0200] "GET /oom/petri_nets.pdf HTTP/1.1" 200 657567 "-" "Mozilla/4.0 (compatible; MSIE 7.0; Windows NT 5.1; GTB6; InfoPath.1)" "-"
83.7.249.247 - - [11/Oct/2009:13:22:27 +0200] "GET /pium/instrukcje/pium_2_5-2.pdf HTTP/1.1" 200 18634 "http://neo.dmcs.p.lodz.pl/pium/index.php?strona=10&jezyk=0" "Mozilla/5.0 (Windows; U; Windows NT 6.0; pl; rv:1.9.0.14) Gecko/2009082707 Firefox/3.0.14 (.NET CLR 3.5.30729)" "-"
83.7.249.247 - - [11/Oct/2009:13:22:34 +0200] "GET /pium/instrukcje/pium_2_5-2.pdf HTTP/1.1" 206 885713 "-" "Mozilla/5.0 (Windows; U; Windows NT 6.0; pl; rv:1.9.0.14) Gecko/2009082707 Firefox/3.0.14 (.NET CLR 3.5.30729)" "-"
153.19.210.159 - - [11/Oct/2009:13:22:37 +0200] "HEAD /favicon.ico HTTP/1.1" 404 0 "-" "Mozilla/5.0 (X11; U; Linux i686; pl; rv:1.9.1.3) Gecko/20090824 Firefox/3.5.3" "-"
74.6.17.160 - - [11/Oct/2009:13:22:47 +0200] "GET /mins/index.html HTTP/1.0" 200 2362 "-" "Mozilla/5.0 (compatible; Yahoo! Slurp/3.0; http://help.yahoo.com/help/us/ysearch/slurp)" "-"
74.6.17.160 - - [11/Oct/2009:13:22:49 +0200] "GET /mins/css/structure.css HTTP/1.0" 200 2706 "http://lux.dmcs.p.lodz.pl/mins/index.html" "Mozilla/5.0 (compatible; Yahoo! Slurp/3.0; http://help.yahoo.com/help/us/ysearch/slurp)" "-"
74.6.17.160 - - [11/Oct/2009:13:22:54 +0200] "GET /mins/css/style.css HTTP/1.0" 200 816 "http://lux.dmcs.p.lodz.pl/mins/index.html" "Mozilla/5.0 (compatible; Yahoo! Slurp/3.0; http://help.yahoo.com/help/us/ysearch/slurp)" "-"
74.6.17.160 - - [11/Oct/2009:13:23:03 +0200] "GET /mins/css/text.css HTTP/1.0" 200 2552 "http://lux.dmcs.p.lodz.pl/mins/index.html" "Mozilla/5.0 (compatible; Yahoo! Slurp/3.0; http://help.yahoo.com/help/us/ysearch/slurp)" "-"
78.30.97.200 - - [11/Oct/2009:13:23:42 +0200] "GET /smcr-p/WojnyTokenowe.pdf HTTP/1.1" 200 75677 "http://www.google.pl/search?hl=pl&lr=&ei=JsDRSsumIci14Qaaz4CJAw&sa=X&oi=spell&resnum=0&ct=result&cd=1&ved=0CBQQBSgA&q=gry+woiny+procesy&spell=1" "Mozilla/4.0 (compatible; MSIE 8.0; Windows NT 5.1; Trident/4.0; GTB6; .NET CLR 2.0.50727; .NET CLR 3.0.4506.2152; .NET CLR 3.5.30729)" "-"
65.55.106.162 - - [11/Oct/2009:13:23:45 +0200] "GET /mins/02_czujniki_termiczne.pdf HTTP/1.1" 304 - "-" "msnbot/2.0b (+http://search.msn.com/msnbot.htm)" "-"
65.55.207.132 - - [11/Oct/2009:13:24:15 +0200] "GET /csI/pipeline_with_hazards_ang.pdf HTTP/1.1" 304 - "-" "msnbot/2.0b (+http://search.msn.com/msnbot.htm)" "-"
94.254.195.97 - - [11/Oct/2009:13:24:36 +0200] "GET /~kgrabowski/wyklad/Wyklad%201.pdf HTTP/1.1" 200 7307711 "http://neo.dmcs.pl/~kgrabowski/wyklad/" "Mozilla/5.0 (Windows; U; Windows NT 6.0; pl; rv:1.9.1.3) Gecko/20090824 Firefox/3.5.3 (.NET CLR 3.5.30729)" "-"
65.55.106.134 - - [11/Oct/2009:13:24:45 +0200] "GET /pn/M48T02.pdf HTTP/1.1" 304 - "-" "msnbot/2.0b (+http://search.msn.com/msnbot.htm)" "-"
161.53.190.132 - - [11/Oct/2009:13:25:08 +0200] "GET /oom/ex7.pdf//administrator/components/com_joomla-visites/core/include/myMailer.class.php?mosConfig_absolute_path=http://maxi-rallye.be/joomla/zipimport/themza_j15_02/html/.../sistem.txt??? HTTP/1.1" 404 369 "-" "libwww-perl/5.64" "-"
161.53.190.132 - - [11/Oct/2009:13:25:08 +0200] "GET //administrator/components/com_joomla-visites/core/include/myMailer.class.php?mosConfig_absolute_path=http://maxi-rallye.be/joomla/zipimport/themza_j15_02/html/.../sistem.txt??? HTTP/1.1" 404 357 "-" "libwww-perl/5.64" "-"
161.53.190.132 - - [11/Oct/2009:13:25:08 +0200] "GET /oom//administrator/components/com_joomla-visites/core/include/myMailer.class.php?mosConfig_absolute_path=http://maxi-rallye.be/joomla/zipimport/themza_j15_02/html/.../sistem.txt??? HTTP/1.1" 404 361 "-" "libwww-perl/5.64" "-"
94.254.195.97 - - [11/Oct/2009:13:26:39 +0200] "GET /~kgrabowski/wyklad/Wyklad%202.pdf HTTP/1.1" 200 11763831 "http://neo.dmcs.pl/~kgrabowski/wyklad/" "Mozilla/5.0 (Windows; U; Windows NT 6.0; pl; rv:1.9.1.3) Gecko/20090824 Firefox/3.5.3 (.NET CLR 3.5.30729)" "-"
80.53.122.114 - - [11/Oct/2009:13:26:47 +0200] "GET /pium/ HTTP/1.1" 200 12743 "-" "Mozilla/5.0 (Windows; U; Windows NT 5.1; pl; rv:1.9.1) Gecko/20090624 Firefox/3.5" "-"
80.53.122.114 - - [11/Oct/2009:13:26:49 +0200] "GET /pium/index.php?strona=10&jezyk=0 HTTP/1.1" 200 6285 "http://neo.dmcs.p.lodz.pl/pium/" "Mozilla/5.0 (Windows; U; Windows NT 5.1; pl; rv:1.9.1) Gecko/20090624 Firefox/3.5" "-"
80.53.122.114 - - [11/Oct/2009:13:26:51 +0200] "GET /pium/instrukcje/pium_0_1-1.pdf HTTP/1.1" 200 51748 "http://neo.dmcs.p.lodz.pl/pium/index.php?strona=10&jezyk=0" "Mozilla/5.0 (Windows; U; Windows NT 5.1; pl; rv:1.9.1) Gecko/20090624 Firefox/3.5" "-"
80.53.122.114 - - [11/Oct/2009:13:26:51 +0200] "GET /pium/instrukcje/pium_0_1-1.pdf HTTP/1.1" 206 4306 "-" "Mozilla/5.0 (Windows; U; Windows NT 5.1; pl; rv:1.9.1) Gecko/20090624 Firefox/3.5" "-"
80.53.122.114 - - [11/Oct/2009:13:26:51 +0200] "GET /pium/instrukcje/pium_0_1-1.pdf HTTP/1.1" 206 4306 "-" "Mozilla/5.0 (Windows; U; Windows NT 5.1; pl; rv:1.9.1) Gecko/20090624 Firefox/3.5" "-"
80.53.122.114 - - [11/Oct/2009:13:26:53 +0200] "GET /pium/instrukcje/pium_0_1-1.pdf HTTP/1.1" 206 925445 "-" "Mozilla/5.0 (Windows; U; Windows NT 5.1; pl; rv:1.9.1) Gecko/20090624 Firefox/3.5" "-"
213.39.158.112 - - [11/Oct/2009:13:27:03 +0200] "GET /pium/pium/materialy_cw7/IRLZ34N.pdf HTTP/1.1" 200 111979 "http://www.google.de/search?hl=de&source=hp&q=irlz34n&btnG=Google-Suche&meta=" "Mozilla/5.0 (Macintosh; U; Intel Mac OS X 10_6_1; de-de) AppleWebKit/531.9 (KHTML, like Gecko) Version/4.0.3 Safari/531.9" "-"
66.249.65.212 - - [11/Oct/2009:13:27:09 +0200] "GET /wdm/index.html HTTP/1.1" 200 1972 "-" "Mozilla/5.0 (compatible; Googlebot/2.1; +http://www.google.com/bot.html)" "-"
66.249.65.212 - - [11/Oct/2009:13:27:21 +0200] "GET /tk/UNIXhelp1.3/Pages/mail/four.5.html HTTP/1.1" 200 951 "-" "Mozilla/5.0 (compatible; Googlebot/2.1; +http://www.google.com/bot.html)" "-"
83.7.249.247 - - [11/Oct/2009:13:27:25 +0200] "GET /pium/index.php?strona=9&jezyk=0 HTTP/1.1" 200 14467 "http://neo.dmcs.p.lodz.pl/pium/" "Mozilla/5.0 (Windows; U; Windows NT 6.0; pl; rv:1.9.0.14) Gecko/2009082707 Firefox/3.0.14 (.NET CLR 3.5.30729)" "-"
83.7.249.247 - - [11/Oct/2009:13:27:30 +0200] "GET /pium/pium/pium_2_5-1_en.pdf HTTP/1.1" 200 18635 "http://neo.dmcs.p.lodz.pl/pium/index.php?strona=9&jezyk=0" "Mozilla/5.0 (Windows; U; Windows NT 6.0; pl; rv:1.9.0.14) Gecko/2009082707 Firefox/3.0.14 (.NET CLR 3.5.30729)" "-"
83.7.249.247 - - [11/Oct/2009:13:27:32 +0200] "GET /pium/pium/pium_2_5-1_en.pdf HTTP/1.1" 206 291370 "-" "Mozilla/5.0 (Windows; U; Windows NT 6.0; pl; rv:1.9.0.14) Gecko/2009082707 Firefox/3.0.14 (.NET CLR 3.5.30729)" "-"
66.249.65.212 - - [11/Oct/2009:13:28:01 +0200] "GET /inf5/05_06/3/links.html HTTP/1.1" 200 971 "-" "Mozilla/5.0 (compatible; Googlebot/2.1; +http://www.google.com/bot.html)" "-"
66.249.65.212 - - [11/Oct/2009:13:28:06 +0200] "GET /isbd/php/doc/polish_many/migration.if-endif.html HTTP/1.1" 200 3308 "-" "SAMSUNG-SGH-E250/1.0 Profile/MIDP-2.0 Configuration/CLDC-1.1 UP.Browser/6.2.3.3.c.1.101 (GUI) MMP/2.0 (compatible; Googlebot-Mobile/2.1; +http://www.google.com/bot.html)" "-"
74.6.8.123 - - [11/Oct/2009:13:28:38 +0200] "GET /robots.txt HTTP/1.0" 200 67 "-" "Mozilla/5.0 (compatible; Yahoo! Slurp; http://help.yahoo.com/help/us/ysearch/slurp)" "-"
74.6.8.123 - - [11/Oct/2009:13:28:38 +0200] "GET /~gwj/knoppix-dmcs-5.01.iso HTTP/1.0" 404 295 "-" "Mozilla/5.0 (compatible; Yahoo! Slurp/3.0; http://help.yahoo.com/help/us/ysearch/slurp)" "-"
79.89.208.34 - - [11/Oct/2009:13:29:06 +0200] "GET /inf5/06_07/4/sayuri.jpg HTTP/1.1" 200 125430 "http://www.parano.be/bbs/view.php?id=70278" "Mozilla/5.0 (Windows; U; Windows NT 5.1; fr; rv:1.9.0.14) Gecko/2009082707 Firefox/3.0.14" "-"
85.89.162.242 - - [11/Oct/2009:13:29:56 +0200] "GET /oom/oo_modeling.pdf HTTP/1.1" 200 272672 "http://neo.dmcs.p.lodz.pl/oom/index.html" "Mozilla/5.0 (Windows; U; Windows NT 5.1; pl; rv:1.9.0.14) Gecko/2009082707 Firefox/3.0.14 (.NET CLR 3.5.30729)" "-"
85.89.162.242 - - [11/Oct/2009:13:29:56 +0200] "GET /oom/oo_modeling.pdf HTTP/1.1" 206 4312 "-" "Mozilla/5.0 (Windows; U; Windows NT 5.1; pl; rv:1.9.0.14) Gecko/2009082707 Firefox/3.0.14 (.NET CLR 3.5.30729)" "-"
85.89.162.242 - - [11/Oct/2009:13:29:56 +0200] "GET /oom/oo_modeling.pdf HTTP/1.1" 206 4312 "-" "Mozilla/5.0 (Windows; U; Windows NT 5.1; pl; rv:1.9.0.14) Gecko/2009082707 Firefox/3.0.14 (.NET CLR 3.5.30729)" "-"
85.89.162.242 - - [11/Oct/2009:13:30:15 +0200] "GET /oom/oo_modeling.pdf HTTP/1.1" 206 3591880 "-" "Mozilla/5.0 (Windows; U; Windows NT 5.1; pl; rv:1.9.0.14) Gecko/2009082707 Firefox/3.0.14 (.NET CLR 3.5.30729)" "-"
195.117.64.202 - - [11/Oct/2009:13:30:17 +0200] "GET /~komam/podyplomowe/inf/files/inf-4.ppt HTTP/1.1" 200 848504 "http://www.google.pl/search?hl=pl&client=firefox-a&rls=org.mozilla:pl:official&hs=IKc&ei=YsDRSo3JDYyMsAbrsfyNBA&sa=X&oi=spell&resnum=0&ct=result&cd=1&ved=0CAUQBSgA&q=program+odczytujacy+haslo+z+biosu&spell=1" "Mozilla/5.0 (Windows; U; Windows NT 5.1; pl; rv:1.9.0.14) Gecko/2009082707 Firefox/3.0.14 (.NET CLR 3.5.30729)" "-"
195.117.64.202 - - [11/Oct/2009:13:30:44 +0200] "GET /~komam/podyplomowe/inf/files/inf-4.ppt HTTP/1.1" 206 2698670 "http://www.google.pl/search?hl=pl&client=firefox-a&rls=org.mozilla:pl:official&hs=IKc&ei=YsDRSo3JDYyMsAbrsfyNBA&sa=X&oi=spell&resnum=0&ct=result&cd=1&ved=0CAUQBSgA&q=program+odczytujacy+haslo+z+biosu&spell=1" "Mozilla/5.0 (Windows; U; Windows NT 5.1; pl; rv:1.9.0.14) Gecko/2009082707 Firefox/3.0.14 (.NET CLR 3.5.30729)" "-"
10.0.8.12 - - [11/Oct/2009:13:31:13 +0200] "GET /~sakowicz/podyplomowe/pokl_www_podstawy_html.ppt HTTP/1.1" 304 - "http://lux.dmcs.pl/~sakowicz/podyplomowe/" "Mozilla/5.0 (Windows; U; Windows NT 5.1; en-US; rv:1.9.0.10) Gecko/2009042316 Firefox/3.0.10" "-"
