217.113.225.6 - - [11/Oct/2009:12:36:02 +0200] "GET /tcm/polakmaly.jpg HTTP/1.1" 200 21363 "http://neo.dmcs.pl/tcm/index.html" "Mozilla/5.0 (Windows; U; Windows NT 5.1; pl; rv:1.9.1.3) Gecko/20090824 Firefox/3.5.3 (.NET CLR 3.5.30729)" "-"
82.143.155.106 - - [11/Oct/2009:12:36:04 +0200] "GET /favicon.ico HTTP/1.1" 404 292 "-" "Mozilla/5.0 (Windows; U; Windows NT 6.0; pl; rv:1.9.0.14) Gecko/2009082707 Firefox/3.0.14 (.NET CLR 3.5.30729)" "-"
10.0.8.4 - - [11/Oct/2009:12:36:20 +0200] "GET /~sakowicz/podyplomowe/ HTTP/1.1" 304 - "-" "Mozilla/4.0 (compatible; MSIE 6.0; Windows NT 5.1; .NET CLR 1.0.3705)" "-"
10.0.8.13 - - [11/Oct/2009:12:36:21 +0200] "GET /~sakowicz/podyplomowe/ HTTP/1.1" 200 1036 "-" "Mozilla/5.0 (Windows; U; Windows NT 5.1; en-US; rv:1.9.0.10) Gecko/2009042316 Firefox/3.0.10" "-"
10.0.8.13 - - [11/Oct/2009:12:36:22 +0200] "GET /favicon.ico HTTP/1.1" 404 285 "-" "Mozilla/5.0 (Windows; U; Windows NT 5.1; en-US; rv:1.9.0.10) Gecko/2009042316 Firefox/3.0.10" "-"
10.0.8.13 - - [11/Oct/2009:12:36:25 +0200] "GET /favicon.ico HTTP/1.1" 404 285 "-" "Mozilla/5.0 (Windows; U; Windows NT 5.1; en-US; rv:1.9.0.10) Gecko/2009042316 Firefox/3.0.10" "-"
10.0.8.13 - - [11/Oct/2009:12:36:28 +0200] "GET /~sakowicz/podyplomowe/pokl_www_podstawy_html.ppt HTTP/1.1" 200 3678720 "http://lux.dmcs.pl/~sakowicz/podyplomowe/" "Mozilla/5.0 (Windows; U; Windows NT 5.1; en-US; rv:1.9.0.10) Gecko/2009042316 Firefox/3.0.10" "-"
10.0.8.4 - - [11/Oct/2009:12:36:28 +0200] "GET /~sakowicz/podyplomowe/pokl_www_podstawy_html.ppt HTTP/1.1" 200 3678720 "http://lux.dmcs.pl/~sakowicz/podyplomowe/" "Mozilla/4.0 (compatible; MSIE 6.0; Windows NT 5.1; .NET CLR 1.0.3705)" "-"
217.113.228.105 - - [11/Oct/2009:12:36:53 +0200] "GET /podyplomowe_java/pwkai/ HTTP/1.1" 200 2709 "http://neo.dmcs.p.lodz.pl/podyplomowe_java/" "Mozilla/5.0 (Windows; U; Windows NT 6.0; pl; rv:1.9.0.12) Gecko/2009070611 Firefox/3.0.12" "-"
10.0.8.240 - - [11/Oct/2009:12:36:57 +0200] "GET /~sakowicz/podyplomowe HTTP/1.1" 301 325 "-" "Mozilla/4.0 (compatible; MSIE 6.0; Windows NT 5.1; .NET CLR 1.0.3705)" "-"
10.0.8.240 - - [11/Oct/2009:12:36:57 +0200] "GET /~sakowicz/podyplomowe/ HTTP/1.1" 200 1036 "-" "Mozilla/4.0 (compatible; MSIE 6.0; Windows NT 5.1; .NET CLR 1.0.3705)" "-"
10.0.8.4 - - [11/Oct/2009:12:37:06 +0200] "GET /~sakowicz/podyplomowe/pokl_www_podstawy_html.ppt HTTP/1.1" 200 3678720 "-" "Mozilla/4.0 (compatible; MSIE 6.0; Windows NT 5.1; .NET CLR 1.0.3705)" "-"
66.249.65.212 - - [11/Oct/2009:12:37:07 +0200] "GET /ak/index.html HTTP/1.1" 200 1708 "-" "Mozilla/5.0 (compatible; Googlebot/2.1; +http://www.google.com/bot.html)" "-"
83.25.24.174 - - [11/Oct/2009:12:37:23 +0200] "GET /favicon.ico HTTP/1.1" 404 292 "-" "Mozilla/5.0 (Windows; U; Windows NT 5.1; pl; rv:1.9.0.14) Gecko/2009082707 Firefox/3.0.14 (.NET CLR 3.5.30729)" "-"
10.0.8.12 - - [11/Oct/2009:12:37:26 +0200] "GET /~sakowicz/podyplomowe HTTP/1.1" 301 325 "-" "Mozilla/5.0 (Windows; U; Windows NT 5.1; en-US; rv:1.9.0.10) Gecko/2009042316 Firefox/3.0.10" "-"
10.0.8.12 - - [11/Oct/2009:12:37:26 +0200] "GET /~sakowicz/podyplomowe/ HTTP/1.1" 304 - "-" "Mozilla/5.0 (Windows; U; Windows NT 5.1; en-US; rv:1.9.0.10) Gecko/2009042316 Firefox/3.0.10" "-"
10.0.8.12 - - [11/Oct/2009:12:37:39 +0200] "GET /~sakowicz/podyplomowe/pokl_www_cwiczenie_1_czcionki_i_listy.doc HTTP/1.1" 200 120320 "http://lux.dmcs.pl/~sakowicz/podyplomowe/" "Mozilla/5.0 (Windows; U; Windows NT 5.1; en-US; rv:1.9.0.10) Gecko/2009042316 Firefox/3.0.10" "-"
10.0.8.15 - - [11/Oct/2009:12:37:44 +0200] "PROPFIND /idn-1 HTTP/1.1" 404 271 "-" "Microsoft-WebDAV-MiniRedir/5.1.2600" "-"
10.0.8.15 - - [11/Oct/2009:12:37:45 +0200] "PROPFIND /idn-1 HTTP/1.1" 404 271 "-" "Microsoft-WebDAV-MiniRedir/5.1.2600" "-"
10.0.8.15 - - [11/Oct/2009:12:37:45 +0200] "PROPFIND /idn-1 HTTP/1.1" 404 271 "-" "Microsoft-WebDAV-MiniRedir/5.1.2600" "-"
10.0.8.15 - - [11/Oct/2009:12:37:50 +0200] "PROPFIND /idn-1 HTTP/1.1" 404 271 "-" "Microsoft-WebDAV-MiniRedir/5.1.2600" "-"
78.9.1.109 - - [11/Oct/2009:12:37:54 +0200] "GET /isbd/php/doc/polish_many/language.variables.predefined.html HTTP/1.1" 200 17015 "http://www.google.pl/search?hl=pl&rlz=1T4IRFA_enPL280PL282&num=100&newwindow=1&q=%5B%27PHP_SELF%27%5D+zmienne&lr=lang_pl" "Mozilla/4.0 (compatible; MSIE 8.0; Windows NT 6.0; Trident/4.0; GTB6.3; Mozilla/4.0 (compatible; MSIE 6.0; Windows NT 5.1; SV1) ; SLCC1; .NET CLR 2.0.50727; MEGAUPLOAD 3.0; .NET CLR 3.5.30729; .NET CLR 3.0.30618)" "-"
78.9.1.109 - - [11/Oct/2009:12:37:54 +0200] "GET /favicon.ico HTTP/1.1" 404 292 "-" "Mozilla/4.0 (compatible; MSIE 8.0; Windows NT 6.0; Trident/4.0; GTB6.3; Mozilla/4.0 (compatible; MSIE 6.0; Windows NT 5.1; SV1) ; SLCC1; .NET CLR 2.0.50727; MEGAUPLOAD 3.0; .NET CLR 3.5.30729; .NET CLR 3.0.30618)" "-"
10.0.8.240 - - [11/Oct/2009:12:37:57 +0200] "GET /~sakowicz/podyplomowe/pokl_www_podstawy_html.ppt HTTP/1.1" 200 3678720 "-" "Mozilla/4.0 (compatible; MSIE 6.0; Windows NT 5.1; .NET CLR 1.0.3705)" "-"
10.0.8.4 - - [11/Oct/2009:12:37:58 +0200] "GET /~sakowicz/podyplomowe/pokl_www_podstawy_html.ppt HTTP/1.1" 200 3678720 "-" "Mozilla/4.0 (compatible; MSIE 6.0; Windows NT 5.1; .NET CLR 1.0.3705)" "-"
66.249.65.214 - - [11/Oct/2009:12:37:59 +0200] "GET /podyplomowe_smtm/smob2/smob2_2_shell.pdf HTTP/1.1" 200 250842 "-" "Mozilla/5.0 (compatible; Googlebot/2.1; +http://www.google.com/bot.html)" "-"
10.0.8.7 - - [11/Oct/2009:12:37:59 +0200] "GET /~sakowicz/podyplomowe/ HTTP/1.1" 200 1036 "-" "Mozilla/5.0 (Windows; U; Windows NT 5.1; en-US; rv:1.9.0.10) Gecko/2009042316 Firefox/3.0.10" "-"
66.249.65.214 - - [11/Oct/2009:12:38:00 +0200] "GET /podyplomowe_smtm/smob2/smob2_1_wstep.pdf HTTP/1.1" 200 1283801 "-" "Mozilla/5.0 (compatible; Googlebot/2.1; +http://www.google.com/bot.html)" "-"
66.249.65.214 - - [11/Oct/2009:12:38:01 +0200] "GET /podyplomowe_smtm/smob2/kursbasha/main.html HTTP/1.1" 200 5405 "-" "Mozilla/5.0 (compatible; Googlebot/2.1; +http://www.google.com/bot.html)" "-"
10.0.8.7 - - [11/Oct/2009:12:38:05 +0200] "GET /~sakowicz/podyplomowe/pokl_www_podstawy_html.ppt HTTP/1.1" 200 3678720 "http://lux.dmcs.pl/~sakowicz/podyplomowe/" "Mozilla/5.0 (Windows; U; Windows NT 5.1; en-US; rv:1.9.0.10) Gecko/2009042316 Firefox/3.0.10" "-"
10.0.8.13 - - [11/Oct/2009:12:38:09 +0200] "PROPFIND /idn-13 HTTP/1.1" 404 272 "-" "Microsoft-WebDAV-MiniRedir/5.1.2600" "-"
66.249.65.212 - - [11/Oct/2009:12:38:36 +0200] "GET /pium/pium/materialy_cw7/1N4001__4007.pdf HTTP/1.1" 200 339787 "-" "Mozilla/5.0 (compatible; Googlebot/2.1; +http://www.google.com/bot.html)" "-"
10.0.8.11 - - [11/Oct/2009:12:38:41 +0200] "GET /~sakowicz/podyplomowe HTTP/1.1" 301 325 "-" "Mozilla/4.0 (compatible; MSIE 6.0; Windows NT 5.1; SV1)" "-"
10.0.8.11 - - [11/Oct/2009:12:38:41 +0200] "GET /~sakowicz/podyplomowe/ HTTP/1.1" 200 1036 "-" "Mozilla/4.0 (compatible; MSIE 6.0; Windows NT 5.1; SV1)" "-"
66.249.65.212 - - [11/Oct/2009:12:38:50 +0200] "GET /tk/UNIXhelp1.3/Pages/scrpt/scrpt2.1.html HTTP/1.1" 200 1923 "-" "Mozilla/5.0 (compatible; Googlebot/2.1; +http://www.google.com/bot.html)" "-"
10.0.8.15 - - [11/Oct/2009:12:39:27 +0200] "GET /~sakowicz/podyplomowe HTTP/1.1" 301 325 "-" "Mozilla/4.0 (compatible; MSIE 7.0; Windows NT 5.1; .NET CLR 1.1.4322)" "-"
10.0.8.15 - - [11/Oct/2009:12:39:27 +0200] "GET /~sakowicz/podyplomowe/ HTTP/1.1" 304 - "-" "Mozilla/4.0 (compatible; MSIE 7.0; Windows NT 5.1; .NET CLR 1.1.4322)" "-"
10.0.8.20 - - [11/Oct/2009:12:39:43 +0200] "PROPFIND /idn-16 HTTP/1.1" 404 272 "-" "Microsoft-WebDAV-MiniRedir/5.1.2600" "-"
10.0.8.240 - - [11/Oct/2009:12:39:47 +0200] "PROPFIND /idn-15 HTTP/1.1" 404 272 "-" "Microsoft-WebDAV-MiniRedir/5.1.2600" "-"
10.0.8.240 - - [11/Oct/2009:12:39:48 +0200] "PROPFIND /idn-15 HTTP/1.1" 404 272 "-" "Microsoft-WebDAV-MiniRedir/5.1.2600" "-"
10.0.8.240 - - [11/Oct/2009:12:39:48 +0200] "PROPFIND /idn-15 HTTP/1.1" 404 272 "-" "Microsoft-WebDAV-MiniRedir/5.1.2600" "-"
83.10.194.236 - - [11/Oct/2009:12:41:11 +0200] "GET /mikro_kurs/microwind/bramki.html HTTP/1.1" 200 12492 "http://www.google.pl/search?q=OAI+bramka+schemat&ie=utf-8&oe=utf-8&aq=t&rls=org.mozilla:pl:official&client=firefox-a" "Mozilla/5.0 (Windows; U; Windows NT 6.0; pl; rv:1.9.0.1) Gecko/2008070208 Firefox/3.0.1" "-"
83.10.194.236 - - [11/Oct/2009:12:41:11 +0200] "GET /mikro_kurs/microwind/style.css HTTP/1.1" 200 1143 "http://neo.dmcs.p.lodz.pl/mikro_kurs/microwind/bramki.html" "Mozilla/5.0 (Windows; U; Windows NT 6.0; pl; rv:1.9.0.1) Gecko/2008070208 Firefox/3.0.1" "-"
83.10.194.236 - - [11/Oct/2009:12:41:11 +0200] "GET /mikro_kurs/images/micro/nand.gif HTTP/1.1" 200 2608 "http://neo.dmcs.p.lodz.pl/mikro_kurs/microwind/bramki.html" "Mozilla/5.0 (Windows; U; Windows NT 6.0; pl; rv:1.9.0.1) Gecko/2008070208 Firefox/3.0.1" "-"
83.10.194.236 - - [11/Oct/2009:12:41:11 +0200] "GET /mikro_kurs/images/micro/xor.gif HTTP/1.1" 200 2332 "http://neo.dmcs.p.lodz.pl/mikro_kurs/microwind/bramki.html" "Mozilla/5.0 (Windows; U; Windows NT 6.0; pl; rv:1.9.0.1) Gecko/2008070208 Firefox/3.0.1" "-"
83.10.194.236 - - [11/Oct/2009:12:41:11 +0200] "GET /mikro_kurs/images/micro/nor.gif HTTP/1.1" 200 2044 "http://neo.dmcs.p.lodz.pl/mikro_kurs/microwind/bramki.html" "Mozilla/5.0 (Windows; U; Windows NT 6.0; pl; rv:1.9.0.1) Gecko/2008070208 Firefox/3.0.1" "-"
83.10.194.236 - - [11/Oct/2009:12:41:11 +0200] "GET /mikro_kurs/images/ikony/left.gif HTTP/1.1" 200 2233 "http://neo.dmcs.p.lodz.pl/mikro_kurs/microwind/bramki.html" "Mozilla/5.0 (Windows; U; Windows NT 6.0; pl; rv:1.9.0.1) Gecko/2008070208 Firefox/3.0.1" "-"
83.10.194.236 - - [11/Oct/2009:12:41:11 +0200] "GET /mikro_kurs/images/ikony/right.gif HTTP/1.1" 200 2229 "http://neo.dmcs.p.lodz.pl/mikro_kurs/microwind/bramki.html" "Mozilla/5.0 (Windows; U; Windows NT 6.0; pl; rv:1.9.0.1) Gecko/2008070208 Firefox/3.0.1" "-"
83.10.194.236 - - [11/Oct/2009:12:41:11 +0200] "GET /mikro_kurs/images/micro/nor_sym.gif HTTP/1.1" 200 38185 "http://neo.dmcs.p.lodz.pl/mikro_kurs/microwind/bramki.html" "Mozilla/5.0 (Windows; U; Windows NT 6.0; pl; rv:1.9.0.1) Gecko/2008070208 Firefox/3.0.1" "-"
83.10.194.236 - - [11/Oct/2009:12:41:11 +0200] "GET /mikro_kurs/images/micro/nand_sym.gif HTTP/1.1" 200 35349 "http://neo.dmcs.p.lodz.pl/mikro_kurs/microwind/bramki.html" "Mozilla/5.0 (Windows; U; Windows NT 6.0; pl; rv:1.9.0.1) Gecko/2008070208 Firefox/3.0.1" "-"
83.10.194.236 - - [11/Oct/2009:12:41:11 +0200] "GET /mikro_kurs/images/micro/xor_sym.gif HTTP/1.1" 200 36684 "http://neo.dmcs.p.lodz.pl/mikro_kurs/microwind/bramki.html" "Mozilla/5.0 (Windows; U; Windows NT 6.0; pl; rv:1.9.0.1) Gecko/2008070208 Firefox/3.0.1" "-"
83.10.194.236 - - [11/Oct/2009:12:41:12 +0200] "GET /favicon.ico HTTP/1.1" 404 292 "-" "Mozilla/5.0 (Windows; U; Windows NT 6.0; pl; rv:1.9.0.1) Gecko/2008070208 Firefox/3.0.1" "-"
83.10.194.236 - - [11/Oct/2009:12:41:15 +0200] "GET /favicon.ico HTTP/1.1" 404 292 "-" "Mozilla/5.0 (Windows; U; Windows NT 6.0; pl; rv:1.9.0.1) Gecko/2008070208 Firefox/3.0.1" "-"
10.0.8.15 - - [11/Oct/2009:12:41:29 +0200] "GET /~sakowicz/podyplomowe/pokl_www_podstawy_html.ppt HTTP/1.1" 200 3678720 "http://lux.dmcs.pl/~sakowicz/podyplomowe/" "Mozilla/4.0 (compatible; MSIE 7.0; Windows NT 5.1; .NET CLR 1.1.4322)" "-"
10.0.8.11 - - [11/Oct/2009:12:42:40 +0200] "GET /~sakowicz/podyplomowe/pokl_www_cwiczenie_1_czcionki_i_listy.doc HTTP/1.1" 200 120320 "http://lux.dmcs.pl/~sakowicz/podyplomowe/" "Mozilla/4.0 (compatible; MSIE 6.0; Windows NT 5.1; SV1)" "-"
153.19.210.159 - - [11/Oct/2009:12:42:40 +0200] "HEAD /favicon.ico HTTP/1.1" 404 0 "-" "Mozilla/5.0 (X11; U; Linux i686; pl; rv:1.9.1.3) Gecko/20090824 Firefox/3.5.3" "-"
10.0.8.15 - - [11/Oct/2009:12:43:05 +0200] "GET /~sakowicz/podyplomowe/pokl_www_podstawy_html.ppt HTTP/1.1" 200 3678720 "-" "Mozilla/4.0 (compatible; MSIE 7.0; Windows NT 5.1; .NET CLR 1.1.4322)" "-"
195.26.23.236 - - [11/Oct/2009:12:43:21 +0200] "GET /images/back.jpg HTTP/1.1" 404 289 "http://lux.dmcs.pl/sk2/tcp_echo.html" "Mozilla/5.0 (X11; U; Linux i686; en-US; rv:1.9.0.14) Gecko/2009090216 Ubuntu/8.04 (hardy) Firefox/3.0.14" "-"
195.26.23.236 - - [11/Oct/2009:12:43:24 +0200] "GET /favicon.ico HTTP/1.1" 404 285 "-" "Mozilla/5.0 (X11; U; Linux i686; en-US; rv:1.9.0.14) Gecko/2009090216 Ubuntu/8.04 (hardy) Firefox/3.0.14" "-"
10.0.8.15 - - [11/Oct/2009:12:43:47 +0200] "GET /~sakowicz/podyplomowe/pokl_www_podstawy_html.ppt HTTP/1.1" 200 3678720 "http://lux.dmcs.pl/~sakowicz/podyplomowe/" "Mozilla/4.0 (compatible; MSIE 7.0; Windows NT 5.1; .NET CLR 1.1.4322)" "-"
10.0.8.15 - - [11/Oct/2009:12:45:04 +0200] "GET /~sakowicz/podyplomowe/pokl_www_cwiczenie_1_czcionki_i_listy.doc HTTP/1.1" 304 - "http://lux.dmcs.pl/~sakowicz/podyplomowe/" "Mozilla/4.0 (compatible; MSIE 7.0; Windows NT 5.1; .NET CLR 1.1.4322)" "-"
66.249.65.212 - - [11/Oct/2009:12:45:27 +0200] "GET /csII/index.html HTTP/1.1" 200 936 "-" "Mozilla/5.0 (compatible; Googlebot/2.1; +http://www.google.com/bot.html)" "-"
66.249.65.212 - - [11/Oct/2009:12:46:56 +0200] "GET /tk/UNIXhelp1.3/Pages/scrpt/scrpt2.6.html HTTP/1.1" 200 1049 "-" "Mozilla/5.0 (compatible; Googlebot/2.1; +http://www.google.com/bot.html)" "-"
83.10.233.45 - - [11/Oct/2009:12:46:57 +0200] "GET / HTTP/1.1" 200 8370 "-" "Mozilla/4.0 (compatible; MSIE 8.0; Windows NT 6.1; Trident/4.0; SLCC2; .NET CLR 2.0.50727; .NET CLR 3.5.30729; .NET CLR 3.0.30729; Media Center PC 6.0; InfoPath.2)" "-"
83.10.233.45 - - [11/Oct/2009:12:46:58 +0200] "GET /style.css HTTP/1.1" 200 2000 "http://lux.dmcs.pl/" "Mozilla/4.0 (compatible; MSIE 8.0; Windows NT 6.1; Trident/4.0; SLCC2; .NET CLR 2.0.50727; .NET CLR 3.5.30729; .NET CLR 3.0.30729; Media Center PC 6.0; InfoPath.2)" "-"
83.10.233.45 - - [11/Oct/2009:12:46:58 +0200] "GET /images/back.jpg HTTP/1.1" 404 289 "http://lux.dmcs.pl/" "Mozilla/4.0 (compatible; MSIE 8.0; Windows NT 6.1; Trident/4.0; SLCC2; .NET CLR 2.0.50727; .NET CLR 3.5.30729; .NET CLR 3.0.30729; Media Center PC 6.0; InfoPath.2)" "-"
83.10.233.45 - - [11/Oct/2009:12:46:59 +0200] "GET /favicon.ico HTTP/1.1" 404 285 "-" "Mozilla/4.0 (compatible; MSIE 8.0; Windows NT 6.1; Trident/4.0; SLCC2; .NET CLR 2.0.50727; .NET CLR 3.5.30729; .NET CLR 3.0.30729; Media Center PC 6.0; InfoPath.2)" "-"
83.10.233.45 - - [11/Oct/2009:12:47:03 +0200] "GET /ak/index.html HTTP/1.1" 200 1708 "http://lux.dmcs.pl/" "Mozilla/4.0 (compatible; MSIE 8.0; Windows NT 6.1; Trident/4.0; SLCC2; .NET CLR 2.0.50727; .NET CLR 3.5.30729; .NET CLR 3.0.30729; Media Center PC 6.0; InfoPath.2)" "-"
83.10.233.45 - - [11/Oct/2009:12:47:03 +0200] "GET /images/back.jpg HTTP/1.1" 404 289 "http://lux.dmcs.pl/ak/index.html" "Mozilla/4.0 (compatible; MSIE 8.0; Windows NT 6.1; Trident/4.0; SLCC2; .NET CLR 2.0.50727; .NET CLR 3.5.30729; .NET CLR 3.0.30729; Media Center PC 6.0; InfoPath.2)" "-"
83.10.233.45 - - [11/Oct/2009:12:47:03 +0200] "GET /favicon.ico HTTP/1.1" 404 285 "-" "Mozilla/4.0 (compatible; MSIE 8.0; Windows NT 6.1; Trident/4.0; SLCC2; .NET CLR 2.0.50727; .NET CLR 3.5.30729; .NET CLR 3.0.30729; Media Center PC 6.0; InfoPath.2)" "-"
212.117.7.205 - - [11/Oct/2009:12:47:23 +0200] "GET /specjalnosci/grafika/plytka_xilinx.jpg HTTP/1.1" 200 30362 "http://images.yandex.ru/yandsearch?p=9&ed=1&text=Xilinx&img_url=lux.dmcs.p.lodz.pl%2Fspecjalnosci%2Fgrafika%2Fplytka_xilinx.jpg&rpt=simage" "Mozilla/5.0 (Windows; U; Windows NT 5.1; en-GB; rv:1.9.1.3) Gecko/20090824 Firefox/3.5.3 (.NET CLR 3.5.30729)" "-"
83.26.64.64 - - [11/Oct/2009:12:47:27 +0200] "GET /nppm/index.html HTTP/1.1" 200 13722 "-" "Mozilla/5.0 (Windows; U; Windows NT 5.1; pl; rv:1.9.1.3) Gecko/20090824 Firefox/3.5.3 (.NET CLR 3.5.30729)" "-"
212.117.7.205 - - [11/Oct/2009:12:47:28 +0200] "GET /specjalnosci/index.php?strona=2 HTTP/1.1" 200 8197 "http://images.yandex.ru/yandsearch?p=9&ed=1&text=Xilinx&img_url=lux.dmcs.p.lodz.pl%2Fspecjalnosci%2Fgrafika%2Fplytka_xilinx.jpg&rpt=simage" "Mozilla/5.0 (Windows; U; Windows NT 5.1; en-GB; rv:1.9.1.3) Gecko/20090824 Firefox/3.5.3 (.NET CLR 3.5.30729)" "-"
212.117.7.205 - - [11/Oct/2009:12:47:28 +0200] "GET /specjalnosci/style.css HTTP/1.1" 200 7142 "http://lux.dmcs.p.lodz.pl/specjalnosci/index.php?strona=2" "Mozilla/5.0 (Windows; U; Windows NT 5.1; en-GB; rv:1.9.1.3) Gecko/20090824 Firefox/3.5.3 (.NET CLR 3.5.30729)" "-"
212.117.7.205 - - [11/Oct/2009:12:47:28 +0200] "GET /specjalnosci/skrypty.js HTTP/1.1" 200 142 "http://lux.dmcs.p.lodz.pl/specjalnosci/index.php?strona=2" "Mozilla/5.0 (Windows; U; Windows NT 5.1; en-GB; rv:1.9.1.3) Gecko/20090824 Firefox/3.5.3 (.NET CLR 3.5.30729)" "-"
83.26.64.64 - - [11/Oct/2009:12:47:28 +0200] "GET /favicon.ico HTTP/1.1" 404 285 "-" "Mozilla/5.0 (Windows; U; Windows NT 5.1; pl; rv:1.9.1.3) Gecko/20090824 Firefox/3.5.3 (.NET CLR 3.5.30729)" "-"
212.117.7.205 - - [11/Oct/2009:12:47:28 +0200] "GET /specjalnosci/grafika/naglowek.png HTTP/1.1" 200 4411 "http://lux.dmcs.p.lodz.pl/specjalnosci/index.php?strona=2" "Mozilla/5.0 (Windows; U; Windows NT 5.1; en-GB; rv:1.9.1.3) Gecko/20090824 Firefox/3.5.3 (.NET CLR 3.5.30729)" "-"
212.117.7.205 - - [11/Oct/2009:12:47:28 +0200] "GET /specjalnosci/grafika/blank.png HTTP/1.1" 200 142 "http://lux.dmcs.p.lodz.pl/specjalnosci/index.php?strona=2" "Mozilla/5.0 (Windows; U; Windows NT 5.1; en-GB; rv:1.9.1.3) Gecko/20090824 Firefox/3.5.3 (.NET CLR 3.5.30729)" "-"
212.117.7.205 - - [11/Oct/2009:12:47:28 +0200] "GET /specjalnosci/grafika/valid-html401.png HTTP/1.1" 200 2948 "http://lux.dmcs.p.lodz.pl/specjalnosci/index.php?strona=2" "Mozilla/5.0 (Windows; U; Windows NT 5.1; en-GB; rv:1.9.1.3) Gecko/20090824 Firefox/3.5.3 (.NET CLR 3.5.30729)" "-"
212.117.7.205 - - [11/Oct/2009:12:47:29 +0200] "GET /specjalnosci/grafika/typ_pdf.png HTTP/1.1" 200 338 "http://lux.dmcs.p.lodz.pl/specjalnosci/index.php?strona=2" "Mozilla/5.0 (Windows; U; Windows NT 5.1; en-GB; rv:1.9.1.3) Gecko/20090824 Firefox/3.5.3 (.NET CLR 3.5.30729)" "-"
212.117.7.205 - - [11/Oct/2009:12:47:29 +0200] "GET /favicon.ico HTTP/1.1" 404 292 "-" "Mozilla/5.0 (Windows; U; Windows NT 5.1; en-GB; rv:1.9.1.3) Gecko/20090824 Firefox/3.5.3 (.NET CLR 3.5.30729)" "-"
212.117.7.205 - - [11/Oct/2009:12:47:32 +0200] "GET /favicon.ico HTTP/1.1" 404 292 "-" "Mozilla/5.0 (Windows; U; Windows NT 5.1; en-GB; rv:1.9.1.3) Gecko/20090824 Firefox/3.5.3 (.NET CLR 3.5.30729)" "-"
83.26.64.64 - - [11/Oct/2009:12:47:32 +0200] "GET /favicon.ico HTTP/1.1" 404 285 "-" "Mozilla/5.0 (Windows; U; Windows NT 5.1; pl; rv:1.9.1.3) Gecko/20090824 Firefox/3.5.3 (.NET CLR 3.5.30729)" "-"
83.26.64.64 - - [11/Oct/2009:12:47:39 +0200] "GET /nppm/oznaczenia.sxw HTTP/1.1" 200 6966 "http://neo.dmcs.pl/nppm/index.html" "Mozilla/5.0 (Windows; U; Windows NT 5.1; pl; rv:1.9.1.3) Gecko/20090824 Firefox/3.5.3 (.NET CLR 3.5.30729)" "-"
10.0.8.15 - - [11/Oct/2009:12:47:52 +0200] "GET /~sakowicz/podyplomowe HTTP/1.1" 301 325 "-" "Mozilla/4.0 (compatible; MSIE 7.0; Windows NT 5.1; .NET CLR 1.1.4322)" "-"
10.0.8.15 - - [11/Oct/2009:12:47:52 +0200] "GET /~sakowicz/podyplomowe/ HTTP/1.1" 304 - "-" "Mozilla/4.0 (compatible; MSIE 7.0; Windows NT 5.1; .NET CLR 1.1.4322)" "-"
10.0.8.15 - - [11/Oct/2009:12:47:55 +0200] "GET /~sakowicz/podyplomowe/pokl_www_cwiczenie_2_linki.doc HTTP/1.1" 304 - "http://lux.dmcs.pl/~sakowicz/podyplomowe/" "Mozilla/4.0 (compatible; MSIE 7.0; Windows NT 5.1; .NET CLR 1.1.4322)" "-"
90.16.82.29 - - [11/Oct/2009:12:48:02 +0200] "GET /inf5/06_07/4/indeks.html HTTP/1.1" 200 2910 "http://images.google.fr/imgres?imgurl=http://neo.dmcs.p.lodz.pl/inf5/06_07/4/sayuri.jpg&imgrefurl=http://neo.dmcs.p.lodz.pl/inf5/06_07/4/indeks.html&usg=__l2OaYC4piNhy69FR49f7MAzALnc=&h=457&w=296&sz=123&hl=fr&start=7&tbnid=TZVb8nW5dZMXTM:&tbnh=128&tbnw=83&prev=/images%3Fq%3Dgeisha%26gbv%3D2%26hl%3Dfr" "Mozilla/4.0 (compatible; MSIE 8.0; Windows NT 5.1; Trident/4.0; IE7-01NET.COM-1.1)" "-"
90.16.82.29 - - [11/Oct/2009:12:48:03 +0200] "GET /inf5/06_07/4/2t.jpg HTTP/1.1" 200 3674 "http://neo.dmcs.p.lodz.pl/inf5/06_07/4/indeks.html" "Mozilla/4.0 (compatible; MSIE 8.0; Windows NT 5.1; Trident/4.0; IE7-01NET.COM-1.1)" "-"
90.16.82.29 - - [11/Oct/2009:12:48:03 +0200] "GET /inf5/06_07/4/index.jpg HTTP/1.1" 200 1588 "http://neo.dmcs.p.lodz.pl/inf5/06_07/4/indeks.html" "Mozilla/4.0 (compatible; MSIE 8.0; Windows NT 5.1; Trident/4.0; IE7-01NET.COM-1.1)" "-"
90.16.82.29 - - [11/Oct/2009:12:48:04 +0200] "GET /inf5/06_07/4/tapetka1.jpg HTTP/1.1" 200 64245 "http://neo.dmcs.p.lodz.pl/inf5/06_07/4/indeks.html" "Mozilla/4.0 (compatible; MSIE 8.0; Windows NT 5.1; Trident/4.0; IE7-01NET.COM-1.1)" "-"
90.16.82.29 - - [11/Oct/2009:12:48:05 +0200] "GET /inf5/06_07/4/sayuri.jpg HTTP/1.1" 200 125430 "http://images.google.fr/imgres?imgurl=http://neo.dmcs.p.lodz.pl/inf5/06_07/4/sayuri.jpg&imgrefurl=http://neo.dmcs.p.lodz.pl/inf5/06_07/4/indeks.html&usg=__l2OaYC4piNhy69FR49f7MAzALnc=&h=457&w=296&sz=123&hl=fr&start=7&tbnid=TZVb8nW5dZMXTM:&tbnh=128&tbnw=83&prev=/images%3Fq%3Dgeisha%26gbv%3D2%26hl%3Dfr" "Mozilla/4.0 (compatible; MSIE 8.0; Windows NT 5.1; Trident/4.0; IE7-01NET.COM-1.1)" "-"
90.16.82.29 - - [11/Oct/2009:12:48:05 +0200] "GET /favicon.ico HTTP/1.1" 404 292 "-" "Mozilla/4.0 (compatible; MSIE 8.0; Windows NT 5.1; Trident/4.0; IE7-01NET.COM-1.1)" "-"
10.0.8.4 - - [11/Oct/2009:12:48:21 +0200] "PROPFIND /idn-4 HTTP/1.1" 404 271 "-" "Microsoft-WebDAV-MiniRedir/5.1.2600" "-"
90.16.82.29 - - [11/Oct/2009:12:48:25 +0200] "GET /inf5/06_07/4/index.jpg HTTP/1.1" 200 1588 "http://neo.dmcs.p.lodz.pl/inf5/06_07/4/indeks.html" "Mozilla/4.0 (compatible; MSIE 8.0; Windows NT 5.1; Trident/4.0; IE7-01NET.COM-1.1)" "-"
90.16.82.29 - - [11/Oct/2009:12:48:25 +0200] "GET /inf5/06_07/4/geisha.jpg HTTP/1.1" 200 1552 "http://neo.dmcs.p.lodz.pl/inf5/06_07/4/indeks.html" "Mozilla/4.0 (compatible; MSIE 8.0; Windows NT 5.1; Trident/4.0; IE7-01NET.COM-1.1)" "-"
90.16.82.29 - - [11/Oct/2009:12:48:25 +0200] "GET /inf5/06_07/4/panoplie.jpg HTTP/1.1" 200 1745 "http://neo.dmcs.p.lodz.pl/inf5/06_07/4/indeks.html" "Mozilla/4.0 (compatible; MSIE 8.0; Windows NT 5.1; Trident/4.0; IE7-01NET.COM-1.1)" "-"
90.16.82.29 - - [11/Oct/2009:12:48:25 +0200] "GET /inf5/06_07/4/maquillage.jpg HTTP/1.1" 200 2238 "http://neo.dmcs.p.lodz.pl/inf5/06_07/4/indeks.html" "Mozilla/4.0 (compatible; MSIE 8.0; Windows NT 5.1; Trident/4.0; IE7-01NET.COM-1.1)" "-"
90.16.82.29 - - [11/Oct/2009:12:48:28 +0200] "GET /inf5/06_07/4/panoplie.jpg HTTP/1.1" 200 1745 "http://neo.dmcs.p.lodz.pl/inf5/06_07/4/indeks.html" "Mozilla/4.0 (compatible; MSIE 8.0; Windows NT 5.1; Trident/4.0; IE7-01NET.COM-1.1)" "-"
90.16.82.29 - - [11/Oct/2009:12:48:28 +0200] "GET /inf5/06_07/4/maquillage.jpg HTTP/1.1" 200 2238 "http://neo.dmcs.p.lodz.pl/inf5/06_07/4/indeks.html" "Mozilla/4.0 (compatible; MSIE 8.0; Windows NT 5.1; Trident/4.0; IE7-01NET.COM-1.1)" "-"
90.16.82.29 - - [11/Oct/2009:12:48:28 +0200] "GET /inf5/06_07/4/obi.jpg HTTP/1.1" 200 1056 "http://neo.dmcs.p.lodz.pl/inf5/06_07/4/indeks.html" "Mozilla/4.0 (compatible; MSIE 8.0; Windows NT 5.1; Trident/4.0; IE7-01NET.COM-1.1)" "-"
90.16.82.29 - - [11/Oct/2009:12:48:29 +0200] "GET /inf5/06_07/4/coiffure.jpg HTTP/1.1" 200 1822 "http://neo.dmcs.p.lodz.pl/inf5/06_07/4/indeks.html" "Mozilla/4.0 (compatible; MSIE 8.0; Windows NT 5.1; Trident/4.0; IE7-01NET.COM-1.1)" "-"
90.16.82.29 - - [11/Oct/2009:12:48:29 +0200] "GET /inf5/06_07/4/kimono.jpg HTTP/1.1" 200 1534 "http://neo.dmcs.p.lodz.pl/inf5/06_07/4/indeks.html" "Mozilla/4.0 (compatible; MSIE 8.0; Windows NT 5.1; Trident/4.0; IE7-01NET.COM-1.1)" "-"
90.16.82.29 - - [11/Oct/2009:12:48:29 +0200] "GET /inf5/06_07/4/chaussures.jpg HTTP/1.1" 200 2209 "http://neo.dmcs.p.lodz.pl/inf5/06_07/4/indeks.html" "Mozilla/4.0 (compatible; MSIE 8.0; Windows NT 5.1; Trident/4.0; IE7-01NET.COM-1.1)" "-"
90.16.82.29 - - [11/Oct/2009:12:48:29 +0200] "GET /inf5/06_07/4/accessoires.jpg HTTP/1.1" 200 2302 "http://neo.dmcs.p.lodz.pl/inf5/06_07/4/indeks.html" "Mozilla/4.0 (compatible; MSIE 8.0; Windows NT 5.1; Trident/4.0; IE7-01NET.COM-1.1)" "-"
90.16.82.29 - - [11/Oct/2009:12:48:29 +0200] "GET /inf5/06_07/4/danse.jpg HTTP/1.1" 200 1437 "http://neo.dmcs.p.lodz.pl/inf5/06_07/4/indeks.html" "Mozilla/4.0 (compatible; MSIE 8.0; Windows NT 5.1; Trident/4.0; IE7-01NET.COM-1.1)" "-"
90.16.82.29 - - [11/Oct/2009:12:48:29 +0200] "GET /inf5/06_07/4/musique.jpg HTTP/1.1" 200 1786 "http://neo.dmcs.p.lodz.pl/inf5/06_07/4/indeks.html" "Mozilla/4.0 (compatible; MSIE 8.0; Windows NT 5.1; Trident/4.0; IE7-01NET.COM-1.1)" "-"
90.16.82.29 - - [11/Oct/2009:12:48:29 +0200] "GET /inf5/06_07/4/role.jpg HTTP/1.1" 200 1254 "http://neo.dmcs.p.lodz.pl/inf5/06_07/4/indeks.html" "Mozilla/4.0 (compatible; MSIE 8.0; Windows NT 5.1; Trident/4.0; IE7-01NET.COM-1.1)" "-"
90.16.82.29 - - [11/Oct/2009:12:48:29 +0200] "GET /inf5/06_07/4/danna.jpg HTTP/1.1" 200 1432 "http://neo.dmcs.p.lodz.pl/inf5/06_07/4/indeks.html" "Mozilla/4.0 (compatible; MSIE 8.0; Windows NT 5.1; Trident/4.0; IE7-01NET.COM-1.1)" "-"
90.16.82.29 - - [11/Oct/2009:12:48:30 +0200] "GET /inf5/06_07/4/grande%20soeur.jpg HTTP/1.1" 200 2540 "http://neo.dmcs.p.lodz.pl/inf5/06_07/4/indeks.html" "Mozilla/4.0 (compatible; MSIE 8.0; Windows NT 5.1; Trident/4.0; IE7-01NET.COM-1.1)" "-"
90.16.82.29 - - [11/Oct/2009:12:48:30 +0200] "GET /inf5/06_07/4/curiosites.jpg HTTP/1.1" 200 2131 "http://neo.dmcs.p.lodz.pl/inf5/06_07/4/indeks.html" "Mozilla/4.0 (compatible; MSIE 8.0; Windows NT 5.1; Trident/4.0; IE7-01NET.COM-1.1)" "-"
90.16.82.29 - - [11/Oct/2009:12:48:30 +0200] "GET /inf5/06_07/4/bienvenu.jpg HTTP/1.1" 200 3369 "http://neo.dmcs.p.lodz.pl/inf5/06_07/4/indeks.html" "Mozilla/4.0 (compatible; MSIE 8.0; Windows NT 5.1; Trident/4.0; IE7-01NET.COM-1.1)" "-"
90.16.82.29 - - [11/Oct/2009:12:48:30 +0200] "GET /inf5/06_07/4/liens.jpg HTTP/1.1" 200 1269 "http://neo.dmcs.p.lodz.pl/inf5/06_07/4/indeks.html" "Mozilla/4.0 (compatible; MSIE 8.0; Windows NT 5.1; Trident/4.0; IE7-01NET.COM-1.1)" "-"
90.16.82.29 - - [11/Oct/2009:12:48:33 +0200] "GET /inf5/06_07/4/maquillage.html HTTP/1.1" 200 4226 "http://neo.dmcs.p.lodz.pl/inf5/06_07/4/indeks.html" "Mozilla/4.0 (compatible; MSIE 8.0; Windows NT 5.1; Trident/4.0; IE7-01NET.COM-1.1)" "-"
83.21.202.9 - - [11/Oct/2009:12:48:34 +0200] "GET /inf5/07_08/1/galerie.html HTTP/1.1" 200 5202 "http://images.google.pl/imgres?imgurl=http://neo.dmcs.p.lodz.pl/inf5/07_08/1/Joseph%2520Beuys.jpg&imgrefurl=http://neo.dmcs.p.lodz.pl/inf5/07_08/1/galerie.html&usg=__fY53ATJEHyS4Gp0jHTxYeox3LlM=&h=367&w=317&sz=28&hl=pl&start=332&um=1&tbnid=ypYlQpGG--aEtM:&tbnh=122&tbnw=105&prev=/images%3Fq%3DBeuys%26ndsp%3D21%26hl%3Dpl%26lr%3D%26sa%3DN%26start%3D315%26um%3D1" "Mozilla/4.0 (compatible; MSIE 8.0; Windows NT 5.1; Trident/4.0; InfoPath.2)" "-"
90.16.82.29 - - [11/Oct/2009:12:48:34 +0200] "GET /inf5/06_07/4/maquillage_1.jpg HTTP/1.1" 200 2875 "http://neo.dmcs.p.lodz.pl/inf5/06_07/4/maquillage.html" "Mozilla/4.0 (compatible; MSIE 8.0; Windows NT 5.1; Trident/4.0; IE7-01NET.COM-1.1)" "-"
83.21.202.9 - - [11/Oct/2009:12:48:34 +0200] "GET /inf5/07_08/1/andy%20warhol.jpg HTTP/1.1" 200 9276 "http://neo.dmcs.p.lodz.pl/inf5/07_08/1/galerie.html" "Mozilla/4.0 (compatible; MSIE 8.0; Windows NT 5.1; Trident/4.0; InfoPath.2)" "-"
90.16.82.29 - - [11/Oct/2009:12:48:34 +0200] "GET /inf5/06_07/4/m1.jpg HTTP/1.1" 200 16868 "http://neo.dmcs.p.lodz.pl/inf5/06_07/4/maquillage.html" "Mozilla/4.0 (compatible; MSIE 8.0; Windows NT 5.1; Trident/4.0; IE7-01NET.COM-1.1)" "-"
83.21.202.9 - - [11/Oct/2009:12:48:35 +0200] "GET /inf5/07_08/1/Andy%20Warhol,%20MAN%20RAY.jpg HTTP/1.1" 200 12637 "http://neo.dmcs.p.lodz.pl/inf5/07_08/1/galerie.html" "Mozilla/4.0 (compatible; MSIE 8.0; Windows NT 5.1; Trident/4.0; InfoPath.2)" "-"
90.16.82.29 - - [11/Oct/2009:12:48:35 +0200] "GET /inf5/06_07/4/m2.jpg HTTP/1.1" 200 13904 "http://neo.dmcs.p.lodz.pl/inf5/06_07/4/maquillage.html" "Mozilla/4.0 (compatible; MSIE 8.0; Windows NT 5.1; Trident/4.0; IE7-01NET.COM-1.1)" "-"
90.16.82.29 - - [11/Oct/2009:12:48:35 +0200] "GET /inf5/06_07/4/m3.gif HTTP/1.1" 200 12457 "http://neo.dmcs.p.lodz.pl/inf5/06_07/4/maquillage.html" "Mozilla/4.0 (compatible; MSIE 8.0; Windows NT 5.1; Trident/4.0; IE7-01NET.COM-1.1)" "-"
83.21.202.9 - - [11/Oct/2009:12:48:35 +0200] "GET /inf5/07_08/1/andy.jpg HTTP/1.1" 200 17227 "http://neo.dmcs.p.lodz.pl/inf5/07_08/1/galerie.html" "Mozilla/4.0 (compatible; MSIE 8.0; Windows NT 5.1; Trident/4.0; InfoPath.2)" "-"
90.16.82.29 - - [11/Oct/2009:12:48:36 +0200] "GET /inf5/06_07/4/m4.gif HTTP/1.1" 200 6317 "http://neo.dmcs.p.lodz.pl/inf5/06_07/4/maquillage.html" "Mozilla/4.0 (compatible; MSIE 8.0; Windows NT 5.1; Trident/4.0; IE7-01NET.COM-1.1)" "-"
90.16.82.29 - - [11/Oct/2009:12:48:36 +0200] "GET /inf5/06_07/4/m5.jpg HTTP/1.1" 200 8104 "http://neo.dmcs.p.lodz.pl/inf5/06_07/4/maquillage.html" "Mozilla/4.0 (compatible; MSIE 8.0; Windows NT 5.1; Trident/4.0; IE7-01NET.COM-1.1)" "-"
90.16.82.29 - - [11/Oct/2009:12:48:36 +0200] "GET /inf5/06_07/4/m6.jpg HTTP/1.1" 200 7842 "http://neo.dmcs.p.lodz.pl/inf5/06_07/4/maquillage.html" "Mozilla/4.0 (compatible; MSIE 8.0; Windows NT 5.1; Trident/4.0; IE7-01NET.COM-1.1)" "-"
83.21.202.9 - - [11/Oct/2009:12:48:36 +0200] "GET /inf5/07_08/1/roy%20lichtenstein.jpg HTTP/1.1" 200 17777 "http://neo.dmcs.p.lodz.pl/inf5/07_08/1/galerie.html" "Mozilla/4.0 (compatible; MSIE 8.0; Windows NT 5.1; Trident/4.0; InfoPath.2)" "-"
83.21.202.9 - - [11/Oct/2009:12:48:37 +0200] "GET /inf5/07_08/1/CampbellsModif-%20warhol.png HTTP/1.1" 200 165128 "http://neo.dmcs.p.lodz.pl/inf5/07_08/1/galerie.html" "Mozilla/4.0 (compatible; MSIE 8.0; Windows NT 5.1; Trident/4.0; InfoPath.2)" "-"
90.16.82.29 - - [11/Oct/2009:12:48:37 +0200] "GET /inf5/06_07/4/m7.jpg HTTP/1.1" 200 8806 "http://neo.dmcs.p.lodz.pl/inf5/06_07/4/maquillage.html" "Mozilla/4.0 (compatible; MSIE 8.0; Windows NT 5.1; Trident/4.0; IE7-01NET.COM-1.1)" "-"
83.21.202.9 - - [11/Oct/2009:12:48:37 +0200] "GET /inf5/07_08/1/roy%20lichtenstein2.jpg HTTP/1.1" 200 18127 "http://neo.dmcs.p.lodz.pl/inf5/07_08/1/galerie.html" "Mozilla/4.0 (compatible; MSIE 8.0; Windows NT 5.1; Trident/4.0; InfoPath.2)" "-"
83.21.202.9 - - [11/Oct/2009:12:48:38 +0200] "GET /inf5/07_08/1/Woman%20Reading%20%20by%20Roy%20Lichtenstein%20oil%20on%20canvas%20oil%20and%20magna%20on%20canvas%201980.jpg HTTP/1.1" 200 24295 "http://neo.dmcs.p.lodz.pl/inf5/07_08/1/galerie.html" "Mozilla/4.0 (compatible; MSIE 8.0; Windows NT 5.1; Trident/4.0; InfoPath.2)" "-"
83.21.202.9 - - [11/Oct/2009:12:48:39 +0200] "GET /inf5/07_08/1/Happy%20Tears%20by%20Roy%20Lichtenstein%20oil%20on%20canvas%20magna%20on%20canvas%201964.jpg HTTP/1.1" 200 64057 "http://neo.dmcs.p.lodz.pl/inf5/07_08/1/galerie.html" "Mozilla/4.0 (compatible; MSIE 8.0; Windows NT 5.1; Trident/4.0; InfoPath.2)" "-"
90.16.82.29 - - [11/Oct/2009:12:48:39 +0200] "GET /inf5/06_07/4/tapetka2a.jpg HTTP/1.1" 200 117750 "http://neo.dmcs.p.lodz.pl/inf5/06_07/4/maquillage.html" "Mozilla/4.0 (compatible; MSIE 8.0; Windows NT 5.1; Trident/4.0; IE7-01NET.COM-1.1)" "-"
83.21.202.9 - - [11/Oct/2009:12:48:39 +0200] "GET /inf5/07_08/1/Joseph%20Beuys.jpg HTTP/1.1" 200 28229 "http://images.google.pl/imgres?imgurl=http://neo.dmcs.p.lodz.pl/inf5/07_08/1/Joseph%2520Beuys.jpg&imgrefurl=http://neo.dmcs.p.lodz.pl/inf5/07_08/1/galerie.html&usg=__fY53ATJEHyS4Gp0jHTxYeox3LlM=&h=367&w=317&sz=28&hl=pl&start=332&um=1&tbnid=ypYlQpGG--aEtM:&tbnh=122&tbnw=105&prev=/images%3Fq%3DBeuys%26ndsp%3D21%26hl%3Dpl%26lr%3D%26sa%3DN%26start%3D315%26um%3D1" "Mozilla/4.0 (compatible; MSIE 8.0; Windows NT 5.1; Trident/4.0; InfoPath.2)" "-"
83.21.202.9 - - [11/Oct/2009:12:48:40 +0200] "GET /favicon.ico HTTP/1.1" 404 292 "-" "Mozilla/4.0 (compatible; MSIE 8.0; Windows NT 5.1; Trident/4.0; InfoPath.2)" "-"
83.21.202.9 - - [11/Oct/2009:12:48:46 +0200] "GET /inf5/07_08/1/Woman%20Reading%20%20by%20Roy%20Lichtenstein%20oil%20on%20canvas%20oil%20and%20magna%20on%20canvas%201980.jpg HTTP/1.1" 200 24295 "http://neo.dmcs.p.lodz.pl/inf5/07_08/1/galerie.html" "Mozilla/4.0 (compatible; MSIE 8.0; Windows NT 5.1; Trident/4.0; InfoPath.2)" "-"
83.21.202.9 - - [11/Oct/2009:12:48:46 +0200] "GET /inf5/07_08/1/Happy%20Tears%20by%20Roy%20Lichtenstein%20oil%20on%20canvas%20magna%20on%20canvas%201964.jpg HTTP/1.1" 200 33741 "http://neo.dmcs.p.lodz.pl/inf5/07_08/1/galerie.html" "Mozilla/4.0 (compatible; MSIE 8.0; Windows NT 5.1; Trident/4.0; InfoPath.2)" "-"
90.16.82.29 - - [11/Oct/2009:12:48:47 +0200] "GET /inf5/06_07/4/geisha.html HTTP/1.1" 200 6497 "http://neo.dmcs.p.lodz.pl/inf5/06_07/4/maquillage.html" "Mozilla/4.0 (compatible; MSIE 8.0; Windows NT 5.1; Trident/4.0; IE7-01NET.COM-1.1)" "-"
90.16.82.29 - - [11/Oct/2009:12:48:47 +0200] "GET /inf5/06_07/4/geisha.html HTTP/1.1" 200 6497 "http://neo.dmcs.p.lodz.pl/inf5/06_07/4/maquillage.html" "Mozilla/4.0 (compatible; MSIE 8.0; Windows NT 5.1; Trident/4.0; IE7-01NET.COM-1.1)" "-"
90.16.82.29 - - [11/Oct/2009:12:48:48 +0200] "GET /inf5/06_07/4/geisha.html HTTP/1.1" 200 6497 "http://neo.dmcs.p.lodz.pl/inf5/06_07/4/maquillage.html" "Mozilla/4.0 (compatible; MSIE 8.0; Windows NT 5.1; Trident/4.0; IE7-01NET.COM-1.1)" "-"
90.16.82.29 - - [11/Oct/2009:12:48:48 +0200] "GET /inf5/06_07/4/geisha_1.jpg HTTP/1.1" 200 7057 "http://neo.dmcs.p.lodz.pl/inf5/06_07/4/geisha.html" "Mozilla/4.0 (compatible; MSIE 8.0; Windows NT 5.1; Trident/4.0; IE7-01NET.COM-1.1)" "-"
90.16.82.29 - - [11/Oct/2009:12:48:49 +0200] "GET /inf5/06_07/4/geisha1.jpg HTTP/1.1" 200 27657 "http://neo.dmcs.p.lodz.pl/inf5/06_07/4/geisha.html" "Mozilla/4.0 (compatible; MSIE 8.0; Windows NT 5.1; Trident/4.0; IE7-01NET.COM-1.1)" "-"
79.163.240.8 - - [11/Oct/2009:12:48:49 +0200] "GET /tm/dm/TM5._v3.pdf HTTP/1.1" 200 224168 "http://www.google.pl/search?hl=pl&client=firefox-a&rls=org.mozilla%3Apl%3Aofficial&hs=pOw&q=SCL-109+sterownik+schemat&btnG=Szukaj&lr=" "Mozilla/5.0 (Windows; U; Windows NT 5.1; pl; rv:1.9.0.14) Gecko/2009082707 Firefox/3.0.14 (.NET CLR 3.5.30729)" "-"
90.16.82.29 - - [11/Oct/2009:12:48:49 +0200] "GET /inf5/06_07/4/historique.jpg HTTP/1.1" 200 2794 "http://neo.dmcs.p.lodz.pl/inf5/06_07/4/geisha.html" "Mozilla/4.0 (compatible; MSIE 8.0; Windows NT 5.1; Trident/4.0; IE7-01NET.COM-1.1)" "-"
79.163.240.8 - - [11/Oct/2009:12:48:49 +0200] "GET /tm/dm/TM5._v3.pdf HTTP/1.1" 206 4312 "-" "Mozilla/5.0 (Windows; U; Windows NT 5.1; pl; rv:1.9.0.14) Gecko/2009082707 Firefox/3.0.14 (.NET CLR 3.5.30729)" "-"
79.163.240.8 - - [11/Oct/2009:12:48:50 +0200] "GET /favicon.ico HTTP/1.1" 404 292 "-" "Mozilla/5.0 (Windows; U; Windows NT 5.1; pl; rv:1.9.0.14) Gecko/2009082707 Firefox/3.0.14 (.NET CLR 3.5.30729)" "-"
90.16.82.29 - - [11/Oct/2009:12:48:50 +0200] "GET /inf5/06_07/4/geisha2.jpg HTTP/1.1" 200 44569 "http://neo.dmcs.p.lodz.pl/inf5/06_07/4/geisha.html" "Mozilla/4.0 (compatible; MSIE 8.0; Windows NT 5.1; Trident/4.0; IE7-01NET.COM-1.1)" "-"
79.163.240.8 - - [11/Oct/2009:12:48:50 +0200] "GET /tm/dm/TM5._v3.pdf HTTP/1.1" 206 4312 "-" "Mozilla/5.0 (Windows; U; Windows NT 5.1; pl; rv:1.9.0.14) Gecko/2009082707 Firefox/3.0.14 (.NET CLR 3.5.30729)" "-"
90.16.82.29 - - [11/Oct/2009:12:48:51 +0200] "GET /inf5/06_07/4/tapetka5.jpg HTTP/1.1" 200 130475 "http://neo.dmcs.p.lodz.pl/inf5/06_07/4/geisha.html" "Mozilla/4.0 (compatible; MSIE 8.0; Windows NT 5.1; Trident/4.0; IE7-01NET.COM-1.1)" "-"
79.163.240.8 - - [11/Oct/2009:12:48:53 +0200] "GET /favicon.ico HTTP/1.1" 404 292 "-" "Mozilla/5.0 (Windows; U; Windows NT 5.1; pl; rv:1.9.0.14) Gecko/2009082707 Firefox/3.0.14 (.NET CLR 3.5.30729)" "-"
10.0.8.15 - - [11/Oct/2009:12:48:54 +0200] "GET /~sakowicz/podyplomowe/pokl_www_cwiczenie_3_tabele.doc HTTP/1.1" 200 496640 "http://lux.dmcs.pl/~sakowicz/podyplomowe/" "Mozilla/4.0 (compatible; MSIE 7.0; Windows NT 5.1; .NET CLR 1.1.4322)" "-"
90.16.82.29 - - [11/Oct/2009:12:48:59 +0200] "GET /inf5/06_07/4/kimono.html HTTP/1.1" 200 5175 "http://neo.dmcs.p.lodz.pl/inf5/06_07/4/geisha.html" "Mozilla/4.0 (compatible; MSIE 8.0; Windows NT 5.1; Trident/4.0; IE7-01NET.COM-1.1)" "-"
90.16.82.29 - - [11/Oct/2009:12:49:00 +0200] "GET /inf5/06_07/4/kimono_1.jpg HTTP/1.1" 200 2089 "http://neo.dmcs.p.lodz.pl/inf5/06_07/4/kimono.html" "Mozilla/4.0 (compatible; MSIE 8.0; Windows NT 5.1; Trident/4.0; IE7-01NET.COM-1.1)" "-"
90.16.82.29 - - [11/Oct/2009:12:49:00 +0200] "GET /inf5/06_07/4/kimono1.jpg HTTP/1.1" 200 12647 "http://neo.dmcs.p.lodz.pl/inf5/06_07/4/kimono.html" "Mozilla/4.0 (compatible; MSIE 8.0; Windows NT 5.1; Trident/4.0; IE7-01NET.COM-1.1)" "-"
90.16.82.29 - - [11/Oct/2009:12:49:00 +0200] "GET /inf5/06_07/4/kimono2.jpg HTTP/1.1" 200 11954 "http://neo.dmcs.p.lodz.pl/inf5/06_07/4/kimono.html" "Mozilla/4.0 (compatible; MSIE 8.0; Windows NT 5.1; Trident/4.0; IE7-01NET.COM-1.1)" "-"
90.16.82.29 - - [11/Oct/2009:12:49:00 +0200] "GET /inf5/06_07/4/kimono3.jpg HTTP/1.1" 200 12702 "http://neo.dmcs.p.lodz.pl/inf5/06_07/4/kimono.html" "Mozilla/4.0 (compatible; MSIE 8.0; Windows NT 5.1; Trident/4.0; IE7-01NET.COM-1.1)" "-"
90.16.82.29 - - [11/Oct/2009:12:49:01 +0200] "GET /inf5/06_07/4/kimono4.jpg HTTP/1.1" 200 13089 "http://neo.dmcs.p.lodz.pl/inf5/06_07/4/kimono.html" "Mozilla/4.0 (compatible; MSIE 8.0; Windows NT 5.1; Trident/4.0; IE7-01NET.COM-1.1)" "-"
90.16.82.29 - - [11/Oct/2009:12:49:01 +0200] "GET /inf5/06_07/4/kimono5.jpg HTTP/1.1" 200 12190 "http://neo.dmcs.p.lodz.pl/inf5/06_07/4/kimono.html" "Mozilla/4.0 (compatible; MSIE 8.0; Windows NT 5.1; Trident/4.0; IE7-01NET.COM-1.1)" "-"
90.16.82.29 - - [11/Oct/2009:12:49:01 +0200] "GET /inf5/06_07/4/kimono7.jpg HTTP/1.1" 200 6685 "http://neo.dmcs.p.lodz.pl/inf5/06_07/4/kimono.html" "Mozilla/4.0 (compatible; MSIE 8.0; Windows NT 5.1; Trident/4.0; IE7-01NET.COM-1.1)" "-"
90.16.82.29 - - [11/Oct/2009:12:49:02 +0200] "GET /inf5/06_07/4/kimono8.jpg HTTP/1.1" 200 11009 "http://neo.dmcs.p.lodz.pl/inf5/06_07/4/kimono.html" "Mozilla/4.0 (compatible; MSIE 8.0; Windows NT 5.1; Trident/4.0; IE7-01NET.COM-1.1)" "-"
90.16.82.29 - - [11/Oct/2009:12:49:03 +0200] "GET /inf5/06_07/4/kimono6.jpg HTTP/1.1" 200 8323 "http://neo.dmcs.p.lodz.pl/inf5/06_07/4/kimono.html" "Mozilla/4.0 (compatible; MSIE 8.0; Windows NT 5.1; Trident/4.0; IE7-01NET.COM-1.1)" "-"
90.16.82.29 - - [11/Oct/2009:12:49:03 +0200] "GET /inf5/06_07/4/tapetka7.jpg HTTP/1.1" 200 149176 "http://neo.dmcs.p.lodz.pl/inf5/06_07/4/kimono.html" "Mozilla/4.0 (compatible; MSIE 8.0; Windows NT 5.1; Trident/4.0; IE7-01NET.COM-1.1)" "-"
90.16.82.29 - - [11/Oct/2009:12:49:04 +0200] "GET /inf5/06_07/4/kimono9.jpg HTTP/1.1" 200 7841 "http://neo.dmcs.p.lodz.pl/inf5/06_07/4/kimono.html" "Mozilla/4.0 (compatible; MSIE 8.0; Windows NT 5.1; Trident/4.0; IE7-01NET.COM-1.1)" "-"
90.16.82.29 - - [11/Oct/2009:12:49:05 +0200] "GET /inf5/06_07/4/kimono10.jpg HTTP/1.1" 200 9371 "http://neo.dmcs.p.lodz.pl/inf5/06_07/4/kimono.html" "Mozilla/4.0 (compatible; MSIE 8.0; Windows NT 5.1; Trident/4.0; IE7-01NET.COM-1.1)" "-"
90.16.82.29 - - [11/Oct/2009:12:49:06 +0200] "GET /inf5/06_07/4/kimono11.jpg HTTP/1.1" 200 9799 "http://neo.dmcs.p.lodz.pl/inf5/06_07/4/kimono.html" "Mozilla/4.0 (compatible; MSIE 8.0; Windows NT 5.1; Trident/4.0; IE7-01NET.COM-1.1)" "-"
90.16.82.29 - - [11/Oct/2009:12:49:06 +0200] "GET /inf5/06_07/4/kimono12.jpg HTTP/1.1" 200 10779 "http://neo.dmcs.p.lodz.pl/inf5/06_07/4/kimono.html" "Mozilla/4.0 (compatible; MSIE 8.0; Windows NT 5.1; Trident/4.0; IE7-01NET.COM-1.1)" "-"
10.0.8.15 - - [11/Oct/2009:12:49:14 +0200] "GET /~sakowicz/podyplomowe/pokl_www_cwiczenie_4_ramki.doc HTTP/1.1" 200 122880 "http://lux.dmcs.pl/~sakowicz/podyplomowe/" "Mozilla/4.0 (compatible; MSIE 7.0; Windows NT 5.1; .NET CLR 1.1.4322)" "-"
10.0.8.17 - - [11/Oct/2009:12:49:17 +0200] "GET /~sakowicz/podyplomowe/ HTTP/1.1" 304 - "-" "Mozilla/5.0 (Windows; U; Windows NT 5.1; en-US; rv:1.9.0.10) Gecko/2009042316 Firefox/3.0.10" "-"
10.0.8.17 - - [11/Oct/2009:12:49:20 +0200] "GET /favicon.ico HTTP/1.1" 404 285 "-" "Mozilla/5.0 (Windows; U; Windows NT 5.1; en-US; rv:1.9.0.10) Gecko/2009042316 Firefox/3.0.10" "-"
10.0.8.17 - - [11/Oct/2009:12:49:22 +0200] "GET /~sakowicz/podyplomowe/pokl_www_podstawy_html.ppt HTTP/1.1" 200 3678720 "http://lux.dmcs.pl/~sakowicz/podyplomowe/" "Mozilla/5.0 (Windows; U; Windows NT 5.1; en-US; rv:1.9.0.10) Gecko/2009042316 Firefox/3.0.10" "-"
90.16.82.29 - - [11/Oct/2009:12:49:25 +0200] "GET /inf5/06_07/4/grande%20soeur.html HTTP/1.1" 200 5136 "http://neo.dmcs.p.lodz.pl/inf5/06_07/4/kimono.html" "Mozilla/4.0 (compatible; MSIE 8.0; Windows NT 5.1; Trident/4.0; IE7-01NET.COM-1.1)" "-"
90.16.82.29 - - [11/Oct/2009:12:49:26 +0200] "GET /inf5/06_07/4/role%20de%20gs.jpg HTTP/1.1" 200 5453 "http://neo.dmcs.p.lodz.pl/inf5/06_07/4/grande%20soeur.html" "Mozilla/4.0 (compatible; MSIE 8.0; Windows NT 5.1; Trident/4.0; IE7-01NET.COM-1.1)" "-"
90.16.82.29 - - [11/Oct/2009:12:49:27 +0200] "GET /inf5/06_07/4/gs1.jpg HTTP/1.1" 200 15076 "http://neo.dmcs.p.lodz.pl/inf5/06_07/4/grande%20soeur.html" "Mozilla/4.0 (compatible; MSIE 8.0; Windows NT 5.1; Trident/4.0; IE7-01NET.COM-1.1)" "-"
90.16.82.29 - - [11/Oct/2009:12:49:27 +0200] "GET /inf5/06_07/4/gs2.jpg HTTP/1.1" 200 15223 "http://neo.dmcs.p.lodz.pl/inf5/06_07/4/grande%20soeur.html" "Mozilla/4.0 (compatible; MSIE 8.0; Windows NT 5.1; Trident/4.0; IE7-01NET.COM-1.1)" "-"
90.16.82.29 - - [11/Oct/2009:12:49:27 +0200] "GET /inf5/06_07/4/gs3.jpg HTTP/1.1" 200 18132 "http://neo.dmcs.p.lodz.pl/inf5/06_07/4/grande%20soeur.html" "Mozilla/4.0 (compatible; MSIE 8.0; Windows NT 5.1; Trident/4.0; IE7-01NET.COM-1.1)" "-"
90.16.82.29 - - [11/Oct/2009:12:49:28 +0200] "GET /inf5/06_07/4/gs4.jpg HTTP/1.1" 200 18063 "http://neo.dmcs.p.lodz.pl/inf5/06_07/4/grande%20soeur.html" "Mozilla/4.0 (compatible; MSIE 8.0; Windows NT 5.1; Trident/4.0; IE7-01NET.COM-1.1)" "-"
90.16.82.29 - - [11/Oct/2009:12:49:29 +0200] "GET /inf5/06_07/4/gs5.jpg HTTP/1.1" 200 14667 "http://neo.dmcs.p.lodz.pl/inf5/06_07/4/grande%20soeur.html" "Mozilla/4.0 (compatible; MSIE 8.0; Windows NT 5.1; Trident/4.0; IE7-01NET.COM-1.1)" "-"
90.16.82.29 - - [11/Oct/2009:12:49:29 +0200] "GET /inf5/06_07/4/gs6.jpg HTTP/1.1" 200 15445 "http://neo.dmcs.p.lodz.pl/inf5/06_07/4/grande%20soeur.html" "Mozilla/4.0 (compatible; MSIE 8.0; Windows NT 5.1; Trident/4.0; IE7-01NET.COM-1.1)" "-"
90.16.82.29 - - [11/Oct/2009:12:49:30 +0200] "GET /inf5/06_07/4/tapetka6.jpg HTTP/1.1" 200 180952 "http://neo.dmcs.p.lodz.pl/inf5/06_07/4/grande%20soeur.html" "Mozilla/4.0 (compatible; MSIE 8.0; Windows NT 5.1; Trident/4.0; IE7-01NET.COM-1.1)" "-"
90.16.82.29 - - [11/Oct/2009:12:49:30 +0200] "GET /inf5/06_07/4/gs8.jpg HTTP/1.1" 200 16674 "http://neo.dmcs.p.lodz.pl/inf5/06_07/4/grande%20soeur.html" "Mozilla/4.0 (compatible; MSIE 8.0; Windows NT 5.1; Trident/4.0; IE7-01NET.COM-1.1)" "-"
79.163.240.8 - - [11/Oct/2009:12:49:33 +0200] "GET /tm/dm/TM5._v3.pdf HTTP/1.1" 206 3520904 "-" "Mozilla/5.0 (Windows; U; Windows NT 5.1; pl; rv:1.9.0.14) Gecko/2009082707 Firefox/3.0.14 (.NET CLR 3.5.30729)" "-"
10.0.8.15 - - [11/Oct/2009:12:49:38 +0200] "GET /~sakowicz/podyplomowe/pokl_www_cwiczenie_5_style.doc HTTP/1.1" 200 129536 "http://lux.dmcs.pl/~sakowicz/podyplomowe/" "Mozilla/4.0 (compatible; MSIE 7.0; Windows NT 5.1; .NET CLR 1.1.4322)" "-"
10.0.8.2 - - [11/Oct/2009:12:49:50 +0200] "GET /~sakowicz/podyplomowe/ HTTP/1.1" 200 1036 "-" "Mozilla/5.0 (Windows; U; Windows NT 5.1; en-US; rv:1.9.0.10) Gecko/2009042316 Firefox/3.0.10" "-"
10.0.8.2 - - [11/Oct/2009:12:49:50 +0200] "GET /favicon.ico HTTP/1.1" 404 285 "-" "Mozilla/5.0 (Windows; U; Windows NT 5.1; en-US; rv:1.9.0.10) Gecko/2009042316 Firefox/3.0.10" "-"
90.16.82.29 - - [11/Oct/2009:12:49:52 +0200] "GET /inf5/06_07/4/panoplie.html HTTP/1.1" 200 3100 "http://neo.dmcs.p.lodz.pl/inf5/06_07/4/grande%20soeur.html" "Mozilla/4.0 (compatible; MSIE 8.0; Windows NT 5.1; Trident/4.0; IE7-01NET.COM-1.1)" "-"
90.16.82.29 - - [11/Oct/2009:12:49:53 +0200] "GET /inf5/06_07/4/panoplie_1.jpg HTTP/1.1" 200 2344 "http://neo.dmcs.p.lodz.pl/inf5/06_07/4/panoplie.html" "Mozilla/4.0 (compatible; MSIE 8.0; Windows NT 5.1; Trident/4.0; IE7-01NET.COM-1.1)" "-"
10.0.8.2 - - [11/Oct/2009:12:49:53 +0200] "GET /favicon.ico HTTP/1.1" 404 285 "-" "Mozilla/5.0 (Windows; U; Windows NT 5.1; en-US; rv:1.9.0.10) Gecko/2009042316 Firefox/3.0.10" "-"
90.16.82.29 - - [11/Oct/2009:12:49:53 +0200] "GET /inf5/06_07/4/sayuri1.jpg HTTP/1.1" 200 24565 "http://neo.dmcs.p.lodz.pl/inf5/06_07/4/panoplie.html" "Mozilla/4.0 (compatible; MSIE 8.0; Windows NT 5.1; Trident/4.0; IE7-01NET.COM-1.1)" "-"
10.0.8.15 - - [11/Oct/2009:12:49:58 +0200] "GET /~sakowicz/podyplomowe/pokl_www_wymagania_projektowe.doc HTTP/1.1" 200 121856 "http://lux.dmcs.pl/~sakowicz/podyplomowe/" "Mozilla/4.0 (compatible; MSIE 7.0; Windows NT 5.1; .NET CLR 1.1.4322)" "-"
77.253.1.156 - - [11/Oct/2009:12:50:02 +0200] "GET /~piotrowi/wdtcim/wyklad9.pdf HTTP/1.1" 200 18529 "http://www.google.pl/search?hl=pl&client=firefox-a&rls=org.mozilla%3Apl%3Aofficial&hs=Ulb&q=topografia+przerzutnika&btnG=Szukaj&lr=" "Mozilla/5.0 (Windows; U; Windows NT 5.1; pl; rv:1.9.0.14) Gecko/2009082707 Firefox/3.0.14 (.NET CLR 3.5.30729)" "-"
77.253.1.156 - - [11/Oct/2009:12:50:02 +0200] "GET /~piotrowi/wdtcim/wyklad9.pdf HTTP/1.1" 206 1741 "-" "Mozilla/5.0 (Windows; U; Windows NT 5.1; pl; rv:1.9.0.14) Gecko/2009082707 Firefox/3.0.14 (.NET CLR 3.5.30729)" "-"
77.253.1.156 - - [11/Oct/2009:12:50:02 +0200] "GET /favicon.ico HTTP/1.1" 404 285 "-" "Mozilla/5.0 (Windows; U; Windows NT 5.1; pl; rv:1.9.0.14) Gecko/2009082707 Firefox/3.0.14 (.NET CLR 3.5.30729)" "-"
77.253.1.156 - - [11/Oct/2009:12:50:03 +0200] "GET /~piotrowi/wdtcim/wyklad9.pdf HTTP/1.1" 206 4306 "-" "Mozilla/5.0 (Windows; U; Windows NT 5.1; pl; rv:1.9.0.14) Gecko/2009082707 Firefox/3.0.14 (.NET CLR 3.5.30729)" "-"
77.253.1.156 - - [11/Oct/2009:12:50:03 +0200] "GET /~piotrowi/wdtcim/wyklad9.pdf HTTP/1.1" 206 230 "-" "Mozilla/5.0 (Windows; U; Windows NT 5.1; pl; rv:1.9.0.14) Gecko/2009082707 Firefox/3.0.14 (.NET CLR 3.5.30729)" "-"
77.253.1.156 - - [11/Oct/2009:12:50:03 +0200] "GET /~piotrowi/wdtcim/wyklad9.pdf HTTP/1.1" 206 2322 "-" "Mozilla/5.0 (Windows; U; Windows NT 5.1; pl; rv:1.9.0.14) Gecko/2009082707 Firefox/3.0.14 (.NET CLR 3.5.30729)" "-"
77.253.1.156 - - [11/Oct/2009:12:50:03 +0200] "GET /~piotrowi/wdtcim/wyklad9.pdf HTTP/1.1" 206 4306 "-" "Mozilla/5.0 (Windows; U; Windows NT 5.1; pl; rv:1.9.0.14) Gecko/2009082707 Firefox/3.0.14 (.NET CLR 3.5.30729)" "-"
77.253.1.156 - - [11/Oct/2009:12:50:03 +0200] "GET /~piotrowi/wdtcim/wyklad9.pdf HTTP/1.1" 206 3824 "-" "Mozilla/5.0 (Windows; U; Windows NT 5.1; pl; rv:1.9.0.14) Gecko/2009082707 Firefox/3.0.14 (.NET CLR 3.5.30729)" "-"
77.253.1.156 - - [11/Oct/2009:12:50:03 +0200] "GET /~piotrowi/wdtcim/wyklad9.pdf HTTP/1.1" 206 114974 "-" "Mozilla/5.0 (Windows; U; Windows NT 5.1; pl; rv:1.9.0.14) Gecko/2009082707 Firefox/3.0.14 (.NET CLR 3.5.30729)" "-"
77.253.1.156 - - [11/Oct/2009:12:50:03 +0200] "GET /~piotrowi/wdtcim/wyklad9.pdf HTTP/1.1" 206 1182 "-" "Mozilla/5.0 (Windows; U; Windows NT 5.1; pl; rv:1.9.0.14) Gecko/2009082707 Firefox/3.0.14 (.NET CLR 3.5.30729)" "-"
77.253.1.156 - - [11/Oct/2009:12:50:04 +0200] "GET /~piotrowi/wdtcim/wyklad9.pdf HTTP/1.1" 206 11514 "-" "Mozilla/5.0 (Windows; U; Windows NT 5.1; pl; rv:1.9.0.14) Gecko/2009082707 Firefox/3.0.14 (.NET CLR 3.5.30729)" "-"
77.253.1.156 - - [11/Oct/2009:12:50:04 +0200] "GET /~piotrowi/wdtcim/wyklad9.pdf HTTP/1.1" 206 11743 "-" "Mozilla/5.0 (Windows; U; Windows NT 5.1; pl; rv:1.9.0.14) Gecko/2009082707 Firefox/3.0.14 (.NET CLR 3.5.30729)" "-"
77.253.1.156 - - [11/Oct/2009:12:50:04 +0200] "GET /~piotrowi/wdtcim/wyklad9.pdf HTTP/1.1" 206 26628 "-" "Mozilla/5.0 (Windows; U; Windows NT 5.1; pl; rv:1.9.0.14) Gecko/2009082707 Firefox/3.0.14 (.NET CLR 3.5.30729)" "-"
77.253.1.156 - - [11/Oct/2009:12:50:05 +0200] "GET /~piotrowi/wdtcim/wyklad9.pdf HTTP/1.1" 206 27043 "-" "Mozilla/5.0 (Windows; U; Windows NT 5.1; pl; rv:1.9.0.14) Gecko/2009082707 Firefox/3.0.14 (.NET CLR 3.5.30729)" "-"
77.253.1.156 - - [11/Oct/2009:12:50:05 +0200] "GET /~piotrowi/wdtcim/wyklad9.pdf HTTP/1.1" 206 23404 "-" "Mozilla/5.0 (Windows; U; Windows NT 5.1; pl; rv:1.9.0.14) Gecko/2009082707 Firefox/3.0.14 (.NET CLR 3.5.30729)" "-"
77.253.1.156 - - [11/Oct/2009:12:50:05 +0200] "GET /favicon.ico HTTP/1.1" 404 285 "-" "Mozilla/5.0 (Windows; U; Windows NT 5.1; pl; rv:1.9.0.14) Gecko/2009082707 Firefox/3.0.14 (.NET CLR 3.5.30729)" "-"
77.253.1.156 - - [11/Oct/2009:12:50:06 +0200] "GET /~piotrowi/wdtcim/wyklad9.pdf HTTP/1.1" 206 24224 "-" "Mozilla/5.0 (Windows; U; Windows NT 5.1; pl; rv:1.9.0.14) Gecko/2009082707 Firefox/3.0.14 (.NET CLR 3.5.30729)" "-"
77.253.1.156 - - [11/Oct/2009:12:50:06 +0200] "GET /~piotrowi/wdtcim/wyklad9.pdf HTTP/1.1" 206 4306 "-" "Mozilla/5.0 (Windows; U; Windows NT 5.1; pl; rv:1.9.0.14) Gecko/2009082707 Firefox/3.0.14 (.NET CLR 3.5.30729)" "-"
77.253.1.156 - - [11/Oct/2009:12:50:06 +0200] "GET /~piotrowi/wdtcim/wyklad9.pdf HTTP/1.1" 206 1886 "-" "Mozilla/5.0 (Windows; U; Windows NT 5.1; pl; rv:1.9.0.14) Gecko/2009082707 Firefox/3.0.14 (.NET CLR 3.5.30729)" "-"
77.253.1.156 - - [11/Oct/2009:12:50:06 +0200] "GET /~piotrowi/wdtcim/wyklad9.pdf HTTP/1.1" 206 51240 "-" "Mozilla/5.0 (Windows; U; Windows NT 5.1; pl; rv:1.9.0.14) Gecko/2009082707 Firefox/3.0.14 (.NET CLR 3.5.30729)" "-"
77.253.1.156 - - [11/Oct/2009:12:50:06 +0200] "GET /~piotrowi/wdtcim/wyklad9.pdf HTTP/1.1" 206 73653 "-" "Mozilla/5.0 (Windows; U; Windows NT 5.1; pl; rv:1.9.0.14) Gecko/2009082707 Firefox/3.0.14 (.NET CLR 3.5.30729)" "-"
77.253.1.156 - - [11/Oct/2009:12:50:06 +0200] "GET /~piotrowi/wdtcim/wyklad9.pdf HTTP/1.1" 206 110148 "-" "Mozilla/5.0 (Windows; U; Windows NT 5.1; pl; rv:1.9.0.14) Gecko/2009082707 Firefox/3.0.14 (.NET CLR 3.5.30729)" "-"
77.253.1.156 - - [11/Oct/2009:12:50:07 +0200] "GET /~piotrowi/wdtcim/wyklad9.pdf HTTP/1.1" 206 13199 "-" "Mozilla/5.0 (Windows; U; Windows NT 5.1; pl; rv:1.9.0.14) Gecko/2009082707 Firefox/3.0.14 (.NET CLR 3.5.30729)" "-"
77.253.1.156 - - [11/Oct/2009:12:50:07 +0200] "GET /~piotrowi/wdtcim/wyklad9.pdf HTTP/1.1" 206 39560 "-" "Mozilla/5.0 (Windows; U; Windows NT 5.1; pl; rv:1.9.0.14) Gecko/2009082707 Firefox/3.0.14 (.NET CLR 3.5.30729)" "-"
77.253.1.156 - - [11/Oct/2009:12:50:07 +0200] "GET /~piotrowi/wdtcim/wyklad9.pdf HTTP/1.1" 206 5676 "-" "Mozilla/5.0 (Windows; U; Windows NT 5.1; pl; rv:1.9.0.14) Gecko/2009082707 Firefox/3.0.14 (.NET CLR 3.5.30729)" "-"
