83.6.27.194 - - [11/Oct/2009:15:05:59 +0200] "GET /specjalnosci/karty/smiup/5212z9.pdf HTTP/1.1" 200 40834 "http://www.google.pl/search?q=Komputery+i+sterowniki+przemys%C5%82owe&ie=utf-8&oe=utf-8&aq=t&rls=com.ubuntu:pl-PL:unofficial&client=firefox-a" "Mozilla/5.0 (X11; U; Linux i686; pl-PL; rv:1.9.0.14) Gecko/2009090216 Ubuntu/9.04 (jaunty) Firefox/3.0.14" "-"
94.75.87.69 - - [11/Oct/2009:15:06:06 +0200] "GET /rta/heat_tutorial_2003_chip.pdf HTTP/1.1" 200 610438 "http://www.google.pl/search?hl=pl&client=firefox-a&rls=com.ubuntu%3Aen-US%3Aunofficial&hs=JCJ&num=20&q=cif+to+gdsII&btnG=Szukaj&lr=" "Mozilla/5.0 (X11; U; Linux i686; en-US; rv:1.9.0.6) Gecko/2009020911 Ubuntu/8.10 (intrepid) Firefox/3.0.6" "-"
83.26.238.41 - - [11/Oct/2009:15:06:20 +0200] "GET /padp/lecture/padp_lecture_1.ppt HTTP/1.1" 200 2006528 "http://lux.dmcs.pl/padp/index.html" "Opera/9.80 (Windows NT 6.1; U; pl) Presto/2.2.15 Version/10.00" "-"
77.113.88.88 - - [11/Oct/2009:15:06:21 +0200] "GET /smcr/wyklady_dm/SMCR9_2009.pdf HTTP/1.1" 200 44976 "http://www.google.pl/search?hl=pl&q=transmisja+ethernet+z+tcp%2Fip&lr=" "Mozilla/4.0 (compatible; MSIE 7.0; Windows NT 5.1; .NET CLR 1.0.3705; .NET CLR 1.1.4322; Media Center PC 4.0)" "-"
77.113.88.88 - - [11/Oct/2009:15:06:21 +0200] "GET /favicon.ico HTTP/1.1" 404 292 "-" "Mozilla/4.0 (compatible; MSIE 7.0; Windows NT 5.1; .NET CLR 1.0.3705; .NET CLR 1.1.4322; Media Center PC 4.0)" "-"
77.113.88.88 - - [11/Oct/2009:15:06:22 +0200] "GET /smcr/wyklady_dm/SMCR9_2009.pdf HTTP/1.1" 206 39536 "-" "Mozilla/4.0 (compatible; MSIE 7.0; Windows NT 5.1; .NET CLR 1.0.3705; .NET CLR 1.1.4322; Media Center PC 4.0)" "-"
83.26.238.41 - - [11/Oct/2009:15:06:38 +0200] "GET /padp/lecture/gpgpu1.pdf HTTP/1.1" 200 1094256 "http://lux.dmcs.pl/padp/index.html" "Opera/9.80 (Windows NT 6.1; U; pl) Presto/2.2.15 Version/10.00" "-"
77.113.88.88 - - [11/Oct/2009:15:06:39 +0200] "GET /smcr/wyklady_dm/SMCR9_2009.pdf HTTP/1.1" 206 5968419 "-" "Mozilla/4.0 (compatible; MSIE 7.0; Windows NT 5.1; .NET CLR 1.0.3705; .NET CLR 1.1.4322; Media Center PC 4.0)" "-"
66.249.65.214 - - [11/Oct/2009:15:06:46 +0200] "GET /podyplomowe_smtm/smob2/kursbasha/reserved.html HTTP/1.1" 200 1830 "-" "Mozilla/5.0 (compatible; Googlebot/2.1; +http://www.google.com/bot.html)" "-"
81.210.115.178 - - [11/Oct/2009:15:06:52 +0200] "GET /ak-pod/ak-wyk5.pdf HTTP/1.0" 200 908959 "http://www.google.com/search?hl=pl&rls=com.microsoft%3Apl%3AIE-SearchBox&rlz=1I7GGLR&q=chipset+%2BPowerpoint&btnG=Szukaj&lr=lang_pl" "Mozilla/4.0 (compatible; MSIE 8.0; Windows NT 6.0; Trident/4.0; SLCC1; .NET CLR 2.0.50727; Media Center PC 5.0; .NET CLR 3.5.30729; .NET CLR 3.0.30618)" "-"
66.249.65.212 - - [11/Oct/2009:15:06:52 +0200] "GET /~starzak/pub/laboratoria/bdp2/ HTTP/1.1" 404 311 "-" "Mozilla/5.0 (compatible; Googlebot/2.1; +http://www.google.com/bot.html)" "-"
66.249.65.213 - - [11/Oct/2009:15:07:10 +0200] "GET /isbd/php/doc/polish_many/function.msql-free-result.html HTTP/1.1" 304 - "-" "Mozilla/5.0 (compatible; Googlebot/2.1; +http://www.google.com/bot.html)" "-"
78.8.119.111 - - [11/Oct/2009:15:07:48 +0200] "GET /isbd/php/doc/polish/figures/Extending_Zend_1_PHPs_internal_structure.png HTTP/1.1" 404 353 "http://neo.dmcs.p.lodz.pl/isbd/php/doc/polish/php_manual_pl.html" "Mozilla/5.0 (X11; U; Linux x86_64; pl-PL; rv:1.9.0.13) Gecko/2009082120 Iceweasel/3.0.12 (Debian-3.0.12-1)" "-"
78.8.119.111 - - [11/Oct/2009:15:07:48 +0200] "GET /isbd/php/doc/polish/figures/Extending_Zend_1a_Directory_Layout.png HTTP/1.1" 404 347 "http://neo.dmcs.p.lodz.pl/isbd/php/doc/polish/php_manual_pl.html" "Mozilla/5.0 (X11; U; Linux x86_64; pl-PL; rv:1.9.0.13) Gecko/2009082120 Iceweasel/3.0.12 (Debian-3.0.12-1)" "-"
78.8.119.111 - - [11/Oct/2009:15:07:49 +0200] "GET /isbd/php/doc/polish/figures/Extending_Zend_2_firstmod_output.png HTTP/1.1" 404 345 "http://neo.dmcs.p.lodz.pl/isbd/php/doc/polish/php_manual_pl.html" "Mozilla/5.0 (X11; U; Linux x86_64; pl-PL; rv:1.9.0.13) Gecko/2009082120 Iceweasel/3.0.12 (Debian-3.0.12-1)" "-"
78.8.119.111 - - [11/Oct/2009:15:07:49 +0200] "GET /isbd/php/doc/polish/figures/Extending_Zend_3_wrong_parameter_count.png HTTP/1.1" 404 351 "http://neo.dmcs.p.lodz.pl/isbd/php/doc/polish/php_manual_pl.html" "Mozilla/5.0 (X11; U; Linux x86_64; pl-PL; rv:1.9.0.13) Gecko/2009082120 Iceweasel/3.0.12 (Debian-3.0.12-1)" "-"
78.8.119.111 - - [11/Oct/2009:15:07:49 +0200] "GET /isbd/php/doc/polish/figures/Extending_Zend_4_cross_converter.png HTTP/1.1" 404 345 "http://neo.dmcs.p.lodz.pl/isbd/php/doc/polish/php_manual_pl.html" "Mozilla/5.0 (X11; U; Linux x86_64; pl-PL; rv:1.9.0.13) Gecko/2009082120 Iceweasel/3.0.12 (Debian-3.0.12-1)" "-"
78.8.119.111 - - [11/Oct/2009:15:07:49 +0200] "GET /isbd/php/doc/polish/figures/Extending_Zend_5_reference_test.png HTTP/1.1" 404 344 "http://neo.dmcs.p.lodz.pl/isbd/php/doc/polish/php_manual_pl.html" "Mozilla/5.0 (X11; U; Linux x86_64; pl-PL; rv:1.9.0.13) Gecko/2009082120 Iceweasel/3.0.12 (Debian-3.0.12-1)" "-"
78.8.119.111 - - [11/Oct/2009:15:07:49 +0200] "GET /isbd/php/doc/polish/figures/Extending_Zend_6_variable_creation.png HTTP/1.1" 404 347 "http://neo.dmcs.p.lodz.pl/isbd/php/doc/polish/php_manual_pl.html" "Mozilla/5.0 (X11; U; Linux x86_64; pl-PL; rv:1.9.0.13) Gecko/2009082120 Iceweasel/3.0.12 (Debian-3.0.12-1)" "-"
78.8.119.111 - - [11/Oct/2009:15:07:50 +0200] "GET /isbd/php/doc/polish/figures/Extending_Zend_7_warning_messages.png HTTP/1.1" 404 346 "http://neo.dmcs.p.lodz.pl/isbd/php/doc/polish/php_manual_pl.html" "Mozilla/5.0 (X11; U; Linux x86_64; pl-PL; rv:1.9.0.13) Gecko/2009082120 Iceweasel/3.0.12 (Debian-3.0.12-1)" "-"
78.8.119.111 - - [11/Oct/2009:15:07:50 +0200] "GET /isbd/php/doc/polish/figures/Extending_Zend_8_phpinfo_output.png HTTP/1.1" 404 344 "http://neo.dmcs.p.lodz.pl/isbd/php/doc/polish/php_manual_pl.html" "Mozilla/5.0 (X11; U; Linux x86_64; pl-PL; rv:1.9.0.13) Gecko/2009082120 Iceweasel/3.0.12 (Debian-3.0.12-1)" "-"
78.8.119.111 - - [11/Oct/2009:15:07:50 +0200] "GET /isbd/php/doc/polish/figures/Extending_Zend_9_execution_info.png HTTP/1.1" 404 344 "http://neo.dmcs.p.lodz.pl/isbd/php/doc/polish/php_manual_pl.html" "Mozilla/5.0 (X11; U; Linux x86_64; pl-PL; rv:1.9.0.13) Gecko/2009082120 Iceweasel/3.0.12 (Debian-3.0.12-1)" "-"
78.8.119.111 - - [11/Oct/2009:15:07:50 +0200] "GET /isbd/php/doc/polish/figures/Extending_Zend_11_userland.png HTTP/1.1" 404 339 "http://neo.dmcs.p.lodz.pl/isbd/php/doc/polish/php_manual_pl.html" "Mozilla/5.0 (X11; U; Linux x86_64; pl-PL; rv:1.9.0.13) Gecko/2009082120 Iceweasel/3.0.12 (Debian-3.0.12-1)" "-"
78.8.119.111 - - [11/Oct/2009:15:07:52 +0200] "GET /isbd/php/doc/polish/php_manual_pl.html HTTP/1.1" 200 5417889 "http://www.google.com/search?hl=pl&lr=lang_pl&client=iceweasel-a&rls=org.debian:pl-PL:unofficial&q=get_defined_constants()+utf&start=10&sa=N" "Mozilla/5.0 (X11; U; Linux x86_64; pl-PL; rv:1.9.0.13) Gecko/2009082120 Iceweasel/3.0.12 (Debian-3.0.12-1)" "-"
78.8.119.111 - - [11/Oct/2009:15:07:53 +0200] "GET /favicon.ico HTTP/1.1" 404 292 "-" "Mozilla/5.0 (X11; U; Linux x86_64; pl-PL; rv:1.9.0.13) Gecko/2009082120 Iceweasel/3.0.12 (Debian-3.0.12-1)" "-"
78.8.119.111 - - [11/Oct/2009:15:07:56 +0200] "GET /favicon.ico HTTP/1.1" 404 292 "-" "Mozilla/5.0 (X11; U; Linux x86_64; pl-PL; rv:1.9.0.13) Gecko/2009082120 Iceweasel/3.0.12 (Debian-3.0.12-1)" "-"
83.26.238.41 - - [11/Oct/2009:15:08:09 +0200] "GET / HTTP/1.1" 200 8370 "-" "Opera/9.80 (Windows NT 6.1; U; pl) Presto/2.2.15 Version/10.00" "-"
83.26.238.41 - - [11/Oct/2009:15:08:09 +0200] "GET /style.css HTTP/1.1" 200 2000 "http://lux.dmcs.p.lodz.pl/" "Opera/9.80 (Windows NT 6.1; U; pl) Presto/2.2.15 Version/10.00" "-"
83.26.238.41 - - [11/Oct/2009:15:08:09 +0200] "GET /images/back.jpg HTTP/1.1" 404 296 "http://lux.dmcs.p.lodz.pl/" "Opera/9.80 (Windows NT 6.1; U; pl) Presto/2.2.15 Version/10.00" "-"
83.26.238.41 - - [11/Oct/2009:15:08:09 +0200] "GET /favicon.ico HTTP/1.1" 404 292 "http://lux.dmcs.p.lodz.pl/" "Opera/9.80 (Windows NT 6.1; U; pl) Presto/2.2.15 Version/10.00" "-"
83.10.248.82 - - [11/Oct/2009:15:08:10 +0200] "GET /~mariuszz/SelPublications/IFE_ComputerGraphics_Ex1Ex2_ver1_01.pdf HTTP/1.1" 200 230743 "http://pisek2.cjb.net/forum/viewtopic.php?p=5312&sid=c59319b2fa6049c547d376368eac01e1" "Mozilla/5.0 (Windows; U; Windows NT 5.1; pl; rv:1.9.0.14) Gecko/2009082707 Firefox/3.0.14" "-"
83.26.238.41 - - [11/Oct/2009:15:08:12 +0200] "GET /padp/index.html HTTP/1.1" 200 2372 "http://lux.dmcs.p.lodz.pl/" "Opera/9.80 (Windows NT 6.1; U; pl) Presto/2.2.15 Version/10.00" "-"
83.26.238.41 - - [11/Oct/2009:15:08:13 +0200] "GET /images/back.jpg HTTP/1.1" 404 296 "http://lux.dmcs.p.lodz.pl/padp/index.html" "Opera/9.80 (Windows NT 6.1; U; pl) Presto/2.2.15 Version/10.00" "-"
83.10.248.82 - - [11/Oct/2009:15:08:16 +0200] "GET /~mariuszz/SelPublications/IFE_ComputerGraphics_Ex1Ex2_ver1_01.pdf HTTP/1.1" 206 198182 "-" "Mozilla/5.0 (Windows; U; Windows NT 5.1; pl; rv:1.9.0.14) Gecko/2009082707 Firefox/3.0.14" "-"
83.10.248.82 - - [11/Oct/2009:15:08:17 +0200] "GET /favicon.ico HTTP/1.1" 404 292 "-" "Mozilla/5.0 (Windows; U; Windows NT 5.1; pl; rv:1.9.0.14) Gecko/2009082707 Firefox/3.0.14" "-"
83.10.248.82 - - [11/Oct/2009:15:08:20 +0200] "GET /favicon.ico HTTP/1.1" 404 292 "-" "Mozilla/5.0 (Windows; U; Windows NT 5.1; pl; rv:1.9.0.14) Gecko/2009082707 Firefox/3.0.14" "-"
83.26.238.41 - - [11/Oct/2009:15:09:01 +0200] "GET /padp/lecture/padp_lecture_3.ppt HTTP/1.1" 200 1275904 "http://lux.dmcs.p.lodz.pl/padp/index.html" "Opera/9.80 (Windows NT 6.1; U; pl) Presto/2.2.15 Version/10.00" "-"
83.26.238.41 - - [11/Oct/2009:15:09:06 +0200] "GET /padp/lecture/padp_lecture_4.ppt HTTP/1.1" 200 631296 "http://lux.dmcs.p.lodz.pl/padp/index.html" "Opera/9.80 (Windows NT 6.1; U; pl) Presto/2.2.15 Version/10.00" "-"
83.26.238.41 - - [11/Oct/2009:15:09:25 +0200] "GET /padp/lecture/padp_lecture_2.ppt HTTP/1.1" 200 2723840 "http://lux.dmcs.p.lodz.pl/padp/index.html" "Opera/9.80 (Windows NT 6.1; U; pl) Presto/2.2.15 Version/10.00" "-"
83.26.238.41 - - [11/Oct/2009:15:10:15 +0200] "GET /padp/lecture/padp_lecture_5.ppt HTTP/1.1" 200 2510848 "http://lux.dmcs.p.lodz.pl/padp/index.html" "Opera/9.80 (Windows NT 6.1; U; pl) Presto/2.2.15 Version/10.00" "-"
78.8.115.117 - - [11/Oct/2009:15:10:24 +0200] "GET / HTTP/1.1" 200 8370 "-" "Mozilla/5.0 (Windows; U; Windows NT 5.1; en-US) AppleWebKit/532.0 (KHTML, like Gecko) Chrome/3.0.195.25 Safari/532.0" "-"
78.8.115.117 - - [11/Oct/2009:15:10:25 +0200] "GET /style.css HTTP/1.1" 200 2000 "http://lux.dmcs.pl/" "Mozilla/5.0 (Windows; U; Windows NT 5.1; en-US) AppleWebKit/532.0 (KHTML, like Gecko) Chrome/3.0.195.25 Safari/532.0" "-"
78.8.115.117 - - [11/Oct/2009:15:10:25 +0200] "GET /images/back.jpg HTTP/1.1" 404 289 "http://lux.dmcs.pl/" "Mozilla/5.0 (Windows; U; Windows NT 5.1; en-US) AppleWebKit/532.0 (KHTML, like Gecko) Chrome/3.0.195.25 Safari/532.0" "-"
78.8.115.117 - - [11/Oct/2009:15:10:25 +0200] "GET /favicon.ico HTTP/1.1" 404 285 "-" "Mozilla/5.0 (Windows; U; Windows NT 5.1; en-US) AppleWebKit/532.0 (KHTML, like Gecko) Chrome/3.0.195.25 Safari/532.0" "-"
78.8.115.117 - - [11/Oct/2009:15:10:37 +0200] "GET /pps/index.html HTTP/1.1" 200 10955 "-" "Mozilla/5.0 (Windows; U; Windows NT 5.1; en-US) AppleWebKit/532.0 (KHTML, like Gecko) Chrome/3.0.195.25 Safari/532.0" "-"
78.8.115.117 - - [11/Oct/2009:15:10:38 +0200] "GET /back.gif HTTP/1.1" 404 282 "http://lux.dmcs.pl/pps/index.html" "Mozilla/5.0 (Windows; U; Windows NT 5.1; en-US) AppleWebKit/532.0 (KHTML, like Gecko) Chrome/3.0.195.25 Safari/532.0" "-"
78.8.115.117 - - [11/Oct/2009:15:10:38 +0200] "GET /favicon.ico HTTP/1.1" 404 285 "-" "Mozilla/5.0 (Windows; U; Windows NT 5.1; en-US) AppleWebKit/532.0 (KHTML, like Gecko) Chrome/3.0.195.25 Safari/532.0" "-"
210.249.10.85 - - [11/Oct/2009:15:10:42 +0200] "GET / HTTP/1.1" 200 8370 "http://www.dmcs.pl/wiadomosci/gosciePrezentacja.do" "Mozilla/5.0 (Windows; U; Windows NT 5.1; en-US; rv:1.9.1.3) Gecko/20090824 Firefox/3.5.3" "-"
210.249.10.85 - - [11/Oct/2009:15:10:43 +0200] "GET /style.css HTTP/1.1" 200 2000 "http://neo.dmcs.p.lodz.pl/" "Mozilla/5.0 (Windows; U; Windows NT 5.1; en-US; rv:1.9.1.3) Gecko/20090824 Firefox/3.5.3" "-"
210.249.10.85 - - [11/Oct/2009:15:10:43 +0200] "GET /images/back.jpg HTTP/1.1" 404 296 "http://neo.dmcs.p.lodz.pl/" "Mozilla/5.0 (Windows; U; Windows NT 5.1; en-US; rv:1.9.1.3) Gecko/20090824 Firefox/3.5.3" "-"
210.249.10.85 - - [11/Oct/2009:15:10:43 +0200] "GET /favicon.ico HTTP/1.1" 404 292 "-" "Mozilla/5.0 (Windows; U; Windows NT 5.1; en-US; rv:1.9.1.3) Gecko/20090824 Firefox/3.5.3" "-"
210.249.10.85 - - [11/Oct/2009:15:10:46 +0200] "GET /favicon.ico HTTP/1.1" 404 292 "-" "Mozilla/5.0 (Windows; U; Windows NT 5.1; en-US; rv:1.9.1.3) Gecko/20090824 Firefox/3.5.3" "-"
210.249.10.85 - - [11/Oct/2009:15:10:55 +0200] "GET /aus/ HTTP/1.1" 200 676 "http://neo.dmcs.p.lodz.pl/" "Mozilla/5.0 (Windows; U; Windows NT 5.1; en-US; rv:1.9.1.3) Gecko/20090824 Firefox/3.5.3" "-"
210.249.10.85 - - [11/Oct/2009:15:10:55 +0200] "GET /aus/..%5Cstyle.css HTTP/1.1" 404 297 "http://neo.dmcs.p.lodz.pl/aus/" "Mozilla/5.0 (Windows; U; Windows NT 5.1; en-US; rv:1.9.1.3) Gecko/20090824 Firefox/3.5.3" "-"
210.249.10.85 - - [11/Oct/2009:15:10:55 +0200] "GET /aus/..%5Cback.gif HTTP/1.1" 404 296 "http://neo.dmcs.p.lodz.pl/aus/" "Mozilla/5.0 (Windows; U; Windows NT 5.1; en-US; rv:1.9.1.3) Gecko/20090824 Firefox/3.5.3" "-"
88.220.143.50 - - [11/Oct/2009:15:10:59 +0200] "GET /specjalnosci/karty/ti/0000z9_pwir.pdf HTTP/1.0" 200 35332 "http://www.google.pl/url?sa=t&source=web&ct=res&cd=32&ved=0CAgQFjABOB4&url=http%3A%2F%2Fneo.dmcs.p.lodz.pl%2Fspecjalnosci%2Fkarty%2Fti%2F0000z9_pwir.pdf&ei=VNnRSrjeOsXG_gbhu6HZAg&rct=j&q=programowanie+rozproszone&usg=AFQjCNGJYUDkd8vySh21vv5ftDaEao6syw" "Mozilla/5.0 (Windows; U; Windows NT 5.1; pl; rv:1.9.1.3) Gecko/20090824 Firefox/3.5.3" "-"
88.220.143.50 - - [11/Oct/2009:15:11:00 +0200] "GET /favicon.ico HTTP/1.0" 404 280 "-" "Mozilla/5.0 (Windows; U; Windows NT 5.1; pl; rv:1.9.1.3) Gecko/20090824 Firefox/3.5.3" "-"
87.205.33.123 - - [11/Oct/2009:15:11:03 +0200] "GET /favicon.ico HTTP/1.1" 404 292 "http://neo.dmcs.p.lodz.pl/pium/index.php?strona=10&jezyk=0" "Opera/9.80 (Windows NT 6.0; U; pl) Presto/2.2.15 Version/10.00" "-"
83.26.238.41 - - [11/Oct/2009:15:11:06 +0200] "GET /padp/lecture/padp_lecture_6.ppt HTTP/1.1" 200 4139520 "http://lux.dmcs.p.lodz.pl/padp/index.html" "Opera/9.80 (Windows NT 6.1; U; pl) Presto/2.2.15 Version/10.00" "-"
210.249.10.85 - - [11/Oct/2009:15:11:07 +0200] "GET /aus/aus.pdf HTTP/1.1" 200 279146 "http://neo.dmcs.p.lodz.pl/aus/" "Mozilla/5.0 (Windows; U; Windows NT 5.1; en-US; rv:1.9.1.3) Gecko/20090824 Firefox/3.5.3" "-"
210.249.10.85 - - [11/Oct/2009:15:11:07 +0200] "GET /aus/aus.pdf HTTP/1.1" 206 4312 "-" "Mozilla/5.0 (Windows; U; Windows NT 5.1; en-US; rv:1.9.1.3) Gecko/20090824 Firefox/3.5.3" "-"
210.249.10.85 - - [11/Oct/2009:15:11:07 +0200] "GET /aus/aus.pdf HTTP/1.1" 206 4312 "-" "Mozilla/5.0 (Windows; U; Windows NT 5.1; en-US; rv:1.9.1.3) Gecko/20090824 Firefox/3.5.3" "-"
78.133.204.54 - - [11/Oct/2009:15:11:10 +0200] "GET /sk2/sk2_wyklad_09_ipsec.pdf HTTP/1.0" 200 430575 "http://www.google.pl/search?client=firefox-a&rls=org.mozilla%3Apl%3Aofficial&channel=s&hl=pl&source=hp&q=bezpiecze%C5%84stwo+sieci+komputerowych&lr=&btnG=Szukaj+w+Google" "Mozilla/5.0 (Windows; U; Windows NT 5.1; pl; rv:1.9.0.14) Gecko/2009082707 Firefox/3.0.14 (.NET CLR 3.5.30729)" "-"
83.10.36.205 - - [11/Oct/2009:15:11:11 +0200] "GET /rso/index.html HTTP/1.1" 200 6449 "-" "Opera/9.64 (Windows NT 5.1; U; pl) Presto/2.1.1" "-"
83.10.36.205 - - [11/Oct/2009:15:11:11 +0200] "GET /images/back.jpg HTTP/1.1" 404 289 "http://lux.dmcs.pl/rso/index.html" "Opera/9.64 (Windows NT 5.1; U; pl) Presto/2.1.1" "-"
78.133.204.54 - - [11/Oct/2009:15:11:21 +0200] "GET /favicon.ico HTTP/1.0" 404 280 "-" "Mozilla/5.0 (Windows; U; Windows NT 5.1; pl; rv:1.9.0.14) Gecko/2009082707 Firefox/3.0.14 (.NET CLR 3.5.30729)" "-"
210.249.10.85 - - [11/Oct/2009:15:11:27 +0200] "GET /aus/aus.pdf HTTP/1.1" 206 1283271 "-" "Mozilla/5.0 (Windows; U; Windows NT 5.1; en-US; rv:1.9.1.3) Gecko/20090824 Firefox/3.5.3" "-"
10.0.8.11 - - [11/Oct/2009:15:12:20 +0200] "PROPFIND /%7Esakowicz HTTP/1.1" 301 313 "-" "Microsoft-WebDAV-MiniRedir/5.1.2600" "-"
10.0.8.11 - - [11/Oct/2009:15:12:20 +0200] "PROPFIND /~sakowicz/ HTTP/1.1" 404 284 "-" "Microsoft-WebDAV-MiniRedir/5.1.2600" "-"
10.0.8.11 - - [11/Oct/2009:15:12:20 +0200] "PROPFIND /%7Esakowicz HTTP/1.1" 301 313 "-" "Microsoft-WebDAV-MiniRedir/5.1.2600" "-"
10.0.8.11 - - [11/Oct/2009:15:12:20 +0200] "PROPFIND /~sakowicz/ HTTP/1.1" 404 284 "-" "Microsoft-WebDAV-MiniRedir/5.1.2600" "-"
10.0.8.11 - - [11/Oct/2009:15:12:20 +0200] "OPTIONS / HTTP/1.1" 200 - "-" "Microsoft-WebDAV-MiniRedir/5.1.2600" "-"
10.0.8.11 - - [11/Oct/2009:15:12:20 +0200] "PROPFIND /%7Esakowicz HTTP/1.1" 301 313 "-" "Microsoft-WebDAV-MiniRedir/5.1.2600" "-"
10.0.8.11 - - [11/Oct/2009:15:12:20 +0200] "PROPFIND /~sakowicz/ HTTP/1.1" 404 284 "-" "Microsoft-WebDAV-MiniRedir/5.1.2600" "-"
10.0.8.11 - - [11/Oct/2009:15:12:24 +0200] "PROPFIND /%7Esakowicz HTTP/1.1" 301 313 "-" "Microsoft-WebDAV-MiniRedir/5.1.2600" "-"
10.0.8.11 - - [11/Oct/2009:15:12:24 +0200] "PROPFIND /~sakowicz/ HTTP/1.1" 404 284 "-" "Microsoft-WebDAV-MiniRedir/5.1.2600" "-"
10.0.8.11 - - [11/Oct/2009:15:12:24 +0200] "PROPFIND /%7Esakowicz HTTP/1.1" 301 313 "-" "Microsoft-WebDAV-MiniRedir/5.1.2600" "-"
10.0.8.11 - - [11/Oct/2009:15:12:24 +0200] "PROPFIND /~sakowicz/ HTTP/1.1" 404 284 "-" "Microsoft-WebDAV-MiniRedir/5.1.2600" "-"
66.249.65.212 - - [11/Oct/2009:15:12:29 +0200] "GET /isbd/php/doc/polish_many/function.get-defined-functions.html HTTP/1.1" 200 4084 "-" "Mozilla/5.0 (compatible; Googlebot/2.1; +http://www.google.com/bot.html)" "-"
153.19.210.159 - - [11/Oct/2009:15:12:36 +0200] "HEAD /favicon.ico HTTP/1.1" 404 0 "-" "Mozilla/5.0 (X11; U; Linux i686; pl; rv:1.9.1.3) Gecko/20090824 Firefox/3.5.3" "-"
70.94.215.36 - - [11/Oct/2009:15:13:36 +0200] "GET http://lux.dmcs.p.lodz.pl/%7Espcsym/phorum/post.php?f=4 HTTP/1.0" 200 3135 "http://lux.dmcs.p.lodz.pl/%7Espcsym/phorum/post.php?f=4" "Opera/9.00 (Windows NT 5.1; U; en)" "-"
70.94.215.36 - - [11/Oct/2009:15:13:41 +0200] "POST http://lux.dmcs.p.lodz.pl/%7Espcsym/phorum/post.php HTTP/1.0" 200 9294 "http://lux.dmcs.p.lodz.pl/%7Espcsym/phorum/post.php?f=4" "Opera/9.00 (Windows NT 5.1; U; en)" "-"
10.0.8.11 - - [11/Oct/2009:15:13:45 +0200] "PROPFIND /idn-11 HTTP/1.1" 404 272 "-" "Microsoft-WebDAV-MiniRedir/5.1.2600" "-"
92.241.169.162 - - [11/Oct/2009:15:13:58 +0200] "GET /%7Espcsym/phorum/post.php?f=4 HTTP/1.0" 200 3135 "http://lux.dmcs.p.lodz.pl/%7Espcsym/phorum/post.php?f=4" "Mozilla/4.0 (compatible; MSIE 5.5; Windows 95)" "-"
92.241.169.162 - - [11/Oct/2009:15:14:04 +0200] "POST /%7Espcsym/phorum/post.php HTTP/1.0" 200 8824 "http://lux.dmcs.p.lodz.pl/%7Espcsym/phorum/post.php?f=4" "Mozilla/4.0 (compatible; MSIE 5.5; Windows 95)" "-"
78.8.115.117 - - [11/Oct/2009:15:15:10 +0200] "GET /rso/index.html HTTP/1.1" 200 6449 "http://lux.dmcs.pl/" "Mozilla/5.0 (Windows; U; Windows NT 5.1; en-US) AppleWebKit/532.0 (KHTML, like Gecko) Chrome/3.0.195.25 Safari/532.0" "-"
78.8.115.117 - - [11/Oct/2009:15:15:10 +0200] "GET /images/back.jpg HTTP/1.1" 404 289 "http://lux.dmcs.pl/rso/index.html" "Mozilla/5.0 (Windows; U; Windows NT 5.1; en-US) AppleWebKit/532.0 (KHTML, like Gecko) Chrome/3.0.195.25 Safari/532.0" "-"
78.8.115.117 - - [11/Oct/2009:15:15:10 +0200] "GET /favicon.ico HTTP/1.1" 404 285 "-" "Mozilla/5.0 (Windows; U; Windows NT 5.1; en-US) AppleWebKit/532.0 (KHTML, like Gecko) Chrome/3.0.195.25 Safari/532.0" "-"
78.8.115.117 - - [11/Oct/2009:15:15:28 +0200] "GET /rso/socket-examples.pdf HTTP/1.1" 200 70020 "-" "Mozilla/5.0 (Windows; U; Windows NT 5.1; en-US) AppleWebKit/532.0 (KHTML, like Gecko) Chrome/3.0.195.25 Safari/532.0" "-"
78.8.115.117 - - [11/Oct/2009:15:15:28 +0200] "GET /favicon.ico HTTP/1.1" 404 285 "-" "Mozilla/5.0 (Windows; U; Windows NT 5.1; en-US) AppleWebKit/532.0 (KHTML, like Gecko) Chrome/3.0.195.25 Safari/532.0" "-"
66.249.65.212 - - [11/Oct/2009:15:15:31 +0200] "GET /oom/index.html HTTP/1.1" 200 1014 "-" "Mozilla/5.0 (compatible; Googlebot/2.1; +http://www.google.com/bot.html)" "-"
87.100.79.144 - - [11/Oct/2009:15:15:44 +0200] "GET /inf5/06_07/4/sayuri.jpg HTTP/1.1" 200 125430 "http://www.ohmydollz.com/?p=fiche&pseudo=frypau" "Mozilla/5.0 (Windows; U; Windows NT 5.1; fr; rv:1.9.1.3) Gecko/20090824 Firefox/3.5.3 (.NET CLR 3.5.30729)" "-"
78.8.115.117 - - [11/Oct/2009:15:16:31 +0200] "GET /rso/rso1.pdf HTTP/1.1" 200 529208 "-" "Mozilla/5.0 (Windows; U; Windows NT 5.1; en-US) AppleWebKit/532.0 (KHTML, like Gecko) Chrome/3.0.195.25 Safari/532.0" "-"
78.8.115.117 - - [11/Oct/2009:15:16:33 +0200] "GET /favicon.ico HTTP/1.1" 404 285 "-" "Mozilla/5.0 (Windows; U; Windows NT 5.1; en-US) AppleWebKit/532.0 (KHTML, like Gecko) Chrome/3.0.195.25 Safari/532.0" "-"
83.13.212.242 - - [11/Oct/2009:15:17:14 +0200] "GET / HTTP/1.1" 304 - "-" "Mozilla/5.0 (Windows; U; Windows NT 5.1; en-US) AppleWebKit/532.0 (KHTML, like Gecko) Chrome/3.0.195.25 Safari/532.0" "-"
83.13.212.242 - - [11/Oct/2009:15:17:14 +0200] "GET /images/back.jpg HTTP/1.1" 404 289 "http://neo.dmcs.pl/" "Mozilla/5.0 (Windows; U; Windows NT 5.1; en-US) AppleWebKit/532.0 (KHTML, like Gecko) Chrome/3.0.195.25 Safari/532.0" "-"
83.13.212.242 - - [11/Oct/2009:15:17:14 +0200] "GET /favicon.ico HTTP/1.1" 404 285 "-" "Mozilla/5.0 (Windows; U; Windows NT 5.1; en-US) AppleWebKit/532.0 (KHTML, like Gecko) Chrome/3.0.195.25 Safari/532.0" "-"
78.133.204.54 - - [11/Oct/2009:15:17:17 +0200] "GET /favicon.ico HTTP/1.0" 404 280 "-" "Mozilla/5.0 (Windows; U; Windows NT 5.1; pl; rv:1.9.0.12) Gecko/2009070611 Firefox/3.0.12 (.NET CLR 3.5.30729)" "-"
83.13.212.242 - - [11/Oct/2009:15:17:24 +0200] "GET /back.gif HTTP/1.1" 404 282 "http://neo.dmcs.pl/pps/index.html" "Mozilla/5.0 (Windows; U; Windows NT 5.1; en-US) AppleWebKit/532.0 (KHTML, like Gecko) Chrome/3.0.195.25 Safari/532.0" "-"
83.13.212.242 - - [11/Oct/2009:15:17:24 +0200] "GET /favicon.ico HTTP/1.1" 404 285 "-" "Mozilla/5.0 (Windows; U; Windows NT 5.1; en-US) AppleWebKit/532.0 (KHTML, like Gecko) Chrome/3.0.195.25 Safari/532.0" "-"
188.92.74.81 - - [11/Oct/2009:15:18:00 +0200] "GET /%7Espcsym/phorum/post.php?f=4 HTTP/1.0" 200 3135 "http://lux.dmcs.p.lodz.pl/%7Espcsym/phorum/post.php?f=4" "Mozilla/4.0 (compatible; MSIE 6.0; Windows NT 5.1; MyIE2; Deepnet Explorer)" "-"
188.92.74.81 - - [11/Oct/2009:15:18:03 +0200] "POST /%7Espcsym/phorum/post.php HTTP/1.0" 200 1635 "http://lux.dmcs.p.lodz.pl/%7Espcsym/phorum/post.php?f=4" "Mozilla/4.0 (compatible; MSIE 6.0; Windows NT 5.1; MyIE2; Deepnet Explorer)" "-"
83.175.191.98 - - [11/Oct/2009:15:19:02 +0200] "GET /specjalnosci/karty/uiss/3552.pdf HTTP/1.1" 200 34356 "http://www.google.pl/search?hl=pl&client=opera&rls=pl&q=budowa+ukladow+pld&btnG=Szukaj&lr=" "Opera/9.80 (Windows NT 6.1; U; pl) Presto/2.2.15 Version/10.00" "-"
66.249.65.212 - - [11/Oct/2009:15:20:33 +0200] "GET /isbd/php/doc/polish_many/function.preg-match-all.html HTTP/1.1" 200 7891 "-" "Mozilla/5.0 (compatible; Googlebot/2.1; +http://www.google.com/bot.html)" "-"
85.89.183.171 - - [11/Oct/2009:15:20:43 +0200] "GET / HTTP/1.1" 200 8370 "http://dmcs.pl/" "Opera/9.80 (X11; Linux i686; U; Linux Mint; pl) Presto/2.2.15 Version/10.00" "-"
85.89.183.171 - - [11/Oct/2009:15:20:43 +0200] "GET /style.css HTTP/1.1" 200 2000 "http://neo.dmcs.p.lodz.pl/" "Opera/9.80 (X11; Linux i686; U; Linux Mint; pl) Presto/2.2.15 Version/10.00" "-"
85.89.183.171 - - [11/Oct/2009:15:20:43 +0200] "GET /images/back.jpg HTTP/1.1" 404 296 "http://neo.dmcs.p.lodz.pl/" "Opera/9.80 (X11; Linux i686; U; Linux Mint; pl) Presto/2.2.15 Version/10.00" "-"
85.89.183.171 - - [11/Oct/2009:15:20:44 +0200] "GET /favicon.ico HTTP/1.1" 404 292 "http://neo.dmcs.p.lodz.pl/" "Opera/9.80 (X11; Linux i686; U; Linux Mint; pl) Presto/2.2.15 Version/10.00" "-"
85.89.183.171 - - [11/Oct/2009:15:21:07 +0200] "GET /mjp2/index.html HTTP/1.1" 200 7750 "http://neo.dmcs.p.lodz.pl/" "Opera/9.80 (X11; Linux i686; U; Linux Mint; pl) Presto/2.2.15 Version/10.00" "-"
85.89.183.171 - - [11/Oct/2009:15:21:08 +0200] "GET /images/back.jpg HTTP/1.1" 404 296 "http://neo.dmcs.p.lodz.pl/mjp2/index.html" "Opera/9.80 (X11; Linux i686; U; Linux Mint; pl) Presto/2.2.15 Version/10.00" "-"
74.6.17.160 - - [11/Oct/2009:15:21:10 +0200] "GET /mijp4pw/index.html HTTP/1.0" 200 3949 "-" "Mozilla/5.0 (compatible; Yahoo! Slurp/3.0; http://help.yahoo.com/help/us/ysearch/slurp)" "-"
74.6.17.160 - - [11/Oct/2009:15:21:17 +0200] "GET /fp/index.html HTTP/1.0" 200 9311 "-" "Mozilla/5.0 (compatible; Yahoo! Slurp/3.0; http://help.yahoo.com/help/us/ysearch/slurp)" "-"
74.6.17.160 - - [11/Oct/2009:15:21:18 +0200] "GET /fp/style.css HTTP/1.0" 200 4216 "http://lux.dmcs.p.lodz.pl/fp/index.html" "Mozilla/5.0 (compatible; Yahoo! Slurp/3.0; http://help.yahoo.com/help/us/ysearch/slurp)" "-"
74.6.17.160 - - [11/Oct/2009:15:21:19 +0200] "GET /fp/menu.css HTTP/1.0" 200 1078 "http://lux.dmcs.p.lodz.pl/fp/index.html" "Mozilla/5.0 (compatible; Yahoo! Slurp/3.0; http://help.yahoo.com/help/us/ysearch/slurp)" "-"
74.6.17.160 - - [11/Oct/2009:15:21:19 +0200] "GET /fp/start.html HTTP/1.0" 200 7577 "http://lux.dmcs.p.lodz.pl/fp/index.html" "Mozilla/5.0 (compatible; Yahoo! Slurp/3.0; http://help.yahoo.com/help/us/ysearch/slurp)" "-"
85.89.183.171 - - [11/Oct/2009:15:21:24 +0200] "GET /mjp2/zad1.txt HTTP/1.1" 200 822 "http://neo.dmcs.p.lodz.pl/mjp2/index.html" "Opera/9.80 (X11; Linux i686; U; Linux Mint; pl) Presto/2.2.15 Version/10.00" "-"
210.249.10.85 - - [11/Oct/2009:15:21:25 +0200] "GET /aus/aus1.pdf HTTP/1.1" 200 155731 "http://neo.dmcs.p.lodz.pl/aus/" "Mozilla/5.0 (Windows; U; Windows NT 5.1; en-US; rv:1.9.1.3) Gecko/20090824 Firefox/3.5.3" "-"
210.249.10.85 - - [11/Oct/2009:15:21:28 +0200] "GET /aus/aus1.pdf HTTP/1.1" 206 4306 "-" "Mozilla/5.0 (Windows; U; Windows NT 5.1; en-US; rv:1.9.1.3) Gecko/20090824 Firefox/3.5.3" "-"
210.249.10.85 - - [11/Oct/2009:15:21:29 +0200] "GET /aus/aus1.pdf HTTP/1.1" 206 4306 "-" "Mozilla/5.0 (Windows; U; Windows NT 5.1; en-US; rv:1.9.1.3) Gecko/20090824 Firefox/3.5.3" "-"
210.249.10.85 - - [11/Oct/2009:15:21:30 +0200] "GET /aus/aus2.pdf HTTP/1.1" 200 726683 "http://neo.dmcs.p.lodz.pl/aus/" "Mozilla/5.0 (Windows; U; Windows NT 5.1; en-US; rv:1.9.1.3) Gecko/20090824 Firefox/3.5.3" "-"
210.249.10.85 - - [11/Oct/2009:15:21:30 +0200] "GET /aus/aus2.pdf HTTP/1.1" 206 4306 "-" "Mozilla/5.0 (Windows; U; Windows NT 5.1; en-US; rv:1.9.1.3) Gecko/20090824 Firefox/3.5.3" "-"
210.249.10.85 - - [11/Oct/2009:15:21:32 +0200] "GET /aus/aus2.pdf HTTP/1.1" 206 4306 "-" "Mozilla/5.0 (Windows; U; Windows NT 5.1; en-US; rv:1.9.1.3) Gecko/20090824 Firefox/3.5.3" "-"
210.249.10.85 - - [11/Oct/2009:15:21:35 +0200] "GET /aus/aus2.pdf HTTP/1.1" 206 139399 "-" "Mozilla/5.0 (Windows; U; Windows NT 5.1; en-US; rv:1.9.1.3) Gecko/20090824 Firefox/3.5.3" "-"
70.26.245.104 - - [11/Oct/2009:15:21:36 +0200] "GET /inf5/06_07/4/sayuri.jpg HTTP/1.1" 200 125430 "http://comment.myspace.com/index.cfm?fuseaction=user.viewComments&friendID=488751188" "Mozilla/5.0 (Macintosh; U; PPC Mac OS X 10.4; fr; rv:1.9.1.3) Gecko/20090824 Firefox/3.5.3" "-"
210.249.10.85 - - [11/Oct/2009:15:21:42 +0200] "GET /aus/aus1.pdf HTTP/1.1" 206 704103 "-" "Mozilla/5.0 (Windows; U; Windows NT 5.1; en-US; rv:1.9.1.3) Gecko/20090824 Firefox/3.5.3" "-"
195.116.202.120 - - [11/Oct/2009:15:22:01 +0200] "GET /ak/Karpinski.mht HTTP/1.1" 200 378085 "http://www.google.pl/search?q=url+http+fotosik+img+mages+49+211&channel=linkdoctor" "Mozilla/4.0 (compatible; MSIE 6.0; Windows NT 5.1; SV1; GTB6; InfoPath.2)" "-"
153.19.210.159 - - [11/Oct/2009:15:22:35 +0200] "HEAD /favicon.ico HTTP/1.1" 404 0 "-" "Mozilla/5.0 (X11; U; Linux i686; pl; rv:1.9.1.3) Gecko/20090824 Firefox/3.5.3" "-"
66.249.65.209 - - [11/Oct/2009:15:23:18 +0200] "GET /isbd/php/doc/polish_many/function.pcntl-fork.html HTTP/1.1" 200 3514 "-" "SAMSUNG-SGH-E250/1.0 Profile/MIDP-2.0 Configuration/CLDC-1.1 UP.Browser/6.2.3.3.c.1.101 (GUI) MMP/2.0 (compatible; Googlebot-Mobile/2.1; +http://www.google.com/bot.html)" "-"
194.29.137.8 - - [11/Oct/2009:15:23:22 +0200] "GET /~spcsym/html/PSPICE_opis.html HTTP/1.1" 200 93896 "-" "Opera/9.80 (Windows NT 5.1; U; pl) Presto/2.2.15 Version/10.00" "-"
194.29.137.8 - - [11/Oct/2009:15:23:22 +0200] "GET /~spcsym/html/PSPICE_opis_files/image001.gif HTTP/1.1" 200 2851 "http://neo.dmcs.p.lodz.pl/~spcsym/html/PSPICE_opis.html" "Opera/9.80 (Windows NT 5.1; U; pl) Presto/2.2.15 Version/10.00" "-"
194.29.137.8 - - [11/Oct/2009:15:23:22 +0200] "GET /~spcsym/html/PSPICE_opis_files/image002.gif HTTP/1.1" 200 520 "http://neo.dmcs.p.lodz.pl/~spcsym/html/PSPICE_opis.html" "Opera/9.80 (Windows NT 5.1; U; pl) Presto/2.2.15 Version/10.00" "-"
194.29.137.8 - - [11/Oct/2009:15:23:22 +0200] "GET /~spcsym/html/PSPICE_opis_files/image004.gif HTTP/1.1" 200 435 "http://neo.dmcs.p.lodz.pl/~spcsym/html/PSPICE_opis.html" "Opera/9.80 (Windows NT 5.1; U; pl) Presto/2.2.15 Version/10.00" "-"
194.29.137.8 - - [11/Oct/2009:15:23:22 +0200] "GET /~spcsym/html/PSPICE_opis_files/image005.gif HTTP/1.1" 200 620 "http://neo.dmcs.p.lodz.pl/~spcsym/html/PSPICE_opis.html" "Opera/9.80 (Windows NT 5.1; U; pl) Presto/2.2.15 Version/10.00" "-"
194.29.137.8 - - [11/Oct/2009:15:23:22 +0200] "GET /~spcsym/html/PSPICE_opis_files/image006.gif HTTP/1.1" 200 512 "http://neo.dmcs.p.lodz.pl/~spcsym/html/PSPICE_opis.html" "Opera/9.80 (Windows NT 5.1; U; pl) Presto/2.2.15 Version/10.00" "-"
194.29.137.8 - - [11/Oct/2009:15:23:22 +0200] "GET /~spcsym/html/PSPICE_opis_files/image008.gif HTTP/1.1" 200 597 "http://neo.dmcs.p.lodz.pl/~spcsym/html/PSPICE_opis.html" "Opera/9.80 (Windows NT 5.1; U; pl) Presto/2.2.15 Version/10.00" "-"
194.29.137.8 - - [11/Oct/2009:15:23:22 +0200] "GET /~spcsym/html/PSPICE_opis_files/image009.gif HTTP/1.1" 200 643 "http://neo.dmcs.p.lodz.pl/~spcsym/html/PSPICE_opis.html" "Opera/9.80 (Windows NT 5.1; U; pl) Presto/2.2.15 Version/10.00" "-"
194.29.137.8 - - [11/Oct/2009:15:23:22 +0200] "GET /~spcsym/html/PSPICE_opis_files/image003.gif HTTP/1.1" 200 447 "http://neo.dmcs.p.lodz.pl/~spcsym/html/PSPICE_opis.html" "Opera/9.80 (Windows NT 5.1; U; pl) Presto/2.2.15 Version/10.00" "-"
194.29.137.8 - - [11/Oct/2009:15:23:22 +0200] "GET /~spcsym/html/PSPICE_opis_files/image008.gif HTTP/1.1" 200 597 "http://neo.dmcs.p.lodz.pl/~spcsym/html/PSPICE_opis.html" "Opera/9.80 (Windows NT 5.1; U; pl) Presto/2.2.15 Version/10.00" "-"
194.29.137.8 - - [11/Oct/2009:15:23:22 +0200] "GET /~spcsym/html/PSPICE_opis_files/image007.gif HTTP/1.1" 200 618 "http://neo.dmcs.p.lodz.pl/~spcsym/html/PSPICE_opis.html" "Opera/9.80 (Windows NT 5.1; U; pl) Presto/2.2.15 Version/10.00" "-"
194.29.137.8 - - [11/Oct/2009:15:23:22 +0200] "GET /~spcsym/html/PSPICE_opis_files/image011.gif HTTP/1.1" 200 468 "http://neo.dmcs.p.lodz.pl/~spcsym/html/PSPICE_opis.html" "Opera/9.80 (Windows NT 5.1; U; pl) Presto/2.2.15 Version/10.00" "-"
194.29.137.8 - - [11/Oct/2009:15:23:22 +0200] "GET /~spcsym/html/PSPICE_opis_files/image013.gif HTTP/1.1" 200 264 "http://neo.dmcs.p.lodz.pl/~spcsym/html/PSPICE_opis.html" "Opera/9.80 (Windows NT 5.1; U; pl) Presto/2.2.15 Version/10.00" "-"
194.29.137.8 - - [11/Oct/2009:15:23:22 +0200] "GET /~spcsym/html/PSPICE_opis_files/image015.gif HTTP/1.1" 200 341 "http://neo.dmcs.p.lodz.pl/~spcsym/html/PSPICE_opis.html" "Opera/9.80 (Windows NT 5.1; U; pl) Presto/2.2.15 Version/10.00" "-"
194.29.137.8 - - [11/Oct/2009:15:23:22 +0200] "GET /~spcsym/html/PSPICE_opis_files/image012.gif HTTP/1.1" 200 293 "http://neo.dmcs.p.lodz.pl/~spcsym/html/PSPICE_opis.html" "Opera/9.80 (Windows NT 5.1; U; pl) Presto/2.2.15 Version/10.00" "-"
194.29.137.8 - - [11/Oct/2009:15:23:22 +0200] "GET /~spcsym/html/PSPICE_opis_files/image016.gif HTTP/1.1" 200 2093 "http://neo.dmcs.p.lodz.pl/~spcsym/html/PSPICE_opis.html" "Opera/9.80 (Windows NT 5.1; U; pl) Presto/2.2.15 Version/10.00" "-"
194.29.137.8 - - [11/Oct/2009:15:23:22 +0200] "GET /~spcsym/html/PSPICE_opis_files/image017.gif HTTP/1.1" 200 2786 "http://neo.dmcs.p.lodz.pl/~spcsym/html/PSPICE_opis.html" "Opera/9.80 (Windows NT 5.1; U; pl) Presto/2.2.15 Version/10.00" "-"
194.29.137.8 - - [11/Oct/2009:15:23:22 +0200] "GET /~spcsym/html/PSPICE_opis_files/image010.gif HTTP/1.1" 200 622 "http://neo.dmcs.p.lodz.pl/~spcsym/html/PSPICE_opis.html" "Opera/9.80 (Windows NT 5.1; U; pl) Presto/2.2.15 Version/10.00" "-"
194.29.137.8 - - [11/Oct/2009:15:23:22 +0200] "GET /~spcsym/html/PSPICE_opis_files/image016.gif HTTP/1.1" 200 2093 "http://neo.dmcs.p.lodz.pl/~spcsym/html/PSPICE_opis.html" "Opera/9.80 (Windows NT 5.1; U; pl) Presto/2.2.15 Version/10.00" "-"
194.29.137.8 - - [11/Oct/2009:15:23:22 +0200] "GET /~spcsym/html/PSPICE_opis_files/image014.gif HTTP/1.1" 200 334 "http://neo.dmcs.p.lodz.pl/~spcsym/html/PSPICE_opis.html" "Opera/9.80 (Windows NT 5.1; U; pl) Presto/2.2.15 Version/10.00" "-"
194.29.137.8 - - [11/Oct/2009:15:23:22 +0200] "GET /favicon.ico HTTP/1.1" 404 292 "http://neo.dmcs.p.lodz.pl/~spcsym/html/PSPICE_opis.html" "Opera/9.80 (Windows NT 5.1; U; pl) Presto/2.2.15 Version/10.00" "-"
66.249.65.212 - - [11/Oct/2009:15:23:24 +0200] "GET /pium/index.php?strona=5 HTTP/1.1" 200 9073 "-" "Mozilla/5.0 (compatible; Googlebot/2.1; +http://www.google.com/bot.html)" "-"
79.163.55.133 - - [11/Oct/2009:15:23:33 +0200] "GET /mikro_kurs/microwind/bramki.html HTTP/1.1" 200 12492 "http://www.google.pl/search?hl=pl&client=firefox-a&rls=org.mozilla%3Apl%3Aofficial&hs=Pqy&q=schematy+bramek+logicznych&btnG=Szukaj&lr=" "Mozilla/5.0 (Windows; U; Windows NT 5.1; pl; rv:1.9.1.3) Gecko/20090824 Firefox/3.5.3 (.NET CLR 3.5.30729)" "-"
79.163.55.133 - - [11/Oct/2009:15:23:34 +0200] "GET /mikro_kurs/microwind/style.css HTTP/1.1" 200 1143 "http://neo.dmcs.p.lodz.pl/mikro_kurs/microwind/bramki.html" "Mozilla/5.0 (Windows; U; Windows NT 5.1; pl; rv:1.9.1.3) Gecko/20090824 Firefox/3.5.3 (.NET CLR 3.5.30729)" "-"
79.163.55.133 - - [11/Oct/2009:15:23:34 +0200] "GET /mikro_kurs/images/micro/nand.gif HTTP/1.1" 200 2608 "http://neo.dmcs.p.lodz.pl/mikro_kurs/microwind/bramki.html" "Mozilla/5.0 (Windows; U; Windows NT 5.1; pl; rv:1.9.1.3) Gecko/20090824 Firefox/3.5.3 (.NET CLR 3.5.30729)" "-"
79.163.55.133 - - [11/Oct/2009:15:23:34 +0200] "GET /mikro_kurs/images/ikony/left.gif HTTP/1.1" 200 2233 "http://neo.dmcs.p.lodz.pl/mikro_kurs/microwind/bramki.html" "Mozilla/5.0 (Windows; U; Windows NT 5.1; pl; rv:1.9.1.3) Gecko/20090824 Firefox/3.5.3 (.NET CLR 3.5.30729)" "-"
79.163.55.133 - - [11/Oct/2009:15:23:34 +0200] "GET /mikro_kurs/images/micro/nor_sym.gif HTTP/1.1" 200 38185 "http://neo.dmcs.p.lodz.pl/mikro_kurs/microwind/bramki.html" "Mozilla/5.0 (Windows; U; Windows NT 5.1; pl; rv:1.9.1.3) Gecko/20090824 Firefox/3.5.3 (.NET CLR 3.5.30729)" "-"
79.163.55.133 - - [11/Oct/2009:15:23:35 +0200] "GET /mikro_kurs/images/micro/xor.gif HTTP/1.1" 200 2332 "http://neo.dmcs.p.lodz.pl/mikro_kurs/microwind/bramki.html" "Mozilla/5.0 (Windows; U; Windows NT 5.1; pl; rv:1.9.1.3) Gecko/20090824 Firefox/3.5.3 (.NET CLR 3.5.30729)" "-"
79.163.55.133 - - [11/Oct/2009:15:23:35 +0200] "GET /mikro_kurs/images/ikony/right.gif HTTP/1.1" 200 2229 "http://neo.dmcs.p.lodz.pl/mikro_kurs/microwind/bramki.html" "Mozilla/5.0 (Windows; U; Windows NT 5.1; pl; rv:1.9.1.3) Gecko/20090824 Firefox/3.5.3 (.NET CLR 3.5.30729)" "-"
79.163.55.133 - - [11/Oct/2009:15:23:35 +0200] "GET /mikro_kurs/images/micro/nor.gif HTTP/1.1" 200 2044 "http://neo.dmcs.p.lodz.pl/mikro_kurs/microwind/bramki.html" "Mozilla/5.0 (Windows; U; Windows NT 5.1; pl; rv:1.9.1.3) Gecko/20090824 Firefox/3.5.3 (.NET CLR 3.5.30729)" "-"
79.163.55.133 - - [11/Oct/2009:15:23:35 +0200] "GET /mikro_kurs/images/micro/xor_sym.gif HTTP/1.1" 200 36684 "http://neo.dmcs.p.lodz.pl/mikro_kurs/microwind/bramki.html" "Mozilla/5.0 (Windows; U; Windows NT 5.1; pl; rv:1.9.1.3) Gecko/20090824 Firefox/3.5.3 (.NET CLR 3.5.30729)" "-"
79.163.55.133 - - [11/Oct/2009:15:23:35 +0200] "GET /mikro_kurs/images/micro/nand_sym.gif HTTP/1.1" 200 35349 "http://neo.dmcs.p.lodz.pl/mikro_kurs/microwind/bramki.html" "Mozilla/5.0 (Windows; U; Windows NT 5.1; pl; rv:1.9.1.3) Gecko/20090824 Firefox/3.5.3 (.NET CLR 3.5.30729)" "-"
79.163.55.133 - - [11/Oct/2009:15:23:38 +0200] "GET /favicon.ico HTTP/1.1" 404 292 "-" "Mozilla/5.0 (Windows; U; Windows NT 5.1; pl; rv:1.9.1.3) Gecko/20090824 Firefox/3.5.3 (.NET CLR 3.5.30729)" "-"
79.163.55.133 - - [11/Oct/2009:15:23:43 +0200] "GET /favicon.ico HTTP/1.1" 404 292 "-" "Mozilla/5.0 (Windows; U; Windows NT 5.1; pl; rv:1.9.1.3) Gecko/20090824 Firefox/3.5.3 (.NET CLR 3.5.30729)" "-"
65.55.106.227 - - [11/Oct/2009:15:23:45 +0200] "GET /pee/falownik.sce HTTP/1.1" 304 - "-" "msnbot/2.0b (+http://search.msn.com/msnbot.htm)" "-"
66.249.65.212 - - [11/Oct/2009:15:23:50 +0200] "GET /pd/tcl8.3/index.htm HTTP/1.1" 200 1778 "-" "Mozilla/5.0 (compatible; Googlebot/2.1; +http://www.google.com/bot.html)" "-"
77.254.234.201 - - [11/Oct/2009:15:24:00 +0200] "GET / HTTP/1.1" 200 8370 "http://www.dmcs.p.lodz.pl/" "Mozilla/5.0 (Windows; U; Windows NT 5.1; pl; rv:1.9.0.14) Gecko/2009082707 Firefox/3.0.14" "-"
77.254.234.201 - - [11/Oct/2009:15:24:01 +0200] "GET /style.css HTTP/1.1" 200 2000 "http://neo.dmcs.p.lodz.pl/" "Mozilla/5.0 (Windows; U; Windows NT 5.1; pl; rv:1.9.0.14) Gecko/2009082707 Firefox/3.0.14" "-"
77.254.234.201 - - [11/Oct/2009:15:24:01 +0200] "GET /images/back.jpg HTTP/1.1" 404 296 "http://neo.dmcs.p.lodz.pl/" "Mozilla/5.0 (Windows; U; Windows NT 5.1; pl; rv:1.9.0.14) Gecko/2009082707 Firefox/3.0.14" "-"
77.254.234.201 - - [11/Oct/2009:15:24:01 +0200] "GET /favicon.ico HTTP/1.1" 404 292 "-" "Mozilla/5.0 (Windows; U; Windows NT 5.1; pl; rv:1.9.0.14) Gecko/2009082707 Firefox/3.0.14" "-"
77.254.234.201 - - [11/Oct/2009:15:24:04 +0200] "GET /favicon.ico HTTP/1.1" 404 292 "-" "Mozilla/5.0 (Windows; U; Windows NT 5.1; pl; rv:1.9.0.14) Gecko/2009082707 Firefox/3.0.14" "-"
79.190.29.154 - - [11/Oct/2009:15:24:12 +0200] "GET /podyplomowe_smtm/ HTTP/1.0" 200 2919 "http://www.kapitalludzki.p.lodz.pl/studia-podyplomowe/5-studia-podyplomowe/46-studia-podyplomowe-5" "Mozilla/5.0 (Windows; U; Windows NT 5.1; pl; rv:1.9.0.14) Gecko/2009082707 Firefox/3.0.14" "-"
79.190.29.154 - - [11/Oct/2009:15:24:12 +0200] "GET /style.css HTTP/1.0" 200 2000 "http://neo.dmcs.pl/podyplomowe_smtm/" "Mozilla/5.0 (Windows; U; Windows NT 5.1; pl; rv:1.9.0.14) Gecko/2009082707 Firefox/3.0.14" "-"
79.190.29.154 - - [11/Oct/2009:15:24:13 +0200] "GET /images/back.jpg HTTP/1.0" 404 277 "http://neo.dmcs.pl/podyplomowe_smtm/" "Mozilla/5.0 (Windows; U; Windows NT 5.1; pl; rv:1.9.0.14) Gecko/2009082707 Firefox/3.0.14" "-"
79.190.29.154 - - [11/Oct/2009:15:24:13 +0200] "GET /favicon.ico HTTP/1.0" 404 273 "-" "Mozilla/5.0 (Windows; U; Windows NT 5.1; pl; rv:1.9.0.14) Gecko/2009082707 Firefox/3.0.14" "-"
77.254.234.201 - - [11/Oct/2009:15:24:18 +0200] "GET /mn3/index.html HTTP/1.1" 200 3231 "http://neo.dmcs.p.lodz.pl/" "Mozilla/5.0 (Windows; U; Windows NT 5.1; pl; rv:1.9.0.14) Gecko/2009082707 Firefox/3.0.14" "-"
77.254.234.201 - - [11/Oct/2009:15:24:19 +0200] "GET /mn3/images/back.jpg HTTP/1.1" 404 300 "http://neo.dmcs.p.lodz.pl/mn3/index.html" "Mozilla/5.0 (Windows; U; Windows NT 5.1; pl; rv:1.9.0.14) Gecko/2009082707 Firefox/3.0.14" "-"
79.190.29.154 - - [11/Oct/2009:15:24:20 +0200] "GET /podyplomowe_smtm/plan_zad5_semestr2_23.09.2009.pdf HTTP/1.0" 200 253051 "http://neo.dmcs.pl/podyplomowe_smtm/" "Mozilla/5.0 (Windows; U; Windows NT 5.1; pl; rv:1.9.0.14) Gecko/2009082707 Firefox/3.0.14" "-"
79.190.29.154 - - [11/Oct/2009:15:24:20 +0200] "GET /podyplomowe_smtm/plan_zad5_semestr2_23.09.2009.pdf HTTP/1.0" 206 4312 "-" "Mozilla/5.0 (Windows; U; Windows NT 5.1; pl; rv:1.9.0.14) Gecko/2009082707 Firefox/3.0.14" "-"
74.6.17.160 - - [11/Oct/2009:15:24:22 +0200] "GET /csII/index.html HTTP/1.0" 200 936 "-" "Mozilla/5.0 (compatible; Yahoo! Slurp/3.0; http://help.yahoo.com/help/us/ysearch/slurp)" "-"
79.190.29.154 - - [11/Oct/2009:15:24:23 +0200] "GET /podyplomowe_smtm/plan_zad5_semestr2_23.09.2009.pdf HTTP/1.0" 206 4308 "-" "Mozilla/5.0 (Windows; U; Windows NT 5.1; pl; rv:1.9.0.14) Gecko/2009082707 Firefox/3.0.14" "-"
79.190.29.154 - - [11/Oct/2009:15:24:28 +0200] "GET /podyplomowe_smtm/plan_zad5_semestr2_23.09.2009.pdf HTTP/1.0" 206 995574 "-" "Mozilla/5.0 (Windows; U; Windows NT 5.1; pl; rv:1.9.0.14) Gecko/2009082707 Firefox/3.0.14" "-"
193.33.42.133 - - [11/Oct/2009:15:24:38 +0200] "GET /mo/index.html HTTP/1.1" 403 291 "-" "Mozilla/5.0 (Windows; U; Windows NT 5.1; pl; rv:1.9.1.3) Gecko/20090824 Firefox/3.5.3 (.NET CLR 3.5.30729)" "-"
193.33.42.133 - - [11/Oct/2009:15:24:38 +0200] "GET /favicon.ico HTTP/1.1" 404 285 "-" "Mozilla/5.0 (Windows; U; Windows NT 5.1; pl; rv:1.9.1.3) Gecko/20090824 Firefox/3.5.3 (.NET CLR 3.5.30729)" "-"
77.254.234.201 - - [11/Oct/2009:15:24:39 +0200] "GET /mn3/wyklad.pdf HTTP/1.1" 200 742603 "http://neo.dmcs.p.lodz.pl/mn3/index.html" "Mozilla/5.0 (Windows; U; Windows NT 5.1; pl; rv:1.9.0.14) Gecko/2009082707 Firefox/3.0.14" "-"
193.33.42.133 - - [11/Oct/2009:15:24:41 +0200] "GET /favicon.ico HTTP/1.1" 404 285 "-" "Mozilla/5.0 (Windows; U; Windows NT 5.1; pl; rv:1.9.1.3) Gecko/20090824 Firefox/3.5.3 (.NET CLR 3.5.30729)" "-"
193.33.42.133 - - [11/Oct/2009:15:24:52 +0200] "GET / HTTP/1.1" 200 8370 "-" "Mozilla/5.0 (Windows; U; Windows NT 5.1; pl; rv:1.9.1.3) Gecko/20090824 Firefox/3.5.3 (.NET CLR 3.5.30729)" "-"
193.33.42.133 - - [11/Oct/2009:15:24:52 +0200] "GET /style.css HTTP/1.1" 200 2000 "http://lux.dmcs.pl/" "Mozilla/5.0 (Windows; U; Windows NT 5.1; pl; rv:1.9.1.3) Gecko/20090824 Firefox/3.5.3 (.NET CLR 3.5.30729)" "-"
193.33.42.133 - - [11/Oct/2009:15:24:52 +0200] "GET /images/back.jpg HTTP/1.1" 404 289 "http://lux.dmcs.pl/" "Mozilla/5.0 (Windows; U; Windows NT 5.1; pl; rv:1.9.1.3) Gecko/20090824 Firefox/3.5.3 (.NET CLR 3.5.30729)" "-"
193.33.42.133 - - [11/Oct/2009:15:24:58 +0200] "GET /pps/index.html HTTP/1.1" 200 10955 "http://lux.dmcs.pl/" "Mozilla/5.0 (Windows; U; Windows NT 5.1; pl; rv:1.9.1.3) Gecko/20090824 Firefox/3.5.3 (.NET CLR 3.5.30729)" "-"
193.33.42.133 - - [11/Oct/2009:15:24:58 +0200] "GET /pps/..%5Cstyle.css HTTP/1.1" 404 290 "http://lux.dmcs.pl/pps/index.html" "Mozilla/5.0 (Windows; U; Windows NT 5.1; pl; rv:1.9.1.3) Gecko/20090824 Firefox/3.5.3 (.NET CLR 3.5.30729)" "-"
193.33.42.133 - - [11/Oct/2009:15:24:58 +0200] "GET /pps/..%5Cback.gif HTTP/1.1" 404 289 "http://lux.dmcs.pl/pps/index.html" "Mozilla/5.0 (Windows; U; Windows NT 5.1; pl; rv:1.9.1.3) Gecko/20090824 Firefox/3.5.3 (.NET CLR 3.5.30729)" "-"
83.4.172.1 - - [11/Oct/2009:15:25:00 +0200] "GET /%7Eswierczu/aga_a2/left1.png HTTP/1.1" 200 5912 "http://www.allegro.pl/item759481297_komplet_z_naturalnych_perel_kolczyki_i_naszyjnik.html" "Mozilla/5.0 (Windows; U; Windows NT 5.1; pl; rv:1.9.1.3) Gecko/20090824 Firefox/3.5.3" "-"
83.4.172.1 - - [11/Oct/2009:15:25:00 +0200] "GET /%7Eswierczu/aga_a2/left3.png HTTP/1.1" 200 3657 "http://www.allegro.pl/item759481297_komplet_z_naturalnych_perel_kolczyki_i_naszyjnik.html" "Mozilla/5.0 (Windows; U; Windows NT 5.1; pl; rv:1.9.1.3) Gecko/20090824 Firefox/3.5.3" "-"
83.4.172.1 - - [11/Oct/2009:15:25:00 +0200] "GET /%7Eswierczu/aga_a2/left2.png HTTP/1.1" 200 4921 "http://www.allegro.pl/item759481297_komplet_z_naturalnych_perel_kolczyki_i_naszyjnik.html" "Mozilla/5.0 (Windows; U; Windows NT 5.1; pl; rv:1.9.1.3) Gecko/20090824 Firefox/3.5.3" "-"
83.4.172.1 - - [11/Oct/2009:15:25:01 +0200] "GET /%7Eswierczu/aga_a2/left7.png HTTP/1.1" 200 7206 "http://www.allegro.pl/item759481297_komplet_z_naturalnych_perel_kolczyki_i_naszyjnik.html" "Mozilla/5.0 (Windows; U; Windows NT 5.1; pl; rv:1.9.1.3) Gecko/20090824 Firefox/3.5.3" "-"
83.4.172.1 - - [11/Oct/2009:15:25:01 +0200] "GET /%7Eswierczu/aga_a2/left8.png HTTP/1.1" 200 4406 "http://www.allegro.pl/item759481297_komplet_z_naturalnych_perel_kolczyki_i_naszyjnik.html" "Mozilla/5.0 (Windows; U; Windows NT 5.1; pl; rv:1.9.1.3) Gecko/20090824 Firefox/3.5.3" "-"
83.4.172.1 - - [11/Oct/2009:15:25:03 +0200] "GET /%7Eswierczu/aga_a2/right3.png HTTP/1.1" 200 662 "http://www.allegro.pl/item759481297_komplet_z_naturalnych_perel_kolczyki_i_naszyjnik.html" "Mozilla/5.0 (Windows; U; Windows NT 5.1; pl; rv:1.9.1.3) Gecko/20090824 Firefox/3.5.3" "-"
83.4.172.1 - - [11/Oct/2009:15:25:04 +0200] "GET /%7Eswierczu/aga_a2/left4.png HTTP/1.1" 200 57810 "http://www.allegro.pl/item759481297_komplet_z_naturalnych_perel_kolczyki_i_naszyjnik.html" "Mozilla/5.0 (Windows; U; Windows NT 5.1; pl; rv:1.9.1.3) Gecko/20090824 Firefox/3.5.3" "-"
83.4.172.1 - - [11/Oct/2009:15:25:04 +0200] "GET /~swierczu/aga_a2/left5.png HTTP/1.1" 200 3471 "http://www.allegro.pl/item759481297_komplet_z_naturalnych_perel_kolczyki_i_naszyjnik.html" "Mozilla/5.0 (Windows; U; Windows NT 5.1; pl; rv:1.9.1.3) Gecko/20090824 Firefox/3.5.3" "-"
83.4.172.1 - - [11/Oct/2009:15:25:05 +0200] "GET /~swierczu/aga_a2/right2.png HTTP/1.1" 200 28637 "http://www.allegro.pl/item759481297_komplet_z_naturalnych_perel_kolczyki_i_naszyjnik.html" "Mozilla/5.0 (Windows; U; Windows NT 5.1; pl; rv:1.9.1.3) Gecko/20090824 Firefox/3.5.3" "-"
83.4.172.1 - - [11/Oct/2009:15:25:07 +0200] "GET /~swierczu/aga_a2/right4.png HTTP/1.1" 200 3444 "http://www.allegro.pl/item759481297_komplet_z_naturalnych_perel_kolczyki_i_naszyjnik.html" "Mozilla/5.0 (Windows; U; Windows NT 5.1; pl; rv:1.9.1.3) Gecko/20090824 Firefox/3.5.3" "-"
83.4.172.1 - - [11/Oct/2009:15:25:08 +0200] "GET /%7Eswierczu/aga_a2/right1.png HTTP/1.1" 200 50234 "http://www.allegro.pl/item759481297_komplet_z_naturalnych_perel_kolczyki_i_naszyjnik.html" "Mozilla/5.0 (Windows; U; Windows NT 5.1; pl; rv:1.9.1.3) Gecko/20090824 Firefox/3.5.3" "-"
83.4.172.1 - - [11/Oct/2009:15:25:08 +0200] "GET /~swierczu/aga_a2/center.png HTTP/1.1" 200 85290 "http://www.allegro.pl/item759481297_komplet_z_naturalnych_perel_kolczyki_i_naszyjnik.html" "Mozilla/5.0 (Windows; U; Windows NT 5.1; pl; rv:1.9.1.3) Gecko/20090824 Firefox/3.5.3" "-"
83.4.172.1 - - [11/Oct/2009:15:25:09 +0200] "GET /%7Eswierczu/aga_a2/left6.png HTTP/1.1" 200 74941 "http://www.allegro.pl/item759481297_komplet_z_naturalnych_perel_kolczyki_i_naszyjnik.html" "Mozilla/5.0 (Windows; U; Windows NT 5.1; pl; rv:1.9.1.3) Gecko/20090824 Firefox/3.5.3" "-"
83.4.172.1 - - [11/Oct/2009:15:25:11 +0200] "GET /%7Eswierczu/aga_a2/head.png HTTP/1.1" 200 133688 "http://www.allegro.pl/item759481297_komplet_z_naturalnych_perel_kolczyki_i_naszyjnik.html" "Mozilla/5.0 (Windows; U; Windows NT 5.1; pl; rv:1.9.1.3) Gecko/20090824 Firefox/3.5.3" "-"
83.4.172.1 - - [11/Oct/2009:15:25:11 +0200] "GET /%7Eswierczu/aga_a2/right5.png HTTP/1.1" 200 94525 "http://www.allegro.pl/item759481297_komplet_z_naturalnych_perel_kolczyki_i_naszyjnik.html" "Mozilla/5.0 (Windows; U; Windows NT 5.1; pl; rv:1.9.1.3) Gecko/20090824 Firefox/3.5.3" "-"
65.55.106.111 - - [11/Oct/2009:15:25:45 +0200] "GET /jhdl/vlogref.pdf HTTP/1.1" 304 - "-" "msnbot/2.0b (+http://search.msn.com/msnbot.htm)" "-"
74.6.8.123 - - [11/Oct/2009:15:27:28 +0200] "GET /rta/heat_tutorial_2003_chip.pdf HTTP/1.0" 200 610438 "-" "Mozilla/5.0 (compatible; Yahoo! Slurp/3.0; http://help.yahoo.com/help/us/ysearch/slurp)" "-"
208.80.193.27 - - [11/Oct/2009:15:27:57 +0200] "GET / HTTP/1.0" 200 8370 "-" "Mozilla/4.0 (compatible; MSIE 7.0; Windows NT 5.1; FunWebProducts; Mozilla/4.0 (compatible; MSIE 6.0; Windows NT 5.1; SV1) ; .NET CLR 1.1.4322; InfoPath.1; .NET CLR 2.0.50727; .NET CLR 3.0.04506.30)" "-"
65.55.209.152 - - [11/Oct/2009:15:28:10 +0200] "GET /robots.txt HTTP/1.1" 200 67 "-" "msnbot/1.1 (+http://search.msn.com/msnbot.htm)" "-"
65.55.209.152 - - [11/Oct/2009:15:28:12 +0200] "GET /specjalnosci/index.php?strona=11 HTTP/1.1" 200 11739 "-" "msnbot/1.1 (+http://search.msn.com/msnbot.htm)" "-"
66.249.65.212 - - [11/Oct/2009:15:28:42 +0200] "GET /isbd/php/doc/polish_many/function.func-num-args.html HTTP/1.1" 200 3263 "-" "Mozilla/5.0 (compatible; Googlebot/2.1; +http://www.google.com/bot.html)" "-"
85.89.191.48 - - [11/Oct/2009:15:29:42 +0200] "GET /%7Eswierczu/aga_a2/left1.png HTTP/1.1" 200 5912 "http://allegro.pl/item759485713_swarovski_kolory_duokolor_wybierz_swoje_kolory.html" "Mozilla/5.0 (Windows; U; Windows NT 6.0; pl; rv:1.9.1.3) Gecko/20090824 Firefox/3.5.3 (.NET CLR 3.5.30729)" "-"
85.89.191.48 - - [11/Oct/2009:15:29:42 +0200] "GET /%7Eswierczu/aga_a2/left3.png HTTP/1.1" 200 3657 "http://allegro.pl/item759485713_swarovski_kolory_duokolor_wybierz_swoje_kolory.html" "Mozilla/5.0 (Windows; U; Windows NT 6.0; pl; rv:1.9.1.3) Gecko/20090824 Firefox/3.5.3 (.NET CLR 3.5.30729)" "-"
85.89.191.48 - - [11/Oct/2009:15:29:42 +0200] "GET /%7Eswierczu/aga_a2/left2.png HTTP/1.1" 200 4921 "http://allegro.pl/item759485713_swarovski_kolory_duokolor_wybierz_swoje_kolory.html" "Mozilla/5.0 (Windows; U; Windows NT 6.0; pl; rv:1.9.1.3) Gecko/20090824 Firefox/3.5.3 (.NET CLR 3.5.30729)" "-"
85.89.191.48 - - [11/Oct/2009:15:29:42 +0200] "GET /%7Eswierczu/aga_a2/left4.png HTTP/1.1" 200 57810 "http://allegro.pl/item759485713_swarovski_kolory_duokolor_wybierz_swoje_kolory.html" "Mozilla/5.0 (Windows; U; Windows NT 6.0; pl; rv:1.9.1.3) Gecko/20090824 Firefox/3.5.3 (.NET CLR 3.5.30729)" "-"
85.89.191.48 - - [11/Oct/2009:15:29:42 +0200] "GET /%7Eswierczu/aga_a2/head.png HTTP/1.1" 200 133688 "http://allegro.pl/item759485713_swarovski_kolory_duokolor_wybierz_swoje_kolory.html" "Mozilla/5.0 (Windows; U; Windows NT 6.0; pl; rv:1.9.1.3) Gecko/20090824 Firefox/3.5.3 (.NET CLR 3.5.30729)" "-"
85.89.191.48 - - [11/Oct/2009:15:29:42 +0200] "GET /~swierczu/aga_a2/left5.png HTTP/1.1" 200 3471 "http://allegro.pl/item759485713_swarovski_kolory_duokolor_wybierz_swoje_kolory.html" "Mozilla/5.0 (Windows; U; Windows NT 6.0; pl; rv:1.9.1.3) Gecko/20090824 Firefox/3.5.3 (.NET CLR 3.5.30729)" "-"
85.89.191.48 - - [11/Oct/2009:15:29:43 +0200] "GET /%7Eswierczu/aga_a2/left8.png HTTP/1.1" 200 4406 "http://allegro.pl/item759485713_swarovski_kolory_duokolor_wybierz_swoje_kolory.html" "Mozilla/5.0 (Windows; U; Windows NT 6.0; pl; rv:1.9.1.3) Gecko/20090824 Firefox/3.5.3 (.NET CLR 3.5.30729)" "-"
